66.249.77.78 - - [22/Nov/2025:00:55:08 -0800] "GET /?m=2780884677 HTTP/1.1" 200 37040 "-" "Mozilla/5.0 (Linux; Android 6.0.1; Nexus 5X Build/MMB29P) AppleWebKit/537.36 (KHTML, like Gecko) Chrome/141.0.7390.122 Mobile Safari/537.36 (compatible; GoogleOther)"
216.73.216.105 - - [22/Nov/2025:00:55:09 -0800] "GET /category/bellevue?path=%2F%2Frun%2Fshm%2Facme_discord.swdofberserk.com HTTP/2.0" 200 3642 "-" "Mozilla/5.0 AppleWebKit/537.36 (KHTML, like Gecko; compatible; ClaudeBot/1.0; +claudebot@anthropic.com)"
3.93.211.16 - - [22/Nov/2025:00:55:10 -0800] "GET /lufthansa-sells-used-aircraft-seats/?path=//sys/bus/platform/devices/reg-dummy/subsystem/devices/microcode/subsystem/drivers/reg-dummy/reg-dummy/subsystem/devices/pcspkr/subsystem/devices/reg-dummy/regulator HTTP/1.1" 200 6438 "-" "Mozilla/5.0 AppleWebKit/537.36 (KHTML, like Gecko; compatible; Amazonbot/0.1; +https://developer.amazon.com/support/amazonbot) Chrome/119.0.6045.214 Safari/537.36"
66.249.77.78 - - [22/Nov/2025:00:55:10 -0800] "GET /?m=1766912605 HTTP/1.1" 200 32069 "-" "Mozilla/5.0 (Linux; Android 6.0.1; Nexus 5X Build/MMB29P) AppleWebKit/537.36 (KHTML, like Gecko) Chrome/141.0.7390.122 Mobile Safari/537.36 (compatible; GoogleOther)"
74.7.227.48 - - [22/Nov/2025:00:55:11 -0800] "GET /donovan-mcnabb-will-never-make-it-back-to-the-super-bowl/?path=//sys/class/tty/ttyte/subsystem/ttyea/subsystem/ttyea/subsystem/ttyea/subsystem/ptyuc/subsystem/ttyaa/subsystem/ttyab HTTP/2.0" 200 3143 "-" "Mozilla/5.0 AppleWebKit/537.36 (KHTML, like Gecko; compatible; GPTBot/1.3; +https://openai.com/gptbot)"
216.73.216.105 - - [22/Nov/2025:00:55:12 -0800] "GET /category/bellevue?path=%2F%2Frun%2Fshm%2Facme_upgrades.montrealandroidtv.com HTTP/2.0" 200 3506 "-" "Mozilla/5.0 AppleWebKit/537.36 (KHTML, like Gecko; compatible; ClaudeBot/1.0; +claudebot@anthropic.com)"
66.249.77.78 - - [22/Nov/2025:00:55:12 -0800] "GET /?m=2486789403 HTTP/1.1" 200 30599 "-" "Mozilla/5.0 (Linux; Android 6.0.1; Nexus 5X Build/MMB29P) AppleWebKit/537.36 (KHTML, like Gecko) Chrome/141.0.7390.122 Mobile Safari/537.36 (compatible; GoogleOther)"
66.249.77.78 - - [22/Nov/2025:00:55:13 -0800] "GET /?m=2462165584 HTTP/1.1" 200 31242 "-" "Mozilla/5.0 (Linux; Android 6.0.1; Nexus 5X Build/MMB29P) AppleWebKit/537.36 (KHTML, like Gecko) Chrome/141.0.7390.122 Mobile Safari/537.36 (compatible; GoogleOther)"
98.83.226.125 - - [22/Nov/2025:00:55:14 -0800] "GET /lufthansa-sells-used-aircraft-seats/?path=//sys/bus/platform/devices/reg-dummy/subsystem/devices/pcspkr/subsystem/devices/reg-dummy/driver/reg-dummy/subsystem/devices/AMDI0030:00 HTTP/1.1" 200 6740 "-" "Mozilla/5.0 AppleWebKit/537.36 (KHTML, like Gecko; compatible; Amazonbot/0.1; +https://developer.amazon.com/support/amazonbot) Chrome/119.0.6045.214 Safari/537.36"
74.7.227.48 - - [22/Nov/2025:00:55:14 -0800] "GET /donovan-mcnabb-will-never-make-it-back-to-the-super-bowl/?path=//sys/class/tty/ttyte/subsystem/ttyea/subsystem/ttyea/subsystem/ttyyb/subsystem/ttytb/subsystem/ttyxb/subsystem/ptyra HTTP/2.0" 200 3210 "-" "Mozilla/5.0 AppleWebKit/537.36 (KHTML, like Gecko; compatible; GPTBot/1.3; +https://openai.com/gptbot)"
216.73.216.105 - - [22/Nov/2025:00:55:15 -0800] "GET /category/bellevue?path=%2F%2Fdev%2Fshm%2Facme_cashcare.jduclos.com HTTP/2.0" 418 629 "-" "Mozilla/5.0 AppleWebKit/537.36 (KHTML, like Gecko; compatible; ClaudeBot/1.0; +claudebot@anthropic.com)"
43.173.178.124 - - [22/Nov/2025:00:55:15 -0800] "GET /candidate-for-senate-from-washington-state-goodspaceguy/?path=/home/samfetchero1/pacificnorthwestcoastbias.com/wp-content/uploads HTTP/1.1" 200 7211 "http://www.pacificnorthwestcoastbias.com/candidate-for-senate-from-washington-state-goodspaceguy/?path=/home/samfetchero1/pacificnorthwestcoastbias.com/wp-content/uploads" "Mozilla/5.0 (Windows NT 6.1; Win64; x64) AppleWebKit/537.36 (KHTML, like Gecko) Chrome/126.0.6478.114 Safari/537.36"
66.249.77.64 - - [22/Nov/2025:00:55:15 -0800] "GET /?m=176076982 HTTP/1.1" 200 34778 "-" "Mozilla/5.0 (Linux; Android 6.0.1; Nexus 5X Build/MMB29P) AppleWebKit/537.36 (KHTML, like Gecko) Chrome/141.0.7390.122 Mobile Safari/537.36 (compatible; GoogleOther)"
74.7.227.48 - - [22/Nov/2025:00:55:17 -0800] "GET /donovan-mcnabb-will-never-make-it-back-to-the-super-bowl/?path=//sys/class/tty/ttyte/subsystem/ttyea/subsystem/ttyea/subsystem/ttyyb/subsystem/ttytb/subsystem/ttyxb/subsystem/ptywb HTTP/2.0" 200 3152 "-" "Mozilla/5.0 AppleWebKit/537.36 (KHTML, like Gecko; compatible; GPTBot/1.3; +https://openai.com/gptbot)"
66.249.77.64 - - [22/Nov/2025:00:55:17 -0800] "GET /leg/approval40/pe3nu-33196/?fileloc=/home/samfetchero1/pacificnorthwestcoastbias.com/wp-includes/class-wp-simplepie-file.php?m=3731381619 HTTP/1.1" 200 34938 "-" "Mozilla/5.0 (Linux; Android 6.0.1; Nexus 5X Build/MMB29P) AppleWebKit/537.36 (KHTML, like Gecko) Chrome/141.0.7390.122 Mobile Safari/537.36 (compatible; GoogleOther)"
43.173.179.219 - - [22/Nov/2025:00:55:17 -0800] "GET /twitter-weekly-updates-for-2012-09-16-2/feed/?fileloc=//etc/sensors3.conf&path=//etc HTTP/1.1" 200 8202 "-" "Mozilla/5.0 (Windows NT 6.1; Win64; x64) AppleWebKit/537.36 (KHTML, like Gecko) Chrome/126.0.6478.114 Safari/537.36"
216.73.216.105 - - [22/Nov/2025:00:55:18 -0800] "GET /category/bellevue?path=%2F%2Frun%2Fshm%2Facme_miniindiatraders.com HTTP/2.0" 200 3366 "-" "Mozilla/5.0 AppleWebKit/537.36 (KHTML, like Gecko; compatible; ClaudeBot/1.0; +claudebot@anthropic.com)"
34.195.60.66 - - [22/Nov/2025:00:55:18 -0800] "GET /lufthansa-sells-used-aircraft-seats/?path=//sys/devices/platform/reg-dummy/subsystem/drivers/reg-dummy/reg-dummy/subsystem/drivers/PCCT/PCCT/subsystem/devices/pcspkr/subsystem/devices/reg-dummy/regulator HTTP/1.1" 200 6431 "-" "Mozilla/5.0 AppleWebKit/537.36 (KHTML, like Gecko; compatible; Amazonbot/0.1; +https://developer.amazon.com/support/amazonbot) Chrome/119.0.6045.214 Safari/537.36"
66.249.77.78 - - [22/Nov/2025:00:55:19 -0800] "GET /leg/approval40/pe3nu-33196/?fileloc=/home/samfetchero1/pacificnorthwestcoastbias.com/wp-includes/class-wp-simplepie-file.php?m=1900675533 HTTP/1.1" 200 34566 "-" "Mozilla/5.0 (Linux; Android 6.0.1; Nexus 5X Build/MMB29P) AppleWebKit/537.36 (KHTML, like Gecko) Chrome/141.0.7390.122 Mobile Safari/537.36 (compatible; GoogleOther)"
74.7.227.48 - - [22/Nov/2025:00:55:20 -0800] "GET /donovan-mcnabb-will-never-make-it-back-to-the-super-bowl/?path=//sys/class/tty/ttyte/subsystem/ttyea/subsystem/ttyea/subsystem/ttyyb/subsystem/ttytb/subsystem/ttyxb/subsystem/ttyab HTTP/2.0" 200 3149 "-" "Mozilla/5.0 AppleWebKit/537.36 (KHTML, like Gecko; compatible; GPTBot/1.3; +https://openai.com/gptbot)"
43.173.175.230 - - [22/Nov/2025:00:55:20 -0800] "GET /contact-me/?path=/home/samfetchero1/pacificnorthwestcoastbias.com/wp-content/themes/uchilla1.0/images/backgrounds HTTP/1.1" 200 6942 "-" "Mozilla/5.0 (Windows NT 6.1; Win64; x64) AppleWebKit/537.36 (KHTML, like Gecko) Chrome/126.0.6478.114 Safari/537.36"
216.73.216.105 - - [22/Nov/2025:00:55:21 -0800] "GET /category/bellevue?path=%2F%2Fdev%2Fshm%2Facme_wedding.darincasier.com HTTP/2.0" 418 603 "-" "Mozilla/5.0 AppleWebKit/537.36 (KHTML, like Gecko; compatible; ClaudeBot/1.0; +claudebot@anthropic.com)"
66.249.77.78 - - [22/Nov/2025:00:55:21 -0800] "GET /?m=1892030577 HTTP/1.1" 200 33900 "-" "Mozilla/5.0 (Linux; Android 6.0.1; Nexus 5X Build/MMB29P) AppleWebKit/537.36 (KHTML, like Gecko) Chrome/141.0.7390.122 Mobile Safari/537.36 (compatible; GoogleOther)"
3.212.86.97 - - [22/Nov/2025:00:55:22 -0800] "GET /lufthansa-sells-used-aircraft-seats/?path=//sys/bus/platform/devices/reg-dummy/subsystem/devices/reg-dummy/subsystem/drivers/reg-dummy/reg-dummy/subsystem/devices/serial8250/tty/ttyS2/subsystem/ttyp1 HTTP/1.1" 200 6603 "-" "Mozilla/5.0 AppleWebKit/537.36 (KHTML, like Gecko; compatible; Amazonbot/0.1; +https://developer.amazon.com/support/amazonbot) Chrome/119.0.6045.214 Safari/537.36"
66.249.77.78 - - [22/Nov/2025:00:55:23 -0800] "GET /?m=2989808901 HTTP/1.1" 200 33124 "-" "Mozilla/5.0 (Linux; Android 6.0.1; Nexus 5X Build/MMB29P) AppleWebKit/537.36 (KHTML, like Gecko) Chrome/141.0.7390.122 Mobile Safari/537.36 (compatible; GoogleOther)"
74.7.227.48 - - [22/Nov/2025:00:55:23 -0800] "GET /donovan-mcnabb-will-never-make-it-back-to-the-super-bowl/?path=//sys/class/tty/ttyte/subsystem/ttyea/subsystem/ttyea/subsystem/ttyyb/subsystem/ttytb/subsystem/ttyxb/subsystem/ttyxf HTTP/2.0" 200 3149 "-" "Mozilla/5.0 AppleWebKit/537.36 (KHTML, like Gecko; compatible; GPTBot/1.3; +https://openai.com/gptbot)"
216.73.216.105 - - [22/Nov/2025:00:55:24 -0800] "GET /category/bellevue?path=%2F%2Frun%2Fshm%2Facme_access.adult-yuuryou.com HTTP/2.0" 200 3512 "-" "Mozilla/5.0 AppleWebKit/537.36 (KHTML, like Gecko; compatible; ClaudeBot/1.0; +claudebot@anthropic.com)"
66.249.77.64 - - [22/Nov/2025:00:55:24 -0800] "GET /?m=708176314 HTTP/1.1" 200 36881 "-" "Mozilla/5.0 (Linux; Android 6.0.1; Nexus 5X Build/MMB29P) AppleWebKit/537.36 (KHTML, like Gecko) Chrome/141.0.7390.122 Mobile Safari/537.36 (compatible; GoogleOther)"
191.97.198.6 - - [22/Nov/2025:00:55:25 -0800] "GET /?m=1758396682 HTTP/1.1" 200 9117 "-" "Mozilla/5.0 (Windows NT 10.0) AppleWebKit/537.36 (KHTML, like Gecko) Brave Chrome/87.0.4280.88 Safari/537.36"
3.94.157.25 - - [22/Nov/2025:00:55:26 -0800] "GET /lufthansa-sells-used-aircraft-seats/?path=//sys/bus/platform/devices/reg-dummy/driver/reg-dummy/subsystem/devices/PCCT/subsystem/devices/reg-dummy/subsystem/devices/pcspkr/subsystem/drivers/vesa-framebuffer HTTP/1.1" 200 6660 "-" "Mozilla/5.0 AppleWebKit/537.36 (KHTML, like Gecko; compatible; Amazonbot/0.1; +https://developer.amazon.com/support/amazonbot) Chrome/119.0.6045.214 Safari/537.36"
74.7.227.48 - - [22/Nov/2025:00:55:26 -0800] "GET /donovan-mcnabb-will-never-make-it-back-to-the-super-bowl/?path=//sys/class/tty/ttyte/subsystem/ttyea/subsystem/ttyea/subsystem/ttyyb/subsystem/ttytb/subsystem/ttyxb/subsystem/ttyub HTTP/2.0" 200 3149 "-" "Mozilla/5.0 AppleWebKit/537.36 (KHTML, like Gecko; compatible; GPTBot/1.3; +https://openai.com/gptbot)"
66.249.77.78 - - [22/Nov/2025:00:55:26 -0800] "GET /?m=865082563 HTTP/1.1" 200 30308 "-" "Mozilla/5.0 (Linux; Android 6.0.1; Nexus 5X Build/MMB29P) AppleWebKit/537.36 (KHTML, like Gecko) Chrome/141.0.7390.122 Mobile Safari/537.36 (compatible; GoogleOther)"
154.121.16.53 - - [22/Nov/2025:00:55:27 -0800] "GET /?m=3858238477 HTTP/1.1" 200 9117 "-" "Mozilla/5.0 (Windows NT 6.1) AppleWebKit/537.36 (KHTML, like Gecko) Chrome/80.0.3987.132 Safari/537.36"
216.73.216.105 - - [22/Nov/2025:00:55:27 -0800] "GET /category/bellevue?path=%2F%2Frun%2Fshm%2Facme_newhope.immtcnj.com HTTP/2.0" 200 3369 "-" "Mozilla/5.0 AppleWebKit/537.36 (KHTML, like Gecko; compatible; ClaudeBot/1.0; +claudebot@anthropic.com)"
66.249.77.64 - - [22/Nov/2025:00:55:28 -0800] "GET /?info=230097232 HTTP/1.1" 200 37473 "-" "Mozilla/5.0 (Linux; Android 6.0.1; Nexus 5X Build/MMB29P) AppleWebKit/537.36 (KHTML, like Gecko) Chrome/141.0.7390.122 Mobile Safari/537.36 (compatible; Googlebot/2.1; +http://www.google.com/bot.html)"
66.249.77.78 - - [22/Nov/2025:00:55:28 -0800] "GET /leg/approval40/pe3nu-33196/?fileloc=/home/samfetchero1/pacificnorthwestcoastbias.com/wp-includes/class-wp-simplepie-file.php??m=3521322502 HTTP/1.1" 200 31715 "-" "Mozilla/5.0 (Linux; Android 6.0.1; Nexus 5X Build/MMB29P) AppleWebKit/537.36 (KHTML, like Gecko) Chrome/141.0.7390.122 Mobile Safari/537.36 (compatible; GoogleOther)"
57.141.6.75 - - [22/Nov/2025:00:55:29 -0800] "GET /?info=774970512 HTTP/2.0" 429 343 "-" "meta-externalagent/1.1 (+https://developers.facebook.com/docs/sharing/webmasters/crawler)"
74.7.227.48 - - [22/Nov/2025:00:55:29 -0800] "GET /donovan-mcnabb-will-never-make-it-back-to-the-super-bowl/?path=//sys/class/tty/ttyte/subsystem/ttyea/subsystem/ttyea/subsystem/ttyyb/subsystem/ttytb/subsystem/ttyxb/subsystem/ttyve HTTP/2.0" 200 3150 "-" "Mozilla/5.0 AppleWebKit/537.36 (KHTML, like Gecko; compatible; GPTBot/1.3; +https://openai.com/gptbot)"
216.73.216.105 - - [22/Nov/2025:00:55:30 -0800] "GET /category/bellevue?path=%2F%2Fdev%2Fshm%2Facme_dh.freelydental.com HTTP/2.0" 418 603 "-" "Mozilla/5.0 AppleWebKit/537.36 (KHTML, like Gecko; compatible; ClaudeBot/1.0; +claudebot@anthropic.com)"
54.159.98.248 - - [22/Nov/2025:00:55:30 -0800] "GET /lufthansa-sells-used-aircraft-seats/?path=//sys/bus/platform/devices/reg-dummy/driver/reg-dummy/subsystem/devices/pcspkr/subsystem/devices/reg-dummy/subsystem/devices/microcode/subsystem/drivers/amd-pmf HTTP/1.1" 200 6557 "-" "Mozilla/5.0 AppleWebKit/537.36 (KHTML, like Gecko; compatible; Amazonbot/0.1; +https://developer.amazon.com/support/amazonbot) Chrome/119.0.6045.214 Safari/537.36"
66.249.77.64 - - [22/Nov/2025:00:55:30 -0800] "GET /stable/chart40/66q46-33158/?fileloc=/home/samfetchero1/pacificnorthwestcoastbias.com/wp-includes/class-wp-simplepie-file.php?f/towel/towel00/ HTTP/1.1" 200 37034 "-" "Mozilla/5.0 (Linux; Android 6.0.1; Nexus 5X Build/MMB29P) AppleWebKit/537.36 (KHTML, like Gecko) Chrome/141.0.7390.122 Mobile Safari/537.36 (compatible; GoogleOther)"
66.249.77.64 - - [22/Nov/2025:00:55:32 -0800] "GET /?m=512202865 HTTP/1.1" 200 32677 "-" "Mozilla/5.0 (Linux; Android 6.0.1; Nexus 5X Build/MMB29P) AppleWebKit/537.36 (KHTML, like Gecko) Chrome/141.0.7390.122 Mobile Safari/537.36 (compatible; GoogleOther)"
74.7.227.48 - - [22/Nov/2025:00:55:33 -0800] "GET /donovan-mcnabb-will-never-make-it-back-to-the-super-bowl/?path=//sys/class/tty/ttyte/subsystem/ttyea/subsystem/ttyea/subsystem/ttyea/subsystem/ptyuc/subsystem/ttyaa/subsystem/ptypc HTTP/2.0" 200 3143 "-" "Mozilla/5.0 AppleWebKit/537.36 (KHTML, like Gecko; compatible; GPTBot/1.3; +https://openai.com/gptbot)"
216.73.216.105 - - [22/Nov/2025:00:55:33 -0800] "GET /category/bellevue?path=%2F%2Frun%2Fshm%2Facme_midwayhousespr24.iuserveit.org HTTP/2.0" 200 3379 "-" "Mozilla/5.0 AppleWebKit/537.36 (KHTML, like Gecko; compatible; ClaudeBot/1.0; +claudebot@anthropic.com)"
3.222.85.38 - - [22/Nov/2025:00:55:34 -0800] "GET /lufthansa-sells-used-aircraft-seats/?path=//sys/bus/platform/devices/reg-dummy/driver/reg-dummy/subsystem/devices/pcspkr/subsystem/devices/reg-dummy/subsystem/devices/microcode/subsystem/drivers/amd-pmf HTTP/1.1" 200 6557 "-" "Mozilla/5.0 AppleWebKit/537.36 (KHTML, like Gecko; compatible; Amazonbot/0.1; +https://developer.amazon.com/support/amazonbot) Chrome/119.0.6045.214 Safari/537.36"
66.249.77.78 - - [22/Nov/2025:00:55:34 -0800] "GET /?m=1766912605 HTTP/1.1" 200 35448 "-" "Mozilla/5.0 (Linux; Android 6.0.1; Nexus 5X Build/MMB29P) AppleWebKit/537.36 (KHTML, like Gecko) Chrome/141.0.7390.122 Mobile Safari/537.36 (compatible; GoogleOther)"
66.249.77.64 - - [22/Nov/2025:00:55:35 -0800] "GET /mathematics/stove238/qv99k-17066/?fileloc=//usr/lib/firmware/radeon/R420_cp.bin&path=//usr/lib/firmware/radeon HTTP/1.1" 200 30072 "-" "Mozilla/5.0 (Linux; Android 6.0.1; Nexus 5X Build/MMB29P) AppleWebKit/537.36 (KHTML, like Gecko) Chrome/141.0.7390.122 Mobile Safari/537.36 (compatible; GoogleOther)"
216.73.216.105 - - [22/Nov/2025:00:55:36 -0800] "GET /category/bellevue?path=%2F%2Frun%2Fshm%2Facme_fishburn.immtcnj.com HTTP/2.0" 200 3638 "-" "Mozilla/5.0 AppleWebKit/537.36 (KHTML, like Gecko; compatible; ClaudeBot/1.0; +claudebot@anthropic.com)"
74.7.227.48 - - [22/Nov/2025:00:55:36 -0800] "GET /donovan-mcnabb-will-never-make-it-back-to-the-super-bowl/?path=//sys/class/tty/ttyte/subsystem/ttyea/subsystem/ttyea/subsystem/ttyea/subsystem/ptyuc/subsystem/ttyaa/subsystem/ttyxb HTTP/2.0" 200 3145 "-" "Mozilla/5.0 AppleWebKit/537.36 (KHTML, like Gecko; compatible; GPTBot/1.3; +https://openai.com/gptbot)"
66.249.77.65 - - [22/Nov/2025:00:55:37 -0800] "GET /?m=1711044818 HTTP/1.1" 200 35863 "-" "Mozilla/5.0 (Linux; Android 6.0.1; Nexus 5X Build/MMB29P) AppleWebKit/537.36 (KHTML, like Gecko) Chrome/141.0.7390.122 Mobile Safari/537.36 (compatible; GoogleOther)"
34.196.237.236 - - [22/Nov/2025:00:55:38 -0800] "GET /received-my-invite-for-simple/?path=//sys/devices/platform/reg-dummy/subsystem/drivers/reg-dummy/reg-dummy/subsystem/devices/reg-dummy/subsystem/devices/PCCT/driver/PCCT/subsystem/drivers/vga16fb HTTP/1.1" 200 6539 "-" "Mozilla/5.0 AppleWebKit/537.36 (KHTML, like Gecko; compatible; Amazonbot/0.1; +https://developer.amazon.com/support/amazonbot) Chrome/119.0.6045.214 Safari/537.36"
66.249.77.64 - - [22/Nov/2025:00:55:38 -0800] "GET /?m=1856413095 HTTP/1.1" 200 37239 "-" "Mozilla/5.0 (Linux; Android 6.0.1; Nexus 5X Build/MMB29P) AppleWebKit/537.36 (KHTML, like Gecko) Chrome/141.0.7390.122 Mobile Safari/537.36 (compatible; Googlebot/2.1; +http://www.google.com/bot.html)"
216.73.216.105 - - [22/Nov/2025:00:55:39 -0800] "GET /category/bellevue?path=%2F%2Frun%2Fshm%2Facme_brsteaks.agenciacampana.com.br HTTP/2.0" 200 3378 "-" "Mozilla/5.0 AppleWebKit/537.36 (KHTML, like Gecko; compatible; ClaudeBot/1.0; +claudebot@anthropic.com)"
74.7.227.48 - - [22/Nov/2025:00:55:39 -0800] "GET /donovan-mcnabb-will-never-make-it-back-to-the-super-bowl/?path=//sys/class/tty/ttyte/subsystem/ttyea/subsystem/ttyea/subsystem/ttyyb/subsystem/ttytb/subsystem/ttyxb/subsystem/ttyvd HTTP/2.0" 200 3151 "-" "Mozilla/5.0 AppleWebKit/537.36 (KHTML, like Gecko; compatible; GPTBot/1.3; +https://openai.com/gptbot)"
66.249.77.64 - - [22/Nov/2025:00:55:39 -0800] "GET /?m=1555472870 HTTP/1.1" 200 33454 "-" "Mozilla/5.0 (Linux; Android 6.0.1; Nexus 5X Build/MMB29P) AppleWebKit/537.36 (KHTML, like Gecko) Chrome/141.0.7390.122 Mobile Safari/537.36 (compatible; GoogleOther)"
42.0.4.203 - - [22/Nov/2025:00:55:39 -0800] "GET /?m=2714581999 HTTP/1.1" 200 9117 "-" "Mozilla/5.0 (Macintosh; Intel Mac OS X 11_2_3) AppleWebKit/537.36 (KHTML, like Gecko) Chrome/88.0.4324.192 Safari/537.36"
74.7.227.36 - - [22/Nov/2025:00:55:40 -0800] "GET /search.php?b=2918218730972&channel=132e83&from=https://www.pacificnorthwestcoastbias.com/spark.htm?items/270043028.html HTTP/2.0" 429 359 "-" "Mozilla/5.0 AppleWebKit/537.36 (KHTML, like Gecko; compatible; GPTBot/1.3; +https://openai.com/gptbot)"
66.249.77.78 - - [22/Nov/2025:00:55:41 -0800] "GET /?m=154665776 HTTP/1.1" 200 35390 "-" "Mozilla/5.0 (Linux; Android 6.0.1; Nexus 5X Build/MMB29P) AppleWebKit/537.36 (KHTML, like Gecko) Chrome/141.0.7390.122 Mobile Safari/537.36 (compatible; GoogleOther)"
34.225.138.57 - - [22/Nov/2025:00:55:42 -0800] "GET /received-my-invite-for-simple/?path=//sys/bus/platform/devices/reg-dummy/subsystem/devices/reg-dummy/subsystem/drivers/reg-dummy/reg-dummy/subsystem/devices/PNP0800:00/firmware_node/subsystem/devices/device:5d HTTP/1.1" 200 6848 "-" "Mozilla/5.0 AppleWebKit/537.36 (KHTML, like Gecko; compatible; Amazonbot/0.1; +https://developer.amazon.com/support/amazonbot) Chrome/119.0.6045.214 Safari/537.36"
216.73.216.105 - - [22/Nov/2025:00:55:42 -0800] "GET /category/bellevue?path=%2F%2Frun%2Fshm%2Facme_bswfls.al-study.com HTTP/2.0" 200 3514 "-" "Mozilla/5.0 AppleWebKit/537.36 (KHTML, like Gecko; compatible; ClaudeBot/1.0; +claudebot@anthropic.com)"
74.7.227.48 - - [22/Nov/2025:00:55:42 -0800] "GET /donovan-mcnabb-will-never-make-it-back-to-the-super-bowl/?path=//sys/class/tty/ttyte/subsystem/ttyea/subsystem/ttyea/subsystem/ttyea/subsystem/ptyuc/subsystem/ttyaa/subsystem/ttyqb HTTP/2.0" 200 3146 "-" "Mozilla/5.0 AppleWebKit/537.36 (KHTML, like Gecko; compatible; GPTBot/1.3; +https://openai.com/gptbot)"
66.249.77.64 - - [22/Nov/2025:00:55:43 -0800] "GET /?m=2728388238 HTTP/1.1" 200 33896 "-" "Mozilla/5.0 (Linux; Android 6.0.1; Nexus 5X Build/MMB29P) AppleWebKit/537.36 (KHTML, like Gecko) Chrome/141.0.7390.122 Mobile Safari/537.36 (compatible; GoogleOther)"
66.249.77.64 - - [22/Nov/2025:00:55:45 -0800] "GET /?m=3819078220 HTTP/1.1" 200 32268 "-" "Mozilla/5.0 (Linux; Android 6.0.1; Nexus 5X Build/MMB29P) AppleWebKit/537.36 (KHTML, like Gecko) Chrome/141.0.7390.122 Mobile Safari/537.36 (compatible; GoogleOther)"
216.73.216.105 - - [22/Nov/2025:00:55:45 -0800] "GET /category/bellevue?path=%2F%2Frun%2Fshm%2Facme_love.myberliner-creation.com HTTP/2.0" 200 3369 "-" "Mozilla/5.0 AppleWebKit/537.36 (KHTML, like Gecko; compatible; ClaudeBot/1.0; +claudebot@anthropic.com)"
74.7.227.48 - - [22/Nov/2025:00:55:45 -0800] "GET /donovan-mcnabb-will-never-make-it-back-to-the-super-bowl/?path=//sys/class/tty/ttyte/subsystem/ttyea/subsystem/ttyea/subsystem/ttyea/subsystem/ptyuc/subsystem/ttyaa/subsystem/ptyrc HTTP/2.0" 200 3143 "-" "Mozilla/5.0 AppleWebKit/537.36 (KHTML, like Gecko; compatible; GPTBot/1.3; +https://openai.com/gptbot)"
98.82.63.147 - - [22/Nov/2025:00:55:46 -0800] "GET /received-my-invite-for-simple/?path=//sys/bus/platform/drivers/reg-dummy/reg-dummy/subsystem/devices/IPI0001:00/subsystem/devices/reg-dummy/subsystem/devices/microcode/subsystem/devices/PCCT/driver HTTP/1.1" 200 6560 "-" "Mozilla/5.0 AppleWebKit/537.36 (KHTML, like Gecko; compatible; Amazonbot/0.1; +https://developer.amazon.com/support/amazonbot) Chrome/119.0.6045.214 Safari/537.36"
66.249.77.78 - - [22/Nov/2025:00:55:46 -0800] "GET /piano/passing56/d0b5t-1442/?fileloc=/home/samfetchero1/pacificnorthwestcoastbias.com/wp-admin/media-upload.php??m=1838045445 HTTP/1.1" 200 36337 "-" "Mozilla/5.0 (Linux; Android 6.0.1; Nexus 5X Build/MMB29P) AppleWebKit/537.36 (KHTML, like Gecko) Chrome/141.0.7390.122 Mobile Safari/537.36 (compatible; GoogleOther)"
216.73.216.105 - - [22/Nov/2025:00:55:48 -0800] "GET /category/bellevue?path=%2F%2Frun%2Fshm%2Facme_pole.touhuluola.org HTTP/2.0" 200 3373 "-" "Mozilla/5.0 AppleWebKit/537.36 (KHTML, like Gecko; compatible; ClaudeBot/1.0; +claudebot@anthropic.com)"
66.249.77.66 - - [22/Nov/2025:00:55:48 -0800] "GET /leg/approval40/pe3nu-33196/?fileloc=/home/samfetchero1/pacificnorthwestcoastbias.com/wp-includes/class-wp-simplepie-file.php?m=906869268 HTTP/1.1" 200 36807 "-" "Mozilla/5.0 (Linux; Android 6.0.1; Nexus 5X Build/MMB29P) AppleWebKit/537.36 (KHTML, like Gecko) Chrome/141.0.7390.122 Mobile Safari/537.36 (compatible; GoogleOther)"
74.7.227.48 - - [22/Nov/2025:00:55:49 -0800] "GET /donovan-mcnabb-will-never-make-it-back-to-the-super-bowl/?path=//sys/class/tty/ttyte/subsystem/ttyea/subsystem/ttyea/subsystem/ttyyb/subsystem/ttytb/subsystem/ttyxb/subsystem/ptyqb HTTP/2.0" 200 3153 "-" "Mozilla/5.0 AppleWebKit/537.36 (KHTML, like Gecko; compatible; GPTBot/1.3; +https://openai.com/gptbot)"
18.205.213.231 - - [22/Nov/2025:00:55:50 -0800] "GET /received-my-invite-for-simple/?path=//sys/bus/platform/drivers/reg-dummy/reg-dummy/subsystem/drivers/reg-dummy/reg-dummy/subsystem/devices/IPI0001:00/firmware_node/subsystem/devices/device:14e/subsystem HTTP/1.1" 200 6704 "-" "Mozilla/5.0 AppleWebKit/537.36 (KHTML, like Gecko; compatible; Amazonbot/0.1; +https://developer.amazon.com/support/amazonbot) Chrome/119.0.6045.214 Safari/537.36"
66.249.77.64 - - [22/Nov/2025:00:55:50 -0800] "GET /?m=2861035496 HTTP/1.1" 200 38036 "-" "Mozilla/5.0 (Linux; Android 6.0.1; Nexus 5X Build/MMB29P) AppleWebKit/537.36 (KHTML, like Gecko) Chrome/141.0.7390.122 Mobile Safari/537.36 (compatible; GoogleOther)"
216.73.216.105 - - [22/Nov/2025:00:55:51 -0800] "GET /category/bellevue?path=%2F%2Fdev%2Fshm%2Facme_niagara.localsportsreport.com HTTP/2.0" 418 603 "-" "Mozilla/5.0 AppleWebKit/537.36 (KHTML, like Gecko; compatible; ClaudeBot/1.0; +claudebot@anthropic.com)"
74.7.227.48 - - [22/Nov/2025:00:55:52 -0800] "GET /donovan-mcnabb-will-never-make-it-back-to-the-super-bowl/?path=//sys/class/tty/ttyte/subsystem/ttyea/subsystem/ttyea/subsystem/ttyyb/subsystem/ttytb/subsystem/ttyxb/subsystem/ptydd HTTP/2.0" 200 3153 "-" "Mozilla/5.0 AppleWebKit/537.36 (KHTML, like Gecko; compatible; GPTBot/1.3; +https://openai.com/gptbot)"
66.249.77.65 - - [22/Nov/2025:00:55:52 -0800] "GET /?m=3234328731 HTTP/1.1" 200 38144 "-" "Mozilla/5.0 (Linux; Android 6.0.1; Nexus 5X Build/MMB29P) AppleWebKit/537.36 (KHTML, like Gecko) Chrome/141.0.7390.122 Mobile Safari/537.36 (compatible; GoogleOther)"
23.21.175.228 - - [22/Nov/2025:00:55:54 -0800] "GET /received-my-invite-for-simple/?path=//sys/bus/platform/drivers/reg-dummy/reg-dummy/subsystem/drivers/reg-dummy/reg-dummy/subsystem/devices/PNP0C33:00/firmware_node/subsystem/devices/device:be/subsystem/drivers HTTP/1.1" 200 6583 "-" "Mozilla/5.0 AppleWebKit/537.36 (KHTML, like Gecko; compatible; Amazonbot/0.1; +https://developer.amazon.com/support/amazonbot) Chrome/119.0.6045.214 Safari/537.36"
216.73.216.105 - - [22/Nov/2025:00:55:54 -0800] "GET /category/bellevue?path=%2F%2Frun%2Fshm%2Facme_techandplace.immtcnj.com HTTP/2.0" 200 3371 "-" "Mozilla/5.0 AppleWebKit/537.36 (KHTML, like Gecko; compatible; ClaudeBot/1.0; +claudebot@anthropic.com)"
66.249.77.67 - - [22/Nov/2025:00:55:54 -0800] "GET /?m=3586020619 HTTP/1.1" 200 34574 "-" "Mozilla/5.0 (Linux; Android 6.0.1; Nexus 5X Build/MMB29P) AppleWebKit/537.36 (KHTML, like Gecko) Chrome/141.0.7390.122 Mobile Safari/537.36 (compatible; GoogleOther)"
202.51.92.30 - - [22/Nov/2025:00:55:54 -0800] "GET /?m=2116338550 HTTP/1.1" 200 9117 "-" "Mozilla/5.0 (Macintosh; Intel Mac OS X 10_15_7) AppleWebKit/537.36 (KHTML, like Gecko) Chrome/90.0.4430.212 Safari/537.36"
74.7.227.48 - - [22/Nov/2025:00:55:55 -0800] "GET /donovan-mcnabb-will-never-make-it-back-to-the-super-bowl/?path=//sys/class/tty/ttyte/subsystem/ttyea/subsystem/ttyea/subsystem/ttyea/subsystem/ptyuc/subsystem/ttyaa/subsystem/ttyta HTTP/2.0" 200 3142 "-" "Mozilla/5.0 AppleWebKit/537.36 (KHTML, like Gecko; compatible; GPTBot/1.3; +https://openai.com/gptbot)"
14.243.59.205 - - [22/Nov/2025:00:55:55 -0800] "GET /f/services/kintai/touchontime/ HTTP/1.1" 200 9117 "-" "Mozilla/5.0 (Macintosh; Intel Mac OS X 10_13_6) AppleWebKit/537.36 (KHTML, like Gecko) Chrome/94.0.4606.81 Safari/537.36"
66.249.77.65 - - [22/Nov/2025:00:55:55 -0800] "GET /?m=2930063081 HTTP/1.1" 200 33932 "-" "Mozilla/5.0 (Linux; Android 6.0.1; Nexus 5X Build/MMB29P) AppleWebKit/537.36 (KHTML, like Gecko) Chrome/141.0.7390.122 Mobile Safari/537.36 (compatible; GoogleOther)"
216.73.216.105 - - [22/Nov/2025:00:55:57 -0800] "GET /category/bellevue?path=%2F%2Frun%2Fshm%2Facme_test.capitalnybikemap.com HTTP/2.0" 200 3309 "-" "Mozilla/5.0 AppleWebKit/537.36 (KHTML, like Gecko; compatible; ClaudeBot/1.0; +claudebot@anthropic.com)"
66.249.77.66 - - [22/Nov/2025:00:55:57 -0800] "GET /?m=915161867 HTTP/1.1" 200 38092 "-" "Mozilla/5.0 (Linux; Android 6.0.1; Nexus 5X Build/MMB29P) AppleWebKit/537.36 (KHTML, like Gecko) Chrome/141.0.7390.122 Mobile Safari/537.36 (compatible; GoogleOther)"
54.83.240.58 - - [22/Nov/2025:00:55:58 -0800] "GET /lufthansa-sells-used-aircraft-seats/?path=//sys/bus/platform/drivers/reg-dummy/reg-dummy/driver/reg-dummy/subsystem/devices/pcspkr/subsystem/devices/pcspkr/subsystem/devices/IPI0001:00/subsystem/devices HTTP/1.1" 200 7060 "-" "Mozilla/5.0 AppleWebKit/537.36 (KHTML, like Gecko; compatible; Amazonbot/0.1; +https://developer.amazon.com/support/amazonbot) Chrome/119.0.6045.214 Safari/537.36"
74.7.227.48 - - [22/Nov/2025:00:55:58 -0800] "GET /donovan-mcnabb-will-never-make-it-back-to-the-super-bowl/?path=//sys/class/tty/ttyte/subsystem/ttyea/subsystem/ttyea/subsystem/ttyyb/subsystem/ttytb/subsystem/ttyxb/subsystem/ptybc HTTP/2.0" 200 3153 "-" "Mozilla/5.0 AppleWebKit/537.36 (KHTML, like Gecko; compatible; GPTBot/1.3; +https://openai.com/gptbot)"
66.249.77.78 - - [22/Nov/2025:00:55:59 -0800] "GET /?m=1257288755 HTTP/1.1" 200 35928 "-" "Mozilla/5.0 (Linux; Android 6.0.1; Nexus 5X Build/MMB29P) AppleWebKit/537.36 (KHTML, like Gecko) Chrome/141.0.7390.122 Mobile Safari/537.36 (compatible; GoogleOther)"
66.249.77.65 - - [22/Nov/2025:00:56:00 -0800] "GET /?m=1122337323 HTTP/1.1" 200 33536 "-" "Mozilla/5.0 (Linux; Android 6.0.1; Nexus 5X Build/MMB29P) AppleWebKit/537.36 (KHTML, like Gecko) Chrome/141.0.7390.122 Mobile Safari/537.36 (compatible; Googlebot/2.1; +http://www.google.com/bot.html)"
216.73.216.105 - - [22/Nov/2025:00:56:00 -0800] "GET /category/bellevue?path=%2F%2Frun%2Fshm%2Facme_hey.vicv.co HTTP/2.0" 200 3364 "-" "Mozilla/5.0 AppleWebKit/537.36 (KHTML, like Gecko; compatible; ClaudeBot/1.0; +claudebot@anthropic.com)"
74.7.227.48 - - [22/Nov/2025:00:56:01 -0800] "GET /donovan-mcnabb-will-never-make-it-back-to-the-super-bowl/?path=//sys/class/tty/ttyte/subsystem/ttyea/subsystem/ttyea/subsystem/ttyyb/subsystem/ttytb/subsystem/ttyxb/subsystem/ptyef HTTP/2.0" 200 3152 "-" "Mozilla/5.0 AppleWebKit/537.36 (KHTML, like Gecko; compatible; GPTBot/1.3; +https://openai.com/gptbot)"
66.249.77.64 - - [22/Nov/2025:00:56:01 -0800] "GET /piano/passing56/d0b5t-1442/?fileloc=/home/samfetchero1/pacificnorthwestcoastbias.com/wp-includes/media.php?m=834451068 HTTP/1.1" 200 38252 "-" "Mozilla/5.0 (Linux; Android 6.0.1; Nexus 5X Build/MMB29P) AppleWebKit/537.36 (KHTML, like Gecko) Chrome/141.0.7390.122 Mobile Safari/537.36 (compatible; GoogleOther)"
52.54.157.23 - - [22/Nov/2025:00:56:02 -0800] "GET /lufthansa-sells-used-aircraft-seats/?path=//sys/bus/platform/drivers/reg-dummy/reg-dummy/subsystem/devices/IPI0001:00/subsystem/devices/reg-dummy/subsystem/devices/microcode/subsystem/devices/IPI0001:00 HTTP/1.1" 200 6736 "-" "Mozilla/5.0 AppleWebKit/537.36 (KHTML, like Gecko; compatible; Amazonbot/0.1; +https://developer.amazon.com/support/amazonbot) Chrome/119.0.6045.214 Safari/537.36"
216.73.216.105 - - [22/Nov/2025:00:56:03 -0800] "GET /category/bellevue?path=%2F%2Frun%2Fshm%2Facme_boi20.kylerconway.com HTTP/2.0" 200 3502 "-" "Mozilla/5.0 AppleWebKit/537.36 (KHTML, like Gecko; compatible; ClaudeBot/1.0; +claudebot@anthropic.com)"
66.249.77.66 - - [22/Nov/2025:00:56:03 -0800] "GET /?m=740748960 HTTP/1.1" 200 35520 "-" "Mozilla/5.0 (Linux; Android 6.0.1; Nexus 5X Build/MMB29P) AppleWebKit/537.36 (KHTML, like Gecko) Chrome/141.0.7390.122 Mobile Safari/537.36 (compatible; GoogleOther)"
74.7.227.48 - - [22/Nov/2025:00:56:04 -0800] "GET /donovan-mcnabb-will-never-make-it-back-to-the-super-bowl/?path=//sys/class/tty/ttyte/subsystem/ttyea/subsystem/ttyea/subsystem/ttyyb/subsystem/ttytb/subsystem/ttyxb/subsystem/ptype HTTP/2.0" 200 3151 "-" "Mozilla/5.0 AppleWebKit/537.36 (KHTML, like Gecko; compatible; GPTBot/1.3; +https://openai.com/gptbot)"
66.249.77.78 - - [22/Nov/2025:00:56:05 -0800] "GET /leg/approval40/pe3nu-33196/?fileloc=/home/samfetchero1/pacificnorthwestcoastbias.com/wp-includes/class-wp-simplepie-file.php??m=3521452757 HTTP/1.1" 200 37211 "-" "Mozilla/5.0 (Linux; Android 6.0.1; Nexus 5X Build/MMB29P) AppleWebKit/537.36 (KHTML, like Gecko) Chrome/141.0.7390.122 Mobile Safari/537.36 (compatible; GoogleOther)"
52.0.63.151 - - [22/Nov/2025:00:56:06 -0800] "GET /lufthansa-sells-used-aircraft-seats/?path=//sys/bus/platform/drivers/reg-dummy/reg-dummy/driver/reg-dummy/subsystem/devices/pcspkr/subsystem/devices/PCCT/driver/PCCT/subsystem/drivers/timeriomem_rng HTTP/1.1" 200 6557 "-" "Mozilla/5.0 AppleWebKit/537.36 (KHTML, like Gecko; compatible; Amazonbot/0.1; +https://developer.amazon.com/support/amazonbot) Chrome/119.0.6045.214 Safari/537.36"
216.73.216.105 - - [22/Nov/2025:00:56:06 -0800] "GET /category/bellevue?path=%2F%2Frun%2Fshm%2Facme_imds.agenciacampana.com.br HTTP/2.0" 200 3371 "-" "Mozilla/5.0 AppleWebKit/537.36 (KHTML, like Gecko; compatible; ClaudeBot/1.0; +claudebot@anthropic.com)"
186.195.235.36 - - [22/Nov/2025:00:56:06 -0800] "GET /?m=2878176817 HTTP/1.1" 200 39356 "-" "Mozilla/5.0 (Macintosh; Intel Mac OS X 10_7_3) AppleWebKit/537.36 (KHTML, like Gecko, Mediapartners-Google) Chrome/84.0.4147.140 Safari/537.36"
66.249.77.78 - - [22/Nov/2025:00:56:07 -0800] "GET /?m=39999665 HTTP/1.1" 200 31664 "-" "Mozilla/5.0 (Linux; Android 6.0.1; Nexus 5X Build/MMB29P) AppleWebKit/537.36 (KHTML, like Gecko) Chrome/141.0.7390.122 Mobile Safari/537.36 (compatible; GoogleOther)"
74.7.227.48 - - [22/Nov/2025:00:56:07 -0800] "GET /donovan-mcnabb-will-never-make-it-back-to-the-super-bowl/?path=//sys/class/tty/ttyte/subsystem/ttyea/subsystem/ttyea/subsystem/ttyea/subsystem/ptyuc/subsystem/ttyaa/subsystem/ttywc HTTP/2.0" 200 3144 "-" "Mozilla/5.0 AppleWebKit/537.36 (KHTML, like Gecko; compatible; GPTBot/1.3; +https://openai.com/gptbot)"
66.249.77.64 - - [22/Nov/2025:00:56:08 -0800] "GET /?m=2485885696 HTTP/1.1" 200 36477 "-" "Mozilla/5.0 (Linux; Android 6.0.1; Nexus 5X Build/MMB29P) AppleWebKit/537.36 (KHTML, like Gecko) Chrome/141.0.7390.122 Mobile Safari/537.36 (compatible; GoogleOther)"
52.201.155.215 - - [22/Nov/2025:00:56:10 -0800] "GET /lufthansa-sells-used-aircraft-seats/?path=//sys/devices/platform/reg-dummy/subsystem/devices/PCCT/subsystem/drivers/reg-dummy/reg-dummy/driver/reg-dummy/subsystem/devices/vesa-framebuffer.0/subsystem/drivers/vesa-framebuffer HTTP/1.1" 200 6656 "-" "Mozilla/5.0 AppleWebKit/537.36 (KHTML, like Gecko; compatible; Amazonbot/0.1; +https://developer.amazon.com/support/amazonbot) Chrome/119.0.6045.214 Safari/537.36"
66.249.77.78 - - [22/Nov/2025:00:56:10 -0800] "GET /?m=1432276140 HTTP/1.1" 200 31953 "-" "Mozilla/5.0 (Linux; Android 6.0.1; Nexus 5X Build/MMB29P) AppleWebKit/537.36 (KHTML, like Gecko) Chrome/141.0.7390.122 Mobile Safari/537.36 (compatible; GoogleOther)"
74.7.227.48 - - [22/Nov/2025:00:56:11 -0800] "GET /donovan-mcnabb-will-never-make-it-back-to-the-super-bowl/?path=//sys/class/tty/ttyte/subsystem/ttyea/subsystem/ttyea/subsystem/ttyea/subsystem/ptyuc/subsystem/ttyaa/subsystem/ptyve HTTP/2.0" 200 3144 "-" "Mozilla/5.0 AppleWebKit/537.36 (KHTML, like Gecko; compatible; GPTBot/1.3; +https://openai.com/gptbot)"
85.208.96.206 - - [22/Nov/2025:00:56:11 -0800] "GET /?info=492341376 HTTP/1.1" 200 9065 "-" "Mozilla/5.0 (compatible; SemrushBot/7~bl; +http://www.semrush.com/bot.html)"
216.73.216.105 - - [22/Nov/2025:00:56:12 -0800] "GET /category/bellevue?path=%2F%2Frun%2Fshm%2Facme_legacy.tozaicentralsword.com HTTP/2.0" 200 3434 "-" "Mozilla/5.0 AppleWebKit/537.36 (KHTML, like Gecko; compatible; ClaudeBot/1.0; +claudebot@anthropic.com)"
114.119.139.44 - - [22/Nov/2025:00:56:12 -0800] "GET /?m=151340387 HTTP/1.1" 200 9065 "https://pacificnorthwestcoastbias.com/?sitemap22.xml" "Mozilla/5.0 (Linux; Android 7.0;) AppleWebKit/537.36 (KHTML, like Gecko) Mobile Safari/537.36 (compatible; PetalBot;+https://webmaster.petalsearch.com/site/petalbot)"
66.249.77.65 - - [22/Nov/2025:00:56:12 -0800] "GET /?m=1919991293 HTTP/1.1" 200 33598 "-" "Mozilla/5.0 (Linux; Android 6.0.1; Nexus 5X Build/MMB29P) AppleWebKit/537.36 (KHTML, like Gecko) Chrome/141.0.7390.122 Mobile Safari/537.36 (compatible; GoogleOther)"
74.7.227.48 - - [22/Nov/2025:00:56:14 -0800] "GET /donovan-mcnabb-will-never-make-it-back-to-the-super-bowl/?path=//sys/class/tty/ttyte/subsystem/ttyea/subsystem/ttyea/subsystem/ttyyb/subsystem/ttytb/subsystem/ttyxb/subsystem/ttyqf HTTP/2.0" 200 3152 "-" "Mozilla/5.0 AppleWebKit/537.36 (KHTML, like Gecko; compatible; GPTBot/1.3; +https://openai.com/gptbot)"
52.0.41.164 - - [22/Nov/2025:00:56:14 -0800] "GET /lufthansa-sells-used-aircraft-seats/?path=//sys/bus/platform/devices/reg-dummy/driver/reg-dummy/subsystem/devices/PCCT/subsystem/devices/microcode/subsystem/devices/reg-dummy/subsystem/drivers/amd-pmf HTTP/1.1" 200 6558 "-" "Mozilla/5.0 AppleWebKit/537.36 (KHTML, like Gecko; compatible; Amazonbot/0.1; +https://developer.amazon.com/support/amazonbot) Chrome/119.0.6045.214 Safari/537.36"
66.249.77.64 - - [22/Nov/2025:00:56:14 -0800] "GET /leg/approval40/pe3nu-33196/?fileloc=/home/samfetchero1/pacificnorthwestcoastbias.com/wp-includes/class-wp-simplepie-file.php??m=359668236 HTTP/1.1" 200 37026 "-" "Mozilla/5.0 (Linux; Android 6.0.1; Nexus 5X Build/MMB29P) AppleWebKit/537.36 (KHTML, like Gecko) Chrome/141.0.7390.122 Mobile Safari/537.36 (compatible; GoogleOther)"
216.73.216.105 - - [22/Nov/2025:00:56:14 -0800] "GET /category/bellevue?path=%2F%2Frun%2Fshm%2Facme_down.adsyscontrols.com HTTP/2.0" 200 3366 "-" "Mozilla/5.0 AppleWebKit/537.36 (KHTML, like Gecko; compatible; ClaudeBot/1.0; +claudebot@anthropic.com)"
66.249.77.78 - - [22/Nov/2025:00:56:16 -0800] "GET /?m=1429021163 HTTP/1.1" 200 35961 "-" "Mozilla/5.0 (Linux; Android 6.0.1; Nexus 5X Build/MMB29P) AppleWebKit/537.36 (KHTML, like Gecko) Chrome/141.0.7390.122 Mobile Safari/537.36 (compatible; GoogleOther)"
197.184.96.28 - - [22/Nov/2025:00:56:17 -0800] "GET /favor/z46?pid=3527 HTTP/1.1" 200 9117 "-" "Mozilla/5.0 (Macintosh; Intel Mac OS X 10_12_6) AppleWebKit/537.36 (KHTML, like Gecko) Brave Chrome/89.0.4389.90 Safari/537.36"
74.7.227.48 - - [22/Nov/2025:00:56:17 -0800] "GET /donovan-mcnabb-will-never-make-it-back-to-the-super-bowl/?path=//sys/class/tty/ttyte/subsystem/ttyea/subsystem/ttyea/subsystem/ttyyb/subsystem/ttytb/subsystem/ttyxb/subsystem/ttyyd HTTP/2.0" 200 3149 "-" "Mozilla/5.0 AppleWebKit/537.36 (KHTML, like Gecko; compatible; GPTBot/1.3; +https://openai.com/gptbot)"
216.73.216.105 - - [22/Nov/2025:00:56:17 -0800] "GET /category/bellevue?path=%2F%2Frun%2Fshm%2Facme_wiki.daos.io HTTP/2.0" 200 3361 "-" "Mozilla/5.0 AppleWebKit/537.36 (KHTML, like Gecko; compatible; ClaudeBot/1.0; +claudebot@anthropic.com)"
66.249.77.78 - - [22/Nov/2025:00:56:18 -0800] "GET /?m=378790622 HTTP/1.1" 200 33558 "-" "Mozilla/5.0 (Linux; Android 6.0.1; Nexus 5X Build/MMB29P) AppleWebKit/537.36 (KHTML, like Gecko) Chrome/141.0.7390.122 Mobile Safari/537.36 (compatible; GoogleOther)"
190.124.183.178 - - [22/Nov/2025:00:56:18 -0800] "GET /pages.php?97659413 HTTP/1.1" 403 104086 "-" "Mozilla/5.0 (Windows NT 10.0; Win64; x64) AppleWebKit/537.36 (KHTML, like Gecko) Chrome/80.0.3987.163 Safari/537.36"
52.204.71.8 - - [22/Nov/2025:00:56:18 -0800] "GET /lufthansa-sells-used-aircraft-seats/?path=//sys/devices/platform/microcode/subsystem/devices/reg-dummy/driver/reg-dummy/subsystem/drivers/reg-dummy/reg-dummy/subsystem/devices/AMDI0030:00/subsystem/devices/PNP0800:00 HTTP/1.1" 200 6790 "-" "Mozilla/5.0 AppleWebKit/537.36 (KHTML, like Gecko; compatible; Amazonbot/0.1; +https://developer.amazon.com/support/amazonbot) Chrome/119.0.6045.214 Safari/537.36"
66.249.77.78 - - [22/Nov/2025:00:56:19 -0800] "GET /leg/approval40/pe3nu-33196/?fileloc=/home/samfetchero1/pacificnorthwestcoastbias.com/wp-includes/class-wp-simplepie-file.php??m=614485589 HTTP/1.1" 200 33265 "-" "Mozilla/5.0 (Linux; Android 6.0.1; Nexus 5X Build/MMB29P) AppleWebKit/537.36 (KHTML, like Gecko) Chrome/141.0.7390.122 Mobile Safari/537.36 (compatible; GoogleOther)"
168.205.143.226 - - [22/Nov/2025:00:56:20 -0800] "GET /?m=687618461 HTTP/1.1" 200 9117 "-" "Mozilla/5.0 (Windows NT 10.0; Win64; x64) AppleWebKit/537.36 (KHTML, like Gecko) Brave Chrome/84.0.4147.89 Safari/537.36"
216.73.216.105 - - [22/Nov/2025:00:56:20 -0800] "GET /category/bellevue?path=%2F%2Fetc%2Fdbus-1 HTTP/2.0" 200 2921 "-" "Mozilla/5.0 AppleWebKit/537.36 (KHTML, like Gecko; compatible; ClaudeBot/1.0; +claudebot@anthropic.com)"
74.7.227.48 - - [22/Nov/2025:00:56:20 -0800] "GET /donovan-mcnabb-will-never-make-it-back-to-the-super-bowl/?path=//sys/class/tty/ttyte/subsystem/ttyea/subsystem/ttyea/subsystem/ttyyb/subsystem/ttytb/subsystem/ttyxb/subsystem/ptyef/subsystem HTTP/2.0" 200 18496 "-" "Mozilla/5.0 AppleWebKit/537.36 (KHTML, like Gecko; compatible; GPTBot/1.3; +https://openai.com/gptbot)"
66.249.77.78 - - [22/Nov/2025:00:56:21 -0800] "GET /?m=1631017193 HTTP/1.1" 200 33842 "-" "Mozilla/5.0 (Linux; Android 6.0.1; Nexus 5X Build/MMB29P) AppleWebKit/537.36 (KHTML, like Gecko) Chrome/141.0.7390.122 Mobile Safari/537.36 (compatible; GoogleOther)"
23.22.105.143 - - [22/Nov/2025:00:56:22 -0800] "GET /lufthansa-sells-used-aircraft-seats/?path=//sys/devices/platform/microcode/subsystem/devices/reg-dummy/driver/reg-dummy/driver/reg-dummy/subsystem/devices/PCCT/driver/PCCT/subsystem/drivers/i2c_amd_mp2 HTTP/1.1" 200 6556 "-" "Mozilla/5.0 AppleWebKit/537.36 (KHTML, like Gecko; compatible; Amazonbot/0.1; +https://developer.amazon.com/support/amazonbot) Chrome/119.0.6045.214 Safari/537.36"
66.249.77.64 - - [22/Nov/2025:00:56:23 -0800] "GET /?m=3512146268 HTTP/1.1" 200 35751 "-" "Mozilla/5.0 (Linux; Android 6.0.1; Nexus 5X Build/MMB29P) AppleWebKit/537.36 (KHTML, like Gecko) Chrome/141.0.7390.122 Mobile Safari/537.36 (compatible; GoogleOther)"
74.7.227.48 - - [22/Nov/2025:00:56:23 -0800] "GET /donovan-mcnabb-will-never-make-it-back-to-the-super-bowl/?path=//sys/class/tty/ttyte/subsystem/ttyea/subsystem/ttyea/subsystem/ttyyb/subsystem/ttytb/subsystem/ttyxb/subsystem/ttyrd HTTP/2.0" 200 3150 "-" "Mozilla/5.0 AppleWebKit/537.36 (KHTML, like Gecko; compatible; GPTBot/1.3; +https://openai.com/gptbot)"
216.73.216.105 - - [22/Nov/2025:00:56:23 -0800] "GET /category/bellevue?path=%2F%2Fetc%2Ftexmf HTTP/2.0" 200 3068 "-" "Mozilla/5.0 AppleWebKit/537.36 (KHTML, like Gecko; compatible; ClaudeBot/1.0; +claudebot@anthropic.com)"
66.249.77.78 - - [22/Nov/2025:00:56:25 -0800] "GET /?m=268280372 HTTP/1.1" 200 30944 "-" "Mozilla/5.0 (Linux; Android 6.0.1; Nexus 5X Build/MMB29P) AppleWebKit/537.36 (KHTML, like Gecko) Chrome/141.0.7390.122 Mobile Safari/537.36 (compatible; GoogleOther)"
191.255.67.101 - - [22/Nov/2025:00:56:25 -0800] "GET /scratch/g222?pid=12433 HTTP/1.1" 200 9117 "-" "Mozilla/5.0 (Macintosh; Intel Mac OS X 10_15_7) AppleWebKit/537.36 (KHTML, like Gecko) Chrome/101.0.4951.64 Safari/537.36"
98.83.177.42 - - [22/Nov/2025:00:56:26 -0800] "GET /lufthansa-sells-used-aircraft-seats/?path=//sys/bus/platform/devices/reg-dummy/driver/reg-dummy/subsystem/devices/reg-dummy/subsystem/devices/vesa-framebuffer.0/subsystem/devices/reg-dummy/subsystem/drivers/vga16fb HTTP/1.1" 200 6558 "-" "Mozilla/5.0 AppleWebKit/537.36 (KHTML, like Gecko; compatible; Amazonbot/0.1; +https://developer.amazon.com/support/amazonbot) Chrome/119.0.6045.214 Safari/537.36"
216.73.216.105 - - [22/Nov/2025:00:56:26 -0800] "GET /category/bellevue?path=%2F%2Fdev%2Fshm%2Facme_staging.cary150.org HTTP/2.0" 418 629 "-" "Mozilla/5.0 AppleWebKit/537.36 (KHTML, like Gecko; compatible; ClaudeBot/1.0; +claudebot@anthropic.com)"
74.7.227.48 - - [22/Nov/2025:00:56:27 -0800] "GET /donovan-mcnabb-will-never-make-it-back-to-the-super-bowl/?path=//sys/class/tty/ttyte/subsystem/ttyea/subsystem/ttyea/subsystem/ttyea/subsystem/ptyuc/subsystem/ttyaa/subsystem/ptyya HTTP/2.0" 200 3144 "-" "Mozilla/5.0 AppleWebKit/537.36 (KHTML, like Gecko; compatible; GPTBot/1.3; +https://openai.com/gptbot)"
66.249.77.78 - - [22/Nov/2025:00:56:27 -0800] "GET /piano/passing56/d0b5t-1442/?fileloc=/home/samfetchero1/pacificnorthwestcoastbias.com/wp-admin/media-upload.php??m=2371283416 HTTP/1.1" 200 34825 "-" "Mozilla/5.0 (Linux; Android 6.0.1; Nexus 5X Build/MMB29P) AppleWebKit/537.36 (KHTML, like Gecko) Chrome/141.0.7390.122 Mobile Safari/537.36 (compatible; GoogleOther)"
66.249.77.64 - - [22/Nov/2025:00:56:29 -0800] "GET /?m=543042713 HTTP/1.1" 200 35537 "-" "Mozilla/5.0 (Linux; Android 6.0.1; Nexus 5X Build/MMB29P) AppleWebKit/537.36 (KHTML, like Gecko) Chrome/141.0.7390.122 Mobile Safari/537.36 (compatible; GoogleOther)"
216.73.216.105 - - [22/Nov/2025:00:56:29 -0800] "GET /category/bellevue?path=%2F%2Frun%2Fshm%2Facme_test.dg.uy HTTP/2.0" 200 3347 "-" "Mozilla/5.0 AppleWebKit/537.36 (KHTML, like Gecko; compatible; ClaudeBot/1.0; +claudebot@anthropic.com)"
74.7.227.48 - - [22/Nov/2025:00:56:30 -0800] "GET /donovan-mcnabb-will-never-make-it-back-to-the-super-bowl/?path=//sys/class/tty/ttyte/subsystem/ttyea/subsystem/ttyea/subsystem/ttyea/subsystem/ptyuc/subsystem/ttyaa/subsystem/ttyda HTTP/2.0" 200 3143 "-" "Mozilla/5.0 AppleWebKit/537.36 (KHTML, like Gecko; compatible; GPTBot/1.3; +https://openai.com/gptbot)"
52.7.33.248 - - [22/Nov/2025:00:56:30 -0800] "GET /received-my-invite-for-simple/?path=//sys/bus/platform/devices/reg-dummy/subsystem/devices/reg-dummy/subsystem/drivers/reg-dummy/reg-dummy/subsystem/devices/IPI0001:00/subsystem/devices/acpi-cpufreq/driver HTTP/1.1" 200 6556 "-" "Mozilla/5.0 AppleWebKit/537.36 (KHTML, like Gecko; compatible; Amazonbot/0.1; +https://developer.amazon.com/support/amazonbot) Chrome/119.0.6045.214 Safari/537.36"
66.249.77.64 - - [22/Nov/2025:00:56:30 -0800] "GET /?m=625518037 HTTP/1.1" 200 30424 "-" "Mozilla/5.0 (Linux; Android 6.0.1; Nexus 5X Build/MMB29P) AppleWebKit/537.36 (KHTML, like Gecko) Chrome/141.0.7390.122 Mobile Safari/537.36 (compatible; GoogleOther)"
66.249.77.65 - - [22/Nov/2025:00:56:32 -0800] "GET /leg/approval40/pe3nu-33196/?fileloc=/home/samfetchero1/pacificnorthwestcoastbias.com/wp-includes/class-wp-simplepie-file.php??m=853294127 HTTP/1.1" 200 35978 "-" "Mozilla/5.0 (Linux; Android 6.0.1; Nexus 5X Build/MMB29P) AppleWebKit/537.36 (KHTML, like Gecko) Chrome/141.0.7390.122 Mobile Safari/537.36 (compatible; GoogleOther)"
216.73.216.105 - - [22/Nov/2025:00:56:32 -0800] "GET /category/bellevue?path=%2F%2Fdev%2Fshm%2Facme_w.vicv.co HTTP/2.0" 418 603 "-" "Mozilla/5.0 AppleWebKit/537.36 (KHTML, like Gecko; compatible; ClaudeBot/1.0; +claudebot@anthropic.com)"
66.249.77.65 - - [22/Nov/2025:00:56:32 -0800] "GET /?m=592698098 HTTP/1.1" 200 34391 "-" "Mozilla/5.0 (Linux; Android 6.0.1; Nexus 5X Build/MMB29P) AppleWebKit/537.36 (KHTML, like Gecko) Chrome/141.0.7390.122 Mobile Safari/537.36 (compatible; Googlebot/2.1; +http://www.google.com/bot.html)"
74.7.227.48 - - [22/Nov/2025:00:56:33 -0800] "GET /donovan-mcnabb-will-never-make-it-back-to-the-super-bowl/?path=//sys/class/tty/ttyte/subsystem/ttyea/subsystem/ttyea/subsystem/ttyyb/subsystem/ttytb/subsystem/ttyxb/subsystem/ptyzb HTTP/2.0" 200 3152 "-" "Mozilla/5.0 AppleWebKit/537.36 (KHTML, like Gecko; compatible; GPTBot/1.3; +https://openai.com/gptbot)"
100.29.128.75 - - [22/Nov/2025:00:56:34 -0800] "GET /lufthansa-sells-used-aircraft-seats/?path=//sys/bus/platform/devices/reg-dummy/driver/reg-dummy/subsystem/devices/pcspkr/subsystem/devices/IPI0001:00/subsystem/devices/reg-dummy/subsystem/drivers/acpi-ged HTTP/1.1" 200 6563 "-" "Mozilla/5.0 AppleWebKit/537.36 (KHTML, like Gecko; compatible; Amazonbot/0.1; +https://developer.amazon.com/support/amazonbot) Chrome/119.0.6045.214 Safari/537.36"
66.249.77.78 - - [22/Nov/2025:00:56:34 -0800] "GET /vessel/lecture1/7rw4d-2013/?fileloc=/home/samfetchero1/pacificnorthwestcoastbias.com/wp-rdf.php??m=1137502464 HTTP/1.1" 200 38188 "-" "Mozilla/5.0 (Linux; Android 6.0.1; Nexus 5X Build/MMB29P) AppleWebKit/537.36 (KHTML, like Gecko) Chrome/141.0.7390.122 Mobile Safari/537.36 (compatible; GoogleOther)"
216.73.216.105 - - [22/Nov/2025:00:56:35 -0800] "GET /category/bellevue?path=%2F%2Fdev%2Fshm%2Facme_admin.festivalacademicocuu.mx HTTP/2.0" 418 603 "-" "Mozilla/5.0 AppleWebKit/537.36 (KHTML, like Gecko; compatible; ClaudeBot/1.0; +claudebot@anthropic.com)"
66.249.77.64 - - [22/Nov/2025:00:56:36 -0800] "GET /?m=3257959119 HTTP/1.1" 200 38034 "-" "Mozilla/5.0 (Linux; Android 6.0.1; Nexus 5X Build/MMB29P) AppleWebKit/537.36 (KHTML, like Gecko) Chrome/141.0.7390.122 Mobile Safari/537.36 (compatible; GoogleOther)"
57.141.6.42 - - [22/Nov/2025:00:56:36 -0800] "GET /?info=736150048 HTTP/2.0" 200 100258 "-" "meta-externalagent/1.1 (+https://developers.facebook.com/docs/sharing/webmasters/crawler)"
74.7.227.48 - - [22/Nov/2025:00:56:36 -0800] "GET /donovan-mcnabb-will-never-make-it-back-to-the-super-bowl/?path=//sys/class/tty/ttyte/subsystem/ttyea/subsystem/ttyea/subsystem/ttyyb/subsystem/ttytb/subsystem/ttyxb/subsystem/ptysf HTTP/2.0" 200 3153 "-" "Mozilla/5.0 AppleWebKit/537.36 (KHTML, like Gecko; compatible; GPTBot/1.3; +https://openai.com/gptbot)"
66.249.77.64 - - [22/Nov/2025:00:56:38 -0800] "GET /?m=2763580213 HTTP/1.1" 200 32384 "-" "Mozilla/5.0 (Linux; Android 6.0.1; Nexus 5X Build/MMB29P) AppleWebKit/537.36 (KHTML, like Gecko) Chrome/141.0.7390.122 Mobile Safari/537.36 (compatible; GoogleOther)"
23.23.214.190 - - [22/Nov/2025:00:56:38 -0800] "GET /lufthansa-sells-used-aircraft-seats/?path=//sys/bus/platform/devices/reg-dummy/subsystem/devices/reg-dummy/driver/reg-dummy/subsystem/drivers/PCCT/PCCT/subsystem/devices/PNP0800:00/subsystem/devices HTTP/1.1" 200 7069 "-" "Mozilla/5.0 AppleWebKit/537.36 (KHTML, like Gecko; compatible; Amazonbot/0.1; +https://developer.amazon.com/support/amazonbot) Chrome/119.0.6045.214 Safari/537.36"
92.62.70.31 - - [22/Nov/2025:00:56:38 -0800] "GET /?m=3194962619 HTTP/1.1" 200 9117 "-" "Mozilla/5.0 (Windows NT 6.1; Win64; x64) AppleWebKit/537.36 (KHTML, like Gecko) Chrome/72.0.3626.109 Safari/537.36"
216.73.216.105 - - [22/Nov/2025:00:56:38 -0800] "GET /category/bellevue?path=%2F%2Frun%2Fshm%2Facme_sitio.ccechillan.cl HTTP/2.0" 200 3370 "-" "Mozilla/5.0 AppleWebKit/537.36 (KHTML, like Gecko; compatible; ClaudeBot/1.0; +claudebot@anthropic.com)"
14.191.94.147 - - [22/Nov/2025:00:56:39 -0800] "GET /?m=1116725270 HTTP/1.1" 200 9117 "-" "Mozilla/5.0 (Windows NT 10.0; Win64; x64) AppleWebKit/537.36 (KHTML, like Gecko) Chrome/92.0.4515.159 Safari/537.36"
74.7.227.48 - - [22/Nov/2025:00:56:39 -0800] "GET /donovan-mcnabb-will-never-make-it-back-to-the-super-bowl/?path=//sys/class/tty/ttyte/subsystem/ttyea/subsystem/ttyea/subsystem/ttyyb/subsystem/ttytb/subsystem/ttyxb/subsystem/ptyef/subsystem/tty HTTP/2.0" 200 3158 "-" "Mozilla/5.0 AppleWebKit/537.36 (KHTML, like Gecko; compatible; GPTBot/1.3; +https://openai.com/gptbot)"
161.248.205.224 - - [22/Nov/2025:00:56:39 -0800] "GET /?m=3341544010 HTTP/1.1" 200 9117 "-" "Mozilla/5.0 (Windows NT 6.1) AppleWebKit/537.36 (KHTML, like Gecko) Chrome/98.0.4758.81 Safari/537.36"
66.249.77.64 - - [22/Nov/2025:00:56:39 -0800] "GET /?m=3055596965 HTTP/1.1" 200 32489 "-" "Mozilla/5.0 (Linux; Android 6.0.1; Nexus 5X Build/MMB29P) AppleWebKit/537.36 (KHTML, like Gecko) Chrome/141.0.7390.122 Mobile Safari/537.36 (compatible; GoogleOther)"
66.249.77.78 - - [22/Nov/2025:00:56:41 -0800] "GET /stable/chart40/66q46-33158/?fileloc=/home/samfetchero1/pacificnorthwestcoastbias.com/click.php??m=582362637 HTTP/1.1" 200 37289 "-" "Mozilla/5.0 (Linux; Android 6.0.1; Nexus 5X Build/MMB29P) AppleWebKit/537.36 (KHTML, like Gecko) Chrome/141.0.7390.122 Mobile Safari/537.36 (compatible; GoogleOther)"
216.73.216.105 - - [22/Nov/2025:00:56:41 -0800] "GET /category/bellevue?path=%2F%2Frun%2Fshm%2Facme_cab.sigmachipugetsound.org HTTP/2.0" 200 3066 "-" "Mozilla/5.0 AppleWebKit/537.36 (KHTML, like Gecko; compatible; ClaudeBot/1.0; +claudebot@anthropic.com)"
177.85.11.232 - - [22/Nov/2025:00:56:42 -0800] "GET /pay/activist61/rca58-1791/ HTTP/1.1" 200 9117 "-" "Mozilla/5.0 (Macintosh; Intel Mac OS X 11_1_0) AppleWebKit/537.36 (KHTML, like Gecko) Chrome/87.0.4280.88 Safari/537.36 FS"
