177.81.74.100 - - [22/Nov/2025:01:42:33 -0800] "GET /?m=666428468 HTTP/1.1" 200 9117 "-" "Mozilla/5.0 (Windows NT 10.0; WOW64) AppleWebKit/537.36 (KHTML, like Gecko) Chrome/102.0.0.0 Safari/537.36"
216.73.216.105 - - [22/Nov/2025:01:42:33 -0800] "GET /category/bellevue?path=%2Fhome%2Fsamfetchero1%2Fpacificnorthwestcoastbias.com%2Fwp-includes%2Fblocks%2Fgallery HTTP/2.0" 200 3457 "-" "Mozilla/5.0 AppleWebKit/537.36 (KHTML, like Gecko; compatible; ClaudeBot/1.0; +claudebot@anthropic.com)"
74.7.227.48 - - [22/Nov/2025:01:42:34 -0800] "GET /donovan-mcnabb-will-never-make-it-back-to-the-super-bowl/?path=//sys/class/tty/ttyte/subsystem/ttyea/subsystem/ttyea/subsystem/ttyyb/subsystem/ttyee/subsystem/ttyte/subsystem/ptyte HTTP/2.0" 200 3145 "-" "Mozilla/5.0 AppleWebKit/537.36 (KHTML, like Gecko; compatible; GPTBot/1.3; +https://openai.com/gptbot)"
98.82.38.120 - - [22/Nov/2025:01:42:35 -0800] "GET /received-my-invite-for-simple/?path=//sys/bus/platform/drivers/reg-dummy/reg-dummy/subsystem/drivers/reg-dummy/reg-dummy/subsystem/devices/IPI0001:00/firmware_node/subsystem/devices/device:e5/subsystem HTTP/1.1" 200 6704 "-" "Mozilla/5.0 AppleWebKit/537.36 (KHTML, like Gecko; compatible; Amazonbot/0.1; +https://developer.amazon.com/support/amazonbot) Chrome/119.0.6045.214 Safari/537.36"
66.249.77.64 - - [22/Nov/2025:01:42:34 -0800] "GET /?m=2221502536 HTTP/1.1" 200 34039 "-" "Mozilla/5.0 (Linux; Android 6.0.1; Nexus 5X Build/MMB29P) AppleWebKit/537.36 (KHTML, like Gecko) Chrome/141.0.7390.122 Mobile Safari/537.36 (compatible; GoogleOther)"
216.73.216.105 - - [22/Nov/2025:01:42:36 -0800] "GET /category/bellevue?path=%2F%2Fusr%2Fshare%2Flintian HTTP/2.0" 200 2935 "-" "Mozilla/5.0 AppleWebKit/537.36 (KHTML, like Gecko; compatible; ClaudeBot/1.0; +claudebot@anthropic.com)"
66.249.77.78 - - [22/Nov/2025:01:42:36 -0800] "GET /?m=2734695212 HTTP/1.1" 200 34084 "-" "Mozilla/5.0 (Linux; Android 6.0.1; Nexus 5X Build/MMB29P) AppleWebKit/537.36 (KHTML, like Gecko) Chrome/141.0.7390.122 Mobile Safari/537.36 (compatible; GoogleOther)"
43.173.173.181 - - [22/Nov/2025:01:42:37 -0800] "GET /page/28/?fileloc=//etc/alternatives/ftp&path=//etc/alternatives HTTP/1.1" 200 80030 "-" "Mozilla/5.0 (Windows NT 6.1; Win64; x64) AppleWebKit/537.36 (KHTML, like Gecko) Chrome/126.0.6478.114 Safari/537.36"
74.7.227.48 - - [22/Nov/2025:01:42:37 -0800] "GET /donovan-mcnabb-will-never-make-it-back-to-the-super-bowl/?path=//sys/class/tty/ttyte/subsystem/ttyea/subsystem/ttyea/subsystem/ttyyb/subsystem/ttyee/subsystem/ttyte/subsystem/ttyqc HTTP/2.0" 200 3148 "-" "Mozilla/5.0 AppleWebKit/537.36 (KHTML, like Gecko; compatible; GPTBot/1.3; +https://openai.com/gptbot)"
44.197.76.210 - - [22/Nov/2025:01:42:38 -0800] "GET /lufthansa-sells-used-aircraft-seats/?path=//sys/devices/platform/reg-dummy/subsystem/drivers/PCCT/PCCT/subsystem/drivers/reg-dummy/reg-dummy/subsystem/devices/PCCT/subsystem/devices/PNP0C33:00 HTTP/1.1" 200 6754 "-" "Mozilla/5.0 AppleWebKit/537.36 (KHTML, like Gecko; compatible; Amazonbot/0.1; +https://developer.amazon.com/support/amazonbot) Chrome/119.0.6045.214 Safari/537.36"
66.249.77.78 - - [22/Nov/2025:01:42:39 -0800] "GET /?m=2950782568 HTTP/1.1" 200 33229 "-" "Mozilla/5.0 (Linux; Android 6.0.1; Nexus 5X Build/MMB29P) AppleWebKit/537.36 (KHTML, like Gecko) Chrome/141.0.7390.122 Mobile Safari/537.36 (compatible; GoogleOther)"
216.73.216.105 - - [22/Nov/2025:01:42:39 -0800] "GET /category/bellevue?path=%2F%2Fusr%2Fshare%2Fdoc%2Fgzip HTTP/2.0" 200 3140 "-" "Mozilla/5.0 AppleWebKit/537.36 (KHTML, like Gecko; compatible; ClaudeBot/1.0; +claudebot@anthropic.com)"
74.7.227.48 - - [22/Nov/2025:01:42:40 -0800] "GET /donovan-mcnabb-will-never-make-it-back-to-the-super-bowl/?path=//sys/class/tty/ttyte/subsystem/ttyea/subsystem/ttyea/subsystem/ttyyb/subsystem/ttyee/subsystem/ttyte/subsystem/ptyrf HTTP/2.0" 200 3149 "-" "Mozilla/5.0 AppleWebKit/537.36 (KHTML, like Gecko; compatible; GPTBot/1.3; +https://openai.com/gptbot)"
66.249.77.78 - - [22/Nov/2025:01:42:41 -0800] "GET /?m=1191621678 HTTP/1.1" 200 35309 "-" "Mozilla/5.0 (Linux; Android 6.0.1; Nexus 5X Build/MMB29P) AppleWebKit/537.36 (KHTML, like Gecko) Chrome/141.0.7390.122 Mobile Safari/537.36 (compatible; GoogleOther)"
44.217.255.167 - - [22/Nov/2025:01:42:42 -0800] "GET /received-my-invite-for-simple/?path=//sys/bus/platform/drivers/reg-dummy/reg-dummy/subsystem/drivers/reg-dummy/reg-dummy/subsystem/devices/vesa-framebuffer.0/subsystem/devices/PCCT/subsystem/drivers/acpi-fan HTTP/1.1" 200 6559 "-" "Mozilla/5.0 AppleWebKit/537.36 (KHTML, like Gecko; compatible; Amazonbot/0.1; +https://developer.amazon.com/support/amazonbot) Chrome/119.0.6045.214 Safari/537.36"
216.73.216.105 - - [22/Nov/2025:01:42:42 -0800] "GET /category/bellevue?path=%2F%2Fusr%2Fshare%2Fxml HTTP/2.0" 200 3177 "-" "Mozilla/5.0 AppleWebKit/537.36 (KHTML, like Gecko; compatible; ClaudeBot/1.0; +claudebot@anthropic.com)"
43.173.179.97 - - [22/Nov/2025:01:42:41 -0800] "GET /candidate-for-senate-from-washington-state-goodspaceguy/?fileloc=//hs_err_pid2287456.log&path=/ HTTP/1.1" 200 14059 "http://www.pacificnorthwestcoastbias.com/candidate-for-senate-from-washington-state-goodspaceguy/?fileloc=//hs_err_pid2287456.log&path=/" "Mozilla/5.0 (Windows NT 6.1; Win64; x64) AppleWebKit/537.36 (KHTML, like Gecko) Chrome/126.0.6478.114 Safari/537.36"
66.249.77.65 - - [22/Nov/2025:01:42:43 -0800] "GET /leg/approval40/pe3nu-33196/?fileloc=/home/samfetchero1/pacificnorthwestcoastbias.com/wp-includes/class-wp-simplepie-file.php??m=2463334124 HTTP/1.1" 200 38509 "-" "Mozilla/5.0 (Linux; Android 6.0.1; Nexus 5X Build/MMB29P) AppleWebKit/537.36 (KHTML, like Gecko) Chrome/141.0.7390.122 Mobile Safari/537.36 (compatible; GoogleOther)"
74.7.227.48 - - [22/Nov/2025:01:42:44 -0800] "GET /donovan-mcnabb-will-never-make-it-back-to-the-super-bowl/?path=//sys/class/tty/ttyte/subsystem/ttyea/subsystem/ttyea/subsystem/ttyyb/subsystem/ttyee/subsystem/ttyte/subsystem/ptyzb HTTP/2.0" 200 3149 "-" "Mozilla/5.0 AppleWebKit/537.36 (KHTML, like Gecko; compatible; GPTBot/1.3; +https://openai.com/gptbot)"
180.243.5.96 - - [22/Nov/2025:01:42:45 -0800] "GET /resort/welfare257/benkl-29311/ HTTP/1.1" 200 9117 "-" "Mozilla/5.0 (Macintosh; Intel Mac OS X 11_2_1) AppleWebKit/537.36 (KHTML, like Gecko) Brave Chrome/88.0.4324.182 Safari/537.36"
216.73.216.105 - - [22/Nov/2025:01:42:45 -0800] "GET /category/bellevue?path=%2F%2Fusr%2Fshare%2Fdoc%2Frails HTTP/2.0" 200 2986 "-" "Mozilla/5.0 AppleWebKit/537.36 (KHTML, like Gecko; compatible; ClaudeBot/1.0; +claudebot@anthropic.com)"
66.249.77.65 - - [22/Nov/2025:01:42:45 -0800] "GET /piano/passing56/d0b5t-1442/?fileloc=/home/samfetchero1/pacificnorthwestcoastbias.com/wp-admin/media-upload.php??m=2300564498 HTTP/1.1" 200 32506 "-" "Mozilla/5.0 (Linux; Android 6.0.1; Nexus 5X Build/MMB29P) AppleWebKit/537.36 (KHTML, like Gecko) Chrome/141.0.7390.122 Mobile Safari/537.36 (compatible; GoogleOther)"
74.7.227.48 - - [22/Nov/2025:01:42:47 -0800] "GET /donovan-mcnabb-will-never-make-it-back-to-the-super-bowl/?path=//sys/class/tty/ttyte/subsystem/ttyea/subsystem/ttyea/subsystem/ttyyb/subsystem/ttyee/subsystem/ttyte/subsystem/ttyad HTTP/2.0" 200 3146 "-" "Mozilla/5.0 AppleWebKit/537.36 (KHTML, like Gecko; compatible; GPTBot/1.3; +https://openai.com/gptbot)"
66.249.77.65 - - [22/Nov/2025:01:42:47 -0800] "GET /?m=2975039170 HTTP/1.1" 200 33567 "-" "Mozilla/5.0 (Linux; Android 6.0.1; Nexus 5X Build/MMB29P) AppleWebKit/537.36 (KHTML, like Gecko) Chrome/141.0.7390.122 Mobile Safari/537.36 (compatible; Googlebot/2.1; +http://www.google.com/bot.html)"
44.215.235.20 - - [22/Nov/2025:01:42:47 -0800] "GET /lufthansa-sells-used-aircraft-seats/?path=//sys/devices/platform/reg-dummy/subsystem/drivers/reg-dummy/reg-dummy/subsystem/devices/PNP0C33:00/subsystem/devices/reg-dummy/subsystem/drivers/PCCT/PCCT/driver HTTP/1.1" 200 6549 "-" "Mozilla/5.0 AppleWebKit/537.36 (KHTML, like Gecko; compatible; Amazonbot/0.1; +https://developer.amazon.com/support/amazonbot) Chrome/119.0.6045.214 Safari/537.36"
66.249.77.65 - - [22/Nov/2025:01:42:47 -0800] "GET /?m=815581752 HTTP/1.1" 200 32388 "-" "Mozilla/5.0 (Linux; Android 6.0.1; Nexus 5X Build/MMB29P) AppleWebKit/537.36 (KHTML, like Gecko) Chrome/141.0.7390.122 Mobile Safari/537.36 (compatible; GoogleOther)"
216.73.216.105 - - [22/Nov/2025:01:42:48 -0800] "GET /category/bellevue?path=%2F%2Fusr%2Flib HTTP/2.0" 200 8279 "-" "Mozilla/5.0 AppleWebKit/537.36 (KHTML, like Gecko; compatible; ClaudeBot/1.0; +claudebot@anthropic.com)"
43.173.180.203 - - [22/Nov/2025:01:42:49 -0800] "GET /it-costs-5x-more-to-rent-a-uhaul-to-move-out-of-sf-vs-moving-to-sf/feed/?path=/home/samfetchero1/pacificnorthwestcoastbias.com/wp-content/plugins/redirection/database HTTP/1.1" 200 6846 "-" "Mozilla/5.0 (Windows NT 6.1; Win64; x64) AppleWebKit/537.36 (KHTML, like Gecko) Chrome/126.0.6478.114 Safari/537.36"
66.249.77.64 - - [22/Nov/2025:01:42:49 -0800] "GET /?m=2327189699 HTTP/1.1" 200 36858 "-" "Mozilla/5.0 (Linux; Android 6.0.1; Nexus 5X Build/MMB29P) AppleWebKit/537.36 (KHTML, like Gecko) Chrome/141.0.7390.122 Mobile Safari/537.36 (compatible; GoogleOther)"
74.7.227.48 - - [22/Nov/2025:01:42:50 -0800] "GET /donovan-mcnabb-will-never-make-it-back-to-the-super-bowl/?path=//sys/class/tty/ttyte/subsystem/ttyea/subsystem/ttyea/subsystem/ttyyb/subsystem/ttyee/subsystem/ttyte/subsystem/ptyza HTTP/2.0" 200 3149 "-" "Mozilla/5.0 AppleWebKit/537.36 (KHTML, like Gecko; compatible; GPTBot/1.3; +https://openai.com/gptbot)"
216.73.216.105 - - [22/Nov/2025:01:42:51 -0800] "GET /category/bellevue?path=%2F%2Fusr%2Fshare%2Fsmartmontools HTTP/2.0" 200 3041 "-" "Mozilla/5.0 AppleWebKit/537.36 (KHTML, like Gecko; compatible; ClaudeBot/1.0; +claudebot@anthropic.com)"
66.249.77.65 - - [22/Nov/2025:01:42:51 -0800] "GET /?m=2079750096 HTTP/1.1" 200 31688 "-" "Mozilla/5.0 (Linux; Android 6.0.1; Nexus 5X Build/MMB29P) AppleWebKit/537.36 (KHTML, like Gecko) Chrome/141.0.7390.122 Mobile Safari/537.36 (compatible; GoogleOther)"
18.211.148.239 - - [22/Nov/2025:01:42:52 -0800] "GET /lufthansa-sells-used-aircraft-seats/?path=//sys/devices/platform/pcspkr/subsystem/devices/reg-dummy/subsystem/drivers/reg-dummy/reg-dummy/subsystem/devices/reg-dummy/subsystem/devices/serial8250/tty/ttyS9 HTTP/1.1" 200 7261 "-" "Mozilla/5.0 AppleWebKit/537.36 (KHTML, like Gecko; compatible; Amazonbot/0.1; +https://developer.amazon.com/support/amazonbot) Chrome/119.0.6045.214 Safari/537.36"
74.7.227.48 - - [22/Nov/2025:01:42:53 -0800] "GET /donovan-mcnabb-will-never-make-it-back-to-the-super-bowl/?path=//sys/class/tty/ttyte/subsystem/ttyea/subsystem/ttyea/subsystem/ttyyb/subsystem/ttyee/subsystem/ttyte/subsystem/ptywe HTTP/2.0" 200 3148 "-" "Mozilla/5.0 AppleWebKit/537.36 (KHTML, like Gecko; compatible; GPTBot/1.3; +https://openai.com/gptbot)"
66.249.77.66 - - [22/Nov/2025:01:42:53 -0800] "GET /?m=1756652327 HTTP/1.1" 200 35092 "-" "Mozilla/5.0 (Linux; Android 6.0.1; Nexus 5X Build/MMB29P) AppleWebKit/537.36 (KHTML, like Gecko) Chrome/141.0.7390.122 Mobile Safari/537.36 (compatible; GoogleOther)"
216.73.216.105 - - [22/Nov/2025:01:42:54 -0800] "GET /category/bellevue?path=%2Fhome%2Fsamfetchero1%2Fpacificnorthwestcoastbias.com%2Fwp-content%2Fthemes%2Ftwentytwentyfour%2Fassets HTTP/2.0" 200 3171 "-" "Mozilla/5.0 AppleWebKit/537.36 (KHTML, like Gecko; compatible; ClaudeBot/1.0; +claudebot@anthropic.com)"
66.249.77.64 - - [22/Nov/2025:01:42:55 -0800] "GET /leg/approval40/pe3nu-33196/?fileloc=/home/samfetchero1/pacificnorthwestcoastbias.com/wp-includes/class-wp-simplepie-file.php??m=670905791 HTTP/1.1" 200 36427 "-" "Mozilla/5.0 (Linux; Android 6.0.1; Nexus 5X Build/MMB29P) AppleWebKit/537.36 (KHTML, like Gecko) Chrome/141.0.7390.122 Mobile Safari/537.36 (compatible; GoogleOther)"
44.212.106.171 - - [22/Nov/2025:01:42:55 -0800] "GET /received-my-invite-for-simple/?path=//sys/bus/platform/drivers/reg-dummy/reg-dummy/subsystem/drivers/reg-dummy/reg-dummy/subsystem/devices/IPI0001:00/firmware_node/subsystem/devices/device:10c/subsystem HTTP/1.1" 200 6704 "-" "Mozilla/5.0 AppleWebKit/537.36 (KHTML, like Gecko; compatible; Amazonbot/0.1; +https://developer.amazon.com/support/amazonbot) Chrome/119.0.6045.214 Safari/537.36"
74.7.227.48 - - [22/Nov/2025:01:42:56 -0800] "GET /donovan-mcnabb-will-never-make-it-back-to-the-super-bowl/?path=//sys/class/tty/ttyte/subsystem/ttyea/subsystem/ttyea/subsystem/ttyya/subsystem/ttyqb/subsystem/ptybb/subsystem/ttyad HTTP/2.0" 200 3153 "-" "Mozilla/5.0 AppleWebKit/537.36 (KHTML, like Gecko; compatible; GPTBot/1.3; +https://openai.com/gptbot)"
66.249.77.66 - - [22/Nov/2025:01:42:57 -0800] "GET /?m=2925681451 HTTP/1.1" 200 30178 "-" "Mozilla/5.0 (Linux; Android 6.0.1; Nexus 5X Build/MMB29P) AppleWebKit/537.36 (KHTML, like Gecko) Chrome/141.0.7390.122 Mobile Safari/537.36 (compatible; GoogleOther)"
216.73.216.105 - - [22/Nov/2025:01:42:57 -0800] "GET /category/bellevue?path=%2F%2Fusr%2Fshare%2Fdoc%2Flibaio1 HTTP/2.0" 200 2985 "-" "Mozilla/5.0 AppleWebKit/537.36 (KHTML, like Gecko; compatible; ClaudeBot/1.0; +claudebot@anthropic.com)"
187.139.240.194 - - [22/Nov/2025:01:42:59 -0800] "GET /?m=23178903 HTTP/1.1" 200 9117 "-" "Mozilla/5.0 (Macintosh; Intel Mac OS X 10_14_6) AppleWebKit/537.36 (KHTML, like Gecko) Chrome/90.0.4430.93 Safari/537.36"
66.249.77.65 - - [22/Nov/2025:01:42:59 -0800] "GET /piano/passing56/d0b5t-1442/?fileloc=/home/samfetchero1/pacificnorthwestcoastbias.com/wp-admin/media-upload.php??m=3549772353 HTTP/1.1" 200 37512 "-" "Mozilla/5.0 (Linux; Android 6.0.1; Nexus 5X Build/MMB29P) AppleWebKit/537.36 (KHTML, like Gecko) Chrome/141.0.7390.122 Mobile Safari/537.36 (compatible; GoogleOther)"
74.7.227.48 - - [22/Nov/2025:01:42:59 -0800] "GET /donovan-mcnabb-will-never-make-it-back-to-the-super-bowl/?path=//sys/class/tty/ttyte/subsystem/ttyea/subsystem/ttyea/subsystem/ttyyb/subsystem/ttyee/subsystem/ttyte/subsystem/ptypd HTTP/2.0" 200 3149 "-" "Mozilla/5.0 AppleWebKit/537.36 (KHTML, like Gecko; compatible; GPTBot/1.3; +https://openai.com/gptbot)"
34.234.85.171 - - [22/Nov/2025:01:43:00 -0800] "POST /xmlrpc.php HTTP/1.1" 429 3662 "-" "Mozilla/5.0 (Windows NT 10.0; Win64; x64; rv:77.0) Gecko/20100101 Firefox/77.0"
216.73.216.105 - - [22/Nov/2025:01:43:00 -0800] "GET /category/bellevue?path=%2F%2Fusr%2Fshare%2Fdoc%2Fufw HTTP/2.0" 200 3168 "-" "Mozilla/5.0 AppleWebKit/537.36 (KHTML, like Gecko; compatible; ClaudeBot/1.0; +claudebot@anthropic.com)"
66.249.77.78 - - [22/Nov/2025:01:43:01 -0800] "GET /?m=1540472507 HTTP/1.1" 200 36687 "-" "Mozilla/5.0 (Linux; Android 6.0.1; Nexus 5X Build/MMB29P) AppleWebKit/537.36 (KHTML, like Gecko) Chrome/141.0.7390.122 Mobile Safari/537.36 (compatible; GoogleOther)"
3.212.205.90 - - [22/Nov/2025:01:43:01 -0800] "GET /received-my-invite-for-simple/?path=//sys/bus/platform/drivers/reg-dummy/reg-dummy/subsystem/drivers/reg-dummy/reg-dummy/subsystem/drivers/PCCT/PCCT/subsystem/devices/alarmtimer.0.auto/subsystem/drivers HTTP/1.1" 200 7492 "-" "Mozilla/5.0 AppleWebKit/537.36 (KHTML, like Gecko; compatible; Amazonbot/0.1; +https://developer.amazon.com/support/amazonbot) Chrome/119.0.6045.214 Safari/537.36"
74.7.227.48 - - [22/Nov/2025:01:43:02 -0800] "GET /donovan-mcnabb-will-never-make-it-back-to-the-super-bowl/?path=//sys/class/tty/ttyte/subsystem/ttyea/subsystem/ttyea/subsystem/ttyya/subsystem/ttyqb/subsystem/ptybb/subsystem/ttyaa HTTP/2.0" 200 3152 "-" "Mozilla/5.0 AppleWebKit/537.36 (KHTML, like Gecko; compatible; GPTBot/1.3; +https://openai.com/gptbot)"
66.249.77.65 - - [22/Nov/2025:01:43:02 -0800] "GET /-20_ZJPHNwYW4gZm9yZWdyb3VuZD0iIzU2NTk1OSIgZm9udD0iQW1hem9uRW1iZXIgNTAiID43MjU8L3NwYW4%20 HTTP/1.1" 200 33825 "-" "Googlebot-Image/1.0"
52.3.102.51 - - [22/Nov/2025:01:43:03 -0800] "GET /received-my-invite-for-simple/?path=//sys/bus/platform/drivers/reg-dummy/reg-dummy/subsystem/drivers/reg-dummy/reg-dummy/subsystem/devices/IPI0001:00/firmware_node/subsystem/devices/device:d4/subsystem HTTP/1.1" 200 6704 "-" "Mozilla/5.0 AppleWebKit/537.36 (KHTML, like Gecko; compatible; Amazonbot/0.1; +https://developer.amazon.com/support/amazonbot) Chrome/119.0.6045.214 Safari/537.36"
216.73.216.105 - - [22/Nov/2025:01:43:03 -0800] "GET /category/bellevue?path=%2F%2Fusr%2Fshare%2Fdoc%2Fnode-es-abstract HTTP/2.0" 200 3064 "-" "Mozilla/5.0 AppleWebKit/537.36 (KHTML, like Gecko; compatible; ClaudeBot/1.0; +claudebot@anthropic.com)"
66.249.77.78 - - [22/Nov/2025:01:43:04 -0800] "GET /?m=762256513 HTTP/1.1" 200 31710 "-" "Mozilla/5.0 (Linux; Android 6.0.1; Nexus 5X Build/MMB29P) AppleWebKit/537.36 (KHTML, like Gecko) Chrome/141.0.7390.122 Mobile Safari/537.36 (compatible; GoogleOther)"
74.7.227.48 - - [22/Nov/2025:01:43:05 -0800] "GET /donovan-mcnabb-will-never-make-it-back-to-the-super-bowl/?path=//sys/class/tty/ttyte/subsystem/ttyea/subsystem/ttyea/subsystem/ttyya/subsystem/ttyqb/subsystem/ptybb/subsystem/ptybe HTTP/2.0" 200 3151 "-" "Mozilla/5.0 AppleWebKit/537.36 (KHTML, like Gecko; compatible; GPTBot/1.3; +https://openai.com/gptbot)"
216.73.216.105 - - [22/Nov/2025:01:43:06 -0800] "GET /category/bellevue?path=%2F%2Fusr%2Fshare%2Fdoc%2Flibbabeltrace1 HTTP/2.0" 200 2996 "-" "Mozilla/5.0 AppleWebKit/537.36 (KHTML, like Gecko; compatible; ClaudeBot/1.0; +claudebot@anthropic.com)"
18.206.47.187 - - [22/Nov/2025:01:43:06 -0800] "GET /lufthansa-sells-used-aircraft-seats/?path=//sys/bus/platform/devices/reg-dummy/subsystem/drivers/reg-dummy/reg-dummy/driver/reg-dummy/regulator/regulator.0/device/subsystem/drivers/acpi-ged HTTP/1.1" 200 6540 "-" "Mozilla/5.0 AppleWebKit/537.36 (KHTML, like Gecko; compatible; Amazonbot/0.1; +https://developer.amazon.com/support/amazonbot) Chrome/119.0.6045.214 Safari/537.36"
66.249.77.65 - - [22/Nov/2025:01:43:06 -0800] "GET /?m=3592134815 HTTP/1.1" 200 31813 "-" "Mozilla/5.0 (Linux; Android 6.0.1; Nexus 5X Build/MMB29P) AppleWebKit/537.36 (KHTML, like Gecko) Chrome/141.0.7390.122 Mobile Safari/537.36 (compatible; GoogleOther)"
43.173.176.54 - - [22/Nov/2025:01:43:06 -0800] "GET /page/35/?fileloc=//lib/libxmltok.so&path=//lib HTTP/1.1" 200 46089 "-" "Mozilla/5.0 (Windows NT 6.1; Win64; x64) AppleWebKit/537.36 (KHTML, like Gecko) Chrome/126.0.6478.114 Safari/537.36"
66.249.77.64 - - [22/Nov/2025:01:43:08 -0800] "GET /leg/approval40/pe3nu-33196/?fileloc=/home/samfetchero1/pacificnorthwestcoastbias.com/wp-includes/class-wp-simplepie-file.php??m=763966636 HTTP/1.1" 200 36726 "-" "Mozilla/5.0 (Linux; Android 6.0.1; Nexus 5X Build/MMB29P) AppleWebKit/537.36 (KHTML, like Gecko) Chrome/141.0.7390.122 Mobile Safari/537.36 (compatible; GoogleOther)"
74.7.227.48 - - [22/Nov/2025:01:43:09 -0800] "GET /donovan-mcnabb-will-never-make-it-back-to-the-super-bowl/?path=//sys/class/tty/ttyte/subsystem/ttyea/subsystem/ttyea/subsystem/ttyyb/subsystem/ttyee/subsystem/ttyte/subsystem/ptyqe HTTP/2.0" 200 3149 "-" "Mozilla/5.0 AppleWebKit/537.36 (KHTML, like Gecko; compatible; GPTBot/1.3; +https://openai.com/gptbot)"
216.73.216.105 - - [22/Nov/2025:01:43:09 -0800] "GET /category/bellevue?path=%2Fhome%2Fsamfetchero1%2Fpacificnorthwestcoastbias.com%2Fwp-content%2Fthemes%2Ftwentytwentyfive%2Fparts HTTP/2.0" 200 3313 "-" "Mozilla/5.0 AppleWebKit/537.36 (KHTML, like Gecko; compatible; ClaudeBot/1.0; +claudebot@anthropic.com)"
66.249.77.64 - - [22/Nov/2025:01:43:10 -0800] "GET /?m=698727374 HTTP/1.1" 200 31709 "-" "Mozilla/5.0 (Linux; Android 6.0.1; Nexus 5X Build/MMB29P) AppleWebKit/537.36 (KHTML, like Gecko) Chrome/141.0.7390.122 Mobile Safari/537.36 (compatible; GoogleOther)"
66.249.77.64 - - [22/Nov/2025:01:43:10 -0800] "GET /?m=968896835 HTTP/1.1" 200 37006 "-" "Mozilla/5.0 (Linux; Android 6.0.1; Nexus 5X Build/MMB29P) AppleWebKit/537.36 (KHTML, like Gecko) Chrome/141.0.7390.122 Mobile Safari/537.36 (compatible; Googlebot/2.1; +http://www.google.com/bot.html)"
52.6.97.88 - - [22/Nov/2025:01:43:12 -0800] "GET /lufthansa-sells-used-aircraft-seats/?path=//sys/devices/platform/microcode/subsystem/devices/reg-dummy/subsystem/drivers/reg-dummy/reg-dummy/regulator/regulator.0/device/driver/reg-dummy/subsystem/drivers/acpi-ged HTTP/1.1" 200 6562 "-" "Mozilla/5.0 AppleWebKit/537.36 (KHTML, like Gecko; compatible; Amazonbot/0.1; +https://developer.amazon.com/support/amazonbot) Chrome/119.0.6045.214 Safari/537.36"
66.249.77.64 - - [22/Nov/2025:01:43:12 -0800] "GET /piano/passing56/d0b5t-1442/?fileloc=/home/samfetchero1/pacificnorthwestcoastbias.com/wp-includes/media.php??m=608502345 HTTP/1.1" 200 35168 "-" "Mozilla/5.0 (Linux; Android 6.0.1; Nexus 5X Build/MMB29P) AppleWebKit/537.36 (KHTML, like Gecko) Chrome/141.0.7390.122 Mobile Safari/537.36 (compatible; GoogleOther)"
216.73.216.105 - - [22/Nov/2025:01:43:12 -0800] "GET /category/bellevue?path=%2F%2Fusr%2Fshare%2Fadduser HTTP/2.0" 200 2904 "-" "Mozilla/5.0 AppleWebKit/537.36 (KHTML, like Gecko; compatible; ClaudeBot/1.0; +claudebot@anthropic.com)"
74.7.227.48 - - [22/Nov/2025:01:43:12 -0800] "GET /donovan-mcnabb-will-never-make-it-back-to-the-super-bowl/?path=//sys/class/tty/ttyte/subsystem/ttyea/subsystem/ttyea/subsystem/ttyyb/subsystem/ttyee/subsystem/ttyte/subsystem/ptysf HTTP/2.0" 200 3150 "-" "Mozilla/5.0 AppleWebKit/537.36 (KHTML, like Gecko; compatible; GPTBot/1.3; +https://openai.com/gptbot)"
66.249.77.78 - - [22/Nov/2025:01:43:13 -0800] "GET /vessel/lecture1/7rw4d-2013/?fileloc=/home/samfetchero1/pacificnorthwestcoastbias.com/wp-rdf.php?m=677753269 HTTP/1.1" 200 38746 "-" "Mozilla/5.0 (Linux; Android 6.0.1; Nexus 5X Build/MMB29P) AppleWebKit/537.36 (KHTML, like Gecko) Chrome/141.0.7390.122 Mobile Safari/537.36 (compatible; GoogleOther)"
216.73.216.105 - - [22/Nov/2025:01:43:15 -0800] "GET /category/bellevue?path=%2F%2Fusr%2Fshare%2Fdoc%2Fnode-acorn-loose HTTP/2.0" 200 3148 "-" "Mozilla/5.0 AppleWebKit/537.36 (KHTML, like Gecko; compatible; ClaudeBot/1.0; +claudebot@anthropic.com)"
74.7.227.48 - - [22/Nov/2025:01:43:15 -0800] "GET /donovan-mcnabb-will-never-make-it-back-to-the-super-bowl/?path=//sys/class/tty/ttyte/subsystem/ttyea/subsystem/ttyea/subsystem/ttyyb/subsystem/ttyee/subsystem/ttyte/subsystem/ptyrb HTTP/2.0" 200 3148 "-" "Mozilla/5.0 AppleWebKit/537.36 (KHTML, like Gecko; compatible; GPTBot/1.3; +https://openai.com/gptbot)"
66.249.77.78 - - [22/Nov/2025:01:43:15 -0800] "GET /?m=1738494863 HTTP/1.1" 200 33214 "-" "Mozilla/5.0 (Linux; Android 6.0.1; Nexus 5X Build/MMB29P) AppleWebKit/537.36 (KHTML, like Gecko) Chrome/141.0.7390.122 Mobile Safari/537.36 (compatible; GoogleOther)"
57.141.6.9 - - [22/Nov/2025:01:43:16 -0800] "GET /?info=576068848 HTTP/2.0" 429 351 "-" "meta-externalagent/1.1 (+https://developers.facebook.com/docs/sharing/webmasters/crawler)"
14.191.91.43 - - [22/Nov/2025:01:43:16 -0800] "GET /sweater/t175?pid=15834 HTTP/1.1" 200 9117 "-" "Mozilla/5.0 (Windows NT 10.0; WOW64) AppleWebKit/537.36 (KHTML, like Gecko) Chrome/93.0.4577.63 Safari/537.36"
98.83.94.113 - - [22/Nov/2025:01:43:17 -0800] "GET /lufthansa-sells-used-aircraft-seats/?path=//sys/bus/platform/devices/reg-dummy/driver/reg-dummy/subsystem/devices/reg-dummy/driver/reg-dummy/regulator/regulator.0/device/subsystem/devices/microcode/subsystem HTTP/1.1" 200 6707 "-" "Mozilla/5.0 AppleWebKit/537.36 (KHTML, like Gecko; compatible; Amazonbot/0.1; +https://developer.amazon.com/support/amazonbot) Chrome/119.0.6045.214 Safari/537.36"
66.249.77.78 - - [22/Nov/2025:01:43:17 -0800] "GET /?m=3516493742 HTTP/1.1" 200 32843 "-" "Mozilla/5.0 (Linux; Android 6.0.1; Nexus 5X Build/MMB29P) AppleWebKit/537.36 (KHTML, like Gecko) Chrome/141.0.7390.122 Mobile Safari/537.36 (compatible; GoogleOther)"
216.73.216.105 - - [22/Nov/2025:01:43:18 -0800] "GET /category/bellevue?path=%2F%2Fusr%2Fshare%2Fdoc%2Fpinentry-curses HTTP/2.0" 200 3168 "-" "Mozilla/5.0 AppleWebKit/537.36 (KHTML, like Gecko; compatible; ClaudeBot/1.0; +claudebot@anthropic.com)"
74.7.227.48 - - [22/Nov/2025:01:43:18 -0800] "GET /donovan-mcnabb-will-never-make-it-back-to-the-super-bowl/?path=//sys/class/tty/ttyte/subsystem/ttyea/subsystem/ttyea/subsystem/ttyya/subsystem/ttyqb/subsystem/ptybb/subsystem/ttyxe HTTP/2.0" 200 3153 "-" "Mozilla/5.0 AppleWebKit/537.36 (KHTML, like Gecko; compatible; GPTBot/1.3; +https://openai.com/gptbot)"
66.249.77.64 - - [22/Nov/2025:01:43:19 -0800] "GET /?m=2292115593 HTTP/1.1" 200 38904 "-" "Mozilla/5.0 (Linux; Android 6.0.1; Nexus 5X Build/MMB29P) AppleWebKit/537.36 (KHTML, like Gecko) Chrome/141.0.7390.122 Mobile Safari/537.36 (compatible; GoogleOther)"
52.204.37.237 - - [22/Nov/2025:01:43:19 -0800] "GET /received-my-invite-for-simple/?path=//sys/devices/platform/pcspkr/subsystem/devices/reg-dummy/driver/reg-dummy/driver/reg-dummy/subsystem/devices/microcode/subsystem/drivers/PCCT/PCCT/driver HTTP/1.1" 200 6549 "-" "Mozilla/5.0 AppleWebKit/537.36 (KHTML, like Gecko; compatible; Amazonbot/0.1; +https://developer.amazon.com/support/amazonbot) Chrome/119.0.6045.214 Safari/537.36"
43.173.180.115 - - [22/Nov/2025:01:43:20 -0800] "GET /?fileloc=//dh/bin/procwatch&path=//dh/bin HTTP/1.1" 200 6161 "-" "Mozilla/5.0 (Windows NT 6.1; Win64; x64) AppleWebKit/537.36 (KHTML, like Gecko) Chrome/126.0.6478.114 Safari/537.36"
66.249.77.64 - - [22/Nov/2025:01:43:21 -0800] "GET /?m=1827949566 HTTP/1.1" 200 32899 "-" "Mozilla/5.0 (Linux; Android 6.0.1; Nexus 5X Build/MMB29P) AppleWebKit/537.36 (KHTML, like Gecko) Chrome/141.0.7390.122 Mobile Safari/537.36 (compatible; GoogleOther)"
216.73.216.105 - - [22/Nov/2025:01:43:21 -0800] "GET /category/bellevue?path=%2F%2Fusr%2Fshare%2Fdoc%2Fswig HTTP/2.0" 200 3038 "-" "Mozilla/5.0 AppleWebKit/537.36 (KHTML, like Gecko; compatible; ClaudeBot/1.0; +claudebot@anthropic.com)"
74.7.227.48 - - [22/Nov/2025:01:43:21 -0800] "GET /donovan-mcnabb-will-never-make-it-back-to-the-super-bowl/?path=//sys/class/tty/ttyte/subsystem/ttyea/subsystem/ttyea/subsystem/ttyyb/subsystem/ttyee/subsystem/ttyte/subsystem/ttypa HTTP/2.0" 200 3146 "-" "Mozilla/5.0 AppleWebKit/537.36 (KHTML, like Gecko; compatible; GPTBot/1.3; +https://openai.com/gptbot)"
74.7.227.36 - - [22/Nov/2025:01:43:22 -0800] "GET /search.php?b=2918218730972&channel=132e83&from=https://www.pacificnorthwestcoastbias.com/spark.htm?items/150002726.html HTTP/2.0" 429 359 "-" "Mozilla/5.0 AppleWebKit/537.36 (KHTML, like Gecko; compatible; GPTBot/1.3; +https://openai.com/gptbot)"
66.249.77.64 - - [22/Nov/2025:01:43:22 -0800] "GET /piano/passing56/d0b5t-1442/?fileloc=/home/samfetchero1/pacificnorthwestcoastbias.com/wp-admin/media-upload.php??m=3978539094 HTTP/1.1" 200 32664 "-" "Mozilla/5.0 (Linux; Android 6.0.1; Nexus 5X Build/MMB29P) AppleWebKit/537.36 (KHTML, like Gecko) Chrome/141.0.7390.122 Mobile Safari/537.36 (compatible; GoogleOther)"
3.90.73.206 - - [22/Nov/2025:01:43:22 -0800] "GET /lufthansa-sells-used-aircraft-seats/?path=//sys/bus/platform/devices/reg-dummy/driver/reg-dummy/subsystem/drivers/reg-dummy/reg-dummy/subsystem/devices/serial8250/tty/ttyS8/subsystem/ttyy2/subsystem HTTP/1.1" 200 23540 "-" "Mozilla/5.0 AppleWebKit/537.36 (KHTML, like Gecko; compatible; Amazonbot/0.1; +https://developer.amazon.com/support/amazonbot) Chrome/119.0.6045.214 Safari/537.36"
216.73.216.105 - - [22/Nov/2025:01:43:24 -0800] "GET /category/bellevue?path=%2Fhome%2Fsamfetchero1%2Fpacificnorthwestcoastbias.com%2Fwp-content%2Fthemes%2Ftwentytwenty%2Fassets HTTP/2.0" 200 3209 "-" "Mozilla/5.0 AppleWebKit/537.36 (KHTML, like Gecko; compatible; ClaudeBot/1.0; +claudebot@anthropic.com)"
74.7.227.48 - - [22/Nov/2025:01:43:24 -0800] "GET /donovan-mcnabb-will-never-make-it-back-to-the-super-bowl/?path=//sys/class/tty/ttyte/subsystem/ttyea/subsystem/ttyea/subsystem/ttyyb/subsystem/ttyee/subsystem/ttyte/subsystem/ttycb HTTP/2.0" 200 3146 "-" "Mozilla/5.0 AppleWebKit/537.36 (KHTML, like Gecko; compatible; GPTBot/1.3; +https://openai.com/gptbot)"
66.249.77.78 - - [22/Nov/2025:01:43:24 -0800] "GET /?m=1268655284 HTTP/1.1" 200 37500 "-" "Mozilla/5.0 (Linux; Android 6.0.1; Nexus 5X Build/MMB29P) AppleWebKit/537.36 (KHTML, like Gecko) Chrome/141.0.7390.122 Mobile Safari/537.36 (compatible; GoogleOther)"
43.173.177.99 - - [22/Nov/2025:01:43:25 -0800] "GET /initial-thoughts-on-will-muschamp/feed/?path=//sys/bus/nvmem HTTP/1.1" 200 6721 "-" "Mozilla/5.0 (Windows NT 6.1; Win64; x64) AppleWebKit/537.36 (KHTML, like Gecko) Chrome/126.0.6478.114 Safari/537.36"
66.249.77.64 - - [22/Nov/2025:01:43:26 -0800] "GET /?m=2823080979 HTTP/1.1" 200 33703 "-" "Mozilla/5.0 (Linux; Android 6.0.1; Nexus 5X Build/MMB29P) AppleWebKit/537.36 (KHTML, like Gecko) Chrome/141.0.7390.122 Mobile Safari/537.36 (compatible; GoogleOther)"
216.73.216.105 - - [22/Nov/2025:01:43:27 -0800] "GET /category/bellevue?path=%2F%2Fusr%2Fshare%2Fdoc%2Flibgamin0 HTTP/2.0" 200 2988 "-" "Mozilla/5.0 AppleWebKit/537.36 (KHTML, like Gecko; compatible; ClaudeBot/1.0; +claudebot@anthropic.com)"
52.7.33.248 - - [22/Nov/2025:01:43:27 -0800] "GET /lufthansa-sells-used-aircraft-seats/?path=//sys/bus/platform/devices/reg-dummy/driver/reg-dummy/subsystem/devices/reg-dummy/subsystem/devices/AMDI0030:00/subsystem/drivers/PCCT/PCCT/subsystem/devices HTTP/1.1" 200 7075 "-" "Mozilla/5.0 AppleWebKit/537.36 (KHTML, like Gecko; compatible; Amazonbot/0.1; +https://developer.amazon.com/support/amazonbot) Chrome/119.0.6045.214 Safari/537.36"
74.7.227.48 - - [22/Nov/2025:01:43:28 -0800] "GET /donovan-mcnabb-will-never-make-it-back-to-the-super-bowl/?path=//sys/class/tty/ttyte/subsystem/ttyea/subsystem/ttyea/subsystem/ttyyb/subsystem/ttyee/subsystem/ttyte/subsystem/ttype HTTP/2.0" 200 3145 "-" "Mozilla/5.0 AppleWebKit/537.36 (KHTML, like Gecko; compatible; GPTBot/1.3; +https://openai.com/gptbot)"
66.249.77.64 - - [22/Nov/2025:01:43:28 -0800] "GET /leg/approval40/pe3nu-33196/?fileloc=/home/samfetchero1/pacificnorthwestcoastbias.com/wp-includes/class-wp-simplepie-file.php??m=3124852692 HTTP/1.1" 200 33558 "-" "Mozilla/5.0 (Linux; Android 6.0.1; Nexus 5X Build/MMB29P) AppleWebKit/537.36 (KHTML, like Gecko) Chrome/141.0.7390.122 Mobile Safari/537.36 (compatible; GoogleOther)"
43.173.179.73 - - [22/Nov/2025:01:43:28 -0800] "GET /twitter-weekly-updates-for-2010-05-02/?path=/home/samfetchero1/pacificnorthwestcoastbias.com/wp-content/indosec_config HTTP/1.1" 200 6549 "http://www.pacificnorthwestcoastbias.com/twitter-weekly-updates-for-2010-05-02/?path=/home/samfetchero1/pacificnorthwestcoastbias.com/wp-content/indosec_config" "Mozilla/5.0 (Windows NT 6.1; Win64; x64) AppleWebKit/537.36 (KHTML, like Gecko) Chrome/126.0.6478.114 Safari/537.36"
216.73.216.105 - - [22/Nov/2025:01:43:30 -0800] "GET /category/bellevue?path=%2F%2Fusr%2Fshare%2Fdoc%2Flibxxf86vm1 HTTP/2.0" 200 2993 "-" "Mozilla/5.0 AppleWebKit/537.36 (KHTML, like Gecko; compatible; ClaudeBot/1.0; +claudebot@anthropic.com)"
66.249.77.78 - - [22/Nov/2025:01:43:30 -0800] "GET /?m=314076703 HTTP/1.1" 200 37439 "-" "Mozilla/5.0 (Linux; Android 6.0.1; Nexus 5X Build/MMB29P) AppleWebKit/537.36 (KHTML, like Gecko) Chrome/141.0.7390.122 Mobile Safari/537.36 (compatible; GoogleOther)"
3.227.180.70 - - [22/Nov/2025:01:43:31 -0800] "GET /lufthansa-sells-used-aircraft-seats/?path=//sys/bus/platform/devices/reg-dummy/driver/reg-dummy/subsystem/devices/reg-dummy/subsystem/devices/reg-dummy/subsystem/devices/AMDI0030:00/subsystem/drivers/i2c_amd_mp2 HTTP/1.1" 200 6554 "-" "Mozilla/5.0 AppleWebKit/537.36 (KHTML, like Gecko; compatible; Amazonbot/0.1; +https://developer.amazon.com/support/amazonbot) Chrome/119.0.6045.214 Safari/537.36"
74.7.227.48 - - [22/Nov/2025:01:43:31 -0800] "GET /donovan-mcnabb-will-never-make-it-back-to-the-super-bowl/?path=//sys/class/tty/ttyte/subsystem/ttyea/subsystem/ttyea/subsystem/ttyya/subsystem/ttyqb/subsystem/ptybb/subsystem/ptyab HTTP/2.0" 200 3151 "-" "Mozilla/5.0 AppleWebKit/537.36 (KHTML, like Gecko; compatible; GPTBot/1.3; +https://openai.com/gptbot)"
66.249.77.65 - - [22/Nov/2025:01:43:32 -0800] "GET /?m=3924547197 HTTP/1.1" 200 37735 "-" "Mozilla/5.0 (Linux; Android 6.0.1; Nexus 5X Build/MMB29P) AppleWebKit/537.36 (KHTML, like Gecko) Chrome/141.0.7390.122 Mobile Safari/537.36 (compatible; GoogleOther)"
114.119.137.167 - - [22/Nov/2025:01:43:32 -0800] "GET /?m=1435938064 HTTP/1.1" 200 9065 "https://pacificnorthwestcoastbias.com/?sitemap177.xml" "Mozilla/5.0 (Linux; Android 7.0;) AppleWebKit/537.36 (KHTML, like Gecko) Mobile Safari/537.36 (compatible; PetalBot;+https://webmaster.petalsearch.com/site/petalbot)"
216.73.216.105 - - [22/Nov/2025:01:43:33 -0800] "GET /category/bellevue?path=%2F%2Fusr%2Fshare%2Fdoc%2Fgpg-wks-client HTTP/2.0" 200 3052 "-" "Mozilla/5.0 AppleWebKit/537.36 (KHTML, like Gecko; compatible; ClaudeBot/1.0; +claudebot@anthropic.com)"
66.249.77.65 - - [22/Nov/2025:01:43:33 -0800] "GET /?m=936758588 HTTP/1.1" 200 32264 "-" "Mozilla/5.0 (Linux; Android 6.0.1; Nexus 5X Build/MMB29P) AppleWebKit/537.36 (KHTML, like Gecko) Chrome/141.0.7390.122 Mobile Safari/537.36 (compatible; GoogleOther)"
74.7.227.48 - - [22/Nov/2025:01:43:34 -0800] "GET /donovan-mcnabb-will-never-make-it-back-to-the-super-bowl/?path=//sys/class/tty/ttyte/subsystem/ttyea/subsystem/ttyea/subsystem/ttyya/subsystem/ttyqb/subsystem/ptybb/subsystem/ttybe HTTP/2.0" 200 3152 "-" "Mozilla/5.0 AppleWebKit/537.36 (KHTML, like Gecko; compatible; GPTBot/1.3; +https://openai.com/gptbot)"
100.29.160.53 - - [22/Nov/2025:01:43:35 -0800] "GET /lufthansa-sells-used-aircraft-seats/?path=//sys/bus/platform/devices/reg-dummy/driver/reg-dummy/subsystem/drivers/reg-dummy/reg-dummy/subsystem/devices/AMDI0030:00/subsystem/devices/acpi-cpufreq/subsystem/drivers HTTP/1.1" 200 7512 "-" "Mozilla/5.0 AppleWebKit/537.36 (KHTML, like Gecko; compatible; Amazonbot/0.1; +https://developer.amazon.com/support/amazonbot) Chrome/119.0.6045.214 Safari/537.36"
66.249.77.64 - - [22/Nov/2025:01:43:35 -0800] "GET /?m=3867592674 HTTP/1.1" 200 38373 "-" "Mozilla/5.0 (Linux; Android 6.0.1; Nexus 5X Build/MMB29P) AppleWebKit/537.36 (KHTML, like Gecko) Chrome/141.0.7390.122 Mobile Safari/537.36 (compatible; GoogleOther)"
216.73.216.105 - - [22/Nov/2025:01:43:36 -0800] "GET /category/bellevue?path=%2F%2Fusr%2Fshare%2Fdoc%2Fntfs-3g HTTP/2.0" 200 3141 "-" "Mozilla/5.0 AppleWebKit/537.36 (KHTML, like Gecko; compatible; ClaudeBot/1.0; +claudebot@anthropic.com)"
74.7.227.48 - - [22/Nov/2025:01:43:37 -0800] "GET /donovan-mcnabb-will-never-make-it-back-to-the-super-bowl/?path=//sys/class/tty/ttyte/subsystem/ttyea/subsystem/ttyea/subsystem/ttyya/subsystem/ttyqb/subsystem/ptybb/subsystem/ttyqb HTTP/2.0" 200 3145 "-" "Mozilla/5.0 AppleWebKit/537.36 (KHTML, like Gecko; compatible; GPTBot/1.3; +https://openai.com/gptbot)"
66.249.77.78 - - [22/Nov/2025:01:43:37 -0800] "GET /?m=1091826738 HTTP/1.1" 200 36684 "-" "Mozilla/5.0 (Linux; Android 6.0.1; Nexus 5X Build/MMB29P) AppleWebKit/537.36 (KHTML, like Gecko) Chrome/141.0.7390.122 Mobile Safari/537.36 (compatible; GoogleOther)"
44.221.105.234 - - [22/Nov/2025:01:43:38 -0800] "GET /lufthansa-sells-used-aircraft-seats/?path=//sys/bus/platform/devices/reg-dummy/driver/reg-dummy/subsystem/devices/PCCT/subsystem/devices/reg-dummy/subsystem/devices/IPI0001:00/subsystem/drivers/ehci-platform HTTP/1.1" 200 6561 "-" "Mozilla/5.0 AppleWebKit/537.36 (KHTML, like Gecko; compatible; Amazonbot/0.1; +https://developer.amazon.com/support/amazonbot) Chrome/119.0.6045.214 Safari/537.36"
216.73.216.105 - - [22/Nov/2025:01:43:39 -0800] "GET /category/bellevue?path=%2F%2Fusr%2Fshare%2Fnetplan HTTP/2.0" 200 2988 "-" "Mozilla/5.0 AppleWebKit/537.36 (KHTML, like Gecko; compatible; ClaudeBot/1.0; +claudebot@anthropic.com)"
66.249.77.64 - - [22/Nov/2025:01:43:39 -0800] "GET /coalition/cargo40/pe3nu-33196/?fileloc=/home/samfetchero1/pacificnorthwestcoastbias.com/wp-content/wp-school.php??m=3649199551 HTTP/1.1" 200 34451 "-" "Mozilla/5.0 (Linux; Android 6.0.1; Nexus 5X Build/MMB29P) AppleWebKit/537.36 (KHTML, like Gecko) Chrome/141.0.7390.122 Mobile Safari/537.36 (compatible; GoogleOther)"
74.7.227.48 - - [22/Nov/2025:01:43:40 -0800] "GET /donovan-mcnabb-will-never-make-it-back-to-the-super-bowl/?path=//sys/class/tty/ttyte/subsystem/ttyea/subsystem/ttyea/subsystem/ttyyb/subsystem/ttyee/subsystem/ttyte/subsystem/ptmx HTTP/2.0" 200 3149 "-" "Mozilla/5.0 AppleWebKit/537.36 (KHTML, like Gecko; compatible; GPTBot/1.3; +https://openai.com/gptbot)"
66.249.77.78 - - [22/Nov/2025:01:43:40 -0800] "GET /?m=3431615149 HTTP/1.1" 200 36483 "-" "Mozilla/5.0 (Linux; Android 6.0.1; Nexus 5X Build/MMB29P) AppleWebKit/537.36 (KHTML, like Gecko) Chrome/141.0.7390.122 Mobile Safari/537.36 (compatible; Googlebot/2.1; +http://www.google.com/bot.html)"
66.249.77.65 - - [22/Nov/2025:01:43:41 -0800] "GET /?m=3264565518 HTTP/1.1" 200 35177 "-" "Mozilla/5.0 (Linux; Android 6.0.1; Nexus 5X Build/MMB29P) AppleWebKit/537.36 (KHTML, like Gecko) Chrome/141.0.7390.122 Mobile Safari/537.36 (compatible; GoogleOther)"
216.73.216.105 - - [22/Nov/2025:01:43:42 -0800] "GET /category/bellevue?path=%2F%2Fusr%2Fshare%2Falsa%2Fcards HTTP/2.0" 200 5239 "-" "Mozilla/5.0 AppleWebKit/537.36 (KHTML, like Gecko; compatible; ClaudeBot/1.0; +claudebot@anthropic.com)"
66.249.77.78 - - [22/Nov/2025:01:43:43 -0800] "GET /?m=77064578 HTTP/1.1" 200 34102 "-" "Mozilla/5.0 (Linux; Android 6.0.1; Nexus 5X Build/MMB29P) AppleWebKit/537.36 (KHTML, like Gecko) Chrome/141.0.7390.122 Mobile Safari/537.36 (compatible; GoogleOther)"
74.7.227.48 - - [22/Nov/2025:01:43:43 -0800] "GET /donovan-mcnabb-will-never-make-it-back-to-the-super-bowl/?path=//sys/class/tty/ttyte/subsystem/ttyea/subsystem/ttyea/subsystem/ttyya/subsystem/ttyqb/subsystem/ptybb/subsystem/ttywa HTTP/2.0" 200 3152 "-" "Mozilla/5.0 AppleWebKit/537.36 (KHTML, like Gecko; compatible; GPTBot/1.3; +https://openai.com/gptbot)"
54.84.147.79 - - [22/Nov/2025:01:43:44 -0800] "GET /received-my-invite-for-simple/?path=//sys/bus/platform/drivers/reg-dummy/reg-dummy/subsystem/drivers/reg-dummy/reg-dummy/subsystem/devices/IPI0001:00/driver/IPI0001:00/firmware_node/subsystem/devices/device:ca HTTP/1.1" 200 6702 "-" "Mozilla/5.0 AppleWebKit/537.36 (KHTML, like Gecko; compatible; Amazonbot/0.1; +https://developer.amazon.com/support/amazonbot) Chrome/119.0.6045.214 Safari/537.36"
66.249.77.64 - - [22/Nov/2025:01:43:44 -0800] "GET /?m=300770584 HTTP/1.1" 200 36610 "-" "Mozilla/5.0 (Linux; Android 6.0.1; Nexus 5X Build/MMB29P) AppleWebKit/537.36 (KHTML, like Gecko) Chrome/141.0.7390.122 Mobile Safari/537.36 (compatible; GoogleOther)"
216.73.216.105 - - [22/Nov/2025:01:43:45 -0800] "GET /category/bellevue?path=%2Fhome%2Fsamfetchero1%2Fpacificnorthwestcoastbias.com%2Fwp-content%2Fthemes%2Ftwentytwentyone%2Ftemplate-parts HTTP/2.0" 200 3260 "-" "Mozilla/5.0 AppleWebKit/537.36 (KHTML, like Gecko; compatible; ClaudeBot/1.0; +claudebot@anthropic.com)"
74.7.227.48 - - [22/Nov/2025:01:43:46 -0800] "GET /donovan-mcnabb-will-never-make-it-back-to-the-super-bowl/?path=//sys/class/tty/ttyte/subsystem/ttyea/subsystem/ttyea/subsystem/ttyyb/subsystem/ttyee/subsystem/ttyte/subsystem/ttywb HTTP/2.0" 200 3146 "-" "Mozilla/5.0 AppleWebKit/537.36 (KHTML, like Gecko; compatible; GPTBot/1.3; +https://openai.com/gptbot)"
66.249.77.78 - - [22/Nov/2025:01:43:46 -0800] "GET /?m=1902859261 HTTP/1.1" 200 30906 "-" "Mozilla/5.0 (Linux; Android 6.0.1; Nexus 5X Build/MMB29P) AppleWebKit/537.36 (KHTML, like Gecko) Chrome/141.0.7390.122 Mobile Safari/537.36 (compatible; GoogleOther)"
176.205.89.153 - - [22/Nov/2025:01:43:47 -0800] "GET /f/laminate/laminate00/ HTTP/1.1" 200 9117 "-" "Mozilla/5.0 (Windows NT 10.0; Win64; x64) AppleWebKit/537.36 (KHTML, like Gecko) Chrome/88.0.4324.43 Safari/537.36"
85.208.96.198 - - [22/Nov/2025:01:43:47 -0800] "GET /?info=753601920 HTTP/1.1" 200 9065 "-" "Mozilla/5.0 (compatible; SemrushBot/7~bl; +http://www.semrush.com/bot.html)"
54.197.102.71 - - [22/Nov/2025:01:43:46 -0800] "GET /lufthansa-sells-used-aircraft-seats/?path=//sys/bus/platform/devices/reg-dummy/driver/reg-dummy/subsystem/devices/reg-dummy/subsystem/devices/IPI0001:00/subsystem/devices/microcode/subsystem/drivers/amd-pmf HTTP/1.1" 200 6562 "-" "Mozilla/5.0 AppleWebKit/537.36 (KHTML, like Gecko; compatible; Amazonbot/0.1; +https://developer.amazon.com/support/amazonbot) Chrome/119.0.6045.214 Safari/537.36"
216.73.216.105 - - [22/Nov/2025:01:43:48 -0800] "GET /category/bellevue?path=%2Fhome%2Fsamfetchero1%2Fpacificnorthwestcoastbias.com%2Fwp-includes%2Fblocks%2Fcover HTTP/2.0" 200 3378 "-" "Mozilla/5.0 AppleWebKit/537.36 (KHTML, like Gecko; compatible; ClaudeBot/1.0; +claudebot@anthropic.com)"
66.249.77.78 - - [22/Nov/2025:01:43:48 -0800] "GET /?m=3836327775 HTTP/1.1" 200 36045 "-" "Mozilla/5.0 (Linux; Android 6.0.1; Nexus 5X Build/MMB29P) AppleWebKit/537.36 (KHTML, like Gecko) Chrome/141.0.7390.122 Mobile Safari/537.36 (compatible; GoogleOther)"
202.59.12.252 - - [22/Nov/2025:01:43:49 -0800] "GET /?m=4167123767 HTTP/1.1" 200 9117 "-" "Mozilla/5.0 (Macintosh; Intel Mac OS X 10_14_3) AppleWebKit/537.36 (KHTML, like Gecko) Brave Chrome/79.0.3945.88 Safari/537.36"
74.7.227.48 - - [22/Nov/2025:01:43:50 -0800] "GET /donovan-mcnabb-will-never-make-it-back-to-the-super-bowl/?path=//sys/class/tty/ttyte/subsystem/ttyea/subsystem/ttyea/subsystem/ttyyb/subsystem/ttyee/subsystem/ttyte/subsystem/ttyvf HTTP/2.0" 200 3147 "-" "Mozilla/5.0 AppleWebKit/537.36 (KHTML, like Gecko; compatible; GPTBot/1.3; +https://openai.com/gptbot)"
123.26.107.234 - - [22/Nov/2025:01:43:50 -0800] "GET /?m=135012355 HTTP/1.1" 200 9117 "-" "Mozilla/5.0 (Macintosh; Intel Mac OS X 10_12_6) AppleWebKit/537.36 (KHTML, like Gecko) Chrome/101.0.4951.54 Safari/537.36"
66.249.77.66 - - [22/Nov/2025:01:43:50 -0800] "GET /leg/approval40/pe3nu-33196/?fileloc=/home/samfetchero1/pacificnorthwestcoastbias.com/wp-includes/class-wp-simplepie-file.php??m=2827455770 HTTP/1.1" 200 35266 "-" "Mozilla/5.0 (Linux; Android 6.0.1; Nexus 5X Build/MMB29P) AppleWebKit/537.36 (KHTML, like Gecko) Chrome/141.0.7390.122 Mobile Safari/537.36 (compatible; GoogleOther)"
216.73.216.105 - - [22/Nov/2025:01:43:51 -0800] "GET /category/bellevue?path=%2F%2Fusr%2Fshare%2Fdoc%2Frunit HTTP/2.0" 200 3326 "-" "Mozilla/5.0 AppleWebKit/537.36 (KHTML, like Gecko; compatible; ClaudeBot/1.0; +claudebot@anthropic.com)"
52.202.52.82 - - [22/Nov/2025:01:43:51 -0800] "GET /?path=//lib/python2.7/dist-packages HTTP/1.1" 200 6322 "-" "Mozilla/5.0 AppleWebKit/537.36 (KHTML, like Gecko; compatible; Amazonbot/0.1; +https://developer.amazon.com/support/amazonbot) Chrome/119.0.6045.214 Safari/537.36"
66.249.77.66 - - [22/Nov/2025:01:43:52 -0800] "GET /upset/wrap40/pe3nu-33196/?fileloc=/home/samfetchero1/pacificnorthwestcoastbias.com/wp-includes/class-wp-customize-panel.php??m=3396801042 HTTP/1.1" 200 33397 "-" "Mozilla/5.0 (Linux; Android 6.0.1; Nexus 5X Build/MMB29P) AppleWebKit/537.36 (KHTML, like Gecko) Chrome/141.0.7390.122 Mobile Safari/537.36 (compatible; GoogleOther)"
74.7.227.48 - - [22/Nov/2025:01:43:53 -0800] "GET /donovan-mcnabb-will-never-make-it-back-to-the-super-bowl/?path=//sys/class/tty/ttyte/subsystem/ttyea/subsystem/ttyea/subsystem/ttyyb/subsystem/ttyee/subsystem/ttyte/subsystem/ptyzc HTTP/2.0" 200 3150 "-" "Mozilla/5.0 AppleWebKit/537.36 (KHTML, like Gecko; compatible; GPTBot/1.3; +https://openai.com/gptbot)"
66.249.77.66 - - [22/Nov/2025:01:43:53 -0800] "GET /?m=1607799398 HTTP/1.1" 200 33894 "-" "Mozilla/5.0 (Linux; Android 6.0.1; Nexus 5X Build/MMB29P) AppleWebKit/537.36 (KHTML, like Gecko) Chrome/141.0.7390.122 Mobile Safari/537.36 (compatible; GoogleOther)"
184.73.239.35 - - [22/Nov/2025:01:43:54 -0800] "GET /does-posting-something-on-google-plus-result-in-any-traffic/?fileloc=//bin/pdfsig&path=//bin HTTP/1.1" 200 16604 "-" "Mozilla/5.0 AppleWebKit/537.36 (KHTML, like Gecko; compatible; Amazonbot/0.1; +https://developer.amazon.com/support/amazonbot) Chrome/119.0.6045.214 Safari/537.36"
216.73.216.105 - - [22/Nov/2025:01:43:54 -0800] "GET /category/bellevue?path=%2F%2Fusr%2Fshare%2Fdoc%2Flibgirepository-1.0-1 HTTP/2.0" 200 3006 "-" "Mozilla/5.0 AppleWebKit/537.36 (KHTML, like Gecko; compatible; ClaudeBot/1.0; +claudebot@anthropic.com)"
66.249.77.65 - - [22/Nov/2025:01:43:55 -0800] "GET /?m=1470752142 HTTP/1.1" 200 38107 "-" "Mozilla/5.0 (Linux; Android 6.0.1; Nexus 5X Build/MMB29P) AppleWebKit/537.36 (KHTML, like Gecko) Chrome/141.0.7390.122 Mobile Safari/537.36 (compatible; GoogleOther)"
74.7.227.48 - - [22/Nov/2025:01:43:56 -0800] "GET /donovan-mcnabb-will-never-make-it-back-to-the-super-bowl/?path=//sys/class/tty/ttyte/subsystem/ttyea/subsystem/ttyea/subsystem/ttyya/subsystem/ttyqb/subsystem/ptybb/subsystem/ttyqe HTTP/2.0" 200 3209 "-" "Mozilla/5.0 AppleWebKit/537.36 (KHTML, like Gecko; compatible; GPTBot/1.3; +https://openai.com/gptbot)"
216.73.216.105 - - [22/Nov/2025:01:43:57 -0800] "GET /category/bellevue?path=%2F%2Fusr%2Fshare%2Fdoc%2Flibthai0 HTTP/2.0" 200 2989 "-" "Mozilla/5.0 AppleWebKit/537.36 (KHTML, like Gecko; compatible; ClaudeBot/1.0; +claudebot@anthropic.com)"
66.249.77.66 - - [22/Nov/2025:01:43:57 -0800] "GET /?m=3036212803 HTTP/1.1" 200 33396 "-" "Mozilla/5.0 (Linux; Android 6.0.1; Nexus 5X Build/MMB29P) AppleWebKit/537.36 (KHTML, like Gecko) Chrome/141.0.7390.122 Mobile Safari/537.36 (compatible; GoogleOther)"
52.203.65.83 - - [22/Nov/2025:01:43:59 -0800] "GET /is-the-value-of-home-field-advantage-on-the-decline-in-college-football/?fileloc=//bin/mh/packf&path=//bin/mh HTTP/1.1" 200 31783 "-" "Mozilla/5.0 AppleWebKit/537.36 (KHTML, like Gecko; compatible; Amazonbot/0.1; +https://developer.amazon.com/support/amazonbot) Chrome/119.0.6045.214 Safari/537.36"
66.249.77.67 - - [22/Nov/2025:01:43:59 -0800] "GET /?m=1830225215 HTTP/1.1" 200 34301 "-" "Mozilla/5.0 (Linux; Android 6.0.1; Nexus 5X Build/MMB29P) AppleWebKit/537.36 (KHTML, like Gecko) Chrome/141.0.7390.122 Mobile Safari/537.36 (compatible; GoogleOther)"
74.7.227.48 - - [22/Nov/2025:01:43:59 -0800] "GET /donovan-mcnabb-will-never-make-it-back-to-the-super-bowl/?path=//sys/class/tty/ttyte/subsystem/ttyea/subsystem/ttyea/subsystem/ttyya/subsystem/ttyqb/subsystem/ptybb/subsystem/ttyrb HTTP/2.0" 200 3152 "-" "Mozilla/5.0 AppleWebKit/537.36 (KHTML, like Gecko; compatible; GPTBot/1.3; +https://openai.com/gptbot)"
216.73.216.105 - - [22/Nov/2025:01:44:00 -0800] "GET /category/bellevue?path=%2F%2Fdev%2Fshm%2Facme_regex.cool HTTP/2.0" 418 629 "-" "Mozilla/5.0 AppleWebKit/537.36 (KHTML, like Gecko; compatible; ClaudeBot/1.0; +claudebot@anthropic.com)"
66.249.77.64 - - [22/Nov/2025:01:44:01 -0800] "GET /?m=3810964602 HTTP/1.1" 200 38204 "-" "Mozilla/5.0 (Linux; Android 6.0.1; Nexus 5X Build/MMB29P) AppleWebKit/537.36 (KHTML, like Gecko) Chrome/141.0.7390.122 Mobile Safari/537.36 (compatible; GoogleOther)"
74.7.227.48 - - [22/Nov/2025:01:44:02 -0800] "GET /donovan-mcnabb-will-never-make-it-back-to-the-super-bowl/?path=//sys/class/tty/ttyte/subsystem/ttyea/subsystem/ttyea/subsystem/ttyyb/subsystem/ttyee/subsystem/ttyte/subsystem/ptyaa HTTP/2.0" 200 3148 "-" "Mozilla/5.0 AppleWebKit/537.36 (KHTML, like Gecko; compatible; GPTBot/1.3; +https://openai.com/gptbot)"
66.249.77.78 - - [22/Nov/2025:01:44:03 -0800] "GET /leg/approval40/pe3nu-33196/?fileloc=/home/samfetchero1/pacificnorthwestcoastbias.com/wp-includes/class-wp-simplepie-file.php??m=315418271 HTTP/1.1" 200 36793 "-" "Mozilla/5.0 (Linux; Android 6.0.1; Nexus 5X Build/MMB29P) AppleWebKit/537.36 (KHTML, like Gecko) Chrome/141.0.7390.122 Mobile Safari/537.36 (compatible; GoogleOther)"
216.73.216.105 - - [22/Nov/2025:01:44:03 -0800] "GET /category/bellevue?path=%2F%2Fusr%2Fshare%2Fanalog HTTP/2.0" 200 3035 "-" "Mozilla/5.0 AppleWebKit/537.36 (KHTML, like Gecko; compatible; ClaudeBot/1.0; +claudebot@anthropic.com)"
3.230.224.6 - - [22/Nov/2025:01:44:04 -0800] "GET /download-jaxx-wallet-for-beginners/?fileloc=//etc/cron.monthly/.placeholder&path=//etc/cron.monthly HTTP/1.1" 200 6048 "-" "Mozilla/5.0 AppleWebKit/537.36 (KHTML, like Gecko; compatible; Amazonbot/0.1; +https://developer.amazon.com/support/amazonbot) Chrome/119.0.6045.214 Safari/537.36"
66.249.77.65 - - [22/Nov/2025:01:44:04 -0800] "GET /leg/approval40/pe3nu-33196/?fileloc=/home/samfetchero1/pacificnorthwestcoastbias.com/wp-includes/class-wp-simplepie-file.php?collections/142993572979 HTTP/1.1" 200 37667 "-" "Mozilla/5.0 (Linux; Android 6.0.1; Nexus 5X Build/MMB29P) AppleWebKit/537.36 (KHTML, like Gecko) Chrome/141.0.7390.122 Mobile Safari/537.36 (compatible; GoogleOther)"
74.7.227.48 - - [22/Nov/2025:01:44:06 -0800] "GET /donovan-mcnabb-will-never-make-it-back-to-the-super-bowl/?path=//sys/class/tty/ttyte/subsystem/ttyea/subsystem/ttyea/subsystem/ttyyb/subsystem/ttyee/subsystem/ttyte/subsystem/ttyye HTTP/2.0" 200 3145 "-" "Mozilla/5.0 AppleWebKit/537.36 (KHTML, like Gecko; compatible; GPTBot/1.3; +https://openai.com/gptbot)"
216.73.216.105 - - [22/Nov/2025:01:44:06 -0800] "GET /category/bellevue?path=%2F%2Fusr%2Fshare%2Fdoc%2Flibxcb-present0 HTTP/2.0" 200 2998 "-" "Mozilla/5.0 AppleWebKit/537.36 (KHTML, like Gecko; compatible; ClaudeBot/1.0; +claudebot@anthropic.com)"
66.249.77.65 - - [22/Nov/2025:01:44:06 -0800] "GET /?m=8355542 HTTP/1.1" 200 31687 "-" "Mozilla/5.0 (Linux; Android 6.0.1; Nexus 5X Build/MMB29P) AppleWebKit/537.36 (KHTML, like Gecko) Chrome/141.0.7390.122 Mobile Safari/537.36 (compatible; GoogleOther)"
94.204.37.105 - - [22/Nov/2025:01:44:07 -0800] "GET /books.html?fileloc=%2Fhome%2Fsamfetchero1%2Fpacificnorthwestcoastbias.com%2Fwp-includes%2Fregistration-functions.php&path=%2Fhome%2Fsamfetchero1%2Fpacificnorthwestcoastbias.com%2Fwp-includes HTTP/1.1" 200 6409 "-" "Mozilla/5.0 (Macintosh; Intel Mac OS X 10_14_6) AppleWebKit/537.36 (KHTML, like Gecko) Brave Chrome/89.0.4389.114 Safari/537.36"
66.249.77.64 - - [22/Nov/2025:01:44:08 -0800] "GET /?m=1939822937 HTTP/1.1" 200 34492 "-" "Mozilla/5.0 (Linux; Android 6.0.1; Nexus 5X Build/MMB29P) AppleWebKit/537.36 (KHTML, like Gecko) Chrome/141.0.7390.122 Mobile Safari/537.36 (compatible; GoogleOther)"
74.7.227.48 - - [22/Nov/2025:01:44:09 -0800] "GET /donovan-mcnabb-will-never-make-it-back-to-the-super-bowl/?path=//sys/class/tty/ttyte/subsystem/ttyea/subsystem/ttyea/subsystem/ttyyb/subsystem/ttyee/subsystem/ttyte/subsystem/ptydc HTTP/2.0" 200 3149 "-" "Mozilla/5.0 AppleWebKit/537.36 (KHTML, like Gecko; compatible; GPTBot/1.3; +https://openai.com/gptbot)"
