66.249.77.65 - - [22/Nov/2025:00:53:37 -0800] "GET /?m=1641549581 HTTP/1.1" 200 36637 "-" "Mozilla/5.0 (Linux; Android 6.0.1; Nexus 5X Build/MMB29P) AppleWebKit/537.36 (KHTML, like Gecko) Chrome/141.0.7390.122 Mobile Safari/537.36 (compatible; Googlebot/2.1; +http://www.google.com/bot.html)"
189.28.222.206 - - [22/Nov/2025:00:53:38 -0800] "GET /?m=3675346826 HTTP/1.1" 200 9117 "-" "Mozilla/5.0 (Macintosh; Intel Mac OS X 10_13_6) AppleWebKit/537.36 (KHTML, like Gecko) Brave Chrome/80.0.3987.87 Safari/537.36"
3.221.222.168 - - [22/Nov/2025:00:53:38 -0800] "GET /received-my-invite-for-simple/?path=//sys/bus/platform/drivers/reg-dummy/reg-dummy/subsystem/drivers/reg-dummy/reg-dummy/subsystem/devices/IPI0001:00/driver/IPI0001:00/firmware_node/subsystem/devices/device:fb HTTP/1.1" 200 6779 "-" "Mozilla/5.0 AppleWebKit/537.36 (KHTML, like Gecko; compatible; Amazonbot/0.1; +https://developer.amazon.com/support/amazonbot) Chrome/119.0.6045.214 Safari/537.36"
216.73.216.105 - - [22/Nov/2025:00:53:38 -0800] "GET /category/bellevue?path=%2F%2Frun%2Fshm%2Facme_rebels.rvscwv.com HTTP/2.0" 200 2966 "-" "Mozilla/5.0 AppleWebKit/537.36 (KHTML, like Gecko; compatible; ClaudeBot/1.0; +claudebot@anthropic.com)"
66.249.77.64 - - [22/Nov/2025:00:53:38 -0800] "GET /?m=474464439 HTTP/1.1" 200 33380 "-" "Mozilla/5.0 (Linux; Android 6.0.1; Nexus 5X Build/MMB29P) AppleWebKit/537.36 (KHTML, like Gecko) Chrome/141.0.7390.122 Mobile Safari/537.36 (compatible; GoogleOther)"
74.7.227.48 - - [22/Nov/2025:00:53:40 -0800] "GET /donovan-mcnabb-will-never-make-it-back-to-the-super-bowl/?path=//sys/class/tty/ttyte/subsystem/ttyea/subsystem/ttyea/subsystem/ttyyb/subsystem/ttytb/subsystem/ttyxb/subsystem/ptyab HTTP/2.0" 200 3152 "-" "Mozilla/5.0 AppleWebKit/537.36 (KHTML, like Gecko; compatible; GPTBot/1.3; +https://openai.com/gptbot)"
14.187.97.130 - - [22/Nov/2025:00:53:40 -0800] "GET /?m=2181541104 HTTP/1.1" 200 9117 "-" "Mozilla/5.0 (Windows NT 6.3; Win64; x64) AppleWebKit/537.36 (KHTML, like Gecko) Chrome/91.0.4472.114 Safari/537.36"
66.249.77.65 - - [22/Nov/2025:00:53:40 -0800] "GET /leg/approval40/pe3nu-33196/?fileloc=/home/samfetchero1/pacificnorthwestcoastbias.com/wp-admin/export-personal-data.php??m=4065991671 HTTP/1.1" 200 31451 "-" "Mozilla/5.0 (Linux; Android 6.0.1; Nexus 5X Build/MMB29P) AppleWebKit/537.36 (KHTML, like Gecko) Chrome/141.0.7390.122 Mobile Safari/537.36 (compatible; GoogleOther)"
180.248.46.5 - - [22/Nov/2025:00:53:41 -0800] "GET /enjoy/allegedly77/515cl-1609/ HTTP/1.1" 200 9117 "-" "Mozilla/5.0 (Windows NT 10.0) AppleWebKit/537.36 (KHTML, like Gecko) Chrome/85.0.4121.813 Safari/537.36"
216.73.216.105 - - [22/Nov/2025:00:53:41 -0800] "GET /category/bellevue?path=%2F%2Frun%2Fshm%2Facme_em-cena-14.abralin.org HTTP/2.0" 200 3149 "-" "Mozilla/5.0 AppleWebKit/537.36 (KHTML, like Gecko; compatible; ClaudeBot/1.0; +claudebot@anthropic.com)"
3.225.45.252 - - [22/Nov/2025:00:53:42 -0800] "GET /received-my-invite-for-simple/?path=//sys/devices/platform/reg-dummy/subsystem/drivers/reg-dummy/reg-dummy/subsystem/devices/reg-dummy/subsystem/devices/PNP0C33:00/subsystem/devices/PCCT/driver/PCCT HTTP/1.1" 200 6698 "-" "Mozilla/5.0 AppleWebKit/537.36 (KHTML, like Gecko; compatible; Amazonbot/0.1; +https://developer.amazon.com/support/amazonbot) Chrome/119.0.6045.214 Safari/537.36"
66.249.77.78 - - [22/Nov/2025:00:53:42 -0800] "GET /vessel/lecture1/7rw4d-2013/?fileloc=/home/samfetchero1/pacificnorthwestcoastbias.com/wp-rdf.php??m=661460066 HTTP/1.1" 200 34568 "-" "Mozilla/5.0 (Linux; Android 6.0.1; Nexus 5X Build/MMB29P) AppleWebKit/537.36 (KHTML, like Gecko) Chrome/141.0.7390.122 Mobile Safari/537.36 (compatible; GoogleOther)"
74.7.227.48 - - [22/Nov/2025:00:53:43 -0800] "GET /donovan-mcnabb-will-never-make-it-back-to-the-super-bowl/?path=//sys/class/tty/ttyte/subsystem/ttyea/subsystem/ttyea/subsystem/ttyyb/subsystem/ttytb/subsystem/ttyxb/subsystem/ttypf HTTP/2.0" 200 3209 "-" "Mozilla/5.0 AppleWebKit/537.36 (KHTML, like Gecko; compatible; GPTBot/1.3; +https://openai.com/gptbot)"
66.249.77.65 - - [22/Nov/2025:00:53:44 -0800] "GET /?m=2003928573 HTTP/1.1" 200 30392 "-" "Mozilla/5.0 (Linux; Android 6.0.1; Nexus 5X Build/MMB29P) AppleWebKit/537.36 (KHTML, like Gecko) Chrome/141.0.7390.122 Mobile Safari/537.36 (compatible; GoogleOther)"
216.73.216.105 - - [22/Nov/2025:00:53:44 -0800] "GET /category/bellevue?path=%2F%2Frun%2Fshm%2Facme_granato.agenciacampana.com.br HTTP/2.0" 200 3374 "-" "Mozilla/5.0 AppleWebKit/537.36 (KHTML, like Gecko; compatible; ClaudeBot/1.0; +claudebot@anthropic.com)"
187.104.100.132 - - [22/Nov/2025:00:53:45 -0800] "GET /?m=2189138752 HTTP/1.1" 200 9117 "-" "Mozilla/5.0 (Macintosh; Intel Mac OS X 10_12_5) AppleWebKit/537.36 (KHTML, like Gecko) Chrome/68.0.3440.106 Safari/537.36"
54.204.62.163 - - [22/Nov/2025:00:53:46 -0800] "GET /lufthansa-sells-used-aircraft-seats/?path=//sys/devices/platform/reg-dummy/subsystem/drivers/PCCT/PCCT/subsystem/devices/reg-dummy/subsystem/devices/IPI0001:00/subsystem/drivers/PCCT/PCCT HTTP/1.1" 200 6687 "-" "Mozilla/5.0 AppleWebKit/537.36 (KHTML, like Gecko; compatible; Amazonbot/0.1; +https://developer.amazon.com/support/amazonbot) Chrome/119.0.6045.214 Safari/537.36"
74.7.227.48 - - [22/Nov/2025:00:53:46 -0800] "GET /donovan-mcnabb-will-never-make-it-back-to-the-super-bowl/?path=//sys/class/tty/ttyte/subsystem/ttyea/subsystem/ttyea/subsystem/ttyyb/subsystem/ttytb/subsystem/ttyxb/subsystem/ptyqe HTTP/2.0" 200 3153 "-" "Mozilla/5.0 AppleWebKit/537.36 (KHTML, like Gecko; compatible; GPTBot/1.3; +https://openai.com/gptbot)"
66.249.77.66 - - [22/Nov/2025:00:53:46 -0800] "GET /?m=545868446 HTTP/1.1" 200 33826 "-" "Mozilla/5.0 (Linux; Android 6.0.1; Nexus 5X Build/MMB29P) AppleWebKit/537.36 (KHTML, like Gecko) Chrome/141.0.7390.122 Mobile Safari/537.36 (compatible; GoogleOther)"
179.127.253.100 - - [22/Nov/2025:00:53:47 -0800] "GET /?m=4254292505 HTTP/1.1" 200 9117 "-" "Mozilla/5.0 (Macintosh; Intel Mac OS X 11_2_3) AppleWebKit/537.36 (KHTML, like Gecko) Chrome/88.0.4324.192 Safari/537.36"
216.73.216.105 - - [22/Nov/2025:00:53:47 -0800] "GET /category/bellevue?path=%2F%2Frun%2Fshm%2Facme_piaccieatery.com HTTP/2.0" 200 3368 "-" "Mozilla/5.0 AppleWebKit/537.36 (KHTML, like Gecko; compatible; ClaudeBot/1.0; +claudebot@anthropic.com)"
66.249.77.64 - - [22/Nov/2025:00:53:48 -0800] "GET /leg/approval40/pe3nu-33196/?fileloc=/home/samfetchero1/pacificnorthwestcoastbias.com/wp-includes/class-wp-simplepie-file.php??m=147052292 HTTP/1.1" 200 37201 "-" "Mozilla/5.0 (Linux; Android 6.0.1; Nexus 5X Build/MMB29P) AppleWebKit/537.36 (KHTML, like Gecko) Chrome/141.0.7390.122 Mobile Safari/537.36 (compatible; GoogleOther)"
188.169.130.139 - - [22/Nov/2025:00:53:48 -0800] "GET /?m=3539106756 HTTP/1.1" 200 9117 "-" "Mozilla/5.0 (Macintosh; Intel Mac OS X 10_15_2) AppleWebKit/537.36 (KHTML, like Gecko) Chrome/98.0.4758.80 Safari/537.36"
74.7.227.48 - - [22/Nov/2025:00:53:49 -0800] "GET /donovan-mcnabb-will-never-make-it-back-to-the-super-bowl/?path=//sys/class/tty/ttyte/subsystem/ttyea/subsystem/ttyea/subsystem/ttyea/subsystem/ptyuc/subsystem/ttyaa/subsystem/ttyua/subsystem HTTP/2.0" 200 18499 "-" "Mozilla/5.0 AppleWebKit/537.36 (KHTML, like Gecko; compatible; GPTBot/1.3; +https://openai.com/gptbot)"
66.249.77.78 - - [22/Nov/2025:00:53:49 -0800] "GET /?m=816510244 HTTP/1.1" 200 36010 "-" "Mozilla/5.0 (Linux; Android 6.0.1; Nexus 5X Build/MMB29P) AppleWebKit/537.36 (KHTML, like Gecko) Chrome/141.0.7390.122 Mobile Safari/537.36 (compatible; GoogleOther)"
14.239.90.113 - - [22/Nov/2025:00:53:50 -0800] "GET /?m=4156812102 HTTP/1.1" 200 9117 "-" "Mozilla/5.0 (Windows NT 6.1; WOW64) AppleWebKit/537.36 (KHTML, like Gecko) Chrome/97.0.4692.99 Safari/537.36"
216.73.216.105 - - [22/Nov/2025:00:53:50 -0800] "GET /category/bellevue?path=%2F%2Frun%2Fshm%2Facme_kpopdemonhuntersdaily.checksumnetwork.com HTTP/2.0" 200 3249 "-" "Mozilla/5.0 AppleWebKit/537.36 (KHTML, like Gecko; compatible; ClaudeBot/1.0; +claudebot@anthropic.com)"
54.225.199.17 - - [22/Nov/2025:00:53:51 -0800] "GET /lufthansa-sells-used-aircraft-seats/?path=//sys/devices/platform/microcode/subsystem/devices/reg-dummy/driver/reg-dummy/driver/reg-dummy/subsystem/devices/IPI0001:00/subsystem/devices/IPI0001:00/driver/IPI0001:00 HTTP/1.1" 200 6745 "-" "Mozilla/5.0 AppleWebKit/537.36 (KHTML, like Gecko; compatible; Amazonbot/0.1; +https://developer.amazon.com/support/amazonbot) Chrome/119.0.6045.214 Safari/537.36"
66.249.77.65 - - [22/Nov/2025:00:53:51 -0800] "GET /?m=668308623 HTTP/1.1" 200 34483 "-" "Mozilla/5.0 (Linux; Android 6.0.1; Nexus 5X Build/MMB29P) AppleWebKit/537.36 (KHTML, like Gecko) Chrome/141.0.7390.122 Mobile Safari/537.36 (compatible; GoogleOther)"
74.7.227.48 - - [22/Nov/2025:00:53:52 -0800] "GET /donovan-mcnabb-will-never-make-it-back-to-the-super-bowl/?path=//sys/class/tty/ttyte/subsystem/ttyea/subsystem/ttyea/subsystem/ttyyb/subsystem/ttytb/subsystem/ttyxb/subsystem/ttyud HTTP/2.0" 200 3151 "-" "Mozilla/5.0 AppleWebKit/537.36 (KHTML, like Gecko; compatible; GPTBot/1.3; +https://openai.com/gptbot)"
66.249.77.78 - - [22/Nov/2025:00:53:53 -0800] "GET /leg/approval40/pe3nu-33196/?fileloc=/home/samfetchero1/pacificnorthwestcoastbias.com/wp-admin/export-personal-data.php??m=693426623 HTTP/1.1" 200 33052 "-" "Mozilla/5.0 (Linux; Android 6.0.1; Nexus 5X Build/MMB29P) AppleWebKit/537.36 (KHTML, like Gecko) Chrome/141.0.7390.122 Mobile Safari/537.36 (compatible; GoogleOther)"
216.73.216.105 - - [22/Nov/2025:00:53:53 -0800] "GET /category/bellevue?path=%2F%2Frun%2Fshm%2Facme_planner.webringthepartyevents.com HTTP/2.0" 200 3375 "-" "Mozilla/5.0 AppleWebKit/537.36 (KHTML, like Gecko; compatible; ClaudeBot/1.0; +claudebot@anthropic.com)"
3.232.39.98 - - [22/Nov/2025:00:53:55 -0800] "GET /lufthansa-sells-used-aircraft-seats/?path=//sys/bus/platform/devices/reg-dummy/subsystem/devices/pcspkr/subsystem/devices/reg-dummy/driver/reg-dummy/driver/reg-dummy/subsystem/devices/kgdboc/subsystem HTTP/1.1" 200 6692 "-" "Mozilla/5.0 AppleWebKit/537.36 (KHTML, like Gecko; compatible; Amazonbot/0.1; +https://developer.amazon.com/support/amazonbot) Chrome/119.0.6045.214 Safari/537.36"
66.249.77.64 - - [22/Nov/2025:00:53:55 -0800] "GET /?m=1947172316 HTTP/1.1" 200 37449 "-" "Mozilla/5.0 (Linux; Android 6.0.1; Nexus 5X Build/MMB29P) AppleWebKit/537.36 (KHTML, like Gecko) Chrome/141.0.7390.122 Mobile Safari/537.36 (compatible; GoogleOther)"
74.7.227.48 - - [22/Nov/2025:00:53:55 -0800] "GET /donovan-mcnabb-will-never-make-it-back-to-the-super-bowl/?path=//sys/class/tty/ttyte/subsystem/ttyea/subsystem/ttyea/subsystem/ttyea/subsystem/ptyuc/subsystem/ttyaa/subsystem/ptytc HTTP/2.0" 200 3143 "-" "Mozilla/5.0 AppleWebKit/537.36 (KHTML, like Gecko; compatible; GPTBot/1.3; +https://openai.com/gptbot)"
216.73.216.105 - - [22/Nov/2025:00:53:56 -0800] "GET /category/bellevue?path=%2F%2Fdev%2Fshm%2Facme_revista.abralin.org HTTP/2.0" 418 603 "-" "Mozilla/5.0 AppleWebKit/537.36 (KHTML, like Gecko; compatible; ClaudeBot/1.0; +claudebot@anthropic.com)"
66.249.77.78 - - [22/Nov/2025:00:53:57 -0800] "GET /?m=1879838538 HTTP/1.1" 200 33250 "-" "Mozilla/5.0 (Linux; Android 6.0.1; Nexus 5X Build/MMB29P) AppleWebKit/537.36 (KHTML, like Gecko) Chrome/141.0.7390.122 Mobile Safari/537.36 (compatible; GoogleOther)"
103.148.115.58 - - [22/Nov/2025:00:53:57 -0800] "GET /?m=3543706197 HTTP/1.1" 200 9117 "-" "Mozilla/5.0 (Windows NT 10.0) AppleWebKit/537.36 (KHTML, like Gecko) Chrome/88.0.4324.104 Safari/537.36"
52.22.87.224 - - [22/Nov/2025:00:53:58 -0800] "GET /received-my-invite-for-simple/?path=//sys/bus/platform/drivers/reg-dummy/reg-dummy/subsystem/drivers/reg-dummy/reg-dummy/subsystem/devices/IPI0001:00/firmware_node/subsystem/devices/PNP0C02:00/subsystem HTTP/1.1" 200 6705 "-" "Mozilla/5.0 AppleWebKit/537.36 (KHTML, like Gecko; compatible; Amazonbot/0.1; +https://developer.amazon.com/support/amazonbot) Chrome/119.0.6045.214 Safari/537.36"
74.7.227.48 - - [22/Nov/2025:00:53:58 -0800] "GET /donovan-mcnabb-will-never-make-it-back-to-the-super-bowl/?path=//sys/class/tty/ttyte/subsystem/ttyea/subsystem/ttyea/subsystem/ttyea/subsystem/ptyuc/subsystem/ttyaa/subsystem/ttycb HTTP/2.0" 200 3145 "-" "Mozilla/5.0 AppleWebKit/537.36 (KHTML, like Gecko; compatible; GPTBot/1.3; +https://openai.com/gptbot)"
66.249.77.64 - - [22/Nov/2025:00:53:58 -0800] "GET /leg/approval40/pe3nu-33196/?fileloc=/home/samfetchero1/pacificnorthwestcoastbias.com/wp-includes/class-wp-simplepie-file.php??m=3468365192 HTTP/1.1" 200 31354 "-" "Mozilla/5.0 (Linux; Android 6.0.1; Nexus 5X Build/MMB29P) AppleWebKit/537.36 (KHTML, like Gecko) Chrome/141.0.7390.122 Mobile Safari/537.36 (compatible; GoogleOther)"
216.73.216.105 - - [22/Nov/2025:00:53:59 -0800] "GET /category/bellevue?path=%2F%2Frun%2Fshm%2Facme_theprontopup.com HTTP/2.0" 200 3368 "-" "Mozilla/5.0 AppleWebKit/537.36 (KHTML, like Gecko; compatible; ClaudeBot/1.0; +claudebot@anthropic.com)"
66.249.77.66 - - [22/Nov/2025:00:54:00 -0800] "GET /?m=2049657870 HTTP/1.1" 200 36934 "-" "Mozilla/5.0 (Linux; Android 6.0.1; Nexus 5X Build/MMB29P) AppleWebKit/537.36 (KHTML, like Gecko) Chrome/141.0.7390.122 Mobile Safari/537.36 (compatible; GoogleOther)"
74.7.227.48 - - [22/Nov/2025:00:54:01 -0800] "GET /donovan-mcnabb-will-never-make-it-back-to-the-super-bowl/?path=//sys/class/tty/ttyte/subsystem/ttyea/subsystem/ttyea/subsystem/ttyea/subsystem/ptyuc/subsystem/ttyaa/subsystem/ttyua/subsystem/ptyuf HTTP/2.0" 200 3155 "-" "Mozilla/5.0 AppleWebKit/537.36 (KHTML, like Gecko; compatible; GPTBot/1.3; +https://openai.com/gptbot)"
54.225.148.123 - - [22/Nov/2025:00:54:02 -0800] "GET /received-my-invite-for-simple/?path=//sys/bus/platform/drivers/reg-dummy/reg-dummy/subsystem/drivers/reg-dummy/reg-dummy/subsystem/devices/PCCT/subsystem/devices/AMDI0030:00/subsystem/devices/PCCT HTTP/1.1" 200 6706 "-" "Mozilla/5.0 AppleWebKit/537.36 (KHTML, like Gecko; compatible; Amazonbot/0.1; +https://developer.amazon.com/support/amazonbot) Chrome/119.0.6045.214 Safari/537.36"
66.249.77.78 - - [22/Nov/2025:00:54:02 -0800] "GET /?m=781689823 HTTP/1.1" 200 37754 "-" "Mozilla/5.0 (Linux; Android 6.0.1; Nexus 5X Build/MMB29P) AppleWebKit/537.36 (KHTML, like Gecko) Chrome/141.0.7390.122 Mobile Safari/537.36 (compatible; GoogleOther)"
216.73.216.105 - - [22/Nov/2025:00:54:02 -0800] "GET /category/bellevue?path=%2F%2Frun%2Fshm%2Facme_polescores.wuokko.org HTTP/2.0" 200 3367 "-" "Mozilla/5.0 AppleWebKit/537.36 (KHTML, like Gecko; compatible; ClaudeBot/1.0; +claudebot@anthropic.com)"
177.53.77.242 - - [22/Nov/2025:00:54:03 -0800] "GET /treatment/n170?pid=8719 HTTP/1.1" 200 9117 "-" "Mozilla/5.0 (Macintosh; Intel Mac OS X 10_13_4) AppleWebKit/537.36 (KHTML, like Gecko) Chrome/80.0.3987.132 Safari/537.36"
66.249.77.78 - - [22/Nov/2025:00:54:04 -0800] "GET /?m=3717894425 HTTP/1.1" 200 31202 "-" "Mozilla/5.0 (Linux; Android 6.0.1; Nexus 5X Build/MMB29P) AppleWebKit/537.36 (KHTML, like Gecko) Chrome/141.0.7390.122 Mobile Safari/537.36 (compatible; GoogleOther)"
74.7.227.48 - - [22/Nov/2025:00:54:05 -0800] "GET /donovan-mcnabb-will-never-make-it-back-to-the-super-bowl/?path=//sys/class/tty/ttyte/subsystem/ttyea/subsystem/ttyea/subsystem/ttyyb/subsystem/ttytb/subsystem/ttyxb/subsystem/ptyaf HTTP/2.0" 200 3153 "-" "Mozilla/5.0 AppleWebKit/537.36 (KHTML, like Gecko; compatible; GPTBot/1.3; +https://openai.com/gptbot)"
203.81.238.11 - - [22/Nov/2025:00:54:05 -0800] "GET /?m=937342872 HTTP/1.1" 200 9117 "-" "Mozilla/5.0 (Macintosh; Intel Mac OS X 10_13_6) AppleWebKit/537.36 (KHTML, like Gecko) Chrome/80.0.3987.132 Safari/537.36"
216.73.216.105 - - [22/Nov/2025:00:54:05 -0800] "GET /category/bellevue?path=%2F%2Frun%2Fshm%2Facme_legenda.savastano.me HTTP/2.0" 200 3700 "-" "Mozilla/5.0 AppleWebKit/537.36 (KHTML, like Gecko; compatible; ClaudeBot/1.0; +claudebot@anthropic.com)"
3.225.45.252 - - [22/Nov/2025:00:54:06 -0800] "GET /lufthansa-sells-used-aircraft-seats/?path=//sys/devices/platform/microcode/subsystem/devices/reg-dummy/driver/reg-dummy/subsystem/drivers/reg-dummy/reg-dummy/subsystem/devices/microcode/subsystem/drivers/acpi-cpufreq HTTP/1.1" 200 6559 "-" "Mozilla/5.0 AppleWebKit/537.36 (KHTML, like Gecko; compatible; Amazonbot/0.1; +https://developer.amazon.com/support/amazonbot) Chrome/119.0.6045.214 Safari/537.36"
66.249.77.78 - - [22/Nov/2025:00:54:06 -0800] "GET /leg/approval40/pe3nu-33196/?fileloc=/home/samfetchero1/pacificnorthwestcoastbias.com/wp-admin/export-personal-data.php??m=3811248225 HTTP/1.1" 200 34773 "-" "Mozilla/5.0 (Linux; Android 6.0.1; Nexus 5X Build/MMB29P) AppleWebKit/537.36 (KHTML, like Gecko) Chrome/141.0.7390.122 Mobile Safari/537.36 (compatible; GoogleOther)"
43.173.177.42 - - [22/Nov/2025:00:54:08 -0800] "GET /what-i-learned-about-product-marketing-from-buying-a-car/?path=/home/samfetchero1/pacificnorthwestcoastbias.com/wp-content/themes/twentytwentyfour/assets HTTP/1.1" 200 6765 "-" "Mozilla/5.0 (Windows NT 6.1; Win64; x64) AppleWebKit/537.36 (KHTML, like Gecko) Chrome/126.0.6478.114 Safari/537.36"
66.249.77.65 - - [22/Nov/2025:00:54:08 -0800] "GET /?m=2575327870 HTTP/1.1" 200 37855 "-" "Mozilla/5.0 (Linux; Android 6.0.1; Nexus 5X Build/MMB29P) AppleWebKit/537.36 (KHTML, like Gecko) Chrome/141.0.7390.122 Mobile Safari/537.36 (compatible; GoogleOther)"
74.7.227.48 - - [22/Nov/2025:00:54:08 -0800] "GET /donovan-mcnabb-will-never-make-it-back-to-the-super-bowl/?path=//sys/class/tty/ttyte/subsystem/ttyea/subsystem/ttyea/subsystem/ttyea/subsystem/ptyuc/subsystem/ttyaa/subsystem/ttyua/subsystem/ptyud HTTP/2.0" 200 3155 "-" "Mozilla/5.0 AppleWebKit/537.36 (KHTML, like Gecko; compatible; GPTBot/1.3; +https://openai.com/gptbot)"
216.73.216.105 - - [22/Nov/2025:00:54:08 -0800] "GET /category/bellevue?path=%2F%2Frun%2Fshm%2Facme_sandbox.ladycoltssoccer.com HTTP/2.0" 200 3156 "-" "Mozilla/5.0 AppleWebKit/537.36 (KHTML, like Gecko; compatible; ClaudeBot/1.0; +claudebot@anthropic.com)"
66.249.77.64 - - [22/Nov/2025:00:54:09 -0800] "GET /?m=3975315335 HTTP/1.1" 200 37325 "-" "Mozilla/5.0 (Linux; Android 6.0.1; Nexus 5X Build/MMB29P) AppleWebKit/537.36 (KHTML, like Gecko) Chrome/141.0.7390.122 Mobile Safari/537.36 (compatible; Googlebot/2.1; +http://www.google.com/bot.html)"
66.249.77.65 - - [22/Nov/2025:00:54:09 -0800] "GET /?m=1861374252 HTTP/1.1" 200 33795 "-" "Mozilla/5.0 (Linux; Android 6.0.1; Nexus 5X Build/MMB29P) AppleWebKit/537.36 (KHTML, like Gecko) Chrome/141.0.7390.122 Mobile Safari/537.36 (compatible; GoogleOther)"
34.192.125.239 - - [22/Nov/2025:00:54:10 -0800] "GET /received-my-invite-for-simple/?path=//sys/bus/platform/drivers/reg-dummy/reg-dummy/subsystem/drivers/reg-dummy/reg-dummy/subsystem/devices/IPI0001:00/firmware_node/subsystem/devices/device:6f/subsystem HTTP/1.1" 200 6704 "-" "Mozilla/5.0 AppleWebKit/537.36 (KHTML, like Gecko; compatible; Amazonbot/0.1; +https://developer.amazon.com/support/amazonbot) Chrome/119.0.6045.214 Safari/537.36"
74.7.227.48 - - [22/Nov/2025:00:54:11 -0800] "GET /donovan-mcnabb-will-never-make-it-back-to-the-super-bowl/?path=//sys/class/tty/ttyte/subsystem/ttyea/subsystem/ttyea/subsystem/ttyyb/subsystem/ttytb/subsystem/ttyxb/subsystem/ttype HTTP/2.0" 200 3149 "-" "Mozilla/5.0 AppleWebKit/537.36 (KHTML, like Gecko; compatible; GPTBot/1.3; +https://openai.com/gptbot)"
66.249.77.65 - - [22/Nov/2025:00:54:11 -0800] "GET /?m=715704848 HTTP/1.1" 200 31434 "-" "Mozilla/5.0 (Linux; Android 6.0.1; Nexus 5X Build/MMB29P) AppleWebKit/537.36 (KHTML, like Gecko) Chrome/141.0.7390.122 Mobile Safari/537.36 (compatible; GoogleOther)"
216.73.216.105 - - [22/Nov/2025:00:54:11 -0800] "GET /category/bellevue?path=%2F%2Frun%2Fshm%2Facme_saavi-inversionistas.testapps.com.mx HTTP/2.0" 200 3377 "-" "Mozilla/5.0 AppleWebKit/537.36 (KHTML, like Gecko; compatible; ClaudeBot/1.0; +claudebot@anthropic.com)"
66.249.77.64 - - [22/Nov/2025:00:54:13 -0800] "GET /?m=1419754825 HTTP/1.1" 200 37239 "-" "Mozilla/5.0 (Linux; Android 6.0.1; Nexus 5X Build/MMB29P) AppleWebKit/537.36 (KHTML, like Gecko) Chrome/141.0.7390.122 Mobile Safari/537.36 (compatible; GoogleOther)"
44.206.93.215 - - [22/Nov/2025:00:54:14 -0800] "GET /received-my-invite-for-simple/?path=//sys/devices/platform/PCCT/subsystem/devices/reg-dummy/subsystem/drivers/reg-dummy/reg-dummy/subsystem/devices/AMDI0030:00/subsystem/devices/PCCT/driver HTTP/1.1" 200 6545 "-" "Mozilla/5.0 AppleWebKit/537.36 (KHTML, like Gecko; compatible; Amazonbot/0.1; +https://developer.amazon.com/support/amazonbot) Chrome/119.0.6045.214 Safari/537.36"
74.7.227.48 - - [22/Nov/2025:00:54:14 -0800] "GET /donovan-mcnabb-will-never-make-it-back-to-the-super-bowl/?path=//sys/class/tty/ttyte/subsystem/ttyea/subsystem/ttyea/subsystem/ttyyb/subsystem/ttytb/subsystem/ttyxb/subsystem/ttyae HTTP/2.0" 200 3149 "-" "Mozilla/5.0 AppleWebKit/537.36 (KHTML, like Gecko; compatible; GPTBot/1.3; +https://openai.com/gptbot)"
216.73.216.105 - - [22/Nov/2025:00:54:14 -0800] "GET /category/bellevue?path=%2F%2Frun%2Fshm%2Facme_staging.clevelandjuniortamburitzans.org HTTP/2.0" 200 3246 "-" "Mozilla/5.0 AppleWebKit/537.36 (KHTML, like Gecko; compatible; ClaudeBot/1.0; +claudebot@anthropic.com)"
66.249.77.78 - - [22/Nov/2025:00:54:15 -0800] "GET /?m=1034167693 HTTP/1.1" 200 36887 "-" "Mozilla/5.0 (Linux; Android 6.0.1; Nexus 5X Build/MMB29P) AppleWebKit/537.36 (KHTML, like Gecko) Chrome/141.0.7390.122 Mobile Safari/537.36 (compatible; GoogleOther)"
189.28.74.44 - - [22/Nov/2025:00:54:16 -0800] "GET /?m=1912080742 HTTP/1.1" 200 9117 "-" "Mozilla/5.0 (Windows NT 6.1; Win64; x64) AppleWebKit/537.36 (KHTML, like Gecko) Chrome/72.0.3626.109 Safari/537.36"
66.249.77.78 - - [22/Nov/2025:00:54:17 -0800] "GET /?m=3439307614 HTTP/1.1" 200 34194 "-" "Mozilla/5.0 (Linux; Android 6.0.1; Nexus 5X Build/MMB29P) AppleWebKit/537.36 (KHTML, like Gecko) Chrome/141.0.7390.122 Mobile Safari/537.36 (compatible; GoogleOther)"
102.88.54.38 - - [22/Nov/2025:00:54:17 -0800] "GET /?m=3186812398 HTTP/1.1" 200 9117 "-" "Mozilla/5.0 (Windows NT 10.0; WOW64) AppleWebKit/537.36 (KHTML, like Gecko) Chrome/107.0.0.0 Safari/537.36"
216.73.216.105 - - [22/Nov/2025:00:54:17 -0800] "GET /category/bellevue?path=%2F%2Fdev%2Fshm%2Facme_signup.lakecatholictheatre.org HTTP/2.0" 418 603 "-" "Mozilla/5.0 AppleWebKit/537.36 (KHTML, like Gecko; compatible; ClaudeBot/1.0; +claudebot@anthropic.com)"
74.7.227.48 - - [22/Nov/2025:00:54:18 -0800] "GET /donovan-mcnabb-will-never-make-it-back-to-the-super-bowl/?path=//sys/class/tty/ttyte/subsystem/ttyea/subsystem/ttyea/subsystem/ttyea/subsystem/ptyuc/subsystem/ttyaa/subsystem/ttypf HTTP/2.0" 200 3145 "-" "Mozilla/5.0 AppleWebKit/537.36 (KHTML, like Gecko; compatible; GPTBot/1.3; +https://openai.com/gptbot)"
52.44.148.203 - - [22/Nov/2025:00:54:18 -0800] "GET /lufthansa-sells-used-aircraft-seats/?path=//sys/devices/platform/reg-dummy/subsystem/drivers/reg-dummy/reg-dummy/driver/reg-dummy/subsystem/devices/AMDI0030:00/subsystem/devices/pcspkr/subsystem/drivers/acpi-ged HTTP/1.1" 200 6553 "-" "Mozilla/5.0 AppleWebKit/537.36 (KHTML, like Gecko; compatible; Amazonbot/0.1; +https://developer.amazon.com/support/amazonbot) Chrome/119.0.6045.214 Safari/537.36"
66.249.77.78 - - [22/Nov/2025:00:54:18 -0800] "GET /?m=242199083 HTTP/1.1" 200 35993 "-" "Mozilla/5.0 (Linux; Android 6.0.1; Nexus 5X Build/MMB29P) AppleWebKit/537.36 (KHTML, like Gecko) Chrome/141.0.7390.122 Mobile Safari/537.36 (compatible; GoogleOther)"
66.249.77.78 - - [22/Nov/2025:00:54:20 -0800] "GET /piano/passing56/d0b5t-1442/?fileloc=/home/samfetchero1/pacificnorthwestcoastbias.com/wp-includes/media.php??m=3984880736 HTTP/1.1" 200 33415 "-" "Mozilla/5.0 (Linux; Android 6.0.1; Nexus 5X Build/MMB29P) AppleWebKit/537.36 (KHTML, like Gecko) Chrome/141.0.7390.122 Mobile Safari/537.36 (compatible; GoogleOther)"
216.73.216.105 - - [22/Nov/2025:00:54:20 -0800] "GET /category/bellevue?path=%2F%2Frun%2Fshm%2Facme_parenting.1001dadjokes.com HTTP/2.0" 200 3235 "-" "Mozilla/5.0 AppleWebKit/537.36 (KHTML, like Gecko; compatible; ClaudeBot/1.0; +claudebot@anthropic.com)"
74.7.227.48 - - [22/Nov/2025:00:54:21 -0800] "GET /donovan-mcnabb-will-never-make-it-back-to-the-super-bowl/?path=//sys/class/tty/ttyte/subsystem/ttyea/subsystem/ttyea/subsystem/ttyea/subsystem/ptyuc/subsystem/ttyaa/subsystem/ptywe HTTP/2.0" 200 3144 "-" "Mozilla/5.0 AppleWebKit/537.36 (KHTML, like Gecko; compatible; GPTBot/1.3; +https://openai.com/gptbot)"
185.104.255.84 - - [22/Nov/2025:00:54:21 -0800] "GET /one-third/y15?pid=756 HTTP/1.1" 200 9117 "-" "Mozilla/5.0 (Windows NT 10.0; Win64; x64) AppleWebKit/537.36 (KHTML, like Gecko) Chrome/90.0.4430.41 Safari/537.36"
3.226.34.98 - - [22/Nov/2025:00:54:22 -0800] "GET /received-my-invite-for-simple/?path=//sys/bus/platform/devices/reg-dummy/subsystem/devices/microcode/subsystem/drivers/reg-dummy/reg-dummy/subsystem/devices/PNP0C33:00/subsystem/devices/microcode HTTP/1.1" 200 6659 "-" "Mozilla/5.0 AppleWebKit/537.36 (KHTML, like Gecko; compatible; Amazonbot/0.1; +https://developer.amazon.com/support/amazonbot) Chrome/119.0.6045.214 Safari/537.36"
57.141.6.52 - - [22/Nov/2025:00:54:22 -0800] "GET /?info=860039776 HTTP/2.0" 429 351 "-" "meta-externalagent/1.1 (+https://developers.facebook.com/docs/sharing/webmasters/crawler)"
66.249.77.64 - - [22/Nov/2025:00:54:22 -0800] "GET /?m=1420787537 HTTP/1.1" 200 34027 "-" "Mozilla/5.0 (Linux; Android 6.0.1; Nexus 5X Build/MMB29P) AppleWebKit/537.36 (KHTML, like Gecko) Chrome/141.0.7390.122 Mobile Safari/537.36 (compatible; GoogleOther)"
216.73.216.105 - - [22/Nov/2025:00:54:23 -0800] "GET /category/bellevue?path=%2F%2Frun%2Fshm%2Facme_em-cena-16.abralin.org HTTP/2.0" 200 3232 "-" "Mozilla/5.0 AppleWebKit/537.36 (KHTML, like Gecko; compatible; ClaudeBot/1.0; +claudebot@anthropic.com)"
74.7.227.48 - - [22/Nov/2025:00:54:24 -0800] "GET /donovan-mcnabb-will-never-make-it-back-to-the-super-bowl/?path=//sys/class/tty/ttyte/subsystem/ttyea/subsystem/ttyea/subsystem/ttyea/subsystem/ptyuc/subsystem/ttyaa/subsystem/tty HTTP/2.0" 200 3140 "-" "Mozilla/5.0 AppleWebKit/537.36 (KHTML, like Gecko; compatible; GPTBot/1.3; +https://openai.com/gptbot)"
66.249.77.64 - - [22/Nov/2025:00:54:24 -0800] "GET /leg/approval40/pe3nu-33196/?fileloc=/home/samfetchero1/pacificnorthwestcoastbias.com/wp-includes/class-wp-simplepie-file.php??m=3148697747 HTTP/1.1" 200 34428 "-" "Mozilla/5.0 (Linux; Android 6.0.1; Nexus 5X Build/MMB29P) AppleWebKit/537.36 (KHTML, like Gecko) Chrome/141.0.7390.122 Mobile Safari/537.36 (compatible; GoogleOther)"
204.12.208.18 - - [22/Nov/2025:00:54:25 -0800] "GET /wp-content/wp36911f/edit.php HTTP/1.1" 403 103952 "https://pacificnorthwestcoastbias.com/wp-content/wp36911f/edit.php" "Mozilla/5.0 (Macintosh; Intel Mac OS X 10_6_8) AppleWebKit/535.1 (KHTML, like Gecko) RockMelt/0.9.64.361 Chrome/13.0.782.218 Safari/535.1"
204.12.208.18 - - [22/Nov/2025:00:54:25 -0800] "GET /wp-content/wp36911f/edit.php HTTP/1.1" 403 100975 "https://pacificnorthwestcoastbias.com/wp-content/wp36911f/edit.php" "Mozilla/5.0 (Windows NT 5.1) AppleWebKit/535.2 (KHTML, like Gecko) Chrome/15.0.874.120 Safari/535.2"
204.12.208.18 - - [22/Nov/2025:00:54:26 -0800] "GET /wp-content/wp36911f/edit.php HTTP/1.1" 403 100931 "https://pacificnorthwestcoastbias.com/wp-content/wp36911f/edit.php" "Mozilla/5.0 (Windows NT 6.1; WOW64; rv:5.0) Gecko/20100101 Firefox/5.0"
66.249.77.78 - - [22/Nov/2025:00:54:26 -0800] "GET /?m=127252989 HTTP/1.1" 200 37941 "-" "Mozilla/5.0 (Linux; Android 6.0.1; Nexus 5X Build/MMB29P) AppleWebKit/537.36 (KHTML, like Gecko) Chrome/141.0.7390.122 Mobile Safari/537.36 (compatible; GoogleOther)"
54.235.191.179 - - [22/Nov/2025:00:54:26 -0800] "GET /lufthansa-sells-used-aircraft-seats/?path=//sys/bus/platform/devices/reg-dummy/driver/reg-dummy/subsystem/devices/vesa-framebuffer.0/subsystem/devices/reg-dummy/driver/reg-dummy/subsystem/devices/PNP0800:00 HTTP/1.1" 200 6779 "-" "Mozilla/5.0 AppleWebKit/537.36 (KHTML, like Gecko; compatible; Amazonbot/0.1; +https://developer.amazon.com/support/amazonbot) Chrome/119.0.6045.214 Safari/537.36"
216.73.216.105 - - [22/Nov/2025:00:54:26 -0800] "GET /category/bellevue?path=%2F%2Frun%2Fshm%2Facme_dashboard.usavepharmacygroup.com HTTP/2.0" 200 3641 "-" "Mozilla/5.0 AppleWebKit/537.36 (KHTML, like Gecko; compatible; ClaudeBot/1.0; +claudebot@anthropic.com)"
74.7.227.48 - - [22/Nov/2025:00:54:27 -0800] "GET /donovan-mcnabb-will-never-make-it-back-to-the-super-bowl/?path=//sys/class/tty/ttyte/subsystem/ttyea/subsystem/ttyea/subsystem/ttyyb/subsystem/ttytb/subsystem/ttyxb/subsystem/ttyre HTTP/2.0" 200 3149 "-" "Mozilla/5.0 AppleWebKit/537.36 (KHTML, like Gecko; compatible; GPTBot/1.3; +https://openai.com/gptbot)"
66.249.77.64 - - [22/Nov/2025:00:54:27 -0800] "GET /leg/approval40/pe3nu-33196/?fileloc=/home/samfetchero1/pacificnorthwestcoastbias.com/wp-includes/class-wp-simplepie-file.php??m=3267736753 HTTP/1.1" 200 34094 "-" "Mozilla/5.0 (Linux; Android 6.0.1; Nexus 5X Build/MMB29P) AppleWebKit/537.36 (KHTML, like Gecko) Chrome/141.0.7390.122 Mobile Safari/537.36 (compatible; GoogleOther)"
216.73.216.105 - - [22/Nov/2025:00:54:29 -0800] "GET /category/bellevue?path=%2F%2Frun%2Fshm%2Facme_store.victoriaschoolofmagic.com HTTP/2.0" 200 3514 "-" "Mozilla/5.0 AppleWebKit/537.36 (KHTML, like Gecko; compatible; ClaudeBot/1.0; +claudebot@anthropic.com)"
66.249.77.193 - - [22/Nov/2025:00:54:29 -0800] "GET /?m=3866983575 HTTP/1.1" 200 37929 "-" "Mozilla/5.0 (Linux; Android 6.0.1; Nexus 5X Build/MMB29P) AppleWebKit/537.36 (KHTML, like Gecko) Chrome/141.0.7390.122 Mobile Safari/537.36 (compatible; GoogleOther)"
52.204.71.8 - - [22/Nov/2025:00:54:30 -0800] "GET /received-my-invite-for-simple/?path=//sys/bus/platform/devices/reg-dummy/subsystem/devices/reg-dummy/subsystem/drivers/reg-dummy/reg-dummy/subsystem/devices/IPI0001:00/firmware_node/subsystem/devices/device:114 HTTP/1.1" 200 6658 "-" "Mozilla/5.0 AppleWebKit/537.36 (KHTML, like Gecko; compatible; Amazonbot/0.1; +https://developer.amazon.com/support/amazonbot) Chrome/119.0.6045.214 Safari/537.36"
74.7.227.48 - - [22/Nov/2025:00:54:30 -0800] "GET /donovan-mcnabb-will-never-make-it-back-to-the-super-bowl/?path=//sys/class/tty/ttyte/subsystem/ttyea/subsystem/ttyea/subsystem/ttyyb/subsystem/ttytb/subsystem/ttyxb/subsystem/ttywa HTTP/2.0" 200 3150 "-" "Mozilla/5.0 AppleWebKit/537.36 (KHTML, like Gecko; compatible; GPTBot/1.3; +https://openai.com/gptbot)"
138.0.245.130 - - [22/Nov/2025:00:54:30 -0800] "GET /?m=3463381392 HTTP/1.1" 200 9117 "-" "Mozilla/5.0 (Windows NT 10.0; Win64; x64) AppleWebKit/537.36 (KHTML, like Gecko) Chrome/78.0.3904.63 Safari/537.36"
66.249.77.78 - - [22/Nov/2025:00:54:32 -0800] "GET /?m=3121586278 HTTP/1.1" 200 35238 "-" "Mozilla/5.0 (Linux; Android 6.0.1; Nexus 5X Build/MMB29P) AppleWebKit/537.36 (KHTML, like Gecko) Chrome/141.0.7390.122 Mobile Safari/537.36 (compatible; GoogleOther)"
216.73.216.105 - - [22/Nov/2025:00:54:32 -0800] "GET /category/bellevue?path=%2F%2Frun%2Fshm%2Facme_psicologiadeportiva.mintal.cl HTTP/2.0" 200 3152 "-" "Mozilla/5.0 AppleWebKit/537.36 (KHTML, like Gecko; compatible; ClaudeBot/1.0; +claudebot@anthropic.com)"
113.169.212.10 - - [22/Nov/2025:00:54:33 -0800] "GET /aim/y197?pid=37930 HTTP/1.1" 200 9117 "-" "Mozilla/5.0 (Windows NT 10.0; Win64; x64) AppleWebKit/537.36 (KHTML, like Gecko) Chrome/96.0.4664.93 Safari/537.36"
74.7.227.48 - - [22/Nov/2025:00:54:33 -0800] "GET /donovan-mcnabb-will-never-make-it-back-to-the-super-bowl/?path=//sys/class/tty/ttyte/subsystem/ttyea/subsystem/ttyea/subsystem/ttyea/subsystem/ptyuc/subsystem/ttyaa/subsystem/ttyuf HTTP/2.0" 200 3145 "-" "Mozilla/5.0 AppleWebKit/537.36 (KHTML, like Gecko; compatible; GPTBot/1.3; +https://openai.com/gptbot)"
66.249.77.78 - - [22/Nov/2025:00:54:33 -0800] "GET /?m=1266447557 HTTP/1.1" 200 33305 "-" "Mozilla/5.0 (Linux; Android 6.0.1; Nexus 5X Build/MMB29P) AppleWebKit/537.36 (KHTML, like Gecko) Chrome/141.0.7390.122 Mobile Safari/537.36 (compatible; GoogleOther)"
44.212.145.46 - - [22/Nov/2025:00:54:34 -0800] "GET /received-my-invite-for-simple/?path=//sys/bus/platform/devices/reg-dummy/subsystem/devices/PCCT/subsystem/drivers/reg-dummy/reg-dummy/subsystem/devices/PNP0C33:00/firmware_node/subsystem/devices/device:fb HTTP/1.1" 200 6777 "-" "Mozilla/5.0 AppleWebKit/537.36 (KHTML, like Gecko; compatible; Amazonbot/0.1; +https://developer.amazon.com/support/amazonbot) Chrome/119.0.6045.214 Safari/537.36"
66.249.77.64 - - [22/Nov/2025:00:54:35 -0800] "GET /leg/approval40/pe3nu-33196/?fileloc=/home/samfetchero1/pacificnorthwestcoastbias.com/wp-includes/class-wp-simplepie-file.php??m=3946561417 HTTP/1.1" 200 34711 "-" "Mozilla/5.0 (Linux; Android 6.0.1; Nexus 5X Build/MMB29P) AppleWebKit/537.36 (KHTML, like Gecko) Chrome/141.0.7390.122 Mobile Safari/537.36 (compatible; GoogleOther)"
216.73.216.105 - - [22/Nov/2025:00:54:35 -0800] "GET /category/bellevue?path=%2F%2Frun%2Fshm%2Facme_lt.ostenia.com HTTP/2.0" 200 3363 "-" "Mozilla/5.0 AppleWebKit/537.36 (KHTML, like Gecko; compatible; ClaudeBot/1.0; +claudebot@anthropic.com)"
74.7.227.48 - - [22/Nov/2025:00:54:36 -0800] "GET /donovan-mcnabb-will-never-make-it-back-to-the-super-bowl/?path=//sys/class/tty/ttyte/subsystem/ttyea/subsystem/ttyea/subsystem/ttyyb/subsystem/ttytb/subsystem/ttyxb/subsystem/ptyce HTTP/2.0" 200 3152 "-" "Mozilla/5.0 AppleWebKit/537.36 (KHTML, like Gecko; compatible; GPTBot/1.3; +https://openai.com/gptbot)"
66.249.77.65 - - [22/Nov/2025:00:54:37 -0800] "GET /?m=2925432498 HTTP/1.1" 200 36013 "-" "Mozilla/5.0 (Linux; Android 6.0.1; Nexus 5X Build/MMB29P) AppleWebKit/537.36 (KHTML, like Gecko) Chrome/141.0.7390.122 Mobile Safari/537.36 (compatible; GoogleOther)"
74.7.227.36 - - [22/Nov/2025:00:54:38 -0800] "GET /search.php?b=2918218730972&channel=132e83&from=https://www.pacificnorthwestcoastbias.com/spark.htm?items/112003814.html HTTP/2.0" 429 359 "-" "Mozilla/5.0 AppleWebKit/537.36 (KHTML, like Gecko; compatible; GPTBot/1.3; +https://openai.com/gptbot)"
44.206.65.8 - - [22/Nov/2025:00:54:38 -0800] "GET /received-my-invite-for-simple/?path=//sys/bus/platform/drivers/reg-dummy/reg-dummy/subsystem/drivers/reg-dummy/reg-dummy/subsystem/devices/IPI0001:00/firmware_node/subsystem/devices/device:6d/subsystem HTTP/1.1" 200 6704 "-" "Mozilla/5.0 AppleWebKit/537.36 (KHTML, like Gecko; compatible; Amazonbot/0.1; +https://developer.amazon.com/support/amazonbot) Chrome/119.0.6045.214 Safari/537.36"
216.73.216.105 - - [22/Nov/2025:00:54:38 -0800] "GET /category/bellevue?path=%2F%2Frun%2Fshm%2Facme_events.emtelligent.com HTTP/2.0" 200 3283 "-" "Mozilla/5.0 AppleWebKit/537.36 (KHTML, like Gecko; compatible; ClaudeBot/1.0; +claudebot@anthropic.com)"
66.249.77.65 - - [22/Nov/2025:00:54:39 -0800] "GET /?m=418843450 HTTP/1.1" 200 34997 "-" "Mozilla/5.0 (Linux; Android 6.0.1; Nexus 5X Build/MMB29P) AppleWebKit/537.36 (KHTML, like Gecko) Chrome/141.0.7390.122 Mobile Safari/537.36 (compatible; GoogleOther)"
74.7.227.48 - - [22/Nov/2025:00:54:39 -0800] "GET /donovan-mcnabb-will-never-make-it-back-to-the-super-bowl/?path=//sys/class/tty/ttyte/subsystem/ttyea/subsystem/ttyea/subsystem/ttyyb/subsystem/ttytb/subsystem/ttyxb/subsystem/ttyvc HTTP/2.0" 200 3151 "-" "Mozilla/5.0 AppleWebKit/537.36 (KHTML, like Gecko; compatible; GPTBot/1.3; +https://openai.com/gptbot)"
66.249.77.78 - - [22/Nov/2025:00:54:41 -0800] "GET /vessel/lecture1/7rw4d-2013/?fileloc=/home/samfetchero1/pacificnorthwestcoastbias.com/wp-rdf.php??m=3542786686 HTTP/1.1" 200 36610 "-" "Mozilla/5.0 (Linux; Android 6.0.1; Nexus 5X Build/MMB29P) AppleWebKit/537.36 (KHTML, like Gecko) Chrome/141.0.7390.122 Mobile Safari/537.36 (compatible; GoogleOther)"
37.40.237.27 - - [22/Nov/2025:00:54:41 -0800] "GET /?m=2697747382 HTTP/1.1" 200 9117 "-" "Mozilla/5.0 (Macintosh; Intel Mac OS X 10_15_4) AppleWebKit/537.36 (KHTML, like Gecko) Chrome/80.0.3987.122 Safari/537.36"
216.73.216.105 - - [22/Nov/2025:00:54:41 -0800] "GET /category/bellevue?path=%2F%2Frun%2Fshm%2Facme_little.kylerconway.com HTTP/2.0" 200 3362 "-" "Mozilla/5.0 AppleWebKit/537.36 (KHTML, like Gecko; compatible; ClaudeBot/1.0; +claudebot@anthropic.com)"
54.166.104.83 - - [22/Nov/2025:00:54:42 -0800] "GET /lufthansa-sells-used-aircraft-seats/?path=//sys/devices/platform/microcode/subsystem/drivers/reg-dummy/reg-dummy/driver/reg-dummy/subsystem/drivers/PCCT/PCCT/driver/PCCT/subsystem/drivers/leds-mlxreg HTTP/1.1" 200 6550 "-" "Mozilla/5.0 AppleWebKit/537.36 (KHTML, like Gecko; compatible; Amazonbot/0.1; +https://developer.amazon.com/support/amazonbot) Chrome/119.0.6045.214 Safari/537.36"
74.7.227.48 - - [22/Nov/2025:00:54:42 -0800] "GET /donovan-mcnabb-will-never-make-it-back-to-the-super-bowl/?path=//sys/class/tty/ttyte/subsystem/ttyea/subsystem/ttyea/subsystem/ttyyb/subsystem/ttytb/subsystem/ttyxb/subsystem/ttybd HTTP/2.0" 200 3151 "-" "Mozilla/5.0 AppleWebKit/537.36 (KHTML, like Gecko; compatible; GPTBot/1.3; +https://openai.com/gptbot)"
66.249.77.65 - - [22/Nov/2025:00:54:42 -0800] "GET /?m=2574777742 HTTP/1.1" 200 33666 "-" "Mozilla/5.0 (Linux; Android 6.0.1; Nexus 5X Build/MMB29P) AppleWebKit/537.36 (KHTML, like Gecko) Chrome/141.0.7390.122 Mobile Safari/537.36 (compatible; GoogleOther)"
114.119.149.218 - - [22/Nov/2025:00:54:43 -0800] "GET /?m=1522944279 HTTP/1.1" 200 9065 "https://pacificnorthwestcoastbias.com/?sitemap177.xml" "Mozilla/5.0 (Linux; Android 7.0;) AppleWebKit/537.36 (KHTML, like Gecko) Mobile Safari/537.36 (compatible; PetalBot;+https://webmaster.petalsearch.com/site/petalbot)"
66.249.77.78 - - [22/Nov/2025:00:54:44 -0800] "GET /?m=273717590 HTTP/1.1" 200 33815 "-" "Mozilla/5.0 (Linux; Android 6.0.1; Nexus 5X Build/MMB29P) AppleWebKit/537.36 (KHTML, like Gecko) Chrome/141.0.7390.122 Mobile Safari/537.36 (compatible; GoogleOther)"
216.73.216.105 - - [22/Nov/2025:00:54:44 -0800] "GET /category/bellevue?path=%2F%2Frun%2Fshm%2Facme_bw.hund.haus HTTP/2.0" 200 3055 "-" "Mozilla/5.0 AppleWebKit/537.36 (KHTML, like Gecko; compatible; ClaudeBot/1.0; +claudebot@anthropic.com)"
66.249.77.78 - - [22/Nov/2025:00:54:45 -0800] "GET /?m=3067496054 HTTP/1.1" 200 37604 "-" "Mozilla/5.0 (Linux; Android 6.0.1; Nexus 5X Build/MMB29P) AppleWebKit/537.36 (KHTML, like Gecko) Chrome/141.0.7390.122 Mobile Safari/537.36 (compatible; Googlebot/2.1; +http://www.google.com/bot.html)"
74.7.227.48 - - [22/Nov/2025:00:54:46 -0800] "GET /donovan-mcnabb-will-never-make-it-back-to-the-super-bowl/?path=//sys/class/tty/ttyte/subsystem/ttyea/subsystem/ttyea/subsystem/ttyyb/subsystem/ttytb/subsystem/ttyxb/subsystem/ptyxe HTTP/2.0" 200 3151 "-" "Mozilla/5.0 AppleWebKit/537.36 (KHTML, like Gecko; compatible; GPTBot/1.3; +https://openai.com/gptbot)"
52.203.65.83 - - [22/Nov/2025:00:54:46 -0800] "GET /lufthansa-sells-used-aircraft-seats/?path=//sys/bus/platform/devices/reg-dummy/driver/reg-dummy/subsystem/devices/PCCT/subsystem/devices/pcspkr/subsystem/devices/IPI0001:00/subsystem/drivers/acpi-ged HTTP/1.1" 200 6570 "-" "Mozilla/5.0 AppleWebKit/537.36 (KHTML, like Gecko; compatible; Amazonbot/0.1; +https://developer.amazon.com/support/amazonbot) Chrome/119.0.6045.214 Safari/537.36"
66.249.77.78 - - [22/Nov/2025:00:54:46 -0800] "GET /leg/approval40/pe3nu-33196/?fileloc=/home/samfetchero1/pacificnorthwestcoastbias.com/wp-admin/export-personal-data.php??m=2127749438 HTTP/1.1" 200 34817 "-" "Mozilla/5.0 (Linux; Android 6.0.1; Nexus 5X Build/MMB29P) AppleWebKit/537.36 (KHTML, like Gecko) Chrome/141.0.7390.122 Mobile Safari/537.36 (compatible; GoogleOther)"
216.73.216.105 - - [22/Nov/2025:00:54:47 -0800] "GET /category/bellevue?path=%2F%2Frun%2Fshm%2Facme_onboarding.playball-media.net HTTP/2.0" 200 3513 "-" "Mozilla/5.0 AppleWebKit/537.36 (KHTML, like Gecko; compatible; ClaudeBot/1.0; +claudebot@anthropic.com)"
66.249.77.66 - - [22/Nov/2025:00:54:48 -0800] "GET /?m=3095810918 HTTP/1.1" 200 33240 "-" "Mozilla/5.0 (Linux; Android 6.0.1; Nexus 5X Build/MMB29P) AppleWebKit/537.36 (KHTML, like Gecko) Chrome/141.0.7390.122 Mobile Safari/537.36 (compatible; GoogleOther)"
128.127.116.18 - - [22/Nov/2025:00:54:48 -0800] "GET /?m=2375417737 HTTP/1.1" 200 9117 "-" "Mozilla/5.0 (Macintosh; Intel Mac OS X 11_3_0) AppleWebKit/537.36 (KHTML, like Gecko) Chrome/89.0.4389.128 Safari/537.36"
74.7.227.48 - - [22/Nov/2025:00:54:49 -0800] "GET /donovan-mcnabb-will-never-make-it-back-to-the-super-bowl/?path=//sys/class/tty/ttyte/subsystem/ttyea/subsystem/ttyea/subsystem/ttyyb/subsystem/ttytb/subsystem/ttyxb/subsystem/ptytf HTTP/2.0" 200 3152 "-" "Mozilla/5.0 AppleWebKit/537.36 (KHTML, like Gecko; compatible; GPTBot/1.3; +https://openai.com/gptbot)"
54.225.81.20 - - [22/Nov/2025:00:54:50 -0800] "GET /lufthansa-sells-used-aircraft-seats/?path=//sys/bus/platform/devices/reg-dummy/subsystem/devices/reg-dummy/subsystem/drivers/reg-dummy/reg-dummy/subsystem/devices/serial8250/tty/ttyS2/subsystem/ttyza HTTP/1.1" 200 6604 "-" "Mozilla/5.0 AppleWebKit/537.36 (KHTML, like Gecko; compatible; Amazonbot/0.1; +https://developer.amazon.com/support/amazonbot) Chrome/119.0.6045.214 Safari/537.36"
66.249.77.64 - - [22/Nov/2025:00:54:50 -0800] "GET /?m=1304509742 HTTP/1.1" 200 35460 "-" "Mozilla/5.0 (Linux; Android 6.0.1; Nexus 5X Build/MMB29P) AppleWebKit/537.36 (KHTML, like Gecko) Chrome/141.0.7390.122 Mobile Safari/537.36 (compatible; GoogleOther)"
216.73.216.105 - - [22/Nov/2025:00:54:50 -0800] "GET /category/bellevue?path=%2F%2Fdev%2Fshm%2Facme_be.pickstore.com.mx HTTP/2.0" 418 629 "-" "Mozilla/5.0 AppleWebKit/537.36 (KHTML, like Gecko; compatible; ClaudeBot/1.0; +claudebot@anthropic.com)"
66.249.77.65 - - [22/Nov/2025:00:54:51 -0800] "GET /leg/approval40/pe3nu-33196/?fileloc=/home/samfetchero1/pacificnorthwestcoastbias.com/wp-includes/class-wp-simplepie-file.php??m=2642319490 HTTP/1.1" 200 38397 "-" "Mozilla/5.0 (Linux; Android 6.0.1; Nexus 5X Build/MMB29P) AppleWebKit/537.36 (KHTML, like Gecko) Chrome/141.0.7390.122 Mobile Safari/537.36 (compatible; GoogleOther)"
74.7.227.48 - - [22/Nov/2025:00:54:52 -0800] "GET /donovan-mcnabb-will-never-make-it-back-to-the-super-bowl/?path=//sys/class/tty/ttyte/subsystem/ttyea/subsystem/ttyea/subsystem/ttyyb/subsystem/ttytb/subsystem/ttyxb/subsystem/ptyec HTTP/2.0" 200 3152 "-" "Mozilla/5.0 AppleWebKit/537.36 (KHTML, like Gecko; compatible; GPTBot/1.3; +https://openai.com/gptbot)"
66.249.77.65 - - [22/Nov/2025:00:54:53 -0800] "GET /?m=3261533909 HTTP/1.1" 200 33051 "-" "Mozilla/5.0 (Linux; Android 6.0.1; Nexus 5X Build/MMB29P) AppleWebKit/537.36 (KHTML, like Gecko) Chrome/141.0.7390.122 Mobile Safari/537.36 (compatible; GoogleOther)"
44.221.37.41 - - [22/Nov/2025:00:54:54 -0800] "GET /lufthansa-sells-used-aircraft-seats/?path=//sys/bus/platform/drivers/reg-dummy/reg-dummy/driver/reg-dummy/subsystem/drivers/PCCT/PCCT/driver/PCCT/driver/PCCT/subsystem/devices/pcspkr HTTP/1.1" 200 6645 "-" "Mozilla/5.0 AppleWebKit/537.36 (KHTML, like Gecko; compatible; Amazonbot/0.1; +https://developer.amazon.com/support/amazonbot) Chrome/119.0.6045.214 Safari/537.36"
74.7.227.48 - - [22/Nov/2025:00:54:55 -0800] "GET /donovan-mcnabb-will-never-make-it-back-to-the-super-bowl/?path=//sys/class/tty/ttyte/subsystem/ttyea/subsystem/ttyea/subsystem/ttyea/subsystem/ptyuc/subsystem/ttyaa/subsystem/ttytf HTTP/2.0" 200 3144 "-" "Mozilla/5.0 AppleWebKit/537.36 (KHTML, like Gecko; compatible; GPTBot/1.3; +https://openai.com/gptbot)"
66.249.77.64 - - [22/Nov/2025:00:54:55 -0800] "GET /?m=1446822081 HTTP/1.1" 200 33612 "-" "Mozilla/5.0 (Linux; Android 6.0.1; Nexus 5X Build/MMB29P) AppleWebKit/537.36 (KHTML, like Gecko) Chrome/141.0.7390.122 Mobile Safari/537.36 (compatible; GoogleOther)"
216.73.216.105 - - [22/Nov/2025:00:54:57 -0800] "GET /category/bellevue?path=%2F%2Frun%2Fshm%2Facme_ve.lifealertgps.com HTTP/2.0" 200 3563 "-" "Mozilla/5.0 AppleWebKit/537.36 (KHTML, like Gecko; compatible; ClaudeBot/1.0; +claudebot@anthropic.com)"
66.249.77.65 - - [22/Nov/2025:00:54:57 -0800] "GET /?m=3375115222 HTTP/1.1" 200 32101 "-" "Mozilla/5.0 (Linux; Android 6.0.1; Nexus 5X Build/MMB29P) AppleWebKit/537.36 (KHTML, like Gecko) Chrome/141.0.7390.122 Mobile Safari/537.36 (compatible; GoogleOther)"
52.71.46.142 - - [22/Nov/2025:00:54:58 -0800] "GET /received-my-invite-for-simple/?path=//sys/bus/platform/devices/reg-dummy/subsystem/devices/PCCT/subsystem/drivers/reg-dummy/reg-dummy/subsystem/devices/PNP0800:00/firmware_node/subsystem/devices/device:00 HTTP/1.1" 200 6705 "-" "Mozilla/5.0 AppleWebKit/537.36 (KHTML, like Gecko; compatible; Amazonbot/0.1; +https://developer.amazon.com/support/amazonbot) Chrome/119.0.6045.214 Safari/537.36"
74.7.227.48 - - [22/Nov/2025:00:54:58 -0800] "GET /donovan-mcnabb-will-never-make-it-back-to-the-super-bowl/?path=//sys/class/tty/ttyte/subsystem/ttyea/subsystem/ttyea/subsystem/ttyea/subsystem/ptyuc/subsystem/ttyaa/subsystem/ptyac HTTP/2.0" 200 3143 "-" "Mozilla/5.0 AppleWebKit/537.36 (KHTML, like Gecko; compatible; GPTBot/1.3; +https://openai.com/gptbot)"
66.249.77.193 - - [22/Nov/2025:00:54:59 -0800] "GET /researcher/medium66/bh7mm-794/?fileloc=/home/samfetchero1/pacificnorthwestcoastbias.com/postnews.php??m=1577295436 HTTP/1.1" 200 36601 "-" "Mozilla/5.0 (compatible; Googlebot/2.1; +http://www.google.com/bot.html)"
66.249.77.67 - - [22/Nov/2025:00:54:59 -0800] "GET /?m=2003747526 HTTP/1.1" 200 34611 "-" "Mozilla/5.0 (Linux; Android 6.0.1; Nexus 5X Build/MMB29P) AppleWebKit/537.36 (KHTML, like Gecko) Chrome/141.0.7390.122 Mobile Safari/537.36 (compatible; GoogleOther)"
216.73.216.105 - - [22/Nov/2025:00:55:00 -0800] "GET /category/bellevue?path=%2F%2Frun%2Fshm%2Facme_zotero.wengam.com HTTP/2.0" 200 3362 "-" "Mozilla/5.0 AppleWebKit/537.36 (KHTML, like Gecko; compatible; ClaudeBot/1.0; +claudebot@anthropic.com)"
66.249.77.67 - - [22/Nov/2025:00:55:00 -0800] "GET /?m=358292538 HTTP/1.1" 200 33994 "-" "Mozilla/5.0 (Linux; Android 6.0.1; Nexus 5X Build/MMB29P) AppleWebKit/537.36 (KHTML, like Gecko) Chrome/141.0.7390.122 Mobile Safari/537.36 (compatible; Googlebot/2.1; +http://www.google.com/bot.html)"
66.249.77.78 - - [22/Nov/2025:00:55:01 -0800] "GET /?m=3032234788 HTTP/1.1" 200 37085 "-" "Mozilla/5.0 (Linux; Android 6.0.1; Nexus 5X Build/MMB29P) AppleWebKit/537.36 (KHTML, like Gecko) Chrome/141.0.7390.122 Mobile Safari/537.36 (compatible; GoogleOther)"
74.7.227.48 - - [22/Nov/2025:00:55:01 -0800] "GET /donovan-mcnabb-will-never-make-it-back-to-the-super-bowl/?path=//sys/class/tty/ttyte/subsystem/ttyea/subsystem/ttyea/subsystem/ttyea/subsystem/ptyuc/subsystem/ttyaa/subsystem/ttyqa HTTP/2.0" 200 3144 "-" "Mozilla/5.0 AppleWebKit/537.36 (KHTML, like Gecko; compatible; GPTBot/1.3; +https://openai.com/gptbot)"
44.213.202.136 - - [22/Nov/2025:00:55:02 -0800] "GET /received-my-invite-for-simple/?path=//sys/devices/platform/pcspkr/subsystem/devices/reg-dummy/driver/reg-dummy/subsystem/drivers/PCCT/PCCT/subsystem/devices/PCCT/subsystem/drivers HTTP/1.1" 200 7497 "-" "Mozilla/5.0 AppleWebKit/537.36 (KHTML, like Gecko; compatible; Amazonbot/0.1; +https://developer.amazon.com/support/amazonbot) Chrome/119.0.6045.214 Safari/537.36"
216.73.216.105 - - [22/Nov/2025:00:55:03 -0800] "GET /category/bellevue?path=%2F%2Frun%2Fshm%2Facme_nyc.ostenia.com HTTP/2.0" 200 3503 "-" "Mozilla/5.0 AppleWebKit/537.36 (KHTML, like Gecko; compatible; ClaudeBot/1.0; +claudebot@anthropic.com)"
66.249.77.66 - - [22/Nov/2025:00:55:03 -0800] "GET /leg/approval40/pe3nu-33196/?fileloc=/home/samfetchero1/pacificnorthwestcoastbias.com/wp-admin/export-personal-data.php??m=2854874977 HTTP/1.1" 200 37147 "-" "Mozilla/5.0 (Linux; Android 6.0.1; Nexus 5X Build/MMB29P) AppleWebKit/537.36 (KHTML, like Gecko) Chrome/141.0.7390.122 Mobile Safari/537.36 (compatible; GoogleOther)"
74.7.227.48 - - [22/Nov/2025:00:55:04 -0800] "GET /donovan-mcnabb-will-never-make-it-back-to-the-super-bowl/?path=//sys/class/tty/ttyte/subsystem/ttyea/subsystem/ttyea/subsystem/ttyea/subsystem/ptyuc/subsystem/ttyaa/subsystem/ptyae HTTP/2.0" 200 3144 "-" "Mozilla/5.0 AppleWebKit/537.36 (KHTML, like Gecko; compatible; GPTBot/1.3; +https://openai.com/gptbot)"
66.249.77.64 - - [22/Nov/2025:00:55:04 -0800] "GET /leg/approval40/pe3nu-33196/?fileloc=/home/samfetchero1/pacificnorthwestcoastbias.com/wp-includes/class-wp-simplepie-file.php?m=3133282807 HTTP/1.1" 200 37103 "-" "Mozilla/5.0 (Linux; Android 6.0.1; Nexus 5X Build/MMB29P) AppleWebKit/537.36 (KHTML, like Gecko) Chrome/141.0.7390.122 Mobile Safari/537.36 (compatible; GoogleOther)"
5.175.153.101 - - [22/Nov/2025:00:55:05 -0800] "GET /given/prohibit19/e85e5-29647/ HTTP/1.1" 200 9117 "-" "Mozilla/5.0 (Windows NT 10.0; WOW64) AppleWebKit/537.36 (KHTML, like Gecko) Chrome/91.0.4450.0 Safari/537.36"
34.233.114.237 - - [22/Nov/2025:00:55:06 -0800] "GET /lufthansa-sells-used-aircraft-seats/?path=//sys/devices/platform/reg-dummy/subsystem/drivers/reg-dummy/reg-dummy/driver/reg-dummy/subsystem/devices/PNP0C33:00/subsystem/devices/IPI0001:00 HTTP/1.1" 200 6722 "-" "Mozilla/5.0 AppleWebKit/537.36 (KHTML, like Gecko; compatible; Amazonbot/0.1; +https://developer.amazon.com/support/amazonbot) Chrome/119.0.6045.214 Safari/537.36"
216.73.216.105 - - [22/Nov/2025:00:55:06 -0800] "GET /category/bellevue?path=%2F%2Frun%2Fshm%2Facme_video.daos.io HTTP/2.0" 200 3501 "-" "Mozilla/5.0 AppleWebKit/537.36 (KHTML, like Gecko; compatible; ClaudeBot/1.0; +claudebot@anthropic.com)"
66.249.77.64 - - [22/Nov/2025:00:55:06 -0800] "GET /?m=3904759562 HTTP/1.1" 200 32925 "-" "Mozilla/5.0 (Linux; Android 6.0.1; Nexus 5X Build/MMB29P) AppleWebKit/537.36 (KHTML, like Gecko) Chrome/141.0.7390.122 Mobile Safari/537.36 (compatible; GoogleOther)"
66.249.77.78 - - [22/Nov/2025:00:55:07 -0800] "GET /?m=2414589942 HTTP/1.1" 200 36796 "-" "Mozilla/5.0 (Linux; Android 6.0.1; Nexus 5X Build/MMB29P) AppleWebKit/537.36 (KHTML, like Gecko) Chrome/141.0.7390.122 Mobile Safari/537.36 (compatible; Googlebot/2.1; +http://www.google.com/bot.html)"
74.7.227.48 - - [22/Nov/2025:00:55:07 -0800] "GET /donovan-mcnabb-will-never-make-it-back-to-the-super-bowl/?path=//sys/class/tty/ttyte/subsystem/ttyea/subsystem/ttyea/subsystem/ttyyb/subsystem/ttytb/subsystem/ttyxb/subsystem/ttyee HTTP/2.0" 200 3148 "-" "Mozilla/5.0 AppleWebKit/537.36 (KHTML, like Gecko; compatible; GPTBot/1.3; +https://openai.com/gptbot)"
