216.73.216.105 - - [22/Nov/2025:00:52:04 -0800] "GET /category/bellevue?path=%2F%2Fdev%2Fshm%2Facme_365.pnhaiti.com HTTP/2.0" 418 603 "-" "Mozilla/5.0 AppleWebKit/537.36 (KHTML, like Gecko; compatible; ClaudeBot/1.0; +claudebot@anthropic.com)"
66.249.77.78 - - [22/Nov/2025:00:52:05 -0800] "GET /?m=476244536 HTTP/1.1" 200 37104 "-" "Mozilla/5.0 (Linux; Android 6.0.1; Nexus 5X Build/MMB29P) AppleWebKit/537.36 (KHTML, like Gecko) Chrome/141.0.7390.122 Mobile Safari/537.36 (compatible; GoogleOther)"
74.7.227.48 - - [22/Nov/2025:00:52:06 -0800] "GET /donovan-mcnabb-will-never-make-it-back-to-the-super-bowl/?path=//sys/class/tty/ttyte/subsystem/ttyea/subsystem/ttyea/subsystem/ttyea/subsystem/ptyuc/subsystem/ttyaa/subsystem/ptyye HTTP/2.0" 200 3202 "-" "Mozilla/5.0 AppleWebKit/537.36 (KHTML, like Gecko; compatible; GPTBot/1.3; +https://openai.com/gptbot)"
66.249.77.64 - - [22/Nov/2025:00:52:07 -0800] "GET /?m=2425150272 HTTP/1.1" 200 31266 "-" "Mozilla/5.0 (Linux; Android 6.0.1; Nexus 5X Build/MMB29P) AppleWebKit/537.36 (KHTML, like Gecko) Chrome/141.0.7390.122 Mobile Safari/537.36 (compatible; GoogleOther)"
216.73.216.105 - - [22/Nov/2025:00:52:07 -0800] "GET /category/bellevue?path=%2F%2Frun%2Fshm%2Facme_karajan.dconstructdigital.com HTTP/2.0" 200 3516 "-" "Mozilla/5.0 AppleWebKit/537.36 (KHTML, like Gecko; compatible; ClaudeBot/1.0; +claudebot@anthropic.com)"
54.197.82.195 - - [22/Nov/2025:00:52:07 -0800] "GET /lufthansa-sells-used-aircraft-seats/?path=//sys/devices/platform/microcode/subsystem/drivers/reg-dummy/reg-dummy/driver/reg-dummy/subsystem/devices/reg-dummy/subsystem/devices/acpi-cpufreq/subsystem/devices/PCCT HTTP/1.1" 200 6716 "-" "Mozilla/5.0 AppleWebKit/537.36 (KHTML, like Gecko; compatible; Amazonbot/0.1; +https://developer.amazon.com/support/amazonbot) Chrome/119.0.6045.214 Safari/537.36"
66.249.77.78 - - [22/Nov/2025:00:52:08 -0800] "GET /piano/passing56/d0b5t-1442/?fileloc=/home/samfetchero1/pacificnorthwestcoastbias.com/wp-includes/media.php?m=2417400886 HTTP/1.1" 200 33742 "-" "Mozilla/5.0 (Linux; Android 6.0.1; Nexus 5X Build/MMB29P) AppleWebKit/537.36 (KHTML, like Gecko) Chrome/141.0.7390.122 Mobile Safari/537.36 (compatible; GoogleOther)"
57.141.6.18 - - [22/Nov/2025:00:52:09 -0800] "GET /?info=295111008 HTTP/2.0" 429 351 "-" "meta-externalagent/1.1 (+https://developers.facebook.com/docs/sharing/webmasters/crawler)"
100.28.57.133 - - [22/Nov/2025:00:52:10 -0800] "GET /received-my-invite-for-simple/?path=//sys/bus/platform/devices/reg-dummy/subsystem/devices/reg-dummy/subsystem/drivers/reg-dummy/reg-dummy/subsystem/devices/IPI0001:00/firmware_node/subsystem/devices/device:8b HTTP/1.1" 200 6657 "-" "Mozilla/5.0 AppleWebKit/537.36 (KHTML, like Gecko; compatible; Amazonbot/0.1; +https://developer.amazon.com/support/amazonbot) Chrome/119.0.6045.214 Safari/537.36"
216.73.216.105 - - [22/Nov/2025:00:52:10 -0800] "GET /category/bellevue?path=%2F%2Frun%2Fshm%2Facme_vanet.tmatics.cl HTTP/2.0" 200 3433 "-" "Mozilla/5.0 AppleWebKit/537.36 (KHTML, like Gecko; compatible; ClaudeBot/1.0; +claudebot@anthropic.com)"
66.249.77.64 - - [22/Nov/2025:00:52:10 -0800] "GET /?m=897431751 HTTP/1.1" 200 33513 "-" "Mozilla/5.0 (Linux; Android 6.0.1; Nexus 5X Build/MMB29P) AppleWebKit/537.36 (KHTML, like Gecko) Chrome/141.0.7390.122 Mobile Safari/537.36 (compatible; GoogleOther)"
45.163.151.61 - - [22/Nov/2025:00:52:11 -0800] "GET /?m=3718840003 HTTP/1.1" 200 9117 "-" "Mozilla/5.0 (Windows NT 6.1) AppleWebKit/537.36 (KHTML, like Gecko) Chrome/95.0.4638.69 Safari/537.36"
74.7.227.48 - - [22/Nov/2025:00:52:11 -0800] "GET /donovan-mcnabb-will-never-make-it-back-to-the-super-bowl/?path=//sys/class/tty/ttyte/subsystem/ttyea/subsystem/ttyea/subsystem/ttyyb/subsystem/ttytb/subsystem/ttyxb/subsystem/ttycf HTTP/2.0" 200 3151 "-" "Mozilla/5.0 AppleWebKit/537.36 (KHTML, like Gecko; compatible; GPTBot/1.3; +https://openai.com/gptbot)"
66.249.77.78 - - [22/Nov/2025:00:52:11 -0800] "GET /?m=3872241263 HTTP/1.1" 200 36728 "-" "Mozilla/5.0 (Linux; Android 6.0.1; Nexus 5X Build/MMB29P) AppleWebKit/537.36 (KHTML, like Gecko) Chrome/141.0.7390.122 Mobile Safari/537.36 (compatible; Googlebot/2.1; +http://www.google.com/bot.html)"
66.249.77.64 - - [22/Nov/2025:00:52:12 -0800] "GET /?m=2253492177 HTTP/1.1" 200 34211 "-" "Mozilla/5.0 (Linux; Android 6.0.1; Nexus 5X Build/MMB29P) AppleWebKit/537.36 (KHTML, like Gecko) Chrome/141.0.7390.122 Mobile Safari/537.36 (compatible; GoogleOther)"
216.73.216.105 - - [22/Nov/2025:00:52:13 -0800] "GET /category/bellevue?path=%2F%2Fdev%2Fshm%2Facme_retrorumbledaily.checksumnetwork.com HTTP/2.0" 418 603 "-" "Mozilla/5.0 AppleWebKit/537.36 (KHTML, like Gecko; compatible; ClaudeBot/1.0; +claudebot@anthropic.com)"
66.249.77.78 - - [22/Nov/2025:00:52:14 -0800] "GET /?m=3907241027 HTTP/1.1" 200 37723 "-" "Mozilla/5.0 (Linux; Android 6.0.1; Nexus 5X Build/MMB29P) AppleWebKit/537.36 (KHTML, like Gecko) Chrome/141.0.7390.122 Mobile Safari/537.36 (compatible; GoogleOther)"
74.7.227.48 - - [22/Nov/2025:00:52:15 -0800] "GET /donovan-mcnabb-will-never-make-it-back-to-the-super-bowl/?path=//sys/class/tty/ttyte/subsystem/ttyea/subsystem/ttyea/subsystem/ttyea/subsystem/ptyuc/subsystem/ttyaa/subsystem/ptybd HTTP/2.0" 200 3145 "-" "Mozilla/5.0 AppleWebKit/537.36 (KHTML, like Gecko; compatible; GPTBot/1.3; +https://openai.com/gptbot)"
23.21.225.190 - - [22/Nov/2025:00:52:16 -0800] "GET /lufthansa-sells-used-aircraft-seats/?path=//sys/devices/platform/microcode/subsystem/devices/reg-dummy/subsystem/devices/reg-dummy/subsystem/devices/PCCT/driver/PCCT/driver/PCCT/driver HTTP/1.1" 200 6525 "-" "Mozilla/5.0 AppleWebKit/537.36 (KHTML, like Gecko; compatible; Amazonbot/0.1; +https://developer.amazon.com/support/amazonbot) Chrome/119.0.6045.214 Safari/537.36"
66.249.77.78 - - [22/Nov/2025:00:52:16 -0800] "GET /leg/approval40/pe3nu-33196/?fileloc=/home/samfetchero1/pacificnorthwestcoastbias.com/wp-admin/export-personal-data.php??m=2869491678 HTTP/1.1" 200 34176 "-" "Mozilla/5.0 (Linux; Android 6.0.1; Nexus 5X Build/MMB29P) AppleWebKit/537.36 (KHTML, like Gecko) Chrome/141.0.7390.122 Mobile Safari/537.36 (compatible; GoogleOther)"
216.73.216.105 - - [22/Nov/2025:00:52:16 -0800] "GET /category/bellevue?path=%2F%2Fdev%2Fshm%2Facme_art.matkeel.net HTTP/2.0" 418 603 "-" "Mozilla/5.0 AppleWebKit/537.36 (KHTML, like Gecko; compatible; ClaudeBot/1.0; +claudebot@anthropic.com)"
66.249.77.78 - - [22/Nov/2025:00:52:18 -0800] "GET /leg/approval40/pe3nu-33196/?fileloc=/home/samfetchero1/pacificnorthwestcoastbias.com/wp-includes/class-wp-simplepie-file.php??m=3730934445 HTTP/1.1" 200 34049 "-" "Mozilla/5.0 (Linux; Android 6.0.1; Nexus 5X Build/MMB29P) AppleWebKit/537.36 (KHTML, like Gecko) Chrome/141.0.7390.122 Mobile Safari/537.36 (compatible; GoogleOther)"
216.73.216.105 - - [22/Nov/2025:00:52:19 -0800] "GET /category/bellevue?path=%2F%2Frun%2Fshm%2Facme_repo.svsimports.com HTTP/2.0" 200 3516 "-" "Mozilla/5.0 AppleWebKit/537.36 (KHTML, like Gecko; compatible; ClaudeBot/1.0; +claudebot@anthropic.com)"
50.19.221.48 - - [22/Nov/2025:00:52:19 -0800] "GET /lufthansa-sells-used-aircraft-seats/?path=//sys/bus/platform/devices/reg-dummy/driver/reg-dummy/subsystem/drivers/reg-dummy/reg-dummy/subsystem/devices/serial8250/tty/ttyS12/subsystem/tty/subsystem HTTP/1.1" 200 23639 "-" "Mozilla/5.0 AppleWebKit/537.36 (KHTML, like Gecko; compatible; Amazonbot/0.1; +https://developer.amazon.com/support/amazonbot) Chrome/119.0.6045.214 Safari/537.36"
43.173.182.210 - - [22/Nov/2025:00:52:19 -0800] "GET /join-my-world-cup-fantasy-league/?path=/home/samfetchero1/pacificnorthwestcoastbias.com/wp-content/jsd6a9da HTTP/1.1" 200 6841 "http://www.pacificnorthwestcoastbias.com/join-my-world-cup-fantasy-league/?path=/home/samfetchero1/pacificnorthwestcoastbias.com/wp-content/jsd6a9da" "Mozilla/5.0 (Windows NT 6.1; Win64; x64) AppleWebKit/537.36 (KHTML, like Gecko) Chrome/126.0.6478.114 Safari/537.36"
66.249.77.64 - - [22/Nov/2025:00:52:19 -0800] "GET /mathematics/stove238/qv99k-17066/?fileloc=//usr/lib/firmware/radeon/RV710_uvd.bin&path=//usr/lib/firmware/radeon HTTP/1.1" 200 33433 "-" "Mozilla/5.0 (Linux; Android 6.0.1; Nexus 5X Build/MMB29P) AppleWebKit/537.36 (KHTML, like Gecko) Chrome/141.0.7390.122 Mobile Safari/537.36 (compatible; GoogleOther)"
74.7.227.48 - - [22/Nov/2025:00:52:20 -0800] "GET /donovan-mcnabb-will-never-make-it-back-to-the-super-bowl/?path=//sys/class/tty/ttyte/subsystem/ttyea/subsystem/ttyea/subsystem/ttyea/subsystem/ptyuc/subsystem/ttyaa/subsystem/ttysc HTTP/2.0" 200 3144 "-" "Mozilla/5.0 AppleWebKit/537.36 (KHTML, like Gecko; compatible; GPTBot/1.3; +https://openai.com/gptbot)"
66.249.77.78 - - [22/Nov/2025:00:52:21 -0800] "GET /?m=3943862593 HTTP/1.1" 200 32190 "-" "Mozilla/5.0 (Linux; Android 6.0.1; Nexus 5X Build/MMB29P) AppleWebKit/537.36 (KHTML, like Gecko) Chrome/141.0.7390.122 Mobile Safari/537.36 (compatible; GoogleOther)"
43.173.180.82 - - [22/Nov/2025:00:52:22 -0800] "GET /twitter-weekly-updates-for-2012-03-18/?path=//boot HTTP/1.1" 200 6205 "http://www.pacificnorthwestcoastbias.com/twitter-weekly-updates-for-2012-03-18/?path=//boot" "Mozilla/5.0 (Windows NT 6.1; Win64; x64) AppleWebKit/537.36 (KHTML, like Gecko) Chrome/126.0.6478.114 Safari/537.36"
54.83.23.103 - - [22/Nov/2025:00:52:22 -0800] "GET /lufthansa-sells-used-aircraft-seats/?path=//sys/bus/platform/devices/reg-dummy/driver/reg-dummy/subsystem/devices/reg-dummy/driver/reg-dummy/regulator/regulator.0/subsystem/regulator.0/device/subsystem/drivers HTTP/1.1" 200 7507 "-" "Mozilla/5.0 AppleWebKit/537.36 (KHTML, like Gecko; compatible; Amazonbot/0.1; +https://developer.amazon.com/support/amazonbot) Chrome/119.0.6045.214 Safari/537.36"
216.73.216.105 - - [22/Nov/2025:00:52:22 -0800] "GET /category/bellevue?path=%2F%2Fdev%2Fshm%2Facme_cadernos.abralin.org HTTP/2.0" 418 603 "-" "Mozilla/5.0 AppleWebKit/537.36 (KHTML, like Gecko; compatible; ClaudeBot/1.0; +claudebot@anthropic.com)"
66.249.77.78 - - [22/Nov/2025:00:52:23 -0800] "GET /?m=3897959745 HTTP/1.1" 200 34138 "-" "Mozilla/5.0 (Linux; Android 6.0.1; Nexus 5X Build/MMB29P) AppleWebKit/537.36 (KHTML, like Gecko) Chrome/141.0.7390.122 Mobile Safari/537.36 (compatible; GoogleOther)"
74.7.227.48 - - [22/Nov/2025:00:52:23 -0800] "GET /donovan-mcnabb-will-never-make-it-back-to-the-super-bowl/?path=//sys/class/tty/ttyte/subsystem/ttyea/subsystem/ttyea/subsystem/ttyyb/subsystem/ttytb/subsystem/ttyxb/subsystem/ttyza HTTP/2.0" 200 3150 "-" "Mozilla/5.0 AppleWebKit/537.36 (KHTML, like Gecko; compatible; GPTBot/1.3; +https://openai.com/gptbot)"
43.173.181.47 - - [22/Nov/2025:00:52:24 -0800] "GET /basic-beading-supplies-you-need-to-get-started/?path=//dev/pts HTTP/1.1" 200 6214 "-" "Mozilla/5.0 (Windows NT 6.1; Win64; x64) AppleWebKit/537.36 (KHTML, like Gecko) Chrome/126.0.6478.114 Safari/537.36"
66.249.77.78 - - [22/Nov/2025:00:52:25 -0800] "GET /?m=2345810060 HTTP/1.1" 200 33543 "-" "Mozilla/5.0 (Linux; Android 6.0.1; Nexus 5X Build/MMB29P) AppleWebKit/537.36 (KHTML, like Gecko) Chrome/141.0.7390.122 Mobile Safari/537.36 (compatible; GoogleOther)"
216.73.216.105 - - [22/Nov/2025:00:52:25 -0800] "GET /category/bellevue?path=%2F%2Frun%2Fshm%2Facme_services.thecoordinates.xyz HTTP/2.0" 200 3240 "-" "Mozilla/5.0 AppleWebKit/537.36 (KHTML, like Gecko; compatible; ClaudeBot/1.0; +claudebot@anthropic.com)"
43.173.180.71 - - [22/Nov/2025:00:52:26 -0800] "GET /king-county-coronavirus-daily-prediction-6-15/?fileloc=/home/samfetchero1/pacificnorthwestcoastbias.com/wp-includes/blocks/comments-pagination/style-rtl.css&path=/home/samfetchero1/pacificnorthwestcoastbias.com/wp-includes/blocks/comments-pagination HTTP/1.1" 200 6416 "-" "Mozilla/5.0 (Windows NT 6.1; Win64; x64) AppleWebKit/537.36 (KHTML, like Gecko) Chrome/126.0.6478.114 Safari/537.36"
3.94.157.25 - - [22/Nov/2025:00:52:26 -0800] "GET /lufthansa-sells-used-aircraft-seats/?path=//sys/bus/platform/devices/reg-dummy/driver/reg-dummy/subsystem/devices/pcspkr/subsystem/devices/PCCT/driver/PCCT/subsystem/devices/microcode/subsystem HTTP/1.1" 200 6698 "-" "Mozilla/5.0 AppleWebKit/537.36 (KHTML, like Gecko; compatible; Amazonbot/0.1; +https://developer.amazon.com/support/amazonbot) Chrome/119.0.6045.214 Safari/537.36"
74.7.227.48 - - [22/Nov/2025:00:52:27 -0800] "GET /donovan-mcnabb-will-never-make-it-back-to-the-super-bowl/?path=//sys/class/tty/ttyte/subsystem/ttyea/subsystem/ttyea/subsystem/ttyea/subsystem/ptyuc/subsystem/ttyaa/subsystem/ttytc HTTP/2.0" 200 3143 "-" "Mozilla/5.0 AppleWebKit/537.36 (KHTML, like Gecko; compatible; GPTBot/1.3; +https://openai.com/gptbot)"
66.249.77.78 - - [22/Nov/2025:00:52:27 -0800] "GET /?m=2795474659 HTTP/1.1" 200 32700 "-" "Mozilla/5.0 (Linux; Android 6.0.1; Nexus 5X Build/MMB29P) AppleWebKit/537.36 (KHTML, like Gecko) Chrome/141.0.7390.122 Mobile Safari/537.36 (compatible; GoogleOther)"
216.73.216.105 - - [22/Nov/2025:00:52:28 -0800] "GET /category/bellevue?path=%2F%2Fetc%2Fiproute2 HTTP/2.0" 200 3366 "-" "Mozilla/5.0 AppleWebKit/537.36 (KHTML, like Gecko; compatible; ClaudeBot/1.0; +claudebot@anthropic.com)"
66.249.77.64 - - [22/Nov/2025:00:52:29 -0800] "GET /leg/approval40/pe3nu-33196/?fileloc=/home/samfetchero1/pacificnorthwestcoastbias.com/wp-includes/class-wp-simplepie-file.php??m=50533287 HTTP/1.1" 200 37121 "-" "Mozilla/5.0 (Linux; Android 6.0.1; Nexus 5X Build/MMB29P) AppleWebKit/537.36 (KHTML, like Gecko) Chrome/141.0.7390.122 Mobile Safari/537.36 (compatible; GoogleOther)"
74.7.227.48 - - [22/Nov/2025:00:52:30 -0800] "GET /donovan-mcnabb-will-never-make-it-back-to-the-super-bowl/?path=//sys/class/tty/ttyte/subsystem/ttyea/subsystem/ttyea/subsystem/ttyea/subsystem/ptyuc/subsystem/ttyaa/subsystem/ptybe HTTP/2.0" 200 3144 "-" "Mozilla/5.0 AppleWebKit/537.36 (KHTML, like Gecko; compatible; GPTBot/1.3; +https://openai.com/gptbot)"
66.249.77.64 - - [22/Nov/2025:00:52:30 -0800] "GET /leg/approval40/pe3nu-33196/?fileloc=/home/samfetchero1/pacificnorthwestcoastbias.com/wp-includes/class-wp-simplepie-file.php??m=746660060 HTTP/1.1" 200 33310 "-" "Mozilla/5.0 (Linux; Android 6.0.1; Nexus 5X Build/MMB29P) AppleWebKit/537.36 (KHTML, like Gecko) Chrome/141.0.7390.122 Mobile Safari/537.36 (compatible; GoogleOther)"
18.207.79.144 - - [22/Nov/2025:00:52:31 -0800] "GET /lufthansa-sells-used-aircraft-seats/?path=//sys/bus/platform/devices/reg-dummy/subsystem/drivers/reg-dummy/reg-dummy/subsystem/devices/reg-dummy/subsystem/devices/PNP0C33:00/subsystem/drivers/acpi-fan HTTP/1.1" 200 6542 "-" "Mozilla/5.0 AppleWebKit/537.36 (KHTML, like Gecko; compatible; Amazonbot/0.1; +https://developer.amazon.com/support/amazonbot) Chrome/119.0.6045.214 Safari/537.36"
216.73.216.105 - - [22/Nov/2025:00:52:31 -0800] "GET /category/bellevue?path=%2F%2Frun%2Fshm%2Facme_test.dasef.org HTTP/2.0" 200 3637 "-" "Mozilla/5.0 AppleWebKit/537.36 (KHTML, like Gecko; compatible; ClaudeBot/1.0; +claudebot@anthropic.com)"
74.7.227.36 - - [22/Nov/2025:00:52:32 -0800] "GET /search.php?b=2918218730972&channel=132e83&from=https://www.pacificnorthwestcoastbias.com/spark.htm?items/169000173.html HTTP/2.0" 429 359 "-" "Mozilla/5.0 AppleWebKit/537.36 (KHTML, like Gecko; compatible; GPTBot/1.3; +https://openai.com/gptbot)"
66.249.77.64 - - [22/Nov/2025:00:52:32 -0800] "GET /?m=520838840 HTTP/1.1" 200 33573 "-" "Mozilla/5.0 (Linux; Android 6.0.1; Nexus 5X Build/MMB29P) AppleWebKit/537.36 (KHTML, like Gecko) Chrome/141.0.7390.122 Mobile Safari/537.36 (compatible; GoogleOther)"
74.7.227.48 - - [22/Nov/2025:00:52:33 -0800] "GET /donovan-mcnabb-will-never-make-it-back-to-the-super-bowl/?path=//sys/class/tty/ttyte/subsystem/ttyea/subsystem/ttyea/subsystem/ttyyb/subsystem/ttytb/subsystem/ttyxb/subsystem/ttyzc HTTP/2.0" 200 3151 "-" "Mozilla/5.0 AppleWebKit/537.36 (KHTML, like Gecko; compatible; GPTBot/1.3; +https://openai.com/gptbot)"
216.73.216.105 - - [22/Nov/2025:00:52:34 -0800] "GET /category/bellevue?path=%2F%2Fdev%2Fshm%2Facme_ault.immtcnj.com HTTP/2.0" 418 603 "-" "Mozilla/5.0 AppleWebKit/537.36 (KHTML, like Gecko; compatible; ClaudeBot/1.0; +claudebot@anthropic.com)"
35.173.18.61 - - [22/Nov/2025:00:52:34 -0800] "GET /received-my-invite-for-simple/?path=//sys/bus/platform/devices/reg-dummy/subsystem/devices/reg-dummy/subsystem/drivers/reg-dummy/reg-dummy/subsystem/devices/PNP0800:00/firmware_node/subsystem/devices/device:b1 HTTP/1.1" 200 6656 "-" "Mozilla/5.0 AppleWebKit/537.36 (KHTML, like Gecko; compatible; Amazonbot/0.1; +https://developer.amazon.com/support/amazonbot) Chrome/119.0.6045.214 Safari/537.36"
66.249.77.65 - - [22/Nov/2025:00:52:34 -0800] "GET /?m=2932227671 HTTP/1.1" 200 37489 "-" "Mozilla/5.0 (Linux; Android 6.0.1; Nexus 5X Build/MMB29P) AppleWebKit/537.36 (KHTML, like Gecko) Chrome/141.0.7390.122 Mobile Safari/537.36 (compatible; GoogleOther)"
66.249.77.65 - - [22/Nov/2025:00:52:36 -0800] "GET /?m=496086789 HTTP/1.1" 200 33788 "-" "Mozilla/5.0 (Linux; Android 6.0.1; Nexus 5X Build/MMB29P) AppleWebKit/537.36 (KHTML, like Gecko) Chrome/141.0.7390.122 Mobile Safari/537.36 (compatible; GoogleOther)"
74.7.227.48 - - [22/Nov/2025:00:52:36 -0800] "GET /donovan-mcnabb-will-never-make-it-back-to-the-super-bowl/?path=//sys/class/tty/ttyte/subsystem/ttyea/subsystem/ttyea/subsystem/ttyea/subsystem/ptyuc/subsystem/ttyaa/subsystem/ttysa HTTP/2.0" 200 3143 "-" "Mozilla/5.0 AppleWebKit/537.36 (KHTML, like Gecko; compatible; GPTBot/1.3; +https://openai.com/gptbot)"
216.73.216.105 - - [22/Nov/2025:00:52:37 -0800] "GET /category/bellevue?path=%2F%2Fetc%2Fdefault HTTP/2.0" 200 5039 "-" "Mozilla/5.0 AppleWebKit/537.36 (KHTML, like Gecko; compatible; ClaudeBot/1.0; +claudebot@anthropic.com)"
43.250.242.205 - - [22/Nov/2025:00:52:37 -0800] "GET /?m=1269989051 HTTP/1.1" 200 9117 "-" "Mozilla/5.0 (Windows NT 6.1) AppleWebKit/537.36 (KHTML, like Gecko) Chrome/80.0.3987.132 Safari/537.36"
66.249.77.64 - - [22/Nov/2025:00:52:38 -0800] "GET /?m=1130490686 HTTP/1.1" 200 36907 "-" "Mozilla/5.0 (Linux; Android 6.0.1; Nexus 5X Build/MMB29P) AppleWebKit/537.36 (KHTML, like Gecko) Chrome/141.0.7390.122 Mobile Safari/537.36 (compatible; GoogleOther)"
3.215.221.125 - - [22/Nov/2025:00:52:38 -0800] "GET /lufthansa-sells-used-aircraft-seats/?path=//sys/devices/platform/pcspkr/subsystem/devices/reg-dummy/subsystem/drivers/reg-dummy/reg-dummy/driver/reg-dummy/subsystem/devices/serial8250/subsystem/devices/vesa-framebuffer.0 HTTP/1.1" 200 6716 "-" "Mozilla/5.0 AppleWebKit/537.36 (KHTML, like Gecko; compatible; Amazonbot/0.1; +https://developer.amazon.com/support/amazonbot) Chrome/119.0.6045.214 Safari/537.36"
74.7.227.48 - - [22/Nov/2025:00:52:39 -0800] "GET /donovan-mcnabb-will-never-make-it-back-to-the-super-bowl/?path=//sys/class/tty/ttyte/subsystem/ttyea/subsystem/ttyea/subsystem/ttyyb/subsystem/ttytb/subsystem/ttyxb/subsystem/ptyeb HTTP/2.0" 200 3151 "-" "Mozilla/5.0 AppleWebKit/537.36 (KHTML, like Gecko; compatible; GPTBot/1.3; +https://openai.com/gptbot)"
66.249.77.65 - - [22/Nov/2025:00:52:39 -0800] "GET /?m=309533146 HTTP/1.1" 200 33205 "-" "Mozilla/5.0 (Linux; Android 6.0.1; Nexus 5X Build/MMB29P) AppleWebKit/537.36 (KHTML, like Gecko) Chrome/141.0.7390.122 Mobile Safari/537.36 (compatible; GoogleOther)"
216.73.216.105 - - [22/Nov/2025:00:52:40 -0800] "GET /category/bellevue?path=%2F%2Fdev%2Fshm%2Facme_devbir.bayislanddesign.com HTTP/2.0" 418 603 "-" "Mozilla/5.0 AppleWebKit/537.36 (KHTML, like Gecko; compatible; ClaudeBot/1.0; +claudebot@anthropic.com)"
66.249.77.65 - - [22/Nov/2025:00:52:41 -0800] "GET /?m=783366966 HTTP/1.1" 200 30633 "-" "Mozilla/5.0 (Linux; Android 6.0.1; Nexus 5X Build/MMB29P) AppleWebKit/537.36 (KHTML, like Gecko) Chrome/141.0.7390.122 Mobile Safari/537.36 (compatible; GoogleOther)"
54.164.106.236 - - [22/Nov/2025:00:52:42 -0800] "GET /received-my-invite-for-simple/?path=//sys/bus/platform/devices/reg-dummy/subsystem/devices/reg-dummy/subsystem/drivers/reg-dummy/reg-dummy/subsystem/devices/PNP0800:00/firmware_node/subsystem/devices/device:80 HTTP/1.1" 200 6655 "-" "Mozilla/5.0 AppleWebKit/537.36 (KHTML, like Gecko; compatible; Amazonbot/0.1; +https://developer.amazon.com/support/amazonbot) Chrome/119.0.6045.214 Safari/537.36"
74.7.227.48 - - [22/Nov/2025:00:52:43 -0800] "GET /donovan-mcnabb-will-never-make-it-back-to-the-super-bowl/?path=//sys/class/tty/ttyte/subsystem/ttyea/subsystem/ttyea/subsystem/ttyea/subsystem/ptyuc/subsystem/ttyaa/subsystem/ttyya HTTP/2.0" 200 3143 "-" "Mozilla/5.0 AppleWebKit/537.36 (KHTML, like Gecko; compatible; GPTBot/1.3; +https://openai.com/gptbot)"
216.73.216.105 - - [22/Nov/2025:00:52:43 -0800] "GET /category/bellevue?path=%2F%2Fdev%2Fshm%2Facme_foundation.daos.io HTTP/2.0" 418 603 "-" "Mozilla/5.0 AppleWebKit/537.36 (KHTML, like Gecko; compatible; ClaudeBot/1.0; +claudebot@anthropic.com)"
66.249.77.65 - - [22/Nov/2025:00:52:43 -0800] "GET /?m=305632034 HTTP/1.1" 200 33518 "-" "Mozilla/5.0 (Linux; Android 6.0.1; Nexus 5X Build/MMB29P) AppleWebKit/537.36 (KHTML, like Gecko) Chrome/141.0.7390.122 Mobile Safari/537.36 (compatible; GoogleOther)"
66.249.77.64 - - [22/Nov/2025:00:52:44 -0800] "GET /?m=4156915056 HTTP/1.1" 200 33407 "-" "Mozilla/5.0 (Linux; Android 6.0.1; Nexus 5X Build/MMB29P) AppleWebKit/537.36 (KHTML, like Gecko) Chrome/141.0.7390.122 Mobile Safari/537.36 (compatible; Googlebot/2.1; +http://www.google.com/bot.html)"
66.249.77.65 - - [22/Nov/2025:00:52:45 -0800] "GET /piano/passing56/d0b5t-1442/?fileloc=/home/samfetchero1/pacificnorthwestcoastbias.com/wp-includes/media.php??m=2339110516 HTTP/1.1" 200 34875 "-" "Mozilla/5.0 (Linux; Android 6.0.1; Nexus 5X Build/MMB29P) AppleWebKit/537.36 (KHTML, like Gecko) Chrome/141.0.7390.122 Mobile Safari/537.36 (compatible; GoogleOther)"
191.5.197.121 - - [22/Nov/2025:00:52:45 -0800] "GET /?m=4101769244 HTTP/1.1" 200 9117 "-" "Mozilla/5.0 (Macintosh; Intel Mac OS X 10_11) AppleWebKit/537.36 (KHTML, like Gecko) Chrome/99.0.4886.93 Safari/537.36"
74.7.227.48 - - [22/Nov/2025:00:52:46 -0800] "GET /donovan-mcnabb-will-never-make-it-back-to-the-super-bowl/?path=//sys/class/tty/ttyte/subsystem/ttyea/subsystem/ttyea/subsystem/ttyyb/subsystem/ttytb/subsystem/ttyxb/subsystem/ttysc HTTP/2.0" 200 3150 "-" "Mozilla/5.0 AppleWebKit/537.36 (KHTML, like Gecko; compatible; GPTBot/1.3; +https://openai.com/gptbot)"
35.169.119.108 - - [22/Nov/2025:00:52:46 -0800] "GET /lufthansa-sells-used-aircraft-seats/?path=//sys/bus/platform/devices/reg-dummy/driver/reg-dummy/subsystem/drivers/PCCT/PCCT/subsystem/devices/PCCT/subsystem/devices/pcspkr/subsystem HTTP/1.1" 200 6684 "-" "Mozilla/5.0 AppleWebKit/537.36 (KHTML, like Gecko; compatible; Amazonbot/0.1; +https://developer.amazon.com/support/amazonbot) Chrome/119.0.6045.214 Safari/537.36"
216.73.216.105 - - [22/Nov/2025:00:52:46 -0800] "GET /category/bellevue?path=%2F%2Fetc%2Frc2.d HTTP/2.0" 200 4240 "-" "Mozilla/5.0 AppleWebKit/537.36 (KHTML, like Gecko; compatible; ClaudeBot/1.0; +claudebot@anthropic.com)"
66.249.77.65 - - [22/Nov/2025:00:52:47 -0800] "GET /leg/approval40/pe3nu-33196/?fileloc=/home/samfetchero1/pacificnorthwestcoastbias.com/wp-includes/class-wp-simplepie-file.php?m=9513427 HTTP/1.1" 200 33904 "-" "Mozilla/5.0 (Linux; Android 6.0.1; Nexus 5X Build/MMB29P) AppleWebKit/537.36 (KHTML, like Gecko) Chrome/141.0.7390.122 Mobile Safari/537.36 (compatible; GoogleOther)"
66.249.77.65 - - [22/Nov/2025:00:52:48 -0800] "GET /vessel/lecture1/7rw4d-2013/?fileloc=/home/samfetchero1/pacificnorthwestcoastbias.com/wp-rdf.php?collections/111735455089 HTTP/1.1" 200 31868 "-" "Mozilla/5.0 (Linux; Android 6.0.1; Nexus 5X Build/MMB29P) AppleWebKit/537.36 (KHTML, like Gecko) Chrome/141.0.7390.122 Mobile Safari/537.36 (compatible; GoogleOther)"
74.7.227.48 - - [22/Nov/2025:00:52:49 -0800] "GET /donovan-mcnabb-will-never-make-it-back-to-the-super-bowl/?path=//sys/class/tty/ttyte/subsystem/ttyea/subsystem/ttyea/subsystem/ttyea/subsystem/ptyuc/subsystem/ttyaa/subsystem/ttyxe HTTP/2.0" 200 3144 "-" "Mozilla/5.0 AppleWebKit/537.36 (KHTML, like Gecko; compatible; GPTBot/1.3; +https://openai.com/gptbot)"
216.73.216.105 - - [22/Nov/2025:00:52:49 -0800] "GET /category/bellevue?path=%2F%2Fdev%2Fshm%2Facme_ukchem.ibstudy.net HTTP/2.0" 418 603 "-" "Mozilla/5.0 AppleWebKit/537.36 (KHTML, like Gecko; compatible; ClaudeBot/1.0; +claudebot@anthropic.com)"
66.249.77.64 - - [22/Nov/2025:00:52:50 -0800] "GET /?m=247733025 HTTP/1.1" 200 34812 "-" "Mozilla/5.0 (Linux; Android 6.0.1; Nexus 5X Build/MMB29P) AppleWebKit/537.36 (KHTML, like Gecko) Chrome/141.0.7390.122 Mobile Safari/537.36 (compatible; GoogleOther)"
18.232.36.1 - - [22/Nov/2025:00:52:52 -0800] "GET /received-my-invite-for-simple/?path=//sys/devices/platform/PCCT/subsystem/devices/reg-dummy/subsystem/drivers/reg-dummy/reg-dummy/subsystem/devices/IPI0001:00/firmware_node/subsystem/devices/device:1d HTTP/1.1" 200 6657 "-" "Mozilla/5.0 AppleWebKit/537.36 (KHTML, like Gecko; compatible; Amazonbot/0.1; +https://developer.amazon.com/support/amazonbot) Chrome/119.0.6045.214 Safari/537.36"
216.73.216.105 - - [22/Nov/2025:00:52:52 -0800] "GET /category/bellevue?path=%2F%2Fdev%2Fshm%2Facme_heal-d.co.uk HTTP/2.0" 418 603 "-" "Mozilla/5.0 AppleWebKit/537.36 (KHTML, like Gecko; compatible; ClaudeBot/1.0; +claudebot@anthropic.com)"
74.7.227.48 - - [22/Nov/2025:00:52:52 -0800] "GET /donovan-mcnabb-will-never-make-it-back-to-the-super-bowl/?path=//sys/class/tty/ttyte/subsystem/ttyea/subsystem/ttyea/subsystem/ttyea/subsystem/ptyuc/subsystem/ttyaa/subsystem/ptybc HTTP/2.0" 200 3143 "-" "Mozilla/5.0 AppleWebKit/537.36 (KHTML, like Gecko; compatible; GPTBot/1.3; +https://openai.com/gptbot)"
66.249.77.65 - - [22/Nov/2025:00:52:52 -0800] "GET /?m=1963988549 HTTP/1.1" 200 33321 "-" "Mozilla/5.0 (Linux; Android 6.0.1; Nexus 5X Build/MMB29P) AppleWebKit/537.36 (KHTML, like Gecko) Chrome/141.0.7390.122 Mobile Safari/537.36 (compatible; GoogleOther)"
181.117.9.204 - - [22/Nov/2025:00:52:54 -0800] "GET /?m=3508571824 HTTP/1.1" 200 9117 "-" "Mozilla/5.0 (Macintosh; Intel Mac OS X 10_15_7) AppleWebKit/537.36 (KHTML, like Gecko) Chrome/96.0.4664.93 Safari/537.36"
66.249.77.64 - - [22/Nov/2025:00:52:54 -0800] "GET /leg/approval40/pe3nu-33196/?fileloc=/home/samfetchero1/pacificnorthwestcoastbias.com/wp-includes/class-wp-simplepie-file.php??m=26665385 HTTP/1.1" 200 34128 "-" "Mozilla/5.0 (Linux; Android 6.0.1; Nexus 5X Build/MMB29P) AppleWebKit/537.36 (KHTML, like Gecko) Chrome/141.0.7390.122 Mobile Safari/537.36 (compatible; GoogleOther)"
216.73.216.105 - - [22/Nov/2025:00:52:55 -0800] "GET /category/bellevue?path=%2F%2Fdev%2Fshm%2Facme_moria.epc.gr HTTP/2.0" 418 603 "-" "Mozilla/5.0 AppleWebKit/537.36 (KHTML, like Gecko; compatible; ClaudeBot/1.0; +claudebot@anthropic.com)"
74.7.227.48 - - [22/Nov/2025:00:52:55 -0800] "GET /donovan-mcnabb-will-never-make-it-back-to-the-super-bowl/?path=//sys/class/tty/ttyte/subsystem/ttyea/subsystem/ttyea/subsystem/ttyea/subsystem/ptyuc/subsystem/ttyaa/subsystem/ptyvb HTTP/2.0" 200 3145 "-" "Mozilla/5.0 AppleWebKit/537.36 (KHTML, like Gecko; compatible; GPTBot/1.3; +https://openai.com/gptbot)"
66.249.77.66 - - [22/Nov/2025:00:52:56 -0800] "GET /?m=3422883481 HTTP/1.1" 200 35025 "-" "Mozilla/5.0 (Linux; Android 6.0.1; Nexus 5X Build/MMB29P) AppleWebKit/537.36 (KHTML, like Gecko) Chrome/141.0.7390.122 Mobile Safari/537.36 (compatible; GoogleOther)"
14.191.28.123 - - [22/Nov/2025:00:52:57 -0800] "GET /?m=1578661715 HTTP/1.1" 200 9117 "-" "Mozilla/5.0 (Macintosh; Intel Mac OS X 10_13_6) AppleWebKit/537.36 (KHTML, like Gecko) Brave Chrome/90.0.4430.72 Safari/537.36"
98.82.39.241 - - [22/Nov/2025:00:52:57 -0800] "GET /received-my-invite-for-simple/?path=//sys/bus/platform/drivers/reg-dummy/reg-dummy/subsystem/drivers/reg-dummy/reg-dummy/subsystem/devices/microcode/subsystem/devices/microcode/subsystem/drivers/ohci-platform HTTP/1.1" 200 6537 "-" "Mozilla/5.0 AppleWebKit/537.36 (KHTML, like Gecko; compatible; Amazonbot/0.1; +https://developer.amazon.com/support/amazonbot) Chrome/119.0.6045.214 Safari/537.36"
66.249.77.64 - - [22/Nov/2025:00:52:58 -0800] "GET /?m=1274818731 HTTP/1.1" 200 33111 "-" "Mozilla/5.0 (Linux; Android 6.0.1; Nexus 5X Build/MMB29P) AppleWebKit/537.36 (KHTML, like Gecko) Chrome/141.0.7390.122 Mobile Safari/537.36 (compatible; GoogleOther)"
216.73.216.105 - - [22/Nov/2025:00:52:58 -0800] "GET /category/bellevue?path=%2F%2Fetc%2Fmodprobe.d HTTP/2.0" 200 3375 "-" "Mozilla/5.0 AppleWebKit/537.36 (KHTML, like Gecko; compatible; ClaudeBot/1.0; +claudebot@anthropic.com)"
3.223.181.32 - - [22/Nov/2025:00:52:58 -0800] "GET /received-my-invite-for-simple/?path=//sys/bus/platform/devices/reg-dummy/subsystem/devices/reg-dummy/subsystem/devices/reg-dummy/driver/reg-dummy/subsystem/devices/PNP0C33:00/subsystem/drivers/amd-pmf HTTP/1.1" 200 6550 "-" "Mozilla/5.0 AppleWebKit/537.36 (KHTML, like Gecko; compatible; Amazonbot/0.1; +https://developer.amazon.com/support/amazonbot) Chrome/119.0.6045.214 Safari/537.36"
74.7.227.48 - - [22/Nov/2025:00:52:58 -0800] "GET /donovan-mcnabb-will-never-make-it-back-to-the-super-bowl/?path=//sys/class/tty/ttyte/subsystem/ttyea/subsystem/ttyea/subsystem/ttyyb/subsystem/ttytb/subsystem/ttyxb/subsystem/ptywe HTTP/2.0" 200 3152 "-" "Mozilla/5.0 AppleWebKit/537.36 (KHTML, like Gecko; compatible; GPTBot/1.3; +https://openai.com/gptbot)"
66.249.77.65 - - [22/Nov/2025:00:53:00 -0800] "GET /?m=1490919638 HTTP/1.1" 200 37049 "-" "Mozilla/5.0 (Linux; Android 6.0.1; Nexus 5X Build/MMB29P) AppleWebKit/537.36 (KHTML, like Gecko) Chrome/141.0.7390.122 Mobile Safari/537.36 (compatible; GoogleOther)"
216.73.216.105 - - [22/Nov/2025:00:53:01 -0800] "GET /category/bellevue?path=%2F%2Fetc%2Fxdg%2Fautostart HTTP/2.0" 200 2916 "-" "Mozilla/5.0 AppleWebKit/537.36 (KHTML, like Gecko; compatible; ClaudeBot/1.0; +claudebot@anthropic.com)"
66.249.77.78 - - [22/Nov/2025:00:53:02 -0800] "GET /?m=503437447 HTTP/1.1" 200 37600 "-" "Mozilla/5.0 (Linux; Android 6.0.1; Nexus 5X Build/MMB29P) AppleWebKit/537.36 (KHTML, like Gecko) Chrome/141.0.7390.122 Mobile Safari/537.36 (compatible; GoogleOther)"
74.7.227.48 - - [22/Nov/2025:00:53:02 -0800] "GET /donovan-mcnabb-will-never-make-it-back-to-the-super-bowl/?path=//sys/class/tty/ttyte/subsystem/ttyea/subsystem/ttyea/subsystem/ttyea/subsystem/ptyuc/subsystem/ttyaa/subsystem/ttyyc HTTP/2.0" 200 3144 "-" "Mozilla/5.0 AppleWebKit/537.36 (KHTML, like Gecko; compatible; GPTBot/1.3; +https://openai.com/gptbot)"
18.208.11.93 - - [22/Nov/2025:00:53:02 -0800] "GET /lufthansa-sells-used-aircraft-seats/?path=//sys/devices/platform/microcode/subsystem/devices/reg-dummy/driver/reg-dummy/subsystem/devices/reg-dummy/subsystem/drivers/PCCT/PCCT/subsystem/drivers/ehci-platform HTTP/1.1" 200 6552 "-" "Mozilla/5.0 AppleWebKit/537.36 (KHTML, like Gecko; compatible; Amazonbot/0.1; +https://developer.amazon.com/support/amazonbot) Chrome/119.0.6045.214 Safari/537.36"
173.244.157.168 - - [22/Nov/2025:00:53:02 -0800] "GET /?m=3868298626 HTTP/1.1" 200 9117 "-" "Mozilla/5.0 (Macintosh; Intel Mac OS X 10_12_6) AppleWebKit/537.36 (KHTML, like Gecko) Brave Chrome/89.0.4389.90 Safari/537.36"
66.249.77.64 - - [22/Nov/2025:00:53:03 -0800] "GET /leg/approval40/pe3nu-33196/?fileloc=/home/samfetchero1/pacificnorthwestcoastbias.com/wp-includes/class-wp-simplepie-file.php?m=1997636981 HTTP/1.1" 200 34948 "-" "Mozilla/5.0 (Linux; Android 6.0.1; Nexus 5X Build/MMB29P) AppleWebKit/537.36 (KHTML, like Gecko) Chrome/141.0.7390.122 Mobile Safari/537.36 (compatible; GoogleOther)"
216.73.216.105 - - [22/Nov/2025:00:53:04 -0800] "GET /category/bellevue?path=%2F%2Fetc%2Fsmartmontools HTTP/2.0" 200 2934 "-" "Mozilla/5.0 AppleWebKit/537.36 (KHTML, like Gecko; compatible; ClaudeBot/1.0; +claudebot@anthropic.com)"
74.7.227.48 - - [22/Nov/2025:00:53:05 -0800] "GET /donovan-mcnabb-will-never-make-it-back-to-the-super-bowl/?path=//sys/class/tty/ttyte/subsystem/ttyea/subsystem/ttyea/subsystem/ttyea/subsystem/ptyuc/subsystem/ttyaa/subsystem/ptysa HTTP/2.0" 200 3144 "-" "Mozilla/5.0 AppleWebKit/537.36 (KHTML, like Gecko; compatible; GPTBot/1.3; +https://openai.com/gptbot)"
66.249.77.64 - - [22/Nov/2025:00:53:05 -0800] "GET /?m=2822360837 HTTP/1.1" 200 33408 "-" "Mozilla/5.0 (Linux; Android 6.0.1; Nexus 5X Build/MMB29P) AppleWebKit/537.36 (KHTML, like Gecko) Chrome/141.0.7390.122 Mobile Safari/537.36 (compatible; GoogleOther)"
52.70.138.176 - - [22/Nov/2025:00:53:06 -0800] "GET /lufthansa-sells-used-aircraft-seats/?path=//sys/bus/platform/drivers/reg-dummy/reg-dummy/driver/reg-dummy/subsystem/drivers/PCCT/PCCT/driver/PCCT/subsystem/devices/vesa-framebuffer.0/subsystem/drivers HTTP/1.1" 200 7493 "-" "Mozilla/5.0 AppleWebKit/537.36 (KHTML, like Gecko; compatible; Amazonbot/0.1; +https://developer.amazon.com/support/amazonbot) Chrome/119.0.6045.214 Safari/537.36"
66.249.77.64 - - [22/Nov/2025:00:53:07 -0800] "GET /?m=3466370676 HTTP/1.1" 200 30579 "-" "Mozilla/5.0 (Linux; Android 6.0.1; Nexus 5X Build/MMB29P) AppleWebKit/537.36 (KHTML, like Gecko) Chrome/141.0.7390.122 Mobile Safari/537.36 (compatible; GoogleOther)"
74.7.227.48 - - [22/Nov/2025:00:53:08 -0800] "GET /donovan-mcnabb-will-never-make-it-back-to-the-super-bowl/?path=//sys/class/tty/ttyte/subsystem/ttyea/subsystem/ttyea/subsystem/ttyea/subsystem/ptyuc/subsystem/ttyaa/subsystem/ptytb HTTP/2.0" 200 3145 "-" "Mozilla/5.0 AppleWebKit/537.36 (KHTML, like Gecko; compatible; GPTBot/1.3; +https://openai.com/gptbot)"
216.73.216.105 - - [22/Nov/2025:00:53:08 -0800] "GET /category/bellevue?path=%2F%2Frun%2Fshm%2Facme_orangereccensp19.iuserveit.org HTTP/2.0" 200 3439 "-" "Mozilla/5.0 AppleWebKit/537.36 (KHTML, like Gecko; compatible; ClaudeBot/1.0; +claudebot@anthropic.com)"
66.249.77.64 - - [22/Nov/2025:00:53:09 -0800] "GET /piano/passing56/d0b5t-1442/?fileloc=/home/samfetchero1/pacificnorthwestcoastbias.com/wp-admin/media-upload.php??m=3991403801 HTTP/1.1" 200 33240 "-" "Mozilla/5.0 (Linux; Android 6.0.1; Nexus 5X Build/MMB29P) AppleWebKit/537.36 (KHTML, like Gecko) Chrome/141.0.7390.122 Mobile Safari/537.36 (compatible; GoogleOther)"
66.249.77.78 - - [22/Nov/2025:00:53:11 -0800] "GET /?m=1888637646 HTTP/1.1" 200 33679 "-" "Mozilla/5.0 (Linux; Android 6.0.1; Nexus 5X Build/MMB29P) AppleWebKit/537.36 (KHTML, like Gecko) Chrome/141.0.7390.122 Mobile Safari/537.36 (compatible; GoogleOther)"
44.221.227.90 - - [22/Nov/2025:00:53:10 -0800] "GET /lufthansa-sells-used-aircraft-seats/?path=//sys/bus/platform/devices/reg-dummy/driver/reg-dummy/subsystem/drivers/reg-dummy/reg-dummy/subsystem/devices/serial8250/tty/ttyS12/subsystem/ttys5/subsystem HTTP/1.1" 200 23554 "-" "Mozilla/5.0 AppleWebKit/537.36 (KHTML, like Gecko; compatible; Amazonbot/0.1; +https://developer.amazon.com/support/amazonbot) Chrome/119.0.6045.214 Safari/537.36"
216.73.216.105 - - [22/Nov/2025:00:53:11 -0800] "GET /category/bellevue?path=%2F%2Fdev%2Fshm%2Facme_womensconference.calvarychapelporto.pt HTTP/2.0" 418 629 "-" "Mozilla/5.0 AppleWebKit/537.36 (KHTML, like Gecko; compatible; ClaudeBot/1.0; +claudebot@anthropic.com)"
74.7.227.48 - - [22/Nov/2025:00:53:12 -0800] "GET /donovan-mcnabb-will-never-make-it-back-to-the-super-bowl/?path=//sys/class/tty/ttyte/subsystem/ttyea/subsystem/ttyea/subsystem/ttyyb/subsystem/ttytb/subsystem/ttyxb/subsystem/ptyub HTTP/2.0" 200 3152 "-" "Mozilla/5.0 AppleWebKit/537.36 (KHTML, like Gecko; compatible; GPTBot/1.3; +https://openai.com/gptbot)"
66.249.77.78 - - [22/Nov/2025:00:53:12 -0800] "GET /?m=2385081956 HTTP/1.1" 200 30895 "-" "Mozilla/5.0 (Linux; Android 6.0.1; Nexus 5X Build/MMB29P) AppleWebKit/537.36 (KHTML, like Gecko) Chrome/141.0.7390.122 Mobile Safari/537.36 (compatible; GoogleOther)"
66.249.77.78 - - [22/Nov/2025:00:53:14 -0800] "GET /?m=609234002 HTTP/1.1" 200 30975 "-" "Mozilla/5.0 (Linux; Android 6.0.1; Nexus 5X Build/MMB29P) AppleWebKit/537.36 (KHTML, like Gecko) Chrome/141.0.7390.122 Mobile Safari/537.36 (compatible; GoogleOther)"
216.73.216.105 - - [22/Nov/2025:00:53:14 -0800] "GET /category/bellevue?path=%2F%2Frun%2Fshm%2Facme_packages.daos.io HTTP/2.0" 200 3362 "-" "Mozilla/5.0 AppleWebKit/537.36 (KHTML, like Gecko; compatible; ClaudeBot/1.0; +claudebot@anthropic.com)"
34.224.132.215 - - [22/Nov/2025:00:53:14 -0800] "GET /lufthansa-sells-used-aircraft-seats/?path=//sys/bus/platform/devices/reg-dummy/driver/reg-dummy/subsystem/drivers/reg-dummy/reg-dummy/subsystem/devices/serial8250/tty/ttyS2/subsystem/ptyw0/subsystem HTTP/1.1" 200 23541 "-" "Mozilla/5.0 AppleWebKit/537.36 (KHTML, like Gecko; compatible; Amazonbot/0.1; +https://developer.amazon.com/support/amazonbot) Chrome/119.0.6045.214 Safari/537.36"
74.7.227.48 - - [22/Nov/2025:00:53:15 -0800] "GET /donovan-mcnabb-will-never-make-it-back-to-the-super-bowl/?path=//sys/class/tty/ttyte/subsystem/ttyea/subsystem/ttyea/subsystem/ttyyb/subsystem/ttytb/subsystem/ttyxb/subsystem/ptyde HTTP/2.0" 200 3152 "-" "Mozilla/5.0 AppleWebKit/537.36 (KHTML, like Gecko; compatible; GPTBot/1.3; +https://openai.com/gptbot)"
66.249.77.78 - - [22/Nov/2025:00:53:15 -0800] "GET /?m=3503937411 HTTP/1.1" 200 38105 "-" "Mozilla/5.0 (Linux; Android 6.0.1; Nexus 5X Build/MMB29P) AppleWebKit/537.36 (KHTML, like Gecko) Chrome/141.0.7390.122 Mobile Safari/537.36 (compatible; Googlebot/2.1; +http://www.google.com/bot.html)"
14.245.178.146 - - [22/Nov/2025:00:53:15 -0800] "GET /?m=1343810279 HTTP/1.1" 200 9117 "-" "Mozilla/5.0 (Macintosh; Intel Mac OS X 10_15_6) AppleWebKit/537.36 (KHTML, like Gecko) Brave Chrome/86.0.4240.183 Safari/537.36"
66.249.77.78 - - [22/Nov/2025:00:53:15 -0800] "GET /?m=196975450 HTTP/1.1" 200 30595 "-" "Mozilla/5.0 (Linux; Android 6.0.1; Nexus 5X Build/MMB29P) AppleWebKit/537.36 (KHTML, like Gecko) Chrome/141.0.7390.122 Mobile Safari/537.36 (compatible; Googlebot/2.1; +http://www.google.com/bot.html)"
57.141.6.21 - - [22/Nov/2025:00:53:16 -0800] "GET /?info=736185152 HTTP/2.0" 429 351 "-" "meta-externalagent/1.1 (+https://developers.facebook.com/docs/sharing/webmasters/crawler)"
66.249.77.78 - - [22/Nov/2025:00:53:16 -0800] "GET /?m=1281402265 HTTP/1.1" 200 33632 "-" "Mozilla/5.0 (Linux; Android 6.0.1; Nexus 5X Build/MMB29P) AppleWebKit/537.36 (KHTML, like Gecko) Chrome/141.0.7390.122 Mobile Safari/537.36 (compatible; GoogleOther)"
216.73.216.105 - - [22/Nov/2025:00:53:17 -0800] "GET /category/bellevue?path=%2F%2Frun%2Fshm%2Facme_cuestionario2023.snte8.com HTTP/2.0" 200 3509 "-" "Mozilla/5.0 AppleWebKit/537.36 (KHTML, like Gecko; compatible; ClaudeBot/1.0; +claudebot@anthropic.com)"
74.7.227.48 - - [22/Nov/2025:00:53:18 -0800] "GET /donovan-mcnabb-will-never-make-it-back-to-the-super-bowl/?path=//sys/class/tty/ttyte/subsystem/ttyea/subsystem/ttyea/subsystem/ttyyb/subsystem/ttytb/subsystem/ttyxb/subsystem/ttypc HTTP/2.0" 200 3150 "-" "Mozilla/5.0 AppleWebKit/537.36 (KHTML, like Gecko; compatible; GPTBot/1.3; +https://openai.com/gptbot)"
35.169.102.85 - - [22/Nov/2025:00:53:18 -0800] "GET /received-my-invite-for-simple/?path=//sys/bus/platform/drivers/reg-dummy/reg-dummy/subsystem/drivers/reg-dummy/reg-dummy/subsystem/devices/AMDI0030:00/subsystem/devices/IPI0001:00/subsystem/drivers/isch_smbus HTTP/1.1" 200 6559 "-" "Mozilla/5.0 AppleWebKit/537.36 (KHTML, like Gecko; compatible; Amazonbot/0.1; +https://developer.amazon.com/support/amazonbot) Chrome/119.0.6045.214 Safari/537.36"
66.249.77.78 - - [22/Nov/2025:00:53:18 -0800] "GET /leg/approval40/pe3nu-33196/?fileloc=/home/samfetchero1/pacificnorthwestcoastbias.com/wp-includes/class-wp-simplepie-file.php??m=3119159635 HTTP/1.1" 200 33548 "-" "Mozilla/5.0 (Linux; Android 6.0.1; Nexus 5X Build/MMB29P) AppleWebKit/537.36 (KHTML, like Gecko) Chrome/141.0.7390.122 Mobile Safari/537.36 (compatible; GoogleOther)"
201.148.87.242 - - [22/Nov/2025:00:53:19 -0800] "GET /?m=2718033579 HTTP/1.1" 200 9117 "-" "Mozilla/5.0 (Macintosh; Intel Mac OS X 10_11_6) AppleWebKit/537.36 (KHTML, like Gecko) Chrome/80.0.3987.132 Safari/537.36"
114.119.137.167 - - [22/Nov/2025:00:53:19 -0800] "GET /?m=1524156378 HTTP/1.1" 200 9065 "https://pacificnorthwestcoastbias.com/?sitemap369.xml" "Mozilla/5.0 (Linux; Android 7.0;) AppleWebKit/537.36 (KHTML, like Gecko) Mobile Safari/537.36 (compatible; PetalBot;+https://webmaster.petalsearch.com/site/petalbot)"
177.138.79.7 - - [22/Nov/2025:00:53:20 -0800] "GET /?m=2837631826 HTTP/1.1" 200 9117 "-" "Mozilla/5.0 (Macintosh; Intel Mac OS X 10_15_7) AppleWebKit/537.36 (KHTML, like Gecko) Chrome/92.0.4515.131 Safari/537.36"
66.249.77.64 - - [22/Nov/2025:00:53:20 -0800] "GET /?m=3727462983 HTTP/1.1" 200 36456 "-" "Mozilla/5.0 (Linux; Android 6.0.1; Nexus 5X Build/MMB29P) AppleWebKit/537.36 (KHTML, like Gecko) Chrome/141.0.7390.122 Mobile Safari/537.36 (compatible; GoogleOther)"
216.73.216.105 - - [22/Nov/2025:00:53:20 -0800] "GET /category/bellevue?path=%2F%2Frun%2Fshm%2Facme_n9a.world HTTP/2.0" 200 3049 "-" "Mozilla/5.0 AppleWebKit/537.36 (KHTML, like Gecko; compatible; ClaudeBot/1.0; +claudebot@anthropic.com)"
74.7.227.48 - - [22/Nov/2025:00:53:21 -0800] "GET /donovan-mcnabb-will-never-make-it-back-to-the-super-bowl/?path=//sys/class/tty/ttyte/subsystem/ttyea/subsystem/ttyea/subsystem/ttyyb/subsystem/ttytb/subsystem/ttyxb/subsystem/ttysb HTTP/2.0" 200 3149 "-" "Mozilla/5.0 AppleWebKit/537.36 (KHTML, like Gecko; compatible; GPTBot/1.3; +https://openai.com/gptbot)"
203.210.182.243 - - [22/Nov/2025:00:53:21 -0800] "GET /?m=236383204 HTTP/1.1" 200 9117 "-" "Mozilla/5.0 (Windows NT 10.0; Win64; x64) AppleWebKit/537.36 (KHTML, like Gecko) Brave Chrome/89.0.4389.72 Safari/537.36"
66.249.77.78 - - [22/Nov/2025:00:53:21 -0800] "GET /?m=1566194892 HTTP/1.1" 200 34476 "-" "Mozilla/5.0 (Linux; Android 6.0.1; Nexus 5X Build/MMB29P) AppleWebKit/537.36 (KHTML, like Gecko) Chrome/141.0.7390.122 Mobile Safari/537.36 (compatible; GoogleOther)"
3.211.181.86 - - [22/Nov/2025:00:53:22 -0800] "GET /lufthansa-sells-used-aircraft-seats/?path=//sys/bus/platform/devices/reg-dummy/driver/reg-dummy/subsystem/drivers/reg-dummy/reg-dummy/subsystem/devices/serial8250/tty/ttyS4/subsystem/ttytb/subsystem HTTP/1.1" 200 23540 "-" "Mozilla/5.0 AppleWebKit/537.36 (KHTML, like Gecko; compatible; Amazonbot/0.1; +https://developer.amazon.com/support/amazonbot) Chrome/119.0.6045.214 Safari/537.36"
216.73.216.105 - - [22/Nov/2025:00:53:23 -0800] "GET /category/bellevue?path=%2F%2Frun%2Fshm%2Facme_drkleiner.agenciacampana.com.br HTTP/2.0" 200 3072 "-" "Mozilla/5.0 AppleWebKit/537.36 (KHTML, like Gecko; compatible; ClaudeBot/1.0; +claudebot@anthropic.com)"
66.249.77.78 - - [22/Nov/2025:00:53:23 -0800] "GET /?m=307255099 HTTP/1.1" 200 32380 "-" "Mozilla/5.0 (Linux; Android 6.0.1; Nexus 5X Build/MMB29P) AppleWebKit/537.36 (KHTML, like Gecko) Chrome/141.0.7390.122 Mobile Safari/537.36 (compatible; GoogleOther)"
74.7.227.48 - - [22/Nov/2025:00:53:24 -0800] "GET /donovan-mcnabb-will-never-make-it-back-to-the-super-bowl/?path=//sys/class/tty/ttyte/subsystem/ttyea/subsystem/ttyea/subsystem/ttyyb/subsystem/ttytb/subsystem/ttyxb/subsystem/ttyya HTTP/2.0" 200 3148 "-" "Mozilla/5.0 AppleWebKit/537.36 (KHTML, like Gecko; compatible; GPTBot/1.3; +https://openai.com/gptbot)"
66.249.77.78 - - [22/Nov/2025:00:53:26 -0800] "GET /leg/approval40/pe3nu-33196/?fileloc=/home/samfetchero1/pacificnorthwestcoastbias.com/wp-admin/export-personal-data.php??m=2550992954 HTTP/1.1" 200 33098 "-" "Mozilla/5.0 (Linux; Android 6.0.1; Nexus 5X Build/MMB29P) AppleWebKit/537.36 (KHTML, like Gecko) Chrome/141.0.7390.122 Mobile Safari/537.36 (compatible; GoogleOther)"
34.230.124.21 - - [22/Nov/2025:00:53:26 -0800] "GET /received-my-invite-for-simple/?path=//sys/bus/platform/drivers/reg-dummy/reg-dummy/subsystem/drivers/reg-dummy/reg-dummy/subsystem/devices/IPI0001:00/firmware_node/subsystem/devices/device:8d/subsystem HTTP/1.1" 200 6704 "-" "Mozilla/5.0 AppleWebKit/537.36 (KHTML, like Gecko; compatible; Amazonbot/0.1; +https://developer.amazon.com/support/amazonbot) Chrome/119.0.6045.214 Safari/537.36"
216.73.216.105 - - [22/Nov/2025:00:53:26 -0800] "GET /category/bellevue?path=%2F%2Frun%2Fshm%2Facme_bonitasprings2022.buildbetter.club HTTP/2.0" 200 3376 "-" "Mozilla/5.0 AppleWebKit/537.36 (KHTML, like Gecko; compatible; ClaudeBot/1.0; +claudebot@anthropic.com)"
74.7.227.48 - - [22/Nov/2025:00:53:27 -0800] "GET /donovan-mcnabb-will-never-make-it-back-to-the-super-bowl/?path=//sys/class/tty/ttyte/subsystem/ttyea/subsystem/ttyea/subsystem/ttyea/subsystem/ptyuc/subsystem/ttyaa/subsystem/ttybb HTTP/2.0" 200 3145 "-" "Mozilla/5.0 AppleWebKit/537.36 (KHTML, like Gecko; compatible; GPTBot/1.3; +https://openai.com/gptbot)"
66.249.77.64 - - [22/Nov/2025:00:53:28 -0800] "GET /?m=2715191430 HTTP/1.1" 200 35502 "-" "Mozilla/5.0 (Linux; Android 6.0.1; Nexus 5X Build/MMB29P) AppleWebKit/537.36 (KHTML, like Gecko) Chrome/141.0.7390.122 Mobile Safari/537.36 (compatible; GoogleOther)"
216.73.216.105 - - [22/Nov/2025:00:53:29 -0800] "GET /category/bellevue?path=%2F%2Frun%2Fshm%2Facme_forms.lakecatholictheatre.org HTTP/2.0" 200 16854 "-" "Mozilla/5.0 AppleWebKit/537.36 (KHTML, like Gecko; compatible; ClaudeBot/1.0; +claudebot@anthropic.com)"
66.249.77.78 - - [22/Nov/2025:00:53:29 -0800] "GET /?m=1562732757 HTTP/1.1" 200 31187 "-" "Mozilla/5.0 (Linux; Android 6.0.1; Nexus 5X Build/MMB29P) AppleWebKit/537.36 (KHTML, like Gecko) Chrome/141.0.7390.122 Mobile Safari/537.36 (compatible; GoogleOther)"
85.208.96.209 - - [22/Nov/2025:00:53:30 -0800] "GET /robots.txt HTTP/1.1" 200 3881 "-" "Mozilla/5.0 (compatible; SemrushBot/7~bl; +http://www.semrush.com/bot.html)"
52.3.102.51 - - [22/Nov/2025:00:53:30 -0800] "GET /lufthansa-sells-used-aircraft-seats/?path=//sys/bus/platform/devices/reg-dummy/driver/reg-dummy/subsystem/devices/reg-dummy/subsystem/devices/reg-dummy/subsystem/devices/AMDI0030:00/subsystem/drivers/i2c_amd_mp2 HTTP/1.1" 200 6554 "-" "Mozilla/5.0 AppleWebKit/537.36 (KHTML, like Gecko; compatible; Amazonbot/0.1; +https://developer.amazon.com/support/amazonbot) Chrome/119.0.6045.214 Safari/537.36"
85.208.96.212 - - [22/Nov/2025:00:53:30 -0800] "GET /?info=438273152 HTTP/1.1" 200 9065 "-" "Mozilla/5.0 (compatible; SemrushBot/7~bl; +http://www.semrush.com/bot.html)"
74.7.227.48 - - [22/Nov/2025:00:53:30 -0800] "GET /donovan-mcnabb-will-never-make-it-back-to-the-super-bowl/?path=//sys/class/tty/ttyte/subsystem/ttyea/subsystem/ttyea/subsystem/ttyea/subsystem/ptyuc/subsystem/ttyaa/subsystem/ttyua HTTP/2.0" 200 3143 "-" "Mozilla/5.0 AppleWebKit/537.36 (KHTML, like Gecko; compatible; GPTBot/1.3; +https://openai.com/gptbot)"
66.249.77.64 - - [22/Nov/2025:00:53:31 -0800] "GET /leg/approval40/pe3nu-33196/?fileloc=/home/samfetchero1/pacificnorthwestcoastbias.com/wp-includes/class-wp-simplepie-file.php??m=768383704 HTTP/1.1" 200 33076 "-" "Mozilla/5.0 (Linux; Android 6.0.1; Nexus 5X Build/MMB29P) AppleWebKit/537.36 (KHTML, like Gecko) Chrome/141.0.7390.122 Mobile Safari/537.36 (compatible; GoogleOther)"
66.249.77.64 - - [22/Nov/2025:00:53:32 -0800] "GET /?m=2230138543 HTTP/1.1" 200 31447 "-" "Mozilla/5.0 (Linux; Android 6.0.1; Nexus 5X Build/MMB29P) AppleWebKit/537.36 (KHTML, like Gecko) Chrome/141.0.7390.122 Mobile Safari/537.36 (compatible; Googlebot/2.1; +http://www.google.com/bot.html)"
216.73.216.105 - - [22/Nov/2025:00:53:32 -0800] "GET /category/bellevue?path=%2F%2Fdev%2Fshm%2Facme_kimstevensatthebeach.stylestrandmedia.agency HTTP/2.0" 418 603 "-" "Mozilla/5.0 AppleWebKit/537.36 (KHTML, like Gecko; compatible; ClaudeBot/1.0; +claudebot@anthropic.com)"
74.7.227.48 - - [22/Nov/2025:00:53:33 -0800] "GET /donovan-mcnabb-will-never-make-it-back-to-the-super-bowl/?path=//sys/class/tty/ttyte/subsystem/ttyea/subsystem/ttyea/subsystem/ttyea/subsystem/ptyuc/subsystem/ttyaa/subsystem/ptyre HTTP/2.0" 200 3144 "-" "Mozilla/5.0 AppleWebKit/537.36 (KHTML, like Gecko; compatible; GPTBot/1.3; +https://openai.com/gptbot)"
66.249.77.65 - - [22/Nov/2025:00:53:33 -0800] "GET /?m=2042553255 HTTP/1.1" 200 37783 "-" "Mozilla/5.0 (Linux; Android 6.0.1; Nexus 5X Build/MMB29P) AppleWebKit/537.36 (KHTML, like Gecko) Chrome/141.0.7390.122 Mobile Safari/537.36 (compatible; GoogleOther)"
74.7.227.36 - - [22/Nov/2025:00:53:33 -0800] "GET /search.php?b=2918218730972&channel=132e83&from=https://www.pacificnorthwestcoastbias.com/spark.htm?items/186009880.html HTTP/2.0" 429 359 "-" "Mozilla/5.0 AppleWebKit/537.36 (KHTML, like Gecko; compatible; GPTBot/1.3; +https://openai.com/gptbot)"
3.221.222.168 - - [22/Nov/2025:00:53:34 -0800] "GET /received-my-invite-for-simple/?path=//sys/bus/platform/devices/reg-dummy/subsystem/devices/reg-dummy/subsystem/drivers/reg-dummy/reg-dummy/subsystem/devices/PNP0800:00/firmware_node/subsystem/devices/device:90 HTTP/1.1" 200 6697 "-" "Mozilla/5.0 AppleWebKit/537.36 (KHTML, like Gecko; compatible; Amazonbot/0.1; +https://developer.amazon.com/support/amazonbot) Chrome/119.0.6045.214 Safari/537.36"
197.32.37.223 - - [22/Nov/2025:00:53:34 -0800] "GET /?m=1477489827 HTTP/1.1" 200 9117 "-" "Mozilla/5.0 (Windows NT 10.0; WOW64) AppleWebKit/537.36 (KHTML, like Gecko) Chrome/107.0.0.0 Safari/537.36"
66.249.77.64 - - [22/Nov/2025:00:53:35 -0800] "GET /ctg/search/similarImageSearchResultView/?ctgItemCd=1291631 HTTP/1.1" 200 33609 "-" "Mozilla/5.0 (Linux; Android 6.0.1; Nexus 5X Build/MMB29P) AppleWebKit/537.36 (KHTML, like Gecko) Chrome/141.0.7390.122 Mobile Safari/537.36 (compatible; GoogleOther)"
216.73.216.105 - - [22/Nov/2025:00:53:35 -0800] "GET /category/bellevue?path=%2F%2Frun%2Fshm%2Facme_guest.quintadacaria.com HTTP/2.0" 200 3512 "-" "Mozilla/5.0 AppleWebKit/537.36 (KHTML, like Gecko; compatible; ClaudeBot/1.0; +claudebot@anthropic.com)"
74.7.227.48 - - [22/Nov/2025:00:53:36 -0800] "GET /donovan-mcnabb-will-never-make-it-back-to-the-super-bowl/?path=//sys/class/tty/ttyte/subsystem/ttyea/subsystem/ttyea/subsystem/ttyyb/subsystem/ttytb/subsystem/ttyxb/subsystem/ptytc HTTP/2.0" 200 3152 "-" "Mozilla/5.0 AppleWebKit/537.36 (KHTML, like Gecko; compatible; GPTBot/1.3; +https://openai.com/gptbot)"
66.249.77.65 - - [22/Nov/2025:00:53:37 -0800] "GET /?m=332002999 HTTP/1.1" 200 32518 "-" "Mozilla/5.0 (Linux; Android 6.0.1; Nexus 5X Build/MMB29P) AppleWebKit/537.36 (KHTML, like Gecko) Chrome/141.0.7390.122 Mobile Safari/537.36 (compatible; GoogleOther)"
