52.203.237.170 - - [22/Nov/2025:01:24:50 -0800] "GET /lufthansa-sells-used-aircraft-seats/?path=//sys/bus/platform/devices/reg-dummy/subsystem/drivers/reg-dummy/reg-dummy/subsystem/devices/reg-dummy/subsystem/devices/PNP0C33:00/subsystem/drivers/timeriomem_rng HTTP/1.1" 200 6548 "-" "Mozilla/5.0 AppleWebKit/537.36 (KHTML, like Gecko; compatible; Amazonbot/0.1; +https://developer.amazon.com/support/amazonbot) Chrome/119.0.6045.214 Safari/537.36"
66.249.77.194 - - [22/Nov/2025:01:24:51 -0800] "GET /?m=1701110438 HTTP/1.1" 200 35852 "-" "Mozilla/5.0 (Linux; Android 6.0.1; Nexus 5X Build/MMB29P) AppleWebKit/537.36 (KHTML, like Gecko) Chrome/141.0.7390.122 Mobile Safari/537.36 (compatible; GoogleOther)"
74.7.227.48 - - [22/Nov/2025:01:24:52 -0800] "GET /donovan-mcnabb-will-never-make-it-back-to-the-super-bowl/?path=//sys/class/tty/ttyte/subsystem/ttyea/subsystem/ttyea/subsystem/ttyue/subsystem/ttywc/subsystem/ttyae/subsystem/ptywd HTTP/2.0" 200 3152 "-" "Mozilla/5.0 AppleWebKit/537.36 (KHTML, like Gecko; compatible; GPTBot/1.3; +https://openai.com/gptbot)"
43.173.173.55 - - [22/Nov/2025:01:24:53 -0800] "GET /page/28/?fileloc=//etc/rc4.d/S01zabbix-agent&path=//etc/rc4.d HTTP/1.1" 200 6919 "-" "Mozilla/5.0 (Windows NT 6.1; Win64; x64) AppleWebKit/537.36 (KHTML, like Gecko) Chrome/126.0.6478.114 Safari/537.36"
66.249.77.66 - - [22/Nov/2025:01:24:53 -0800] "GET /?m=2362655546 HTTP/1.1" 200 37661 "-" "Mozilla/5.0 (Linux; Android 6.0.1; Nexus 5X Build/MMB29P) AppleWebKit/537.36 (KHTML, like Gecko) Chrome/141.0.7390.122 Mobile Safari/537.36 (compatible; GoogleOther)"
52.44.229.124 - - [22/Nov/2025:01:24:54 -0800] "GET /lufthansa-sells-used-aircraft-seats/?path=//sys/devices/platform/reg-dummy/subsystem/drivers/reg-dummy/reg-dummy/driver/reg-dummy/subsystem/devices/IPI0001:00/subsystem/devices/vesa-framebuffer.0/subsystem/drivers/timeriomem_rng HTTP/1.1" 200 6575 "-" "Mozilla/5.0 AppleWebKit/537.36 (KHTML, like Gecko; compatible; Amazonbot/0.1; +https://developer.amazon.com/support/amazonbot) Chrome/119.0.6045.214 Safari/537.36"
74.7.227.48 - - [22/Nov/2025:01:24:55 -0800] "GET /donovan-mcnabb-will-never-make-it-back-to-the-super-bowl/?path=//sys/class/tty/ttyte/subsystem/ttyea/subsystem/ttyea/subsystem/ttyue/subsystem/ttywc/subsystem/ttyae/subsystem/ttyve HTTP/2.0" 200 3150 "-" "Mozilla/5.0 AppleWebKit/537.36 (KHTML, like Gecko; compatible; GPTBot/1.3; +https://openai.com/gptbot)"
66.249.77.78 - - [22/Nov/2025:01:24:55 -0800] "GET /?m=3415861284 HTTP/1.1" 200 37185 "-" "Mozilla/5.0 (Linux; Android 6.0.1; Nexus 5X Build/MMB29P) AppleWebKit/537.36 (KHTML, like Gecko) Chrome/141.0.7390.122 Mobile Safari/537.36 (compatible; GoogleOther)"
43.173.180.193 - - [22/Nov/2025:01:24:57 -0800] "GET /king-county-coronavirus-daily-prediction-3-19/?path=//run HTTP/1.1" 200 9315 "http://www.pacificnorthwestcoastbias.com/king-county-coronavirus-daily-prediction-3-19/?path=//run" "Mozilla/5.0 (Windows NT 6.1; Win64; x64) AppleWebKit/537.36 (KHTML, like Gecko) Chrome/126.0.6478.114 Safari/537.36"
66.249.77.66 - - [22/Nov/2025:01:24:57 -0800] "GET /?m=332285356 HTTP/1.1" 200 30817 "-" "Mozilla/5.0 (Linux; Android 6.0.1; Nexus 5X Build/MMB29P) AppleWebKit/537.36 (KHTML, like Gecko) Chrome/141.0.7390.122 Mobile Safari/537.36 (compatible; Googlebot/2.1; +http://www.google.com/bot.html)"
54.84.147.79 - - [22/Nov/2025:01:24:58 -0800] "GET /lufthansa-sells-used-aircraft-seats/?path=//sys/bus/platform/devices/reg-dummy/driver/reg-dummy/subsystem/drivers/reg-dummy/reg-dummy/subsystem/drivers/vesa-framebuffer/vesa-framebuffer.0/subsystem/devices/PCCT/driver HTTP/1.1" 200 6563 "-" "Mozilla/5.0 AppleWebKit/537.36 (KHTML, like Gecko; compatible; Amazonbot/0.1; +https://developer.amazon.com/support/amazonbot) Chrome/119.0.6045.214 Safari/537.36"
66.249.77.65 - - [22/Nov/2025:01:24:58 -0800] "GET /leg/approval40/pe3nu-33196/?fileloc=/home/samfetchero1/pacificnorthwestcoastbias.com/wp-includes/class-wp-simplepie-file.php??m=488456253 HTTP/1.1" 200 34736 "-" "Mozilla/5.0 (Linux; Android 6.0.1; Nexus 5X Build/MMB29P) AppleWebKit/537.36 (KHTML, like Gecko) Chrome/141.0.7390.122 Mobile Safari/537.36 (compatible; GoogleOther)"
223.185.91.3 - - [22/Nov/2025:01:24:58 -0800] "GET /feed?path=%2F%2Fusr%2Fshare%2Fipmitool HTTP/1.1" 200 6566 "-" "Mozilla/5.0 (Windows NT 10.0; Win64; x64) AppleWebKit/537.36 (KHTML, like Gecko) Chrome/99.0.1150.52 Safari/537.36"
74.7.227.48 - - [22/Nov/2025:01:24:58 -0800] "GET /donovan-mcnabb-will-never-make-it-back-to-the-super-bowl/?path=//sys/class/tty/ttyte/subsystem/ttyea/subsystem/ttyea/subsystem/ttyue/subsystem/ttywc/subsystem/ttyae/subsystem/ptyyf HTTP/2.0" 200 3154 "-" "Mozilla/5.0 AppleWebKit/537.36 (KHTML, like Gecko; compatible; GPTBot/1.3; +https://openai.com/gptbot)"
66.249.77.66 - - [22/Nov/2025:01:25:00 -0800] "GET /?m=1500630136 HTTP/1.1" 200 33229 "-" "Mozilla/5.0 (Linux; Android 6.0.1; Nexus 5X Build/MMB29P) AppleWebKit/537.36 (KHTML, like Gecko) Chrome/141.0.7390.122 Mobile Safari/537.36 (compatible; GoogleOther)"
43.173.177.200 - - [22/Nov/2025:01:25:01 -0800] "GET /obamas-foreclosure-ban-proposal-will-just-delay-the-inevitable/?fileloc=/home/samfetchero1/pacificnorthwestcoastbias.com/google45898d836450857b.html&path=/home/samfetchero1/pacificnorthwestcoastbias.com HTTP/1.1" 200 6216 "http://www.pacificnorthwestcoastbias.com/obamas-foreclosure-ban-proposal-will-just-delay-the-inevitable/?fileloc=/home/samfetchero1/pacificnorthwestcoastbias.com/google45898d836450857b.html&path=/home/samfetchero1/pacificnorthwestcoastbias.com" "Mozilla/5.0 (Windows NT 6.1; Win64; x64) AppleWebKit/537.36 (KHTML, like Gecko) Chrome/126.0.6478.114 Safari/537.36"
74.7.227.48 - - [22/Nov/2025:01:25:01 -0800] "GET /donovan-mcnabb-will-never-make-it-back-to-the-super-bowl/?path=//sys/class/tty/ttyte/subsystem/ttyea/subsystem/ttyea/subsystem/ttyue/subsystem/ttywc/subsystem/ttyae/subsystem/ptywc HTTP/2.0" 200 3149 "-" "Mozilla/5.0 AppleWebKit/537.36 (KHTML, like Gecko; compatible; GPTBot/1.3; +https://openai.com/gptbot)"
52.0.63.151 - - [22/Nov/2025:01:25:02 -0800] "GET /lufthansa-sells-used-aircraft-seats/?path=//sys/devices/platform/microcode/subsystem/drivers/reg-dummy/reg-dummy/driver/reg-dummy/subsystem/devices/PNP0C33:00/subsystem/devices/PNP0800:00/subsystem HTTP/1.1" 200 6690 "-" "Mozilla/5.0 AppleWebKit/537.36 (KHTML, like Gecko; compatible; Amazonbot/0.1; +https://developer.amazon.com/support/amazonbot) Chrome/119.0.6045.214 Safari/537.36"
66.249.77.64 - - [22/Nov/2025:01:25:02 -0800] "GET /leg/approval40/pe3nu-33196/?fileloc=/home/samfetchero1/pacificnorthwestcoastbias.com/wp-admin/export-personal-data.php??m=909931934 HTTP/1.1" 200 37002 "-" "Mozilla/5.0 (Linux; Android 6.0.1; Nexus 5X Build/MMB29P) AppleWebKit/537.36 (KHTML, like Gecko) Chrome/141.0.7390.122 Mobile Safari/537.36 (compatible; GoogleOther)"
74.7.227.48 - - [22/Nov/2025:01:25:04 -0800] "GET /donovan-mcnabb-will-never-make-it-back-to-the-super-bowl/?path=//sys/class/tty/ttyte/subsystem/ttyea/subsystem/ttyea/subsystem/ttyue/subsystem/ttywc/subsystem/ttyae/subsystem/ttyqd HTTP/2.0" 200 3152 "-" "Mozilla/5.0 AppleWebKit/537.36 (KHTML, like Gecko; compatible; GPTBot/1.3; +https://openai.com/gptbot)"
66.249.77.78 - - [22/Nov/2025:01:25:04 -0800] "GET /?m=572116549 HTTP/1.1" 200 36357 "-" "Mozilla/5.0 (Linux; Android 6.0.1; Nexus 5X Build/MMB29P) AppleWebKit/537.36 (KHTML, like Gecko) Chrome/141.0.7390.122 Mobile Safari/537.36 (compatible; GoogleOther)"
66.249.77.65 - - [22/Nov/2025:01:25:05 -0800] "GET /?m=742089188 HTTP/1.1" 200 33483 "-" "Mozilla/5.0 (Linux; Android 6.0.1; Nexus 5X Build/MMB29P) AppleWebKit/537.36 (KHTML, like Gecko) Chrome/141.0.7390.122 Mobile Safari/537.36 (compatible; Googlebot/2.1; +http://www.google.com/bot.html)"
34.194.226.74 - - [22/Nov/2025:01:25:06 -0800] "GET /received-my-invite-for-simple/?path=//sys/bus/platform/drivers/reg-dummy/reg-dummy/subsystem/drivers/reg-dummy/reg-dummy/subsystem/devices/IPI0001:00/driver/IPI0001:00/firmware_node/subsystem/devices/PNP0200:00 HTTP/1.1" 200 6706 "-" "Mozilla/5.0 AppleWebKit/537.36 (KHTML, like Gecko; compatible; Amazonbot/0.1; +https://developer.amazon.com/support/amazonbot) Chrome/119.0.6045.214 Safari/537.36"
66.249.77.64 - - [22/Nov/2025:01:25:06 -0800] "GET /?m=3500931041 HTTP/1.1" 200 33146 "-" "Mozilla/5.0 (Linux; Android 6.0.1; Nexus 5X Build/MMB29P) AppleWebKit/537.36 (KHTML, like Gecko) Chrome/141.0.7390.122 Mobile Safari/537.36 (compatible; GoogleOther)"
74.7.227.48 - - [22/Nov/2025:01:25:07 -0800] "GET /donovan-mcnabb-will-never-make-it-back-to-the-super-bowl/?path=//sys/class/tty/ttyte/subsystem/ttyea/subsystem/ttyea/subsystem/ttyue/subsystem/ttywc/subsystem/ttyae/subsystem/ptybe HTTP/2.0" 200 3152 "-" "Mozilla/5.0 AppleWebKit/537.36 (KHTML, like Gecko; compatible; GPTBot/1.3; +https://openai.com/gptbot)"
66.249.77.195 - - [22/Nov/2025:01:25:08 -0800] "GET /?m=1148840859 HTTP/1.1" 200 36840 "-" "Mozilla/5.0 (Linux; Android 6.0.1; Nexus 5X Build/MMB29P) AppleWebKit/537.36 (KHTML, like Gecko) Chrome/141.0.7390.122 Mobile Safari/537.36 (compatible; GoogleOther)"
98.83.226.125 - - [22/Nov/2025:01:25:10 -0800] "GET /lufthansa-sells-used-aircraft-seats/?path=//sys/devices/platform/microcode/subsystem/devices/reg-dummy/subsystem/drivers/reg-dummy/reg-dummy/subsystem/devices/reg-dummy/subsystem/devices/serial8250/tty/ttyS13 HTTP/1.1" 200 7265 "-" "Mozilla/5.0 AppleWebKit/537.36 (KHTML, like Gecko; compatible; Amazonbot/0.1; +https://developer.amazon.com/support/amazonbot) Chrome/119.0.6045.214 Safari/537.36"
66.249.77.78 - - [22/Nov/2025:01:25:10 -0800] "GET /leg/approval40/pe3nu-33196/?fileloc=/home/samfetchero1/pacificnorthwestcoastbias.com/wp-includes/class-wp-simplepie-file.php??m=4170877630 HTTP/1.1" 200 37542 "-" "Mozilla/5.0 (Linux; Android 6.0.1; Nexus 5X Build/MMB29P) AppleWebKit/537.36 (KHTML, like Gecko) Chrome/141.0.7390.122 Mobile Safari/537.36 (compatible; GoogleOther)"
74.7.227.48 - - [22/Nov/2025:01:25:10 -0800] "GET /donovan-mcnabb-will-never-make-it-back-to-the-super-bowl/?path=//sys/class/tty/ttyte/subsystem/ttyea/subsystem/ttyea/subsystem/ttyue/subsystem/ttywc/subsystem/ttyae/subsystem/ptytd HTTP/2.0" 200 3152 "-" "Mozilla/5.0 AppleWebKit/537.36 (KHTML, like Gecko; compatible; GPTBot/1.3; +https://openai.com/gptbot)"
66.249.77.78 - - [22/Nov/2025:01:25:12 -0800] "GET /?m=2844892557 HTTP/1.1" 200 32771 "-" "Mozilla/5.0 (Linux; Android 6.0.1; Nexus 5X Build/MMB29P) AppleWebKit/537.36 (KHTML, like Gecko) Chrome/141.0.7390.122 Mobile Safari/537.36 (compatible; GoogleOther)"
216.73.216.105 - - [22/Nov/2025:01:25:13 -0800] "GET /king-county-coronavirus-daily-prediction-4-3?path=%2Fhome%2Fsamfetchero1%2Fpacificnorthwestcoastbias.com%2Fwp-includes HTTP/2.0" 200 13679 "-" "Mozilla/5.0 AppleWebKit/537.36 (KHTML, like Gecko; compatible; ClaudeBot/1.0; +claudebot@anthropic.com)"
74.7.227.48 - - [22/Nov/2025:01:25:14 -0800] "GET /donovan-mcnabb-will-never-make-it-back-to-the-super-bowl/?path=//sys/class/tty/ttyte/subsystem/ttyea/subsystem/ttyea/subsystem/ttyue/subsystem/ttywc/subsystem/ttyae/subsystem/ptypa HTTP/2.0" 200 3210 "-" "Mozilla/5.0 AppleWebKit/537.36 (KHTML, like Gecko; compatible; GPTBot/1.3; +https://openai.com/gptbot)"
50.19.102.70 - - [22/Nov/2025:01:25:14 -0800] "GET /lufthansa-sells-used-aircraft-seats/?path=//sys/bus/platform/devices/reg-dummy/driver/reg-dummy/subsystem/drivers/reg-dummy/reg-dummy/regulator/regulator.0/subsystem/regulator.0/subsystem/regulator.0/subsystem HTTP/1.1" 200 6416 "-" "Mozilla/5.0 AppleWebKit/537.36 (KHTML, like Gecko; compatible; Amazonbot/0.1; +https://developer.amazon.com/support/amazonbot) Chrome/119.0.6045.214 Safari/537.36"
66.249.77.78 - - [22/Nov/2025:01:25:14 -0800] "GET /?m=2829373837 HTTP/1.1" 200 32472 "-" "Mozilla/5.0 (Linux; Android 6.0.1; Nexus 5X Build/MMB29P) AppleWebKit/537.36 (KHTML, like Gecko) Chrome/141.0.7390.122 Mobile Safari/537.36 (compatible; GoogleOther)"
66.249.77.78 - - [22/Nov/2025:01:25:16 -0800] "GET /?m=629230813 HTTP/1.1" 200 33315 "-" "Mozilla/5.0 (Linux; Android 6.0.1; Nexus 5X Build/MMB29P) AppleWebKit/537.36 (KHTML, like Gecko) Chrome/141.0.7390.122 Mobile Safari/537.36 (compatible; GoogleOther)"
216.73.216.105 - - [22/Nov/2025:01:25:16 -0800] "GET /king-county-coronavirus-daily-prediction-4-3?fileloc=%2Fhome%2Fsamfetchero1%2Fpacificnorthwestcoastbias.com%2Fpages.php&path=%2Fhome%2Fsamfetchero1%2Fpacificnorthwestcoastbias.com HTTP/2.0" 200 3412 "-" "Mozilla/5.0 AppleWebKit/537.36 (KHTML, like Gecko; compatible; ClaudeBot/1.0; +claudebot@anthropic.com)"
74.7.227.48 - - [22/Nov/2025:01:25:17 -0800] "GET /donovan-mcnabb-will-never-make-it-back-to-the-super-bowl/?path=//sys/class/tty/ttyte/subsystem/ttyea/subsystem/ttyea/subsystem/ttyue/subsystem/ttywc/subsystem/ttyae/subsystem/ptypb HTTP/2.0" 200 3152 "-" "Mozilla/5.0 AppleWebKit/537.36 (KHTML, like Gecko; compatible; GPTBot/1.3; +https://openai.com/gptbot)"
66.249.77.78 - - [22/Nov/2025:01:25:18 -0800] "GET /leg/approval40/pe3nu-33196/?fileloc=/home/samfetchero1/pacificnorthwestcoastbias.com/wp-admin/export-personal-data.php??m=3747701968 HTTP/1.1" 200 34098 "-" "Mozilla/5.0 (Linux; Android 6.0.1; Nexus 5X Build/MMB29P) AppleWebKit/537.36 (KHTML, like Gecko) Chrome/141.0.7390.122 Mobile Safari/537.36 (compatible; GoogleOther)"
50.19.221.48 - - [22/Nov/2025:01:25:18 -0800] "GET /lufthansa-sells-used-aircraft-seats/?path=//sys/bus/platform/devices/reg-dummy/driver/reg-dummy/subsystem/devices/reg-dummy/subsystem/devices/AMDI0030:00/subsystem/devices/PCCT/subsystem/drivers/PCCT HTTP/1.1" 200 6556 "-" "Mozilla/5.0 AppleWebKit/537.36 (KHTML, like Gecko; compatible; Amazonbot/0.1; +https://developer.amazon.com/support/amazonbot) Chrome/119.0.6045.214 Safari/537.36"
216.73.216.105 - - [22/Nov/2025:01:25:19 -0800] "GET /king-county-coronavirus-daily-prediction-4-3?fileloc=%2Fhome%2Fsamfetchero1%2Fpacificnorthwestcoastbias.com%2Fwp-rdf.php&path=%2Fhome%2Fsamfetchero1%2Fpacificnorthwestcoastbias.com HTTP/2.0" 200 2756 "-" "Mozilla/5.0 AppleWebKit/537.36 (KHTML, like Gecko; compatible; ClaudeBot/1.0; +claudebot@anthropic.com)"
66.249.77.64 - - [22/Nov/2025:01:25:19 -0800] "GET /vessel/lecture1/7rw4d-2013/?fileloc=/home/samfetchero1/pacificnorthwestcoastbias.com/wp-rdf.php?m=2797957812 HTTP/1.1" 200 37107 "-" "Mozilla/5.0 (Linux; Android 6.0.1; Nexus 5X Build/MMB29P) AppleWebKit/537.36 (KHTML, like Gecko) Chrome/141.0.7390.122 Mobile Safari/537.36 (compatible; GoogleOther)"
74.7.227.48 - - [22/Nov/2025:01:25:20 -0800] "GET /donovan-mcnabb-will-never-make-it-back-to-the-super-bowl/?path=//sys/class/tty/ttyte/subsystem/ttyea/subsystem/ttyea/subsystem/ttyue/subsystem/ttywc/subsystem/ttyae/subsystem/ttyue HTTP/2.0" 200 3143 "-" "Mozilla/5.0 AppleWebKit/537.36 (KHTML, like Gecko; compatible; GPTBot/1.3; +https://openai.com/gptbot)"
74.7.227.36 - - [22/Nov/2025:01:25:20 -0800] "GET /search.php?b=2918218730972&channel=132e83&from=https://www.pacificnorthwestcoastbias.com/spark.htm?items/211027663.html HTTP/2.0" 429 359 "-" "Mozilla/5.0 AppleWebKit/537.36 (KHTML, like Gecko; compatible; GPTBot/1.3; +https://openai.com/gptbot)"
66.249.77.64 - - [22/Nov/2025:01:25:21 -0800] "GET /?m=2515345378 HTTP/1.1" 200 32866 "-" "Mozilla/5.0 (Linux; Android 6.0.1; Nexus 5X Build/MMB29P) AppleWebKit/537.36 (KHTML, like Gecko) Chrome/141.0.7390.122 Mobile Safari/537.36 (compatible; GoogleOther)"
100.28.133.214 - - [22/Nov/2025:01:25:22 -0800] "GET /lufthansa-sells-used-aircraft-seats/?path=//sys/devices/platform/reg-dummy/subsystem/drivers/reg-dummy/reg-dummy/driver/reg-dummy/subsystem/devices/AMDI0030:00/subsystem/devices/microcode HTTP/1.1" 200 6635 "-" "Mozilla/5.0 AppleWebKit/537.36 (KHTML, like Gecko; compatible; Amazonbot/0.1; +https://developer.amazon.com/support/amazonbot) Chrome/119.0.6045.214 Safari/537.36"
216.73.216.105 - - [22/Nov/2025:01:25:22 -0800] "GET /king-county-coronavirus-daily-prediction-4-3?fileloc=%2Fhome%2Fsamfetchero1%2Fpacificnorthwestcoastbias.com%2Fwp-feed.php&path=%2Fhome%2Fsamfetchero1%2Fpacificnorthwestcoastbias.com HTTP/2.0" 200 2765 "-" "Mozilla/5.0 AppleWebKit/537.36 (KHTML, like Gecko; compatible; ClaudeBot/1.0; +claudebot@anthropic.com)"
74.7.227.48 - - [22/Nov/2025:01:25:23 -0800] "GET /donovan-mcnabb-will-never-make-it-back-to-the-super-bowl/?path=//sys/class/tty/ttyte/subsystem/ttyea/subsystem/ttyea/subsystem/ttyue/subsystem/ttywc/subsystem/ttyae/subsystem/ttydf HTTP/2.0" 200 3151 "-" "Mozilla/5.0 AppleWebKit/537.36 (KHTML, like Gecko; compatible; GPTBot/1.3; +https://openai.com/gptbot)"
66.249.77.78 - - [22/Nov/2025:01:25:23 -0800] "GET /?m=2523993505 HTTP/1.1" 200 38044 "-" "Mozilla/5.0 (Linux; Android 6.0.1; Nexus 5X Build/MMB29P) AppleWebKit/537.36 (KHTML, like Gecko) Chrome/141.0.7390.122 Mobile Safari/537.36 (compatible; GoogleOther)"
114.119.151.67 - - [22/Nov/2025:01:25:25 -0800] "GET /?m=1458045413 HTTP/1.1" 200 9065 "https://pacificnorthwestcoastbias.com/?sitemap177.xml" "Mozilla/5.0 (Linux; Android 7.0;) AppleWebKit/537.36 (KHTML, like Gecko) Mobile Safari/537.36 (compatible; PetalBot;+https://webmaster.petalsearch.com/site/petalbot)"
66.249.77.78 - - [22/Nov/2025:01:25:25 -0800] "GET /?m=2290449449 HTTP/1.1" 200 33150 "-" "Mozilla/5.0 (Linux; Android 6.0.1; Nexus 5X Build/MMB29P) AppleWebKit/537.36 (KHTML, like Gecko) Chrome/141.0.7390.122 Mobile Safari/537.36 (compatible; GoogleOther)"
52.204.37.237 - - [22/Nov/2025:01:25:26 -0800] "GET /lufthansa-sells-used-aircraft-seats/?path=//sys/bus/platform/drivers/reg-dummy/reg-dummy/driver/reg-dummy/subsystem/devices/reg-dummy/subsystem/devices/IPI0001:00/subsystem/devices/PCCT/driver/PCCT HTTP/1.1" 200 6706 "-" "Mozilla/5.0 AppleWebKit/537.36 (KHTML, like Gecko; compatible; Amazonbot/0.1; +https://developer.amazon.com/support/amazonbot) Chrome/119.0.6045.214 Safari/537.36"
66.249.77.78 - - [22/Nov/2025:01:25:26 -0800] "GET /?m=2100926830 HTTP/1.1" 200 34524 "-" "Mozilla/5.0 (Linux; Android 6.0.1; Nexus 5X Build/MMB29P) AppleWebKit/537.36 (KHTML, like Gecko) Chrome/141.0.7390.122 Mobile Safari/537.36 (compatible; Googlebot/2.1; +http://www.google.com/bot.html)"
216.73.216.105 - - [22/Nov/2025:01:25:25 -0800] "GET /king-county-coronavirus-daily-prediction-4-3?fileloc=%2Fhome%2Fsamfetchero1%2Fpacificnorthwestcoastbias.com%2Fwp-mail.php&path=%2Fhome%2Fsamfetchero1%2Fpacificnorthwestcoastbias.com HTTP/2.0" 200 5650 "-" "Mozilla/5.0 AppleWebKit/537.36 (KHTML, like Gecko; compatible; ClaudeBot/1.0; +claudebot@anthropic.com)"
74.7.227.48 - - [22/Nov/2025:01:25:26 -0800] "GET /donovan-mcnabb-will-never-make-it-back-to-the-super-bowl/?path=//sys/class/tty/ttyte/subsystem/ttyea/subsystem/ttyea/subsystem/ttyue/subsystem/ttywc/subsystem/ttyae/subsystem/ttycc HTTP/2.0" 200 3149 "-" "Mozilla/5.0 AppleWebKit/537.36 (KHTML, like Gecko; compatible; GPTBot/1.3; +https://openai.com/gptbot)"
66.249.77.78 - - [22/Nov/2025:01:25:26 -0800] "GET /?m=984996187 HTTP/1.1" 200 30465 "-" "Mozilla/5.0 (Linux; Android 6.0.1; Nexus 5X Build/MMB29P) AppleWebKit/537.36 (KHTML, like Gecko) Chrome/141.0.7390.122 Mobile Safari/537.36 (compatible; Googlebot/2.1; +http://www.google.com/bot.html)"
66.249.77.64 - - [22/Nov/2025:01:25:27 -0800] "GET /?m=2528617309 HTTP/1.1" 200 35269 "-" "Mozilla/5.0 (Linux; Android 6.0.1; Nexus 5X Build/MMB29P) AppleWebKit/537.36 (KHTML, like Gecko) Chrome/141.0.7390.122 Mobile Safari/537.36 (compatible; GoogleOther)"
66.249.77.78 - - [22/Nov/2025:01:25:26 -0800] "GET /?m=1169835410 HTTP/1.1" 200 36354 "-" "Mozilla/5.0 (Linux; Android 6.0.1; Nexus 5X Build/MMB29P) AppleWebKit/537.36 (KHTML, like Gecko) Chrome/141.0.7390.122 Mobile Safari/537.36 (compatible; Googlebot/2.1; +http://www.google.com/bot.html)"
66.249.77.64 - - [22/Nov/2025:01:25:29 -0800] "GET /leg/approval40/pe3nu-33196/?fileloc=/home/samfetchero1/pacificnorthwestcoastbias.com/wp-includes/class-wp-simplepie-file.php??m=3492210870 HTTP/1.1" 200 33729 "-" "Mozilla/5.0 (Linux; Android 6.0.1; Nexus 5X Build/MMB29P) AppleWebKit/537.36 (KHTML, like Gecko) Chrome/141.0.7390.122 Mobile Safari/537.36 (compatible; GoogleOther)"
57.141.6.61 - - [22/Nov/2025:01:25:29 -0800] "GET /?info=860155632 HTTP/2.0" 429 351 "-" "meta-externalagent/1.1 (+https://developers.facebook.com/docs/sharing/webmasters/crawler)"
74.7.227.48 - - [22/Nov/2025:01:25:29 -0800] "GET /donovan-mcnabb-will-never-make-it-back-to-the-super-bowl/?path=//sys/class/tty/ttyte/subsystem/ttyea/subsystem/ttyea/subsystem/ttyue/subsystem/ttywc/subsystem/ttyae/subsystem/ptyve HTTP/2.0" 200 3153 "-" "Mozilla/5.0 AppleWebKit/537.36 (KHTML, like Gecko; compatible; GPTBot/1.3; +https://openai.com/gptbot)"
52.45.77.169 - - [22/Nov/2025:01:25:30 -0800] "GET /received-my-invite-for-simple/?path=//sys/bus/platform/devices/reg-dummy/subsystem/devices/reg-dummy/subsystem/drivers/reg-dummy/reg-dummy/subsystem/devices/IPI0001:00/firmware_node/subsystem/devices/PNP0C02:01 HTTP/1.1" 200 6820 "-" "Mozilla/5.0 AppleWebKit/537.36 (KHTML, like Gecko; compatible; Amazonbot/0.1; +https://developer.amazon.com/support/amazonbot) Chrome/119.0.6045.214 Safari/537.36"
66.249.77.78 - - [22/Nov/2025:01:25:30 -0800] "GET /leg/approval40/pe3nu-33196/?fileloc=/home/samfetchero1/pacificnorthwestcoastbias.com/wp-includes/class-wp-simplepie-file.php??m=4017900527 HTTP/1.1" 200 36752 "-" "Mozilla/5.0 (Linux; Android 6.0.1; Nexus 5X Build/MMB29P) AppleWebKit/537.36 (KHTML, like Gecko) Chrome/141.0.7390.122 Mobile Safari/537.36 (compatible; GoogleOther)"
216.73.216.105 - - [22/Nov/2025:01:25:31 -0800] "GET /king-county-coronavirus-daily-prediction-4-3?fileloc=%2Fhome%2Fsamfetchero1%2Fpacificnorthwestcoastbias.com%2Fdefaults.php&path=%2Fhome%2Fsamfetchero1%2Fpacificnorthwestcoastbias.com HTTP/2.0" 200 3654 "-" "Mozilla/5.0 AppleWebKit/537.36 (KHTML, like Gecko; compatible; ClaudeBot/1.0; +claudebot@anthropic.com)"
66.249.77.78 - - [22/Nov/2025:01:25:32 -0800] "GET /?m=3416368215 HTTP/1.1" 200 33083 "-" "Mozilla/5.0 (Linux; Android 6.0.1; Nexus 5X Build/MMB29P) AppleWebKit/537.36 (KHTML, like Gecko) Chrome/141.0.7390.122 Mobile Safari/537.36 (compatible; GoogleOther)"
74.7.227.48 - - [22/Nov/2025:01:25:32 -0800] "GET /donovan-mcnabb-will-never-make-it-back-to-the-super-bowl/?path=//sys/class/tty/ttyte/subsystem/ttyea/subsystem/ttyea/subsystem/ttyue/subsystem/ttywc/subsystem/ttyae/subsystem/ttyrb HTTP/2.0" 200 3151 "-" "Mozilla/5.0 AppleWebKit/537.36 (KHTML, like Gecko; compatible; GPTBot/1.3; +https://openai.com/gptbot)"
107.20.25.33 - - [22/Nov/2025:01:25:34 -0800] "GET /lufthansa-sells-used-aircraft-seats/?path=//sys/bus/platform/devices/reg-dummy/driver/reg-dummy/subsystem/drivers/reg-dummy/reg-dummy/subsystem/devices/IPI0001:00/driver/IPI0001:00/subsystem/drivers/vesa-framebuffer HTTP/1.1" 200 6661 "-" "Mozilla/5.0 AppleWebKit/537.36 (KHTML, like Gecko; compatible; Amazonbot/0.1; +https://developer.amazon.com/support/amazonbot) Chrome/119.0.6045.214 Safari/537.36"
66.249.77.64 - - [22/Nov/2025:01:25:34 -0800] "GET /?m=2832595892 HTTP/1.1" 200 36043 "-" "Mozilla/5.0 (Linux; Android 6.0.1; Nexus 5X Build/MMB29P) AppleWebKit/537.36 (KHTML, like Gecko) Chrome/141.0.7390.122 Mobile Safari/537.36 (compatible; GoogleOther)"
216.73.216.105 - - [22/Nov/2025:01:25:34 -0800] "GET /king-county-coronavirus-daily-prediction-4-3?fileloc=%2Fhome%2Fsamfetchero1%2Fpacificnorthwestcoastbias.com%2Fex.php&path=%2Fhome%2Fsamfetchero1%2Fpacificnorthwestcoastbias.com HTTP/2.0" 200 5370 "-" "Mozilla/5.0 AppleWebKit/537.36 (KHTML, like Gecko; compatible; ClaudeBot/1.0; +claudebot@anthropic.com)"
45.180.211.101 - - [22/Nov/2025:01:25:34 -0800] "GET /?m=261432251 HTTP/1.1" 200 9117 "-" "Mozilla/5.0 (Macintosh; Intel Mac OS X 10_9_3) AppleWebKit/537.36 (KHTML, like Gecko) Chrome/35.0.1916.47 Safari/537.36"
74.7.227.48 - - [22/Nov/2025:01:25:36 -0800] "GET /donovan-mcnabb-will-never-make-it-back-to-the-super-bowl/?path=//sys/class/tty/ttyte/subsystem/ttyea/subsystem/ttyea/subsystem/ttyue/subsystem/ttywc/subsystem/ttyae/subsystem/ptyed HTTP/2.0" 200 3152 "-" "Mozilla/5.0 AppleWebKit/537.36 (KHTML, like Gecko; compatible; GPTBot/1.3; +https://openai.com/gptbot)"
186.235.99.241 - - [22/Nov/2025:01:25:36 -0800] "GET /?m=1085655550 HTTP/1.1" 200 9117 "-" "Mozilla/5.0 (Windows NT 10.0; WOW64) AppleWebKit/537.36 (KHTML, like Gecko) Chrome/91.0.4472.101 Safari/537.36"
66.249.77.78 - - [22/Nov/2025:01:25:36 -0800] "GET /?m=1723542875 HTTP/1.1" 200 34349 "-" "Mozilla/5.0 (Linux; Android 6.0.1; Nexus 5X Build/MMB29P) AppleWebKit/537.36 (KHTML, like Gecko) Chrome/141.0.7390.122 Mobile Safari/537.36 (compatible; GoogleOther)"
216.73.216.105 - - [22/Nov/2025:01:25:37 -0800] "GET /king-county-coronavirus-daily-prediction-4-3?fileloc=%2Fhome%2Fsamfetchero1%2Fpacificnorthwestcoastbias.com%2Fphp.ini&path=%2Fhome%2Fsamfetchero1%2Fpacificnorthwestcoastbias.com HTTP/2.0" 200 2617 "-" "Mozilla/5.0 AppleWebKit/537.36 (KHTML, like Gecko; compatible; ClaudeBot/1.0; +claudebot@anthropic.com)"
98.82.66.172 - - [22/Nov/2025:01:25:38 -0800] "GET /lufthansa-sells-used-aircraft-seats/?path=//sys/bus/platform/devices/reg-dummy/subsystem/drivers/reg-dummy/reg-dummy/subsystem/devices/vesa-framebuffer.0/subsystem/devices/IPI0001:00/subsystem/devices/reg-dummy/driver HTTP/1.1" 200 6655 "-" "Mozilla/5.0 AppleWebKit/537.36 (KHTML, like Gecko; compatible; Amazonbot/0.1; +https://developer.amazon.com/support/amazonbot) Chrome/119.0.6045.214 Safari/537.36"
66.249.77.193 - - [22/Nov/2025:01:25:38 -0800] "GET /researcher/medium66/bh7mm-794/?fileloc=/home/samfetchero1/pacificnorthwestcoastbias.com/wp-admin/options-general.php??m=1706840871 HTTP/1.1" 200 36790 "-" "Mozilla/5.0 (Linux; Android 6.0.1; Nexus 5X Build/MMB29P) AppleWebKit/537.36 (KHTML, like Gecko) Chrome/141.0.7390.122 Mobile Safari/537.36 (compatible; GoogleOther)"
74.7.227.48 - - [22/Nov/2025:01:25:39 -0800] "GET /donovan-mcnabb-will-never-make-it-back-to-the-super-bowl/?path=//sys/class/tty/ttyte/subsystem/ttyea/subsystem/ttyea/subsystem/ttyue/subsystem/ttywc/subsystem/ttyae/subsystem/ttyca HTTP/2.0" 200 3150 "-" "Mozilla/5.0 AppleWebKit/537.36 (KHTML, like Gecko; compatible; GPTBot/1.3; +https://openai.com/gptbot)"
187.107.83.25 - - [22/Nov/2025:01:25:39 -0800] "GET /?m=966367183 HTTP/1.1" 200 9117 "-" "Mozilla/5.0 (Windows NT 6.1; Win64; x64) AppleWebKit/537.36 (KHTML, like Gecko) Brave Chrome/88.0.4324.152 Safari/537.36"
66.249.77.65 - - [22/Nov/2025:01:25:40 -0800] "GET /collections/113373638306 HTTP/1.1" 200 36290 "-" "Mozilla/5.0 (Linux; Android 6.0.1; Nexus 5X Build/MMB29P) AppleWebKit/537.36 (KHTML, like Gecko) Chrome/141.0.7390.122 Mobile Safari/537.36 (compatible; GoogleOther)"
216.73.216.105 - - [22/Nov/2025:01:25:40 -0800] "GET /king-county-coronavirus-daily-prediction-4-3?fileloc=%2Fhome%2Fsamfetchero1%2Fpacificnorthwestcoastbias.com%2Fwp-load.php&path=%2Fhome%2Fsamfetchero1%2Fpacificnorthwestcoastbias.com HTTP/2.0" 200 4409 "-" "Mozilla/5.0 AppleWebKit/537.36 (KHTML, like Gecko; compatible; ClaudeBot/1.0; +claudebot@anthropic.com)"
66.249.77.64 - - [22/Nov/2025:01:25:41 -0800] "GET /leg/approval40/pe3nu-33196/?fileloc=/home/samfetchero1/pacificnorthwestcoastbias.com/wp-admin/export-personal-data.php??m=2567456846 HTTP/1.1" 200 35104 "-" "Mozilla/5.0 (Linux; Android 6.0.1; Nexus 5X Build/MMB29P) AppleWebKit/537.36 (KHTML, like Gecko) Chrome/141.0.7390.122 Mobile Safari/537.36 (compatible; GoogleOther)"
34.194.95.99 - - [22/Nov/2025:01:25:42 -0800] "GET /lufthansa-sells-used-aircraft-seats/?path=//sys/devices/platform/microcode/subsystem/devices/reg-dummy/subsystem/devices/reg-dummy/subsystem/drivers/PCCT/PCCT/subsystem/drivers/reg-dummy/reg-dummy/regulator HTTP/1.1" 200 6430 "-" "Mozilla/5.0 AppleWebKit/537.36 (KHTML, like Gecko; compatible; Amazonbot/0.1; +https://developer.amazon.com/support/amazonbot) Chrome/119.0.6045.214 Safari/537.36"
74.7.227.48 - - [22/Nov/2025:01:25:42 -0800] "GET /donovan-mcnabb-will-never-make-it-back-to-the-super-bowl/?path=//sys/class/tty/ttyte/subsystem/ttyea/subsystem/ttyea/subsystem/ttyue/subsystem/ttywc/subsystem/ttyae/subsystem/ptyaf HTTP/2.0" 200 3152 "-" "Mozilla/5.0 AppleWebKit/537.36 (KHTML, like Gecko; compatible; GPTBot/1.3; +https://openai.com/gptbot)"
66.249.77.65 - - [22/Nov/2025:01:25:43 -0800] "GET /?m=2301002241 HTTP/1.1" 200 30368 "-" "Mozilla/5.0 (Linux; Android 6.0.1; Nexus 5X Build/MMB29P) AppleWebKit/537.36 (KHTML, like Gecko) Chrome/141.0.7390.122 Mobile Safari/537.36 (compatible; GoogleOther)"
216.73.216.105 - - [22/Nov/2025:01:25:43 -0800] "GET /king-county-coronavirus-daily-prediction-4-3?fileloc=%2Fhome%2Fsamfetchero1%2Fpacificnorthwestcoastbias.com%2Fqq.php&path=%2Fhome%2Fsamfetchero1%2Fpacificnorthwestcoastbias.com HTTP/2.0" 200 24124 "-" "Mozilla/5.0 AppleWebKit/537.36 (KHTML, like Gecko; compatible; ClaudeBot/1.0; +claudebot@anthropic.com)"
66.249.77.65 - - [22/Nov/2025:01:25:45 -0800] "GET /leg/approval40/pe3nu-33196/?fileloc=/home/samfetchero1/pacificnorthwestcoastbias.com/wp-includes/class-wp-simplepie-file.php??m=87695491 HTTP/1.1" 200 31231 "-" "Mozilla/5.0 (Linux; Android 6.0.1; Nexus 5X Build/MMB29P) AppleWebKit/537.36 (KHTML, like Gecko) Chrome/141.0.7390.122 Mobile Safari/537.36 (compatible; GoogleOther)"
74.7.227.48 - - [22/Nov/2025:01:25:45 -0800] "GET /donovan-mcnabb-will-never-make-it-back-to-the-super-bowl/?path=//sys/class/tty/ttyte/subsystem/ttyea/subsystem/ttyea/subsystem/ttyue/subsystem/ttywc/subsystem/ttyae/subsystem/ptywb HTTP/2.0" 200 3151 "-" "Mozilla/5.0 AppleWebKit/537.36 (KHTML, like Gecko; compatible; GPTBot/1.3; +https://openai.com/gptbot)"
187.181.13.252 - - [22/Nov/2025:01:25:45 -0800] "GET /?m=4254934512 HTTP/1.1" 200 9117 "-" "Mozilla/5.0 (Windows NT 10.0; Win64; x64) AppleWebKit/537.36 (KHTML, like Gecko) Chrome/99.0.4844.84 Safari/537.36"
54.89.90.224 - - [22/Nov/2025:01:25:46 -0800] "GET /received-my-invite-for-simple/?path=//sys/bus/platform/devices/reg-dummy/subsystem/devices/reg-dummy/subsystem/drivers/reg-dummy/reg-dummy/subsystem/devices/PNP0800:00/firmware_node/subsystem/devices/device:2f HTTP/1.1" 200 6695 "-" "Mozilla/5.0 AppleWebKit/537.36 (KHTML, like Gecko; compatible; Amazonbot/0.1; +https://developer.amazon.com/support/amazonbot) Chrome/119.0.6045.214 Safari/537.36"
216.73.216.105 - - [22/Nov/2025:01:25:46 -0800] "GET /king-county-coronavirus-daily-prediction-4-3?fileloc=%2Fhome%2Fsamfetchero1%2Fpacificnorthwestcoastbias.com%2Fwp-am.php&path=%2Fhome%2Fsamfetchero1%2Fpacificnorthwestcoastbias.com HTTP/2.0" 200 21764 "-" "Mozilla/5.0 AppleWebKit/537.36 (KHTML, like Gecko; compatible; ClaudeBot/1.0; +claudebot@anthropic.com)"
66.249.77.78 - - [22/Nov/2025:01:25:47 -0800] "GET /?m=4205796740 HTTP/1.1" 200 37274 "-" "Mozilla/5.0 (Linux; Android 6.0.1; Nexus 5X Build/MMB29P) AppleWebKit/537.36 (KHTML, like Gecko) Chrome/141.0.7390.122 Mobile Safari/537.36 (compatible; GoogleOther)"
185.54.23.252 - - [22/Nov/2025:01:25:47 -0800] "GET /?m=2607206420 HTTP/1.1" 200 9117 "-" "Mozilla/5.0 (Windows NT 10.0; Win64; x64) AppleWebKit/537.36 (KHTML, like Gecko) Chrome/91.0.4472.114 Safari/537.36"
74.7.227.48 - - [22/Nov/2025:01:25:48 -0800] "GET /donovan-mcnabb-will-never-make-it-back-to-the-super-bowl/?path=//sys/class/tty/ttyte/subsystem/ttyea/subsystem/ttyea/subsystem/ttyue/subsystem/ttywc/subsystem/ttyae/subsystem/ttysd HTTP/2.0" 200 3151 "-" "Mozilla/5.0 AppleWebKit/537.36 (KHTML, like Gecko; compatible; GPTBot/1.3; +https://openai.com/gptbot)"
66.249.77.66 - - [22/Nov/2025:01:25:49 -0800] "GET /?m=3101121478 HTTP/1.1" 200 34381 "-" "Mozilla/5.0 (Linux; Android 6.0.1; Nexus 5X Build/MMB29P) AppleWebKit/537.36 (KHTML, like Gecko) Chrome/141.0.7390.122 Mobile Safari/537.36 (compatible; GoogleOther)"
44.196.118.6 - - [22/Nov/2025:01:25:50 -0800] "GET /lufthansa-sells-used-aircraft-seats/?path=//sys/devices/platform/microcode/subsystem/drivers/reg-dummy/reg-dummy/driver/reg-dummy/subsystem/devices/PNP0C33:00/subsystem/devices/pcspkr/subsystem/drivers/timeriomem_rng HTTP/1.1" 200 6571 "-" "Mozilla/5.0 AppleWebKit/537.36 (KHTML, like Gecko; compatible; Amazonbot/0.1; +https://developer.amazon.com/support/amazonbot) Chrome/119.0.6045.214 Safari/537.36"
66.249.77.64 - - [22/Nov/2025:01:25:50 -0800] "GET /?m=2541001482 HTTP/1.1" 200 35517 "-" "Mozilla/5.0 (Linux; Android 6.0.1; Nexus 5X Build/MMB29P) AppleWebKit/537.36 (KHTML, like Gecko) Chrome/141.0.7390.122 Mobile Safari/537.36 (compatible; GoogleOther)"
103.127.6.211 - - [22/Nov/2025:01:25:51 -0800] "GET /?m=3483093796 HTTP/1.1" 200 37456 "-" "Mozilla/5.0 (Windows NT 10.0; WOW64) AppleWebKit/537.36 (KHTML, like Gecko) Chrome/63.0.3239.132 AOL/11.0 AOLBUILD/11.0.1839 Safari/537.36"
74.7.227.48 - - [22/Nov/2025:01:25:51 -0800] "GET /donovan-mcnabb-will-never-make-it-back-to-the-super-bowl/?path=//sys/class/tty/ttyte/subsystem/ttyea/subsystem/ttyea/subsystem/ttyue/subsystem/ttywc/subsystem/ttyae/subsystem/ptyta HTTP/2.0" 200 3151 "-" "Mozilla/5.0 AppleWebKit/537.36 (KHTML, like Gecko; compatible; GPTBot/1.3; +https://openai.com/gptbot)"
66.249.77.65 - - [22/Nov/2025:01:25:52 -0800] "GET /?m=852767924 HTTP/1.1" 200 37000 "-" "Mozilla/5.0 (Linux; Android 6.0.1; Nexus 5X Build/MMB29P) AppleWebKit/537.36 (KHTML, like Gecko) Chrome/141.0.7390.122 Mobile Safari/537.36 (compatible; GoogleOther)"
23.23.213.182 - - [22/Nov/2025:01:25:54 -0800] "GET /received-my-invite-for-simple/?path=//sys/devices/platform/PCCT/subsystem/devices/reg-dummy/subsystem/drivers/reg-dummy/reg-dummy/subsystem/devices/IPI0001:00/firmware_node/subsystem/devices/device:88 HTTP/1.1" 200 6698 "-" "Mozilla/5.0 AppleWebKit/537.36 (KHTML, like Gecko; compatible; Amazonbot/0.1; +https://developer.amazon.com/support/amazonbot) Chrome/119.0.6045.214 Safari/537.36"
66.249.77.65 - - [22/Nov/2025:01:25:54 -0800] "GET /?m=182503556 HTTP/1.1" 200 31647 "-" "Mozilla/5.0 (Linux; Android 6.0.1; Nexus 5X Build/MMB29P) AppleWebKit/537.36 (KHTML, like Gecko) Chrome/141.0.7390.122 Mobile Safari/537.36 (compatible; GoogleOther)"
74.7.227.48 - - [22/Nov/2025:01:25:55 -0800] "GET /donovan-mcnabb-will-never-make-it-back-to-the-super-bowl/?path=//sys/class/tty/ttyte/subsystem/ttyea/subsystem/ttyea/subsystem/ttyue/subsystem/ttywc/subsystem/ttyae/subsystem/ttype HTTP/2.0" 200 3148 "-" "Mozilla/5.0 AppleWebKit/537.36 (KHTML, like Gecko; compatible; GPTBot/1.3; +https://openai.com/gptbot)"
66.249.77.64 - - [22/Nov/2025:01:25:56 -0800] "GET /?m=6308502 HTTP/1.1" 200 38443 "-" "Mozilla/5.0 (Linux; Android 6.0.1; Nexus 5X Build/MMB29P) AppleWebKit/537.36 (KHTML, like Gecko) Chrome/141.0.7390.122 Mobile Safari/537.36 (compatible; GoogleOther)"
213.217.199.236 - - [22/Nov/2025:01:25:56 -0800] "GET /?m=436755063 HTTP/1.1" 200 9117 "-" "Mozilla/5.0 (Macintosh; Intel Mac OS X 11_1_0) AppleWebKit/537.36 (KHTML, like Gecko) Chrome/87.0.4280.88 Safari/537.36 FS"
216.73.216.105 - - [22/Nov/2025:01:25:57 -0800] "GET /king-county-coronavirus-daily-prediction-4-3?fileloc=%2Fhome%2Fsamfetchero1%2Fpacificnorthwestcoastbias.com%2Foptions.php&path=%2Fhome%2Fsamfetchero1%2Fpacificnorthwestcoastbias.com HTTP/2.0" 200 3654 "-" "Mozilla/5.0 AppleWebKit/537.36 (KHTML, like Gecko; compatible; ClaudeBot/1.0; +claudebot@anthropic.com)"
74.7.227.48 - - [22/Nov/2025:01:25:58 -0800] "GET /donovan-mcnabb-will-never-make-it-back-to-the-super-bowl/?path=//sys/class/tty/ttyte/subsystem/ttyea/subsystem/ttyea/subsystem/ttyue/subsystem/ttywc/subsystem/ttyae/subsystem/ttyad HTTP/2.0" 200 3149 "-" "Mozilla/5.0 AppleWebKit/537.36 (KHTML, like Gecko; compatible; GPTBot/1.3; +https://openai.com/gptbot)"
66.249.77.78 - - [22/Nov/2025:01:25:58 -0800] "GET /leg/approval40/pe3nu-33196/?fileloc=/home/samfetchero1/pacificnorthwestcoastbias.com/wp-admin/export-personal-data.php?m=4086811580 HTTP/1.1" 200 38520 "-" "Mozilla/5.0 (Linux; Android 6.0.1; Nexus 5X Build/MMB29P) AppleWebKit/537.36 (KHTML, like Gecko) Chrome/141.0.7390.122 Mobile Safari/537.36 (compatible; GoogleOther)"
66.249.77.65 - - [22/Nov/2025:01:25:58 -0800] "GET /?m=1749269536 HTTP/1.1" 200 33782 "-" "Mozilla/5.0 (Linux; Android 6.0.1; Nexus 5X Build/MMB29P) AppleWebKit/537.36 (KHTML, like Gecko) Chrome/141.0.7390.122 Mobile Safari/537.36 (compatible; Googlebot/2.1; +http://www.google.com/bot.html)"
44.215.210.112 - - [22/Nov/2025:01:25:58 -0800] "GET /lufthansa-sells-used-aircraft-seats/?path=//sys/bus/platform/devices/reg-dummy/driver/reg-dummy/subsystem/drivers/reg-dummy/reg-dummy/subsystem/devices/PCCT/subsystem/devices/serial8250/tty/ttyS3 HTTP/1.1" 200 7223 "-" "Mozilla/5.0 AppleWebKit/537.36 (KHTML, like Gecko; compatible; Amazonbot/0.1; +https://developer.amazon.com/support/amazonbot) Chrome/119.0.6045.214 Safari/537.36"
216.73.216.105 - - [22/Nov/2025:01:26:00 -0800] "GET /king-county-coronavirus-daily-prediction-4-3?fileloc=%2Fhome%2Fsamfetchero1%2Fpacificnorthwestcoastbias.com%2Fwp-trackback.php&path=%2Fhome%2Fsamfetchero1%2Fpacificnorthwestcoastbias.com HTTP/2.0" 200 4510 "-" "Mozilla/5.0 AppleWebKit/537.36 (KHTML, like Gecko; compatible; ClaudeBot/1.0; +claudebot@anthropic.com)"
66.249.77.65 - - [22/Nov/2025:01:26:00 -0800] "GET /leg/approval40/pe3nu-33196/?fileloc=/home/samfetchero1/pacificnorthwestcoastbias.com/wp-includes/class-wp-simplepie-file.php?m=57797774 HTTP/1.1" 200 35811 "-" "Mozilla/5.0 (Linux; Android 6.0.1; Nexus 5X Build/MMB29P) AppleWebKit/537.36 (KHTML, like Gecko) Chrome/141.0.7390.122 Mobile Safari/537.36 (compatible; GoogleOther)"
74.7.227.48 - - [22/Nov/2025:01:26:01 -0800] "GET /donovan-mcnabb-will-never-make-it-back-to-the-super-bowl/?path=//sys/class/tty/ttyte/subsystem/ttyea/subsystem/ttyea/subsystem/ttyue/subsystem/ttywc/subsystem/ttyae/subsystem/ttyce HTTP/2.0" 200 3149 "-" "Mozilla/5.0 AppleWebKit/537.36 (KHTML, like Gecko; compatible; GPTBot/1.3; +https://openai.com/gptbot)"
66.249.77.78 - - [22/Nov/2025:01:26:01 -0800] "GET /?m=3078729227 HTTP/1.1" 200 32395 "-" "Mozilla/5.0 (Linux; Android 6.0.1; Nexus 5X Build/MMB29P) AppleWebKit/537.36 (KHTML, like Gecko) Chrome/141.0.7390.122 Mobile Safari/537.36 (compatible; GoogleOther)"
54.198.33.233 - - [22/Nov/2025:01:26:02 -0800] "GET /lufthansa-sells-used-aircraft-seats/?path=//sys/bus/platform/drivers/reg-dummy/reg-dummy/subsystem/devices/microcode/subsystem/drivers/PCCT/PCCT/driver/PCCT/subsystem/drivers/acpi-ged HTTP/1.1" 200 6544 "-" "Mozilla/5.0 AppleWebKit/537.36 (KHTML, like Gecko; compatible; Amazonbot/0.1; +https://developer.amazon.com/support/amazonbot) Chrome/119.0.6045.214 Safari/537.36"
216.73.216.105 - - [22/Nov/2025:01:26:03 -0800] "GET /king-county-coronavirus-daily-prediction-4-3?fileloc=%2Fhome%2Fsamfetchero1%2Fpacificnorthwestcoastbias.com%2Fwp-activate.php&path=%2Fhome%2Fsamfetchero1%2Fpacificnorthwestcoastbias.com HTTP/2.0" 200 5142 "-" "Mozilla/5.0 AppleWebKit/537.36 (KHTML, like Gecko; compatible; ClaudeBot/1.0; +claudebot@anthropic.com)"
66.249.77.65 - - [22/Nov/2025:01:26:03 -0800] "GET /?m=1813538799 HTTP/1.1" 200 33350 "-" "Mozilla/5.0 (Linux; Android 6.0.1; Nexus 5X Build/MMB29P) AppleWebKit/537.36 (KHTML, like Gecko) Chrome/141.0.7390.122 Mobile Safari/537.36 (compatible; GoogleOther)"
113.176.73.40 - - [22/Nov/2025:01:26:04 -0800] "GET /?m=338029990 HTTP/1.1" 200 9117 "-" "Mozilla/5.0 (Windows NT 10.0; Win64; x64) AppleWebKit/537.36 (KHTML, like Gecko) Chrome/71.0.3578.98 Safari/537.36"
74.7.227.48 - - [22/Nov/2025:01:26:04 -0800] "GET /donovan-mcnabb-will-never-make-it-back-to-the-super-bowl/?path=//sys/class/tty/ttyte/subsystem/ttyea/subsystem/ttyea/subsystem/ttyue/subsystem/ttywc/subsystem/ttyae/subsystem/ptyxb HTTP/2.0" 200 3153 "-" "Mozilla/5.0 AppleWebKit/537.36 (KHTML, like Gecko; compatible; GPTBot/1.3; +https://openai.com/gptbot)"
66.249.77.78 - - [22/Nov/2025:01:26:05 -0800] "GET /?m=2605270439 HTTP/1.1" 200 34417 "-" "Mozilla/5.0 (Linux; Android 6.0.1; Nexus 5X Build/MMB29P) AppleWebKit/537.36 (KHTML, like Gecko) Chrome/141.0.7390.122 Mobile Safari/537.36 (compatible; GoogleOther)"
216.73.216.105 - - [22/Nov/2025:01:26:06 -0800] "GET /king-county-coronavirus-daily-prediction-4-3?fileloc=%2Fhome%2Fsamfetchero1%2Fpacificnorthwestcoastbias.com%2Fwp-log1n.php&path=%2Fhome%2Fsamfetchero1%2Fpacificnorthwestcoastbias.com HTTP/2.0" 200 3597 "-" "Mozilla/5.0 AppleWebKit/537.36 (KHTML, like Gecko; compatible; ClaudeBot/1.0; +claudebot@anthropic.com)"
34.226.89.140 - - [22/Nov/2025:01:26:06 -0800] "GET /lufthansa-sells-used-aircraft-seats/?path=//sys/bus/platform/devices/reg-dummy/driver/reg-dummy/subsystem/drivers/reg-dummy/reg-dummy/subsystem/devices/acpi-cpufreq/subsystem/devices/IPI0001:00 HTTP/1.1" 200 6737 "-" "Mozilla/5.0 AppleWebKit/537.36 (KHTML, like Gecko; compatible; Amazonbot/0.1; +https://developer.amazon.com/support/amazonbot) Chrome/119.0.6045.214 Safari/537.36"
66.249.77.78 - - [22/Nov/2025:01:26:07 -0800] "GET /?m=3850247009 HTTP/1.1" 200 32772 "-" "Mozilla/5.0 (Linux; Android 6.0.1; Nexus 5X Build/MMB29P) AppleWebKit/537.36 (KHTML, like Gecko) Chrome/141.0.7390.122 Mobile Safari/537.36 (compatible; GoogleOther)"
74.7.227.48 - - [22/Nov/2025:01:26:07 -0800] "GET /donovan-mcnabb-will-never-make-it-back-to-the-super-bowl/?path=//sys/class/tty/ttyte/subsystem/ttyea/subsystem/ttyea/subsystem/ttyue/subsystem/ttywc/subsystem/ttyae/subsystem/ttyvf HTTP/2.0" 200 3151 "-" "Mozilla/5.0 AppleWebKit/537.36 (KHTML, like Gecko; compatible; GPTBot/1.3; +https://openai.com/gptbot)"
216.73.216.105 - - [22/Nov/2025:01:26:09 -0800] "GET /king-county-coronavirus-daily-prediction-4-3?fileloc=%2Fhome%2Fsamfetchero1%2Fpacificnorthwestcoastbias.com%2Fxmlrpc.php&path=%2Fhome%2Fsamfetchero1%2Fpacificnorthwestcoastbias.com HTTP/2.0" 200 4066 "-" "Mozilla/5.0 AppleWebKit/537.36 (KHTML, like Gecko; compatible; ClaudeBot/1.0; +claudebot@anthropic.com)"
66.249.77.78 - - [22/Nov/2025:01:26:09 -0800] "GET /?m=204539172 HTTP/1.1" 200 34490 "-" "Mozilla/5.0 (Linux; Android 6.0.1; Nexus 5X Build/MMB29P) AppleWebKit/537.36 (KHTML, like Gecko) Chrome/141.0.7390.122 Mobile Safari/537.36 (compatible; GoogleOther)"
34.239.85.139 - - [22/Nov/2025:01:26:10 -0800] "GET /lufthansa-sells-used-aircraft-seats/?path=//sys/devices/platform/microcode/subsystem/devices/reg-dummy/subsystem/drivers/reg-dummy/reg-dummy/driver/reg-dummy/regulator/regulator.0/device/subsystem/drivers/timeriomem_rng HTTP/1.1" 200 6569 "-" "Mozilla/5.0 AppleWebKit/537.36 (KHTML, like Gecko; compatible; Amazonbot/0.1; +https://developer.amazon.com/support/amazonbot) Chrome/119.0.6045.214 Safari/537.36"
74.7.227.48 - - [22/Nov/2025:01:26:11 -0800] "GET /donovan-mcnabb-will-never-make-it-back-to-the-super-bowl/?path=//sys/class/tty/ttyte/subsystem/ttyea/subsystem/ttyea/subsystem/ttyue/subsystem/ttywc/subsystem/ttyae/subsystem/ttyrf HTTP/2.0" 200 3150 "-" "Mozilla/5.0 AppleWebKit/537.36 (KHTML, like Gecko; compatible; GPTBot/1.3; +https://openai.com/gptbot)"
216.73.216.105 - - [22/Nov/2025:01:26:12 -0800] "GET /king-county-coronavirus-daily-prediction-4-3?fileloc=%2Fhome%2Fsamfetchero1%2Fpacificnorthwestcoastbias.com%2Fwp-config.php&path=%2Fhome%2Fsamfetchero1%2Fpacificnorthwestcoastbias.com HTTP/2.0" 418 629 "-" "Mozilla/5.0 AppleWebKit/537.36 (KHTML, like Gecko; compatible; ClaudeBot/1.0; +claudebot@anthropic.com)"
66.249.77.64 - - [22/Nov/2025:01:26:11 -0800] "GET /?m=1750602081 HTTP/1.1" 200 34586 "-" "Mozilla/5.0 (Linux; Android 6.0.1; Nexus 5X Build/MMB29P) AppleWebKit/537.36 (KHTML, like Gecko) Chrome/141.0.7390.122 Mobile Safari/537.36 (compatible; GoogleOther)"
66.249.77.78 - - [22/Nov/2025:01:26:13 -0800] "GET /?m=1284152859 HTTP/1.1" 200 33556 "-" "Mozilla/5.0 (Linux; Android 6.0.1; Nexus 5X Build/MMB29P) AppleWebKit/537.36 (KHTML, like Gecko) Chrome/141.0.7390.122 Mobile Safari/537.36 (compatible; GoogleOther)"
74.7.227.48 - - [22/Nov/2025:01:26:14 -0800] "GET /donovan-mcnabb-will-never-make-it-back-to-the-super-bowl/?path=//sys/class/tty/ttyte/subsystem/ttyea/subsystem/ttyea/subsystem/ttyue/subsystem/ttywc/subsystem/ttyae/subsystem/ttybe HTTP/2.0" 200 3149 "-" "Mozilla/5.0 AppleWebKit/537.36 (KHTML, like Gecko; compatible; GPTBot/1.3; +https://openai.com/gptbot)"
44.215.210.112 - - [22/Nov/2025:01:26:14 -0800] "GET /received-my-invite-for-simple/?path=//sys/bus/platform/drivers/reg-dummy/reg-dummy/subsystem/drivers/reg-dummy/reg-dummy/subsystem/devices/IPI0001:00/firmware_node/subsystem/devices/device:7b/subsystem HTTP/1.1" 200 6705 "-" "Mozilla/5.0 AppleWebKit/537.36 (KHTML, like Gecko; compatible; Amazonbot/0.1; +https://developer.amazon.com/support/amazonbot) Chrome/119.0.6045.214 Safari/537.36"
66.249.77.78 - - [22/Nov/2025:01:26:15 -0800] "GET /leg/approval40/pe3nu-33196/?fileloc=/home/samfetchero1/pacificnorthwestcoastbias.com/wp-admin/export-personal-data.php??m=2473004077 HTTP/1.1" 200 33812 "-" "Mozilla/5.0 (Linux; Android 6.0.1; Nexus 5X Build/MMB29P) AppleWebKit/537.36 (KHTML, like Gecko) Chrome/141.0.7390.122 Mobile Safari/537.36 (compatible; GoogleOther)"
216.73.216.105 - - [22/Nov/2025:01:26:15 -0800] "GET /king-county-coronavirus-daily-prediction-4-3?fileloc=%2Fhome%2Fsamfetchero1%2Fpacificnorthwestcoastbias.com%2Findex.php&path=%2Fhome%2Fsamfetchero1%2Fpacificnorthwestcoastbias.com HTTP/2.0" 200 12049 "-" "Mozilla/5.0 AppleWebKit/537.36 (KHTML, like Gecko; compatible; ClaudeBot/1.0; +claudebot@anthropic.com)"
74.7.227.48 - - [22/Nov/2025:01:26:17 -0800] "GET /donovan-mcnabb-will-never-make-it-back-to-the-super-bowl/?path=//sys/class/tty/ttyte/subsystem/ttyea/subsystem/ttyea/subsystem/ttyue/subsystem/ttywc/subsystem/ttyae/subsystem/ttyye HTTP/2.0" 200 3149 "-" "Mozilla/5.0 AppleWebKit/537.36 (KHTML, like Gecko; compatible; GPTBot/1.3; +https://openai.com/gptbot)"
66.249.77.64 - - [22/Nov/2025:01:26:17 -0800] "GET /vessel/lecture1/7rw4d-2013/?fileloc=/home/samfetchero1/pacificnorthwestcoastbias.com/wp-rdf.php?m=2157449380 HTTP/1.1" 200 34610 "-" "Mozilla/5.0 (Linux; Android 6.0.1; Nexus 5X Build/MMB29P) AppleWebKit/537.36 (KHTML, like Gecko) Chrome/141.0.7390.122 Mobile Safari/537.36 (compatible; GoogleOther)"
54.198.33.233 - - [22/Nov/2025:01:26:18 -0800] "GET /received-my-invite-for-simple/?path=//sys/bus/platform/devices/reg-dummy/subsystem/devices/reg-dummy/subsystem/drivers/reg-dummy/reg-dummy/subsystem/devices/IPI0001:00/firmware_node/subsystem/devices/device:8c HTTP/1.1" 200 6736 "-" "Mozilla/5.0 AppleWebKit/537.36 (KHTML, like Gecko; compatible; Amazonbot/0.1; +https://developer.amazon.com/support/amazonbot) Chrome/119.0.6045.214 Safari/537.36"
216.73.216.105 - - [22/Nov/2025:01:26:18 -0800] "GET /king-county-coronavirus-daily-prediction-4-3?fileloc=%2Fhome%2Fsamfetchero1%2Fpacificnorthwestcoastbias.com%2Fnetworks.php&path=%2Fhome%2Fsamfetchero1%2Fpacificnorthwestcoastbias.com HTTP/2.0" 200 3589 "-" "Mozilla/5.0 AppleWebKit/537.36 (KHTML, like Gecko; compatible; ClaudeBot/1.0; +claudebot@anthropic.com)"
66.249.77.64 - - [22/Nov/2025:01:26:19 -0800] "GET /?m=2569726848 HTTP/1.1" 200 32289 "-" "Mozilla/5.0 (Linux; Android 6.0.1; Nexus 5X Build/MMB29P) AppleWebKit/537.36 (KHTML, like Gecko) Chrome/141.0.7390.122 Mobile Safari/537.36 (compatible; GoogleOther)"
74.7.227.48 - - [22/Nov/2025:01:26:20 -0800] "GET /donovan-mcnabb-will-never-make-it-back-to-the-super-bowl/?path=//sys/class/tty/ttyte/subsystem/ttyea/subsystem/ttyea/subsystem/ttyue/subsystem/ttywc/subsystem/ttyae/subsystem/ptyxa HTTP/2.0" 200 3153 "-" "Mozilla/5.0 AppleWebKit/537.36 (KHTML, like Gecko; compatible; GPTBot/1.3; +https://openai.com/gptbot)"
181.46.9.89 - - [22/Nov/2025:01:26:19 -0800] "GET /nature/x243?pid=24436 HTTP/1.1" 200 9117 "-" "Mozilla/5.0 (Macintosh; Intel Mac OS X 10_11_6) AppleWebKit/537.36 (KHTML, like Gecko) Chrome/86.0.4240.111 Safari/537.36"
74.7.227.36 - - [22/Nov/2025:01:26:20 -0800] "GET /search.php?b=2918218730972&channel=132e83&from=https://www.pacificnorthwestcoastbias.com/spark.htm?items/232011808.html HTTP/2.0" 429 359 "-" "Mozilla/5.0 AppleWebKit/537.36 (KHTML, like Gecko; compatible; GPTBot/1.3; +https://openai.com/gptbot)"
216.73.216.105 - - [22/Nov/2025:01:26:21 -0800] "GET /king-county-coronavirus-daily-prediction-4-3?path=%2Fhome%2Fsamfetchero1%2Fpacificnorthwestcoastbias.com%2Fwp-admin HTTP/2.0" 200 6979 "-" "Mozilla/5.0 AppleWebKit/537.36 (KHTML, like Gecko; compatible; ClaudeBot/1.0; +claudebot@anthropic.com)"
66.249.77.64 - - [22/Nov/2025:01:26:21 -0800] "GET /?m=1491710598 HTTP/1.1" 200 33692 "-" "Mozilla/5.0 (Linux; Android 6.0.1; Nexus 5X Build/MMB29P) AppleWebKit/537.36 (KHTML, like Gecko) Chrome/141.0.7390.122 Mobile Safari/537.36 (compatible; GoogleOther)"
3.94.156.104 - - [22/Nov/2025:01:26:22 -0800] "GET /received-my-invite-for-simple/?path=//sys/bus/platform/devices/reg-dummy/subsystem/devices/reg-dummy/subsystem/drivers/reg-dummy/reg-dummy/subsystem/devices/IPI0001:00/firmware_node/subsystem/devices/device:138 HTTP/1.1" 200 6658 "-" "Mozilla/5.0 AppleWebKit/537.36 (KHTML, like Gecko; compatible; Amazonbot/0.1; +https://developer.amazon.com/support/amazonbot) Chrome/119.0.6045.214 Safari/537.36"
66.249.77.64 - - [22/Nov/2025:01:26:22 -0800] "GET /?m=307761186 HTTP/1.1" 200 34422 "-" "Mozilla/5.0 (Linux; Android 6.0.1; Nexus 5X Build/MMB29P) AppleWebKit/537.36 (KHTML, like Gecko) Chrome/141.0.7390.122 Mobile Safari/537.36 (compatible; Googlebot/2.1; +http://www.google.com/bot.html)"
74.7.227.48 - - [22/Nov/2025:01:26:23 -0800] "GET /donovan-mcnabb-will-never-make-it-back-to-the-super-bowl/?path=//sys/class/tty/ttyte/subsystem/ttyea/subsystem/ttyea/subsystem/ttyue/subsystem/ttywc/subsystem/ttyae/subsystem/ptywe HTTP/2.0" 200 3151 "-" "Mozilla/5.0 AppleWebKit/537.36 (KHTML, like Gecko; compatible; GPTBot/1.3; +https://openai.com/gptbot)"
66.249.77.64 - - [22/Nov/2025:01:26:23 -0800] "GET /?m=582318218 HTTP/1.1" 200 31199 "-" "Mozilla/5.0 (Linux; Android 6.0.1; Nexus 5X Build/MMB29P) AppleWebKit/537.36 (KHTML, like Gecko) Chrome/141.0.7390.122 Mobile Safari/537.36 (compatible; GoogleOther)"
66.249.77.78 - - [22/Nov/2025:01:26:25 -0800] "GET /?m=355887478 HTTP/1.1" 200 37882 "-" "Mozilla/5.0 (Linux; Android 6.0.1; Nexus 5X Build/MMB29P) AppleWebKit/537.36 (KHTML, like Gecko) Chrome/141.0.7390.122 Mobile Safari/537.36 (compatible; GoogleOther)"
