54.197.102.71 - - [21/Nov/2025:01:51:27 -0800] "GET /received-my-invite-for-simple/?path=//sys/bus/platform/drivers/reg-dummy/reg-dummy/subsystem/drivers/reg-dummy/reg-dummy/subsystem/devices/IPI0001:00/firmware_node/subsystem/devices/device:d0 HTTP/1.1" 200 6761 "-" "Mozilla/5.0 AppleWebKit/537.36 (KHTML, like Gecko; compatible; Amazonbot/0.1; +https://developer.amazon.com/support/amazonbot) Chrome/119.0.6045.214 Safari/537.36" 
74.7.227.171 - - [21/Nov/2025:01:51:28 -0800] "GET /donovan-mcnabb-will-never-make-it-back-to-the-super-bowl/?path=//sys/class/tty/ttyte/subsystem/ttyea/subsystem/ttyea/subsystem/ttyue/subsystem/ttyec/subsystem/ptyta/subsystem/ttyea HTTP/2.0" 200 3144 "-" "Mozilla/5.0 AppleWebKit/537.36 (KHTML, like Gecko; compatible; GPTBot/1.3; +https://openai.com/gptbot)" 
66.249.73.64 - - [21/Nov/2025:01:51:28 -0800] "GET /?m=1124040171 HTTP/1.1" 200 38996 "-" "Mozilla/5.0 (Linux; Android 6.0.1; Nexus 5X Build/MMB29P) AppleWebKit/537.36 (KHTML, like Gecko) Chrome/141.0.7390.122 Mobile Safari/537.36 (compatible; GoogleOther)" 
74.7.243.205 - - [21/Nov/2025:01:51:28 -0800] "GET /search.php?b=2918218730972&channel=132e83&from=https://www.pacificnorthwestcoastbias.com/spark.htm?items/150008504.html HTTP/2.0" 403 100214 "-" "Mozilla/5.0 AppleWebKit/537.36 (KHTML, like Gecko; compatible; GPTBot/1.3; +https://openai.com/gptbot)" 
65.108.2.171 - - [21/Nov/2025:01:51:28 -0800] "GET /?fileloc=//usr/sbin/vgmerge&path=//usr/sbin HTTP/1.1" 200 893223 "-" "Mozilla/5.0 (compatible; MJ12bot/v1.4.8; http://mj12bot.com/)" 
66.249.73.64 - - [21/Nov/2025:01:51:30 -0800] "GET /?m=3207904137 HTTP/1.1" 200 34002 "-" "Mozilla/5.0 (Linux; Android 6.0.1; Nexus 5X Build/MMB29P) AppleWebKit/537.36 (KHTML, like Gecko) Chrome/141.0.7390.122 Mobile Safari/537.36 (compatible; GoogleOther)" 
74.7.227.171 - - [21/Nov/2025:01:51:31 -0800] "GET /donovan-mcnabb-will-never-make-it-back-to-the-super-bowl/?path=//sys/class/tty/ttyte/subsystem/ttyea/subsystem/ttyea/subsystem/ttyue/subsystem/ttyec/subsystem/ptyta/subsystem/ttytf HTTP/2.0" 200 3149 "-" "Mozilla/5.0 AppleWebKit/537.36 (KHTML, like Gecko; compatible; GPTBot/1.3; +https://openai.com/gptbot)" 
44.223.116.149 - - [21/Nov/2025:01:51:32 -0800] "GET /lufthansa-sells-used-aircraft-seats/?path=//sys/devices/platform/microcode/subsystem/devices/reg-dummy/subsystem/devices/reg-dummy/driver/reg-dummy/subsystem/devices/kgdboc/subsystem/drivers/timeriomem_rng HTTP/1.1" 200 6551 "-" "Mozilla/5.0 AppleWebKit/537.36 (KHTML, like Gecko; compatible; Amazonbot/0.1; +https://developer.amazon.com/support/amazonbot) Chrome/119.0.6045.214 Safari/537.36" 
66.249.73.73 - - [21/Nov/2025:01:51:32 -0800] "GET /stable/chart40/66q46-33158/?fileloc=/home/samfetchero1/pacificnorthwestcoastbias.com/wp-includes/class-wp-simplepie-file.php??m=2255546900 HTTP/1.1" 200 36279 "-" "Mozilla/5.0 (Linux; Android 6.0.1; Nexus 5X Build/MMB29P) AppleWebKit/537.36 (KHTML, like Gecko) Chrome/141.0.7390.122 Mobile Safari/537.36 (compatible; GoogleOther)" 
65.108.2.171 - - [21/Nov/2025:01:51:33 -0800] "GET /?fileloc=//usr/sbin/vgmknodes&path=//usr/sbin HTTP/1.1" 200 893232 "-" "Mozilla/5.0 (compatible; MJ12bot/v1.4.8; http://mj12bot.com/)" 
44.212.106.171 - - [21/Nov/2025:01:51:34 -0800] "GET /lufthansa-sells-used-aircraft-seats/?path=//sys/devices/platform/PCCT/subsystem/devices/reg-dummy/subsystem/devices/PCCT/subsystem/devices/reg-dummy/driver/reg-dummy/subsystem/drivers/kgdboc HTTP/1.1" 200 6542 "-" "Mozilla/5.0 AppleWebKit/537.36 (KHTML, like Gecko; compatible; Amazonbot/0.1; +https://developer.amazon.com/support/amazonbot) Chrome/119.0.6045.214 Safari/537.36" 
66.249.73.73 - - [21/Nov/2025:01:51:34 -0800] "GET /leg/approval40/pe3nu-33196/?fileloc=/home/samfetchero1/pacificnorthwestcoastbias.com/wp-includes/class-wp-simplepie-file.php?m=1562201057 HTTP/1.1" 200 33580 "-" "Mozilla/5.0 (Linux; Android 6.0.1; Nexus 5X Build/MMB29P) AppleWebKit/537.36 (KHTML, like Gecko) Chrome/141.0.7390.122 Mobile Safari/537.36 (compatible; GoogleOther)" 
74.7.227.171 - - [21/Nov/2025:01:51:34 -0800] "GET /donovan-mcnabb-will-never-make-it-back-to-the-super-bowl/?path=//sys/class/tty/ttyte/subsystem/ttyea/subsystem/ttyea/subsystem/ttyue/subsystem/ttyec/subsystem/ptyta/subsystem/ptybd HTTP/2.0" 200 3148 "-" "Mozilla/5.0 AppleWebKit/537.36 (KHTML, like Gecko; compatible; GPTBot/1.3; +https://openai.com/gptbot)" 
66.249.73.73 - - [21/Nov/2025:01:51:36 -0800] "GET /?m=3578637390 HTTP/1.1" 200 33597 "-" "Mozilla/5.0 (Linux; Android 6.0.1; Nexus 5X Build/MMB29P) AppleWebKit/537.36 (KHTML, like Gecko) Chrome/141.0.7390.122 Mobile Safari/537.36 (compatible; GoogleOther)" 
74.7.227.171 - - [21/Nov/2025:01:51:37 -0800] "GET /donovan-mcnabb-will-never-make-it-back-to-the-super-bowl/?path=//sys/class/tty/ttyte/subsystem/ttyea/subsystem/ttyea/subsystem/ttyue/subsystem/ttyec/subsystem/ptyta/subsystem/ptydb HTTP/2.0" 200 3148 "-" "Mozilla/5.0 AppleWebKit/537.36 (KHTML, like Gecko; compatible; GPTBot/1.3; +https://openai.com/gptbot)" 
66.249.73.64 - - [21/Nov/2025:01:51:38 -0800] "GET /?m=221684275 HTTP/1.1" 200 37213 "-" "Mozilla/5.0 (Linux; Android 6.0.1; Nexus 5X Build/MMB29P) AppleWebKit/537.36 (KHTML, like Gecko) Chrome/141.0.7390.122 Mobile Safari/537.36 (compatible; GoogleOther)" 
65.108.2.171 - - [21/Nov/2025:01:51:38 -0800] "GET /?fileloc=//usr/sbin/vgreduce&path=//usr/sbin HTTP/1.1" 200 893461 "-" "Mozilla/5.0 (compatible; MJ12bot/v1.4.8; http://mj12bot.com/)" 
114.119.136.196 - - [21/Nov/2025:01:51:39 -0800] "GET /?m=3739633175 HTTP/1.1" 200 9065 "https://pacificnorthwestcoastbias.com/?sitemap177.xml" "Mozilla/5.0 (Linux; Android 7.0;) AppleWebKit/537.36 (KHTML, like Gecko) Mobile Safari/537.36 (compatible; PetalBot;+https://webmaster.petalsearch.com/site/petalbot)" 
66.249.73.73 - - [21/Nov/2025:01:51:39 -0800] "GET /?m=2404897736 HTTP/1.1" 200 31140 "-" "Mozilla/5.0 (Linux; Android 6.0.1; Nexus 5X Build/MMB29P) AppleWebKit/537.36 (KHTML, like Gecko) Chrome/141.0.7390.122 Mobile Safari/537.36 (compatible; GoogleOther)" 
44.205.120.22 - - [21/Nov/2025:01:51:40 -0800] "GET /lufthansa-sells-used-aircraft-seats/?path=//sys/devices/platform/reg-dummy/subsystem/drivers/reg-dummy/reg-dummy/subsystem/drivers/PCCT/PCCT/subsystem/devices/pcspkr/subsystem/devices/pcspkr HTTP/1.1" 200 6633 "-" "Mozilla/5.0 AppleWebKit/537.36 (KHTML, like Gecko; compatible; Amazonbot/0.1; +https://developer.amazon.com/support/amazonbot) Chrome/119.0.6045.214 Safari/537.36" 
74.7.227.171 - - [21/Nov/2025:01:51:40 -0800] "GET /donovan-mcnabb-will-never-make-it-back-to-the-super-bowl/?path=//sys/class/tty/ttyte/subsystem/ttyea/subsystem/ttyea/subsystem/ttyue/subsystem/ttyec/subsystem/ptyta/subsystem/ptyda HTTP/2.0" 200 3147 "-" "Mozilla/5.0 AppleWebKit/537.36 (KHTML, like Gecko; compatible; GPTBot/1.3; +https://openai.com/gptbot)" 
66.249.73.73 - - [21/Nov/2025:01:51:41 -0800] "GET /?m=2801043997 HTTP/1.1" 200 33706 "-" "Mozilla/5.0 (Linux; Android 6.0.1; Nexus 5X Build/MMB29P) AppleWebKit/537.36 (KHTML, like Gecko) Chrome/141.0.7390.122 Mobile Safari/537.36 (compatible; GoogleOther)" 
3.94.40.182 - - [21/Nov/2025:01:51:42 -0800] "GET /received-my-invite-for-simple/?path=//sys/bus/platform/drivers/reg-dummy/reg-dummy/subsystem/drivers/PCCT/PCCT/subsystem/devices/reg-dummy/subsystem/devices/IPI0001:00/firmware_node/subsystem HTTP/1.1" 200 6700 "-" "Mozilla/5.0 AppleWebKit/537.36 (KHTML, like Gecko; compatible; Amazonbot/0.1; +https://developer.amazon.com/support/amazonbot) Chrome/119.0.6045.214 Safari/537.36" 
65.108.2.171 - - [21/Nov/2025:01:51:42 -0800] "GET /?fileloc=//usr/sbin/vgremove&path=//usr/sbin HTTP/1.1" 200 893441 "-" "Mozilla/5.0 (compatible; MJ12bot/v1.4.8; http://mj12bot.com/)" 
66.249.73.65 - - [21/Nov/2025:01:51:43 -0800] "GET /?m=3995016070 HTTP/1.1" 200 36864 "-" "Mozilla/5.0 (Linux; Android 6.0.1; Nexus 5X Build/MMB29P) AppleWebKit/537.36 (KHTML, like Gecko) Chrome/141.0.7390.122 Mobile Safari/537.36 (compatible; GoogleOther)" 
74.7.227.171 - - [21/Nov/2025:01:51:43 -0800] "GET /donovan-mcnabb-will-never-make-it-back-to-the-super-bowl/?path=//sys/class/tty/ttyte/subsystem/ttyea/subsystem/ttyea/subsystem/ttyue/subsystem/ttyec/subsystem/ptyta/subsystem/ptmx HTTP/2.0" 200 3149 "-" "Mozilla/5.0 AppleWebKit/537.36 (KHTML, like Gecko; compatible; GPTBot/1.3; +https://openai.com/gptbot)" 
66.249.73.64 - - [21/Nov/2025:01:51:45 -0800] "GET /?m=1496755059 HTTP/1.1" 200 36991 "-" "Mozilla/5.0 (Linux; Android 6.0.1; Nexus 5X Build/MMB29P) AppleWebKit/537.36 (KHTML, like Gecko) Chrome/141.0.7390.122 Mobile Safari/537.36 (compatible; GoogleOther)" 
34.231.45.47 - - [21/Nov/2025:01:51:46 -0800] "GET /lufthansa-sells-used-aircraft-seats/?path=//sys/bus/platform/devices/reg-dummy/subsystem/drivers/reg-dummy/reg-dummy/driver/reg-dummy/subsystem/devices/vesa-framebuffer.0/subsystem/drivers/reg-fixed-voltage HTTP/1.1" 200 6547 "-" "Mozilla/5.0 AppleWebKit/537.36 (KHTML, like Gecko; compatible; Amazonbot/0.1; +https://developer.amazon.com/support/amazonbot) Chrome/119.0.6045.214 Safari/537.36" 
74.7.227.171 - - [21/Nov/2025:01:51:46 -0800] "GET /donovan-mcnabb-will-never-make-it-back-to-the-super-bowl/?path=//sys/class/tty/ttyte/subsystem/ttyea/subsystem/ttyea/subsystem/ttyue/subsystem/ttyec/subsystem/ptyta/subsystem/ptyva HTTP/2.0" 200 3148 "-" "Mozilla/5.0 AppleWebKit/537.36 (KHTML, like Gecko; compatible; GPTBot/1.3; +https://openai.com/gptbot)" 
66.249.73.64 - - [21/Nov/2025:01:51:47 -0800] "GET /?m=3967549783 HTTP/1.1" 200 33547 "-" "Mozilla/5.0 (Linux; Android 6.0.1; Nexus 5X Build/MMB29P) AppleWebKit/537.36 (KHTML, like Gecko) Chrome/141.0.7390.122 Mobile Safari/537.36 (compatible; GoogleOther)" 
65.108.2.171 - - [21/Nov/2025:01:51:47 -0800] "GET /?fileloc=//usr/sbin/vgrename&path=//usr/sbin HTTP/1.1" 200 893237 "-" "Mozilla/5.0 (compatible; MJ12bot/v1.4.8; http://mj12bot.com/)" 
45.183.119.75 - - [21/Nov/2025:01:51:49 -0800] "GET /?m=1200293951 HTTP/1.1" 200 9117 "-" "Mozilla/5.0 (Windows NT 10.0; Win64; x64) AppleWebKit/537.36 (KHTML, like Gecko) Chrome/80.0.3987.132 Safari/537.36" 
66.249.73.65 - - [21/Nov/2025:01:51:49 -0800] "GET /stable/chart40/66q46-33158/?fileloc=/home/samfetchero1/pacificnorthwestcoastbias.com/wp-includes/class-wp-simplepie-file.php??m=891261465 HTTP/1.1" 200 36187 "-" "Mozilla/5.0 (Linux; Android 6.0.1; Nexus 5X Build/MMB29P) AppleWebKit/537.36 (KHTML, like Gecko) Chrome/141.0.7390.122 Mobile Safari/537.36 (compatible; GoogleOther)" 
3.224.104.67 - - [21/Nov/2025:01:51:50 -0800] "GET /received-my-invite-for-simple/?path=//sys/devices/platform/pcspkr/subsystem/devices/reg-dummy/driver/reg-dummy/subsystem/drivers/PCCT/PCCT/subsystem/devices/pcspkr/subsystem/drivers HTTP/1.1" 200 7502 "-" "Mozilla/5.0 AppleWebKit/537.36 (KHTML, like Gecko; compatible; Amazonbot/0.1; +https://developer.amazon.com/support/amazonbot) Chrome/119.0.6045.214 Safari/537.36" 
74.7.227.171 - - [21/Nov/2025:01:51:50 -0800] "GET /donovan-mcnabb-will-never-make-it-back-to-the-super-bowl/?path=//sys/class/tty/ttyte/subsystem/ttyea/subsystem/ttyea/subsystem/ttyue/subsystem/ttyec/subsystem/ptyta/subsystem/ttysb HTTP/2.0" 200 3149 "-" "Mozilla/5.0 AppleWebKit/537.36 (KHTML, like Gecko; compatible; GPTBot/1.3; +https://openai.com/gptbot)" 
66.249.73.64 - - [21/Nov/2025:01:51:51 -0800] "GET /leg/approval40/pe3nu-33196/?fileloc=/home/samfetchero1/pacificnorthwestcoastbias.com/wp-includes/class-wp-simplepie-file.php??m=3566073782 HTTP/1.1" 200 33055 "-" "Mozilla/5.0 (Linux; Android 6.0.1; Nexus 5X Build/MMB29P) AppleWebKit/537.36 (KHTML, like Gecko) Chrome/141.0.7390.122 Mobile Safari/537.36 (compatible; GoogleOther)" 
86.96.105.38 - - [21/Nov/2025:01:51:51 -0800] "GET /?m=3827382532 HTTP/1.1" 200 9117 "-" "Mozilla/5.0 (Macintosh; Intel Mac OS X 10_12_6) AppleWebKit/537.36 (KHTML, like Gecko) Brave Chrome/87.0.4280.67 Safari/537.36" 
65.108.2.171 - - [21/Nov/2025:01:51:52 -0800] "GET /?fileloc=//usr/sbin/vgs&path=//usr/sbin HTTP/1.1" 200 893396 "-" "Mozilla/5.0 (compatible; MJ12bot/v1.4.8; http://mj12bot.com/)" 
66.249.73.65 - - [21/Nov/2025:01:51:53 -0800] "GET /?m=285601297 HTTP/1.1" 200 32751 "-" "Mozilla/5.0 (Linux; Android 6.0.1; Nexus 5X Build/MMB29P) AppleWebKit/537.36 (KHTML, like Gecko) Chrome/141.0.7390.122 Mobile Safari/537.36 (compatible; GoogleOther)" 
74.7.227.171 - - [21/Nov/2025:01:51:53 -0800] "GET /donovan-mcnabb-will-never-make-it-back-to-the-super-bowl/?path=//sys/class/tty/ttyte/subsystem/ttyea/subsystem/ttyea/subsystem/ttyue/subsystem/ttyec/subsystem/ptyta/subsystem/ptypb HTTP/2.0" 200 3148 "-" "Mozilla/5.0 AppleWebKit/537.36 (KHTML, like Gecko; compatible; GPTBot/1.3; +https://openai.com/gptbot)" 
66.249.73.65 - - [21/Nov/2025:01:51:54 -0800] "GET /?m=1995670162 HTTP/1.1" 200 31922 "-" "Mozilla/5.0 (Linux; Android 6.0.1; Nexus 5X Build/MMB29P) AppleWebKit/537.36 (KHTML, like Gecko) Chrome/141.0.7390.122 Mobile Safari/537.36 (compatible; GoogleOther)" 
74.7.227.171 - - [21/Nov/2025:01:51:56 -0800] "GET /donovan-mcnabb-will-never-make-it-back-to-the-super-bowl/?path=//sys/class/tty/ttyte/subsystem/ttyea/subsystem/ttyea/subsystem/ttyue/subsystem/ttyec/subsystem/ptyta/subsystem/ttywf HTTP/2.0" 200 3149 "-" "Mozilla/5.0 AppleWebKit/537.36 (KHTML, like Gecko; compatible; GPTBot/1.3; +https://openai.com/gptbot)" 
66.249.73.64 - - [21/Nov/2025:01:51:56 -0800] "GET /?m=3164907269 HTTP/1.1" 200 37427 "-" "Mozilla/5.0 (Linux; Android 6.0.1; Nexus 5X Build/MMB29P) AppleWebKit/537.36 (KHTML, like Gecko) Chrome/141.0.7390.122 Mobile Safari/537.36 (compatible; GoogleOther)" 
65.108.2.171 - - [21/Nov/2025:01:51:56 -0800] "GET /?fileloc=//usr/sbin/vgscan&path=//usr/sbin HTTP/1.1" 200 893278 "-" "Mozilla/5.0 (compatible; MJ12bot/v1.4.8; http://mj12bot.com/)" 
3.217.82.254 - - [21/Nov/2025:01:51:57 -0800] "GET /lufthansa-sells-used-aircraft-seats/?path=//sys/bus/platform/devices/reg-dummy/subsystem/devices/microcode/subsystem/drivers/reg-dummy/reg-dummy/subsystem/devices/serial8250/subsystem/devices/IPI0001:00 HTTP/1.1" 200 6749 "-" "Mozilla/5.0 AppleWebKit/537.36 (KHTML, like Gecko; compatible; Amazonbot/0.1; +https://developer.amazon.com/support/amazonbot) Chrome/119.0.6045.214 Safari/537.36" 
66.249.73.64 - - [21/Nov/2025:01:51:58 -0800] "GET /?m=18837516 HTTP/1.1" 200 34290 "-" "Mozilla/5.0 (Linux; Android 6.0.1; Nexus 5X Build/MMB29P) AppleWebKit/537.36 (KHTML, like Gecko) Chrome/141.0.7390.122 Mobile Safari/537.36 (compatible; GoogleOther)" 
52.1.106.130 - - [21/Nov/2025:01:51:58 -0800] "GET /lufthansa-sells-used-aircraft-seats/?path=//sys/bus/platform/devices/reg-dummy/driver/reg-dummy/subsystem/devices/reg-dummy/driver/reg-dummy/subsystem/devices/serial8250/tty/ttyS15/subsystem HTTP/1.1" 200 24735 "-" "Mozilla/5.0 AppleWebKit/537.36 (KHTML, like Gecko; compatible; Amazonbot/0.1; +https://developer.amazon.com/support/amazonbot) Chrome/119.0.6045.214 Safari/537.36" 
74.7.227.171 - - [21/Nov/2025:01:51:59 -0800] "GET /donovan-mcnabb-will-never-make-it-back-to-the-super-bowl/?path=//sys/class/tty/ttyte/subsystem/ttyea/subsystem/ttyea/subsystem/ttyue/subsystem/ttyec/subsystem/ptyta/subsystem/ttyyb HTTP/2.0" 200 3149 "-" "Mozilla/5.0 AppleWebKit/537.36 (KHTML, like Gecko; compatible; GPTBot/1.3; +https://openai.com/gptbot)" 
66.249.73.73 - - [21/Nov/2025:01:52:01 -0800] "GET /?m=1547892308 HTTP/1.1" 200 35942 "-" "Mozilla/5.0 (Linux; Android 6.0.1; Nexus 5X Build/MMB29P) AppleWebKit/537.36 (KHTML, like Gecko) Chrome/141.0.7390.122 Mobile Safari/537.36 (compatible; GoogleOther)" 
54.163.169.168 - - [21/Nov/2025:01:52:02 -0800] "GET /lufthansa-sells-used-aircraft-seats/?path=//sys/bus/platform/devices/reg-dummy/driver/reg-dummy/subsystem/drivers/reg-dummy/reg-dummy/subsystem/drivers/PCCT/PCCT/subsystem/drivers/acpi-ged HTTP/1.1" 200 6537 "-" "Mozilla/5.0 AppleWebKit/537.36 (KHTML, like Gecko; compatible; Amazonbot/0.1; +https://developer.amazon.com/support/amazonbot) Chrome/119.0.6045.214 Safari/537.36" 
65.108.2.171 - - [21/Nov/2025:01:52:01 -0800] "GET /?fileloc=//usr/sbin/vgsplit&path=//usr/sbin HTTP/1.1" 200 893400 "-" "Mozilla/5.0 (compatible; MJ12bot/v1.4.8; http://mj12bot.com/)" 
66.249.73.66 - - [21/Nov/2025:01:52:02 -0800] "GET /?m=4169161480 HTTP/1.1" 200 37933 "-" "Mozilla/5.0 (Linux; Android 6.0.1; Nexus 5X Build/MMB29P) AppleWebKit/537.36 (KHTML, like Gecko) Chrome/141.0.7390.122 Mobile Safari/537.36 (compatible; GoogleOther)" 
74.7.227.171 - - [21/Nov/2025:01:52:02 -0800] "GET /donovan-mcnabb-will-never-make-it-back-to-the-super-bowl/?path=//sys/class/tty/ttyte/subsystem/ttyea/subsystem/ttyea/subsystem/ttyue/subsystem/ttyec/subsystem/ptyta/subsystem/ttyzc HTTP/2.0" 200 3148 "-" "Mozilla/5.0 AppleWebKit/537.36 (KHTML, like Gecko; compatible; GPTBot/1.3; +https://openai.com/gptbot)" 
66.249.73.65 - - [21/Nov/2025:01:52:04 -0800] "GET /piano/passing56/d0b5t-1442/?fileloc=/home/samfetchero1/pacificnorthwestcoastbias.com/wp-includes/class-wp-simplepie-file.php??m=2098260458 HTTP/1.1" 200 37212 "-" "Mozilla/5.0 (Linux; Android 6.0.1; Nexus 5X Build/MMB29P) AppleWebKit/537.36 (KHTML, like Gecko) Chrome/141.0.7390.122 Mobile Safari/537.36 (compatible; GoogleOther)" 
74.7.227.171 - - [21/Nov/2025:01:52:06 -0800] "GET /donovan-mcnabb-will-never-make-it-back-to-the-super-bowl/?path=//sys/class/tty/ttyte/subsystem/ttyea/subsystem/ttyea/subsystem/ttyue/subsystem/ttyec/subsystem/ptyta/subsystem/ptyce HTTP/2.0" 200 3148 "-" "Mozilla/5.0 AppleWebKit/537.36 (KHTML, like Gecko; compatible; GPTBot/1.3; +https://openai.com/gptbot)" 
66.249.73.73 - - [21/Nov/2025:01:52:05 -0800] "GET /ctg/search/similarImageSearchResultView/?ctgItemCd=2898022 HTTP/1.1" 200 34864 "-" "Mozilla/5.0 (Linux; Android 6.0.1; Nexus 5X Build/MMB29P) AppleWebKit/537.36 (KHTML, like Gecko) Chrome/141.0.7390.122 Mobile Safari/537.36 (compatible; GoogleOther)" 
184.73.195.18 - - [21/Nov/2025:01:52:06 -0800] "GET /lufthansa-sells-used-aircraft-seats/?path=//sys/bus/platform/devices/reg-dummy/subsystem/devices/reg-dummy/subsystem/drivers/reg-dummy/reg-dummy/subsystem/devices/PCCT/subsystem/devices/PCCT HTTP/1.1" 200 6675 "-" "Mozilla/5.0 AppleWebKit/537.36 (KHTML, like Gecko; compatible; Amazonbot/0.1; +https://developer.amazon.com/support/amazonbot) Chrome/119.0.6045.214 Safari/537.36" 
65.108.2.171 - - [21/Nov/2025:01:52:06 -0800] "GET /?fileloc=//usr/sbin/xfs_db&path=//usr/sbin HTTP/1.1" 200 273870 "-" "Mozilla/5.0 (compatible; MJ12bot/v1.4.8; http://mj12bot.com/)" 
66.249.73.73 - - [21/Nov/2025:01:52:07 -0800] "GET /stable/chart40/66q46-33158/?fileloc=/home/samfetchero1/pacificnorthwestcoastbias.com/wp-includes/class-wp-simplepie-file.php??m=1125182236 HTTP/1.1" 200 33625 "-" "Mozilla/5.0 (Linux; Android 6.0.1; Nexus 5X Build/MMB29P) AppleWebKit/537.36 (KHTML, like Gecko) Chrome/141.0.7390.122 Mobile Safari/537.36 (compatible; GoogleOther)" 
74.7.227.171 - - [21/Nov/2025:01:52:09 -0800] "GET /donovan-mcnabb-will-never-make-it-back-to-the-super-bowl/?path=//sys/class/tty/ttyte/subsystem/ttyea/subsystem/ttyea/subsystem/ttyue/subsystem/ttyec/subsystem/ptyta/subsystem/ttyrf HTTP/2.0" 200 3148 "-" "Mozilla/5.0 AppleWebKit/537.36 (KHTML, like Gecko; compatible; GPTBot/1.3; +https://openai.com/gptbot)" 
66.249.73.73 - - [21/Nov/2025:01:52:09 -0800] "GET /?m=1015607191 HTTP/1.1" 200 32122 "-" "Mozilla/5.0 (Linux; Android 6.0.1; Nexus 5X Build/MMB29P) AppleWebKit/537.36 (KHTML, like Gecko) Chrome/141.0.7390.122 Mobile Safari/537.36 (compatible; GoogleOther)" 
65.108.2.171 - - [21/Nov/2025:01:52:10 -0800] "GET /?fileloc=//usr/sbin/zabbix_agentd&path=//usr/sbin HTTP/1.1" 200 277334 "-" "Mozilla/5.0 (compatible; MJ12bot/v1.4.8; http://mj12bot.com/)" 
66.249.73.64 - - [21/Nov/2025:01:52:11 -0800] "GET /?m=1746014121 HTTP/1.1" 200 35875 "-" "Mozilla/5.0 (Linux; Android 6.0.1; Nexus 5X Build/MMB29P) AppleWebKit/537.36 (KHTML, like Gecko) Chrome/141.0.7390.122 Mobile Safari/537.36 (compatible; GoogleOther)" 
74.7.227.171 - - [21/Nov/2025:01:52:12 -0800] "GET /donovan-mcnabb-will-never-make-it-back-to-the-super-bowl/?path=//sys/class/tty/ttyte/subsystem/ttyea/subsystem/ttyea/subsystem/ttyue/subsystem/ttyec/subsystem/ptyta/subsystem/ttyrd HTTP/2.0" 200 3206 "-" "Mozilla/5.0 AppleWebKit/537.36 (KHTML, like Gecko; compatible; GPTBot/1.3; +https://openai.com/gptbot)" 
54.84.102.81 - - [21/Nov/2025:01:52:12 -0800] "GET /lufthansa-sells-used-aircraft-seats/?path=//sys/bus/platform/devices/reg-dummy/driver/reg-dummy/subsystem/devices/reg-dummy/driver/reg-dummy/subsystem/devices/PNP0C33:00/subsystem/drivers/isch_smbus HTTP/1.1" 200 6552 "-" "Mozilla/5.0 AppleWebKit/537.36 (KHTML, like Gecko; compatible; Amazonbot/0.1; +https://developer.amazon.com/support/amazonbot) Chrome/119.0.6045.214 Safari/537.36" 
66.249.73.73 - - [21/Nov/2025:01:52:13 -0800] "GET /vessel/lecture1/7rw4d-2013/?fileloc=/home/samfetchero1/pacificnorthwestcoastbias.com/wp-rdf.php??m=4284080474 HTTP/1.1" 200 31077 "-" "Mozilla/5.0 (Linux; Android 6.0.1; Nexus 5X Build/MMB29P) AppleWebKit/537.36 (KHTML, like Gecko) Chrome/141.0.7390.122 Mobile Safari/537.36 (compatible; GoogleOther)" 
66.249.73.73 - - [21/Nov/2025:01:52:14 -0800] "GET /?m=2450909330 HTTP/1.1" 200 31504 "-" "Mozilla/5.0 (Linux; Android 6.0.1; Nexus 5X Build/MMB29P) AppleWebKit/537.36 (KHTML, like Gecko) Chrome/141.0.7390.122 Mobile Safari/537.36 (compatible; GoogleOther)" 
74.7.227.171 - - [21/Nov/2025:01:52:15 -0800] "GET /donovan-mcnabb-will-never-make-it-back-to-the-super-bowl/?path=//sys/class/tty/ttyte/subsystem/ttyea/subsystem/ttyea/subsystem/ttyue/subsystem/ttyec/subsystem/ptyta/subsystem/ttyye HTTP/2.0" 200 3148 "-" "Mozilla/5.0 AppleWebKit/537.36 (KHTML, like Gecko; compatible; GPTBot/1.3; +https://openai.com/gptbot)" 
65.108.2.171 - - [21/Nov/2025:01:52:15 -0800] "GET /grading-nate-silvers-election-predictions/?fileloc=//dh/cgi-system/php.cgi&path=//dh/cgi-system HTTP/1.1" 200 6099 "-" "Mozilla/5.0 (compatible; MJ12bot/v1.4.8; http://mj12bot.com/)" 
44.215.235.20 - - [21/Nov/2025:01:52:15 -0800] "GET /lufthansa-sells-used-aircraft-seats/?path=//sys/devices/platform/reg-dummy/subsystem/drivers/PCCT/PCCT/subsystem/drivers/reg-dummy/reg-dummy/driver/reg-dummy/subsystem/devices/pcspkr/subsystem HTTP/1.1" 200 6680 "-" "Mozilla/5.0 AppleWebKit/537.36 (KHTML, like Gecko; compatible; Amazonbot/0.1; +https://developer.amazon.com/support/amazonbot) Chrome/119.0.6045.214 Safari/537.36" 
66.249.73.73 - - [21/Nov/2025:01:52:16 -0800] "GET /?m=1417385203 HTTP/1.1" 200 31576 "-" "Mozilla/5.0 (Linux; Android 6.0.1; Nexus 5X Build/MMB29P) AppleWebKit/537.36 (KHTML, like Gecko) Chrome/141.0.7390.122 Mobile Safari/537.36 (compatible; GoogleOther)" 
184.73.195.18 - - [21/Nov/2025:01:52:18 -0800] "GET /lufthansa-sells-used-aircraft-seats/?path=//sys/bus/platform/devices/reg-dummy/driver/reg-dummy/subsystem/devices/reg-dummy/driver/reg-dummy/subsystem/devices/IPI0001:00/subsystem/drivers/acpi-ged HTTP/1.1" 200 6549 "-" "Mozilla/5.0 AppleWebKit/537.36 (KHTML, like Gecko; compatible; Amazonbot/0.1; +https://developer.amazon.com/support/amazonbot) Chrome/119.0.6045.214 Safari/537.36" 
74.7.227.171 - - [21/Nov/2025:01:52:18 -0800] "GET /donovan-mcnabb-will-never-make-it-back-to-the-super-bowl/?path=//sys/class/tty/ttyte/subsystem/ttyea/subsystem/ttyea/subsystem/ttyue/subsystem/ttyec/subsystem/ptyta/subsystem/ptyqe HTTP/2.0" 200 3149 "-" "Mozilla/5.0 AppleWebKit/537.36 (KHTML, like Gecko; compatible; GPTBot/1.3; +https://openai.com/gptbot)" 
66.249.73.73 - - [21/Nov/2025:01:52:18 -0800] "GET /?m=2196200462 HTTP/1.1" 200 34610 "-" "Mozilla/5.0 (Linux; Android 6.0.1; Nexus 5X Build/MMB29P) AppleWebKit/537.36 (KHTML, like Gecko) Chrome/141.0.7390.122 Mobile Safari/537.36 (compatible; GoogleOther)" 
66.249.73.73 - - [21/Nov/2025:01:52:20 -0800] "GET /?m=4159201284 HTTP/1.1" 200 31341 "-" "Mozilla/5.0 (Linux; Android 6.0.1; Nexus 5X Build/MMB29P) AppleWebKit/537.36 (KHTML, like Gecko) Chrome/141.0.7390.122 Mobile Safari/537.36 (compatible; GoogleOther)" 
65.108.2.171 - - [21/Nov/2025:01:52:19 -0800] "GET /grading-nate-silvers-election-predictions/?fileloc=//dh/oneclick_cache/app_739.tar.gz&path=//dh/oneclick_cache HTTP/1.1" 500 2362585 "-" "Mozilla/5.0 (compatible; MJ12bot/v1.4.8; http://mj12bot.com/)" 
74.7.227.171 - - [21/Nov/2025:01:52:21 -0800] "GET /donovan-mcnabb-will-never-make-it-back-to-the-super-bowl/?path=//sys/class/tty/ttyte/subsystem/ttyea/subsystem/ttyea/subsystem/ttyue/subsystem/ttyec/subsystem/ptyta/subsystem/ttyzd HTTP/2.0" 200 3149 "-" "Mozilla/5.0 AppleWebKit/537.36 (KHTML, like Gecko; compatible; GPTBot/1.3; +https://openai.com/gptbot)" 
66.249.73.73 - - [21/Nov/2025:01:52:22 -0800] "GET /leg/approval40/pe3nu-33196/?fileloc=/home/samfetchero1/pacificnorthwestcoastbias.com/wp-includes/class-wp-simplepie-file.php??m=3402172305 HTTP/1.1" 200 35959 "-" "Mozilla/5.0 (Linux; Android 6.0.1; Nexus 5X Build/MMB29P) AppleWebKit/537.36 (KHTML, like Gecko) Chrome/141.0.7390.122 Mobile Safari/537.36 (compatible; GoogleOther)" 
23.23.212.212 - - [21/Nov/2025:01:52:22 -0800] "GET /lufthansa-sells-used-aircraft-seats/?path=//sys/bus/platform/devices/reg-dummy/driver/reg-dummy/subsystem/devices/vesa-framebuffer.0/subsystem/drivers/reg-dummy/reg-dummy/subsystem/devices/microcode/subsystem HTTP/1.1" 200 6708 "-" "Mozilla/5.0 AppleWebKit/537.36 (KHTML, like Gecko; compatible; Amazonbot/0.1; +https://developer.amazon.com/support/amazonbot) Chrome/119.0.6045.214 Safari/537.36" 
103.248.217.216 - - [21/Nov/2025:01:52:22 -0800] "GET /feature/index.html?fileloc=%2Fhome%2Fsamfetchero1%2Fpacificnorthwestcoastbias.com%2Fwp-includes%2Ftheme-i18n.json&path=%2Fhome%2Fsamfetchero1%2Fpacificnorthwestcoastbias.com%2Fwp-includes HTTP/1.1" 200 6620 "-" "Mozilla/5.0 (Windows NT 10.0; Win64; x64) AppleWebKit/537.36 (KHTML, like Gecko) Chrome/101.0.4951.26 Safari/537.36" 
66.249.73.73 - - [21/Nov/2025:01:52:24 -0800] "GET /?m=4244479871 HTTP/1.1" 200 33215 "-" "Mozilla/5.0 (Linux; Android 6.0.1; Nexus 5X Build/MMB29P) AppleWebKit/537.36 (KHTML, like Gecko) Chrome/141.0.7390.122 Mobile Safari/537.36 (compatible; GoogleOther)" 
74.7.227.171 - - [21/Nov/2025:01:52:24 -0800] "GET /donovan-mcnabb-will-never-make-it-back-to-the-super-bowl/?path=//sys/class/tty/ttyte/subsystem/ttyea/subsystem/ttyea/subsystem/ttyue/subsystem/ttyec/subsystem/ptyta/subsystem/ptyta HTTP/2.0" 200 3141 "-" "Mozilla/5.0 AppleWebKit/537.36 (KHTML, like Gecko; compatible; GPTBot/1.3; +https://openai.com/gptbot)" 
65.108.2.171 - - [21/Nov/2025:01:52:24 -0800] "GET /grading-nate-silvers-election-predictions/?fileloc=//dh/oneclick_cache/app_740.tar.gz&path=//dh/oneclick_cache HTTP/1.1" 500 2044691 "-" "Mozilla/5.0 (compatible; MJ12bot/v1.4.8; http://mj12bot.com/)" 
66.249.74.70 - - [21/Nov/2025:01:52:26 -0800] "GET /researcher/medium66/bh7mm-794/?fileloc=/home/samfetchero1/pacificnorthwestcoastbias.com/wp-admin/admin.php?collections/141672983475 HTTP/1.1" 200 37585 "-" "Mozilla/5.0 (Linux; Android 6.0.1; Nexus 5X Build/MMB29P) AppleWebKit/537.36 (KHTML, like Gecko) Chrome/141.0.7390.122 Mobile Safari/537.36 (compatible; GoogleOther)" 
52.205.222.214 - - [21/Nov/2025:01:52:27 -0800] "GET /received-my-invite-for-simple/?path=//sys/devices/platform/PCCT/subsystem/devices/reg-dummy/subsystem/drivers/reg-dummy/reg-dummy/driver/reg-dummy/subsystem/devices/kgdboc/subsystem HTTP/1.1" 200 6674 "-" "Mozilla/5.0 AppleWebKit/537.36 (KHTML, like Gecko; compatible; Amazonbot/0.1; +https://developer.amazon.com/support/amazonbot) Chrome/119.0.6045.214 Safari/537.36" 
74.7.227.171 - - [21/Nov/2025:01:52:27 -0800] "GET /donovan-mcnabb-will-never-make-it-back-to-the-super-bowl/?path=//sys/class/tty/ttyte/subsystem/ttyea/subsystem/ttyea/subsystem/ttyue/subsystem/ttyec/subsystem/ptyta/subsystem/ptyba HTTP/2.0" 200 3147 "-" "Mozilla/5.0 AppleWebKit/537.36 (KHTML, like Gecko; compatible; GPTBot/1.3; +https://openai.com/gptbot)" 
66.249.73.73 - - [21/Nov/2025:01:52:28 -0800] "GET /?m=3163094704 HTTP/1.1" 200 30708 "-" "Mozilla/5.0 (Linux; Android 6.0.1; Nexus 5X Build/MMB29P) AppleWebKit/537.36 (KHTML, like Gecko) Chrome/141.0.7390.122 Mobile Safari/537.36 (compatible; GoogleOther)" 
65.108.2.171 - - [21/Nov/2025:01:52:29 -0800] "GET /grading-nate-silvers-election-predictions/?fileloc=//dh/perl/Dh.pm&path=//dh/perl HTTP/1.1" 200 5936 "-" "Mozilla/5.0 (compatible; MJ12bot/v1.4.8; http://mj12bot.com/)" 
66.249.73.64 - - [21/Nov/2025:01:52:29 -0800] "GET /leg/approval40/pe3nu-33196/?fileloc=/home/samfetchero1/pacificnorthwestcoastbias.com/wp-includes/class-wp-simplepie-file.php??m=93418239 HTTP/1.1" 200 37008 "-" "Mozilla/5.0 (Linux; Android 6.0.1; Nexus 5X Build/MMB29P) AppleWebKit/537.36 (KHTML, like Gecko) Chrome/141.0.7390.122 Mobile Safari/537.36 (compatible; GoogleOther)" 
44.205.120.22 - - [21/Nov/2025:01:52:30 -0800] "GET /lufthansa-sells-used-aircraft-seats/?path=//sys/bus/platform/devices/reg-dummy/subsystem/devices/pcspkr/subsystem/drivers/reg-dummy/reg-dummy/subsystem/devices/IPI0001:00/subsystem/drivers/acpi-fan HTTP/1.1" 200 6549 "-" "Mozilla/5.0 AppleWebKit/537.36 (KHTML, like Gecko; compatible; Amazonbot/0.1; +https://developer.amazon.com/support/amazonbot) Chrome/119.0.6045.214 Safari/537.36" 
74.7.227.171 - - [21/Nov/2025:01:52:31 -0800] "GET /donovan-mcnabb-will-never-make-it-back-to-the-super-bowl/?path=//sys/class/tty/ttyte/subsystem/ttyea/subsystem/ttyea/subsystem/ttyue/subsystem/ttyec/subsystem/ptyta/subsystem/ptyxa HTTP/2.0" 200 3148 "-" "Mozilla/5.0 AppleWebKit/537.36 (KHTML, like Gecko; compatible; GPTBot/1.3; +https://openai.com/gptbot)" 
66.249.73.73 - - [21/Nov/2025:01:52:31 -0800] "GET /vessel/lecture1/7rw4d-2013/?fileloc=/home/samfetchero1/pacificnorthwestcoastbias.com/wp-rdf.php?collections/143382979405 HTTP/1.1" 200 33924 "-" "Mozilla/5.0 (Linux; Android 6.0.1; Nexus 5X Build/MMB29P) AppleWebKit/537.36 (KHTML, like Gecko) Chrome/141.0.7390.122 Mobile Safari/537.36 (compatible; GoogleOther)" 
74.7.243.205 - - [21/Nov/2025:01:52:32 -0800] "GET /search.php?b=2918218730972&channel=132e83&from=https://www.pacificnorthwestcoastbias.com/spark.htm?items/157015083.html HTTP/2.0" 403 100214 "-" "Mozilla/5.0 AppleWebKit/537.36 (KHTML, like Gecko; compatible; GPTBot/1.3; +https://openai.com/gptbot)" 
113.168.105.179 - - [21/Nov/2025:01:52:33 -0800] "GET /feed?fileloc=%2F%2Fbin%2Fbzexe&path=%2F%2Fbin HTTP/1.1" 200 8312 "-" "Mozilla/5.0 (Windows NT 6.1; Win64; x64) AppleWebKit/537.36 (KHTML, like Gecko) Chrome/84.0.4147.105 Safari/537.36" 
66.249.73.65 - - [21/Nov/2025:01:52:33 -0800] "GET /?m=2984784728 HTTP/1.1" 200 36063 "-" "Mozilla/5.0 (Linux; Android 6.0.1; Nexus 5X Build/MMB29P) AppleWebKit/537.36 (KHTML, like Gecko) Chrome/141.0.7390.122 Mobile Safari/537.36 (compatible; GoogleOther)" 
65.108.2.171 - - [21/Nov/2025:01:52:33 -0800] "GET /grading-nate-silvers-election-predictions/?fileloc=//dh/proftpd/analyze_log.pl&path=//dh/proftpd HTTP/1.1" 200 7065 "-" "Mozilla/5.0 (compatible; MJ12bot/v1.4.8; http://mj12bot.com/)" 
100.28.133.214 - - [21/Nov/2025:01:52:34 -0800] "GET /lufthansa-sells-used-aircraft-seats/?path=//sys/devices/platform/PCCT/subsystem/devices/reg-dummy/subsystem/devices/pcspkr/subsystem/drivers/reg-dummy/reg-dummy/subsystem/drivers/PCCT/PCCT HTTP/1.1" 200 6679 "-" "Mozilla/5.0 AppleWebKit/537.36 (KHTML, like Gecko; compatible; Amazonbot/0.1; +https://developer.amazon.com/support/amazonbot) Chrome/119.0.6045.214 Safari/537.36" 
74.7.227.171 - - [21/Nov/2025:01:52:34 -0800] "GET /donovan-mcnabb-will-never-make-it-back-to-the-super-bowl/?path=//sys/class/tty/ttyte/subsystem/ttyea/subsystem/ttyea/subsystem/ttyue/subsystem/ttyec/subsystem/ptyta/subsystem/ttyde HTTP/2.0" 200 3147 "-" "Mozilla/5.0 AppleWebKit/537.36 (KHTML, like Gecko; compatible; GPTBot/1.3; +https://openai.com/gptbot)" 
66.249.73.64 - - [21/Nov/2025:01:52:35 -0800] "GET /?m=1981232078 HTTP/1.1" 200 37123 "-" "Mozilla/5.0 (Linux; Android 6.0.1; Nexus 5X Build/MMB29P) AppleWebKit/537.36 (KHTML, like Gecko) Chrome/141.0.7390.122 Mobile Safari/537.36 (compatible; GoogleOther)" 
66.249.73.64 - - [21/Nov/2025:01:52:37 -0800] "GET /vessel/lecture1/7rw4d-2013/?fileloc=/home/samfetchero1/pacificnorthwestcoastbias.com/wp-rdf.php??m=2774829190 HTTP/1.1" 200 33144 "-" "Mozilla/5.0 (Linux; Android 6.0.1; Nexus 5X Build/MMB29P) AppleWebKit/537.36 (KHTML, like Gecko) Chrome/141.0.7390.122 Mobile Safari/537.36 (compatible; GoogleOther)" 
74.7.227.171 - - [21/Nov/2025:01:52:37 -0800] "GET /donovan-mcnabb-will-never-make-it-back-to-the-super-bowl/?path=//sys/class/tty/ttyte/subsystem/ttyea/subsystem/ttyea/subsystem/ttyue/subsystem/ttyec/subsystem/ptyta/subsystem/ptypa HTTP/2.0" 200 3147 "-" "Mozilla/5.0 AppleWebKit/537.36 (KHTML, like Gecko; compatible; GPTBot/1.3; +https://openai.com/gptbot)" 
65.108.2.171 - - [21/Nov/2025:01:52:38 -0800] "GET /grading-nate-silvers-election-predictions/?fileloc=//dh/web/quickstart.html&path=//dh/web HTTP/1.1" 200 6335 "-" "Mozilla/5.0 (compatible; MJ12bot/v1.4.8; http://mj12bot.com/)" 
200.24.157.204 - - [21/Nov/2025:01:52:38 -0800] "GET /nevertheless/n79?pid=46888 HTTP/1.1" 200 9117 "-" "Mozilla/5.0 (Windows NT 6.3; WOW64) AppleWebKit/537.36 (KHTML, like Gecko) Chrome/41.0.2225.0 Safari/537.36" 
3.218.103.254 - - [21/Nov/2025:01:52:38 -0800] "GET /lufthansa-sells-used-aircraft-seats/?path=//sys/bus/platform/devices/reg-dummy/driver/reg-dummy/subsystem/devices/reg-dummy/driver/reg-dummy/subsystem/devices/PCCT/subsystem/devices HTTP/1.1" 200 7114 "-" "Mozilla/5.0 AppleWebKit/537.36 (KHTML, like Gecko; compatible; Amazonbot/0.1; +https://developer.amazon.com/support/amazonbot) Chrome/119.0.6045.214 Safari/537.36" 
66.249.73.73 - - [21/Nov/2025:01:52:39 -0800] "GET /?m=2613624527 HTTP/1.1" 200 38625 "-" "Mozilla/5.0 (Linux; Android 6.0.1; Nexus 5X Build/MMB29P) AppleWebKit/537.36 (KHTML, like Gecko) Chrome/141.0.7390.122 Mobile Safari/537.36 (compatible; GoogleOther)" 
85.208.96.195 - - [21/Nov/2025:01:52:39 -0800] "GET /?info=438282512 HTTP/1.1" 200 9065 "-" "Mozilla/5.0 (compatible; SemrushBot/7~bl; +http://www.semrush.com/bot.html)" 
74.7.227.171 - - [21/Nov/2025:01:52:40 -0800] "GET /donovan-mcnabb-will-never-make-it-back-to-the-super-bowl/?path=//sys/class/tty/ttyte/subsystem/ttyea/subsystem/ttyea/subsystem/ttyue/subsystem/ttyec/subsystem/ptyta/subsystem/ttyrb HTTP/2.0" 200 3148 "-" "Mozilla/5.0 AppleWebKit/537.36 (KHTML, like Gecko; compatible; GPTBot/1.3; +https://openai.com/gptbot)" 
66.249.73.65 - - [21/Nov/2025:01:52:40 -0800] "GET /?m=3969230901 HTTP/1.1" 200 37235 "-" "Mozilla/5.0 (Linux; Android 6.0.1; Nexus 5X Build/MMB29P) AppleWebKit/537.36 (KHTML, like Gecko) Chrome/141.0.7390.122 Mobile Safari/537.36 (compatible; GoogleOther)" 
65.108.2.171 - - [21/Nov/2025:01:52:41 -0800] "GET /grading-nate-silvers-election-predictions/?fileloc=//opt/cadvisor/cadvisor&path=//opt/cadvisor HTTP/1.1" 200 5874 "-" "Mozilla/5.0 (compatible; MJ12bot/v1.4.8; http://mj12bot.com/)" 
187.21.16.212 - - [21/Nov/2025:01:52:42 -0800] "GET /?m=586212069 HTTP/1.1" 200 9117 "-" "Mozilla/5.0 (Windows NT 10.0; Win64; x64) AppleWebKit/537.36 (KHTML, like Gecko) Chrome/86.0.4240.198 Safari/537.36" 
66.249.73.65 - - [21/Nov/2025:01:52:42 -0800] "GET /leg/approval40/pe3nu-33196/?fileloc=/home/samfetchero1/pacificnorthwestcoastbias.com/wp-includes/class-wp-simplepie-file.php??m=2883574495 HTTP/1.1" 200 35482 "-" "Mozilla/5.0 (Linux; Android 6.0.1; Nexus 5X Build/MMB29P) AppleWebKit/537.36 (KHTML, like Gecko) Chrome/141.0.7390.122 Mobile Safari/537.36 (compatible; GoogleOther)" 
100.29.128.75 - - [21/Nov/2025:01:52:43 -0800] "GET /lufthansa-sells-used-aircraft-seats/?path=//sys/bus/platform/devices/reg-dummy/subsystem/devices/reg-dummy/subsystem/drivers/reg-dummy/reg-dummy/subsystem/devices/AMDI0030:00/subsystem/devices/PCCT HTTP/1.1" 200 6700 "-" "Mozilla/5.0 AppleWebKit/537.36 (KHTML, like Gecko; compatible; Amazonbot/0.1; +https://developer.amazon.com/support/amazonbot) Chrome/119.0.6045.214 Safari/537.36" 
74.7.227.171 - - [21/Nov/2025:01:52:43 -0800] "GET /donovan-mcnabb-will-never-make-it-back-to-the-super-bowl/?path=//sys/class/tty/ttyte/subsystem/ttyea/subsystem/ttyea/subsystem/ttyue/subsystem/ttyec/subsystem/ptyta/subsystem/ptyyb HTTP/2.0" 200 3149 "-" "Mozilla/5.0 AppleWebKit/537.36 (KHTML, like Gecko; compatible; GPTBot/1.3; +https://openai.com/gptbot)" 
66.249.73.73 - - [21/Nov/2025:01:52:44 -0800] "GET /piano/passing56/d0b5t-1442/?fileloc=/home/samfetchero1/pacificnorthwestcoastbias.com/wp-includes/class-wp-simplepie-file.php??m=4083993546 HTTP/1.1" 200 37895 "-" "Mozilla/5.0 (Linux; Android 6.0.1; Nexus 5X Build/MMB29P) AppleWebKit/537.36 (KHTML, like Gecko) Chrome/141.0.7390.122 Mobile Safari/537.36 (compatible; GoogleOther)" 
154.183.30.220 - - [21/Nov/2025:01:52:44 -0800] "GET /entry/f72?pid=2057 HTTP/1.1" 200 9117 "-" "Mozilla/5.0 (Windows NT 6.2; Win64; x64) AppleWebKit/537.36 (KHTML, like Gecko) Brave Chrome/86.0.4240.198 Safari/537.36" 
3.217.82.254 - - [21/Nov/2025:01:52:46 -0800] "GET /lufthansa-sells-used-aircraft-seats/?path=//sys/bus/platform/devices/reg-dummy/subsystem/devices/reg-dummy/driver/reg-dummy/driver/reg-dummy/subsystem/devices/microcode/subsystem HTTP/1.1" 200 6658 "-" "Mozilla/5.0 AppleWebKit/537.36 (KHTML, like Gecko; compatible; Amazonbot/0.1; +https://developer.amazon.com/support/amazonbot) Chrome/119.0.6045.214 Safari/537.36" 
65.108.2.171 - - [21/Nov/2025:01:52:46 -0800] "GET /grading-nate-silvers-election-predictions/?fileloc=//opt/cadvisor/cadvisor-v0.46.0&path=//opt/cadvisor HTTP/1.1" 200 5880 "-" "Mozilla/5.0 (compatible; MJ12bot/v1.4.8; http://mj12bot.com/)" 
74.7.227.171 - - [21/Nov/2025:01:52:46 -0800] "GET /donovan-mcnabb-will-never-make-it-back-to-the-super-bowl/?path=//sys/class/tty/ttyte/subsystem/ttyea/subsystem/ttyea/subsystem/ttyue/subsystem/ttyec/subsystem/ptyta/subsystem/ttyxd HTTP/2.0" 200 3149 "-" "Mozilla/5.0 AppleWebKit/537.36 (KHTML, like Gecko; compatible; GPTBot/1.3; +https://openai.com/gptbot)" 
66.249.73.65 - - [21/Nov/2025:01:52:46 -0800] "GET /?m=3691012889 HTTP/1.1" 200 30648 "-" "Mozilla/5.0 (Linux; Android 6.0.1; Nexus 5X Build/MMB29P) AppleWebKit/537.36 (KHTML, like Gecko) Chrome/141.0.7390.122 Mobile Safari/537.36 (compatible; GoogleOther)" 
185.191.171.7 - - [21/Nov/2025:01:52:47 -0800] "GET /?info=492442608 HTTP/1.1" 200 9065 "-" "Mozilla/5.0 (compatible; SemrushBot/7~bl; +http://www.semrush.com/bot.html)" 
66.249.73.66 - - [21/Nov/2025:01:52:48 -0800] "GET /?m=331144497 HTTP/1.1" 200 36191 "-" "Mozilla/5.0 (Linux; Android 6.0.1; Nexus 5X Build/MMB29P) AppleWebKit/537.36 (KHTML, like Gecko) Chrome/141.0.7390.122 Mobile Safari/537.36 (compatible; GoogleOther)" 
74.7.227.171 - - [21/Nov/2025:01:52:49 -0800] "GET /donovan-mcnabb-will-never-make-it-back-to-the-super-bowl/?path=//sys/class/tty/ttyte/subsystem/ttyea/subsystem/ttyea/subsystem/ttyue/subsystem/ttyec/subsystem/ptyta/subsystem/ptyca HTTP/2.0" 200 3147 "-" "Mozilla/5.0 AppleWebKit/537.36 (KHTML, like Gecko; compatible; GPTBot/1.3; +https://openai.com/gptbot)" 
34.90.125.219 - - [21/Nov/2025:01:52:50 -0800] "GET /feed HTTP/1.1" 429 3826 "http://www.pacificnorthwestcoastbias.com/feed" "Mozilla/5.0 (X11; Linux x86_64) AppleWebKit/537.36 (KHTML, like Gecko) Chrome/117.0.0.0 Safari/537.36" 
65.108.2.171 - - [21/Nov/2025:01:52:50 -0800] "GET /grading-nate-silvers-election-predictions/?fileloc=//opt/cadvisor/cadvisor-v0.47.2&path=//opt/cadvisor HTTP/1.1" 200 5881 "-" "Mozilla/5.0 (compatible; MJ12bot/v1.4.8; http://mj12bot.com/)" 
100.28.44.58 - - [21/Nov/2025:01:52:50 -0800] "GET /download-jaxx-wallet-for-beginners/?path=//lib/apache2 HTTP/1.1" 200 6438 "-" "Mozilla/5.0 AppleWebKit/537.36 (KHTML, like Gecko; compatible; Amazonbot/0.1; +https://developer.amazon.com/support/amazonbot) Chrome/119.0.6045.214 Safari/537.36" 
66.249.73.65 - - [21/Nov/2025:01:52:50 -0800] "GET /?m=1326857561 HTTP/1.1" 200 33395 "-" "Mozilla/5.0 (Linux; Android 6.0.1; Nexus 5X Build/MMB29P) AppleWebKit/537.36 (KHTML, like Gecko) Chrome/141.0.7390.122 Mobile Safari/537.36 (compatible; GoogleOther)" 
185.191.171.18 - - [21/Nov/2025:01:52:51 -0800] "GET /?info=753711184 HTTP/1.1" 200 9065 "-" "Mozilla/5.0 (compatible; SemrushBot/7~bl; +http://www.semrush.com/bot.html)" 
74.7.227.171 - - [21/Nov/2025:01:52:52 -0800] "GET /donovan-mcnabb-will-never-make-it-back-to-the-super-bowl/?path=//sys/class/tty/ttyte/subsystem/ttyea/subsystem/ttyea/subsystem/ttyue/subsystem/ttyec/subsystem/ptyta/subsystem/ttycb HTTP/2.0" 200 3149 "-" "Mozilla/5.0 AppleWebKit/537.36 (KHTML, like Gecko; compatible; GPTBot/1.3; +https://openai.com/gptbot)" 
66.249.73.66 - - [21/Nov/2025:01:52:52 -0800] "GET /?m=2203953192 HTTP/1.1" 200 34413 "-" "Mozilla/5.0 (Linux; Android 6.0.1; Nexus 5X Build/MMB29P) AppleWebKit/537.36 (KHTML, like Gecko) Chrome/141.0.7390.122 Mobile Safari/537.36 (compatible; GoogleOther)" 
65.108.2.171 - - [21/Nov/2025:01:52:54 -0800] "GET /grading-nate-silvers-election-predictions/?fileloc=//opt/cadvisor/cadvisor.htpasswd&path=//opt/cadvisor HTTP/1.1" 200 5944 "-" "Mozilla/5.0 (compatible; MJ12bot/v1.4.8; http://mj12bot.com/)" 
54.156.248.117 - - [21/Nov/2025:01:52:55 -0800] "GET /king-county-coronavirus-daily-prediction-4-6/?fileloc=//bin/opl2ofm&path=//bin HTTP/1.1" 200 48754 "-" "Mozilla/5.0 AppleWebKit/537.36 (KHTML, like Gecko; compatible; Amazonbot/0.1; +https://developer.amazon.com/support/amazonbot) Chrome/119.0.6045.214 Safari/537.36" 
66.249.73.64 - - [21/Nov/2025:01:52:55 -0800] "GET /?m=2254299001 HTTP/1.1" 200 34721 "-" "Mozilla/5.0 (Linux; Android 6.0.1; Nexus 5X Build/MMB29P) AppleWebKit/537.36 (KHTML, like Gecko) Chrome/141.0.7390.122 Mobile Safari/537.36 (compatible; GoogleOther)" 
74.7.227.171 - - [21/Nov/2025:01:52:55 -0800] "GET /donovan-mcnabb-will-never-make-it-back-to-the-super-bowl/?path=//sys/class/tty/ttyte/subsystem/ttyea/subsystem/ttyea/subsystem/ttyue/subsystem/ttyec/subsystem/ptyta/subsystem/ptybe HTTP/2.0" 200 3148 "-" "Mozilla/5.0 AppleWebKit/537.36 (KHTML, like Gecko; compatible; GPTBot/1.3; +https://openai.com/gptbot)" 
66.249.73.64 - - [21/Nov/2025:01:52:57 -0800] "GET /vessel/lecture1/7rw4d-2013/?fileloc=/home/samfetchero1/pacificnorthwestcoastbias.com/wp-rdf.php?collections/143209993966 HTTP/1.1" 200 33903 "-" "Mozilla/5.0 (Linux; Android 6.0.1; Nexus 5X Build/MMB29P) AppleWebKit/537.36 (KHTML, like Gecko) Chrome/141.0.7390.122 Mobile Safari/537.36 (compatible; GoogleOther)" 
88.201.78.14 - - [21/Nov/2025:01:52:58 -0800] "GET /?m=4055615431 HTTP/1.1" 200 9117 "-" "Mozilla/5.0 (Macintosh; Intel Mac OS X 10_13_6) AppleWebKit/537.36 (KHTML, like Gecko) Chrome/89.0.4389.114 Safari/537.36" 
65.108.2.171 - - [21/Nov/2025:01:52:58 -0800] "GET /grading-nate-silvers-election-predictions/?fileloc=//opt/ndn-cgroups/cgroup_cleaner.pl&path=//opt/ndn-cgroups HTTP/1.1" 200 6989 "-" "Mozilla/5.0 (compatible; MJ12bot/v1.4.8; http://mj12bot.com/)" 
54.243.63.52 - - [21/Nov/2025:01:52:58 -0800] "GET /does-posting-something-on-google-plus-result-in-any-traffic/?fileloc=//tmp/b76e41b2CIXoED&path=//tmp HTTP/1.1" 200 5975 "-" "Mozilla/5.0 AppleWebKit/537.36 (KHTML, like Gecko; compatible; Amazonbot/0.1; +https://developer.amazon.com/support/amazonbot) Chrome/119.0.6045.214 Safari/537.36" 
74.7.227.171 - - [21/Nov/2025:01:52:58 -0800] "GET /donovan-mcnabb-will-never-make-it-back-to-the-super-bowl/?path=//sys/class/tty/ttyte/subsystem/ttyea/subsystem/ttyea/subsystem/ttyue/subsystem/ttyec/subsystem/ptyta/subsystem/ptyee HTTP/2.0" 200 3148 "-" "Mozilla/5.0 AppleWebKit/537.36 (KHTML, like Gecko; compatible; GPTBot/1.3; +https://openai.com/gptbot)" 
66.249.73.64 - - [21/Nov/2025:01:52:59 -0800] "GET /stable/chart40/66q46-33158/?fileloc=/home/samfetchero1/pacificnorthwestcoastbias.com/wp-includes/class-wp-simplepie-file.php??m=1284486020 HTTP/1.1" 200 34327 "-" "Mozilla/5.0 (Linux; Android 6.0.1; Nexus 5X Build/MMB29P) AppleWebKit/537.36 (KHTML, like Gecko) Chrome/141.0.7390.122 Mobile Safari/537.36 (compatible; GoogleOther)" 
14.191.178.26 - - [21/Nov/2025:01:52:59 -0800] "GET /?m=179111107 HTTP/1.1" 200 9117 "-" "Mozilla/5.0 (Windows NT 10.0; Win64; x64) AppleWebKit/537.36 (KHTML, like Gecko) Chrome/79.0.3945.130 Safari/537.36" 
189.154.125.96 - - [21/Nov/2025:01:53:01 -0800] "GET /?m=1158749576 HTTP/1.1" 200 9117 "-" "Mozilla/5.0 (Windows NT 10.0; Win64; x64) AppleWebKit/537.36 (KHTML, like Gecko) Chrome/101.0.0.0 Safari/537.36" 
66.249.73.65 - - [21/Nov/2025:01:53:01 -0800] "GET /leg/approval40/pe3nu-33196/?fileloc=/home/samfetchero1/pacificnorthwestcoastbias.com/wp-includes/class-wp-simplepie-file.php??m=1979062131 HTTP/1.1" 200 37775 "-" "Mozilla/5.0 (Linux; Android 6.0.1; Nexus 5X Build/MMB29P) AppleWebKit/537.36 (KHTML, like Gecko) Chrome/141.0.7390.122 Mobile Safari/537.36 (compatible; GoogleOther)" 
74.7.227.171 - - [21/Nov/2025:01:53:01 -0800] "GET /donovan-mcnabb-will-never-make-it-back-to-the-super-bowl/?path=//sys/class/tty/ttyte/subsystem/ttyea/subsystem/ttyea/subsystem/ttyue/subsystem/ttyec/subsystem/ptyta/subsystem/ttyub HTTP/2.0" 200 3147 "-" "Mozilla/5.0 AppleWebKit/537.36 (KHTML, like Gecko; compatible; GPTBot/1.3; +https://openai.com/gptbot)" 
54.85.126.86 - - [21/Nov/2025:01:53:02 -0800] "GET /does-posting-something-on-google-plus-result-in-any-traffic/?fileloc=//etc/machine-id&path=//etc HTTP/1.1" 200 5988 "-" "Mozilla/5.0 AppleWebKit/537.36 (KHTML, like Gecko; compatible; Amazonbot/0.1; +https://developer.amazon.com/support/amazonbot) Chrome/119.0.6045.214 Safari/537.36" 
65.108.2.171 - - [21/Nov/2025:01:53:02 -0800] "GET /grading-nate-silvers-election-predictions/?fileloc=//opt/ndn-cgroups/cgroup_updater.pl&path=//opt/ndn-cgroups HTTP/1.1" 200 7131 "-" "Mozilla/5.0 (compatible; MJ12bot/v1.4.8; http://mj12bot.com/)" 
186.225.227.204 - - [21/Nov/2025:01:53:03 -0800] "GET /?m=459546375 HTTP/1.1" 200 9117 "-" "Mozilla/5.0 (Windows NT 10.0; Win64; x64) AppleWebKit/537.36 (KHTML, like Gecko) Brave Chrome/80.0.3987.162 Safari/537.36" 
66.249.73.73 - - [21/Nov/2025:01:53:03 -0800] "GET /?m=3010956804 HTTP/1.1" 200 35583 "-" "Mozilla/5.0 (Linux; Android 6.0.1; Nexus 5X Build/MMB29P) AppleWebKit/537.36 (KHTML, like Gecko) Chrome/141.0.7390.122 Mobile Safari/537.36 (compatible; GoogleOther)" 
165.16.183.225 - - [21/Nov/2025:01:53:03 -0800] "GET /road/interval95/j4mvs-139/ HTTP/1.1" 200 9117 "-" "Mozilla/5.0 (Windows NT 6.1; Win64; x64) AppleWebKit/537.36 (KHTML, like Gecko) Chrome/79.0.3945.117 Safari/537.36" 
66.249.73.65 - - [21/Nov/2025:01:53:04 -0800] "GET /?m=2806533596 HTTP/1.1" 200 33472 "-" "Mozilla/5.0 (Linux; Android 6.0.1; Nexus 5X Build/MMB29P) AppleWebKit/537.36 (KHTML, like Gecko) Chrome/141.0.7390.122 Mobile Safari/537.36 (compatible; GoogleOther)" 
74.7.227.171 - - [21/Nov/2025:01:53:05 -0800] "GET /donovan-mcnabb-will-never-make-it-back-to-the-super-bowl/?path=//sys/class/tty/ttyte/subsystem/ttyea/subsystem/ttyea/subsystem/ttyue/subsystem/ttyec/subsystem/ptyta/subsystem/ptyyd HTTP/2.0" 200 3149 "-" "Mozilla/5.0 AppleWebKit/537.36 (KHTML, like Gecko; compatible; GPTBot/1.3; +https://openai.com/gptbot)" 
65.108.2.171 - - [21/Nov/2025:01:53:06 -0800] "GET /grading-nate-silvers-election-predictions/?fileloc=//opt/ndn-cgroups/config.json&path=//opt/ndn-cgroups HTTP/1.1" 200 5948 "-" "Mozilla/5.0 (compatible; MJ12bot/v1.4.8; http://mj12bot.com/)" 
66.249.73.73 - - [21/Nov/2025:01:53:06 -0800] "GET /?m=2893159628 HTTP/1.1" 200 32435 "-" "Mozilla/5.0 (Linux; Android 6.0.1; Nexus 5X Build/MMB29P) AppleWebKit/537.36 (KHTML, like Gecko) Chrome/141.0.7390.122 Mobile Safari/537.36 (compatible; GoogleOther)" 
3.220.148.166 - - [21/Nov/2025:01:53:07 -0800] "GET /download-jaxx-wallet-for-beginners/?fileloc=//sbin/nft&path=//sbin HTTP/1.1" 200 12205 "-" "Mozilla/5.0 AppleWebKit/537.36 (KHTML, like Gecko; compatible; Amazonbot/0.1; +https://developer.amazon.com/support/amazonbot) Chrome/119.0.6045.214 Safari/537.36" 
74.7.227.171 - - [21/Nov/2025:01:53:08 -0800] "GET /donovan-mcnabb-will-never-make-it-back-to-the-super-bowl/?path=//sys/class/tty/ttyte/subsystem/ttyea/subsystem/ttyea/subsystem/ttyue/subsystem/ttyec/subsystem/ptyta/subsystem/ttyua HTTP/2.0" 200 3147 "-" "Mozilla/5.0 AppleWebKit/537.36 (KHTML, like Gecko; compatible; GPTBot/1.3; +https://openai.com/gptbot)" 
186.193.177.33 - - [21/Nov/2025:01:53:08 -0800] "GET /big/y28?pid=743 HTTP/1.1" 200 9117 "-" "Mozilla/5.0 (Windows NT 6.1) AppleWebKit/537.36 (KHTML, like Gecko) Chrome/80.0.3987.132 Safari/537.36" 
66.249.73.64 - - [21/Nov/2025:01:53:08 -0800] "GET /?m=4151227340 HTTP/1.1" 200 34761 "-" "Mozilla/5.0 (Linux; Android 6.0.1; Nexus 5X Build/MMB29P) AppleWebKit/537.36 (KHTML, like Gecko) Chrome/141.0.7390.122 Mobile Safari/537.36 (compatible; GoogleOther)" 
66.249.73.73 - - [21/Nov/2025:01:53:10 -0800] "GET /?m=3704952847 HTTP/1.1" 200 30049 "-" "Mozilla/5.0 (Linux; Android 6.0.1; Nexus 5X Build/MMB29P) AppleWebKit/537.36 (KHTML, like Gecko) Chrome/141.0.7390.122 Mobile Safari/537.36 (compatible; GoogleOther)" 
65.108.2.171 - - [21/Nov/2025:01:53:10 -0800] "GET /grading-nate-silvers-election-predictions/?fileloc=//opt/ndn-cgroups/enable_control_groups&path=//opt/ndn-cgroups HTTP/1.1" 200 6032 "-" "Mozilla/5.0 (compatible; MJ12bot/v1.4.8; http://mj12bot.com/)" 
85.208.96.201 - - [21/Nov/2025:01:53:10 -0800] "GET /?info=492444192 HTTP/1.1" 200 9065 "-" "Mozilla/5.0 (compatible; SemrushBot/7~bl; +http://www.semrush.com/bot.html)" 
74.7.227.171 - - [21/Nov/2025:01:53:11 -0800] "GET /donovan-mcnabb-will-never-make-it-back-to-the-super-bowl/?path=//sys/class/tty/ttyte/subsystem/ttyea/subsystem/ttyea/subsystem/ttyue/subsystem/ttyec/subsystem/ptyta/subsystem/ptydd HTTP/2.0" 200 3148 "-" "Mozilla/5.0 AppleWebKit/537.36 (KHTML, like Gecko; compatible; GPTBot/1.3; +https://openai.com/gptbot)" 
35.153.86.200 - - [21/Nov/2025:01:53:11 -0800] "GET /download-jaxx-wallet-for-beginners/?fileloc=//bin/debrelease&path=//bin HTTP/1.1" 200 9830 "-" "Mozilla/5.0 AppleWebKit/537.36 (KHTML, like Gecko; compatible; Amazonbot/0.1; +https://developer.amazon.com/support/amazonbot) Chrome/119.0.6045.214 Safari/537.36" 
