66.249.73.64 - - [21/Nov/2025:01:55:04 -0800] "GET /ctg/search/similarImageSearchResultView/?ctgItemCd=2032545 HTTP/1.1" 200 37842 "-" "Mozilla/5.0 (Linux; Android 6.0.1; Nexus 5X Build/MMB29P) AppleWebKit/537.36 (KHTML, like Gecko) Chrome/141.0.7390.122 Mobile Safari/537.36 (compatible; GoogleOther)"
52.205.222.214 - - [21/Nov/2025:01:55:06 -0800] "GET /which-post-office-branch-is-the-best/?path=//etc/udev HTTP/1.1" 200 6435 "-" "Mozilla/5.0 AppleWebKit/537.36 (KHTML, like Gecko; compatible; Amazonbot/0.1; +https://developer.amazon.com/support/amazonbot) Chrome/119.0.6045.214 Safari/537.36"
66.249.73.65 - - [21/Nov/2025:01:55:06 -0800] "GET /leg/approval40/pe3nu-33196/?fileloc=/home/samfetchero1/pacificnorthwestcoastbias.com/wp-includes/class-wp-simplepie-file.php??m=2073296203 HTTP/1.1" 200 32193 "-" "Mozilla/5.0 (Linux; Android 6.0.1; Nexus 5X Build/MMB29P) AppleWebKit/537.36 (KHTML, like Gecko) Chrome/141.0.7390.122 Mobile Safari/537.36 (compatible; GoogleOther)"
65.108.2.171 - - [21/Nov/2025:01:55:07 -0800] "GET /grading-nate-silvers-election-predictions/?fileloc=//var/crash/.htaccess&path=//var/crash HTTP/1.1" 200 6043 "-" "Mozilla/5.0 (compatible; MJ12bot/v1.4.8; http://mj12bot.com/)"
74.7.227.171 - - [21/Nov/2025:01:55:07 -0800] "GET /donovan-mcnabb-will-never-make-it-back-to-the-super-bowl/?path=//sys/class/tty/ttyte/subsystem/ttyea/subsystem/ttyea/subsystem/ttyue/subsystem/ttyec/subsystem/ptyta/subsystem/ptype HTTP/2.0" 200 3147 "-" "Mozilla/5.0 AppleWebKit/537.36 (KHTML, like Gecko; compatible; GPTBot/1.3; +https://openai.com/gptbot)"
114.119.136.196 - - [21/Nov/2025:01:55:08 -0800] "GET /?m=3737208993 HTTP/1.1" 200 9065 "https://pacificnorthwestcoastbias.com/?sitemap22.xml" "Mozilla/5.0 (Linux; Android 7.0;) AppleWebKit/537.36 (KHTML, like Gecko) Mobile Safari/537.36 (compatible; PetalBot;+https://webmaster.petalsearch.com/site/petalbot)"
66.249.73.73 - - [21/Nov/2025:01:55:08 -0800] "GET /?m=1195395913 HTTP/1.1" 200 34688 "-" "Mozilla/5.0 (Linux; Android 6.0.1; Nexus 5X Build/MMB29P) AppleWebKit/537.36 (KHTML, like Gecko) Chrome/141.0.7390.122 Mobile Safari/537.36 (compatible; GoogleOther)"
66.249.73.73 - - [21/Nov/2025:01:55:10 -0800] "GET /?m=1978443719 HTTP/1.1" 200 30965 "-" "Mozilla/5.0 (Linux; Android 6.0.1; Nexus 5X Build/MMB29P) AppleWebKit/537.36 (KHTML, like Gecko) Chrome/141.0.7390.122 Mobile Safari/537.36 (compatible; GoogleOther)"
74.7.227.171 - - [21/Nov/2025:01:55:10 -0800] "GET /donovan-mcnabb-will-never-make-it-back-to-the-super-bowl/?path=//sys/class/tty/ttyte/subsystem/ttyea/subsystem/ttyea/subsystem/ttyea/subsystem/ttysf/subsystem/ptyya/subsystem/ttyrb HTTP/2.0" 200 3145 "-" "Mozilla/5.0 AppleWebKit/537.36 (KHTML, like Gecko; compatible; GPTBot/1.3; +https://openai.com/gptbot)"
54.84.169.196 - - [21/Nov/2025:01:55:11 -0800] "GET /does-posting-something-on-google-plus-result-in-any-traffic/?fileloc=//sbin/fixparts&path=//sbin HTTP/1.1" 200 28201 "-" "Mozilla/5.0 AppleWebKit/537.36 (KHTML, like Gecko; compatible; Amazonbot/0.1; +https://developer.amazon.com/support/amazonbot) Chrome/119.0.6045.214 Safari/537.36"
65.108.2.171 - - [21/Nov/2025:01:55:11 -0800] "GET /grading-nate-silvers-election-predictions/?fileloc=/home/samfetchero1/.php/5.5/phprc&path=/home/samfetchero1/.php/5.5 HTTP/1.1" 200 6045 "-" "Mozilla/5.0 (compatible; MJ12bot/v1.4.8; http://mj12bot.com/)"
66.249.73.64 - - [21/Nov/2025:01:55:12 -0800] "GET /vessel/lecture1/7rw4d-2013/?fileloc=/home/samfetchero1/pacificnorthwestcoastbias.com/wp-rdf.php??m=2783180308 HTTP/1.1" 200 34681 "-" "Mozilla/5.0 (Linux; Android 6.0.1; Nexus 5X Build/MMB29P) AppleWebKit/537.36 (KHTML, like Gecko) Chrome/141.0.7390.122 Mobile Safari/537.36 (compatible; GoogleOther)"
85.208.96.195 - - [21/Nov/2025:01:55:12 -0800] "GET /?info=438075616 HTTP/1.1" 200 9065 "-" "Mozilla/5.0 (compatible; SemrushBot/7~bl; +http://www.semrush.com/bot.html)"
66.249.73.64 - - [21/Nov/2025:01:55:13 -0800] "GET /?m=614442452 HTTP/1.1" 200 33333 "-" "Mozilla/5.0 (Linux; Android 6.0.1; Nexus 5X Build/MMB29P) AppleWebKit/537.36 (KHTML, like Gecko) Chrome/141.0.7390.122 Mobile Safari/537.36 (compatible; GoogleOther)"
74.7.227.171 - - [21/Nov/2025:01:55:14 -0800] "GET /donovan-mcnabb-will-never-make-it-back-to-the-super-bowl/?path=//sys/class/tty/ttyte/subsystem/ttyea/subsystem/ttyea/subsystem/ttyue/subsystem/ttyec/subsystem/ptyta/subsystem/tty HTTP/2.0" 200 3144 "-" "Mozilla/5.0 AppleWebKit/537.36 (KHTML, like Gecko; compatible; GPTBot/1.3; +https://openai.com/gptbot)"
54.156.248.117 - - [21/Nov/2025:01:55:14 -0800] "GET /king-county-coronavirus-daily-prediction-4-23/?fileloc=//bin/X11/dvitype&path=//bin/X11 HTTP/1.1" 200 24214 "-" "Mozilla/5.0 AppleWebKit/537.36 (KHTML, like Gecko; compatible; Amazonbot/0.1; +https://developer.amazon.com/support/amazonbot) Chrome/119.0.6045.214 Safari/537.36"
65.108.2.171 - - [21/Nov/2025:01:55:15 -0800] "GET /grading-nate-silvers-election-predictions/?fileloc=/home/samfetchero1/.php/5.5/phprc.old&path=/home/samfetchero1/.php/5.5 HTTP/1.1" 200 6048 "-" "Mozilla/5.0 (compatible; MJ12bot/v1.4.8; http://mj12bot.com/)"
66.249.73.73 - - [21/Nov/2025:01:55:15 -0800] "GET /?m=67525724 HTTP/1.1" 200 34433 "-" "Mozilla/5.0 (Linux; Android 6.0.1; Nexus 5X Build/MMB29P) AppleWebKit/537.36 (KHTML, like Gecko) Chrome/141.0.7390.122 Mobile Safari/537.36 (compatible; GoogleOther)"
74.7.227.171 - - [21/Nov/2025:01:55:17 -0800] "GET /donovan-mcnabb-will-never-make-it-back-to-the-super-bowl/?path=//sys/class/tty/ttyte/subsystem/ttyea/subsystem/ttyea/subsystem/ttyue/subsystem/ttyec/subsystem/ptyta/subsystem/ptycb HTTP/2.0" 200 3148 "-" "Mozilla/5.0 AppleWebKit/537.36 (KHTML, like Gecko; compatible; GPTBot/1.3; +https://openai.com/gptbot)"
66.249.73.73 - - [21/Nov/2025:01:55:17 -0800] "GET /?m=2582624867 HTTP/1.1" 200 32619 "-" "Mozilla/5.0 (Linux; Android 6.0.1; Nexus 5X Build/MMB29P) AppleWebKit/537.36 (KHTML, like Gecko) Chrome/141.0.7390.122 Mobile Safari/537.36 (compatible; GoogleOther)"
129.122.208.226 - - [21/Nov/2025:01:55:18 -0800] "GET /blanket/u59?pid=1500 HTTP/1.1" 200 9117 "-" "Mozilla/5.0 (Windows NT 10.0; Win64; x64) AppleWebKit/537.36 (KHTML, like Gecko) Chrome/101.0.0.0 Safari/537.36"
3.209.174.110 - - [21/Nov/2025:01:55:18 -0800] "GET /does-posting-something-on-google-plus-result-in-any-traffic/?fileloc=//tmp/b76e41b2Pade74&path=//tmp HTTP/1.1" 200 5972 "-" "Mozilla/5.0 AppleWebKit/537.36 (KHTML, like Gecko; compatible; Amazonbot/0.1; +https://developer.amazon.com/support/amazonbot) Chrome/119.0.6045.214 Safari/537.36"
66.249.73.73 - - [21/Nov/2025:01:55:19 -0800] "GET /leg/approval40/pe3nu-33196/?fileloc=/home/samfetchero1/pacificnorthwestcoastbias.com/wp-includes/class-wp-simplepie-file.php??m=3483383852 HTTP/1.1" 200 35257 "-" "Mozilla/5.0 (Linux; Android 6.0.1; Nexus 5X Build/MMB29P) AppleWebKit/537.36 (KHTML, like Gecko) Chrome/141.0.7390.122 Mobile Safari/537.36 (compatible; GoogleOther)"
65.108.2.171 - - [21/Nov/2025:01:55:19 -0800] "GET /grading-nate-silvers-election-predictions/?fileloc=/home/samfetchero1/.php/5.6/phprc&path=/home/samfetchero1/.php/5.6 HTTP/1.1" 200 6045 "-" "Mozilla/5.0 (compatible; MJ12bot/v1.4.8; http://mj12bot.com/)"
74.7.227.171 - - [21/Nov/2025:01:55:20 -0800] "GET /donovan-mcnabb-will-never-make-it-back-to-the-super-bowl/?path=//sys/class/tty/ttyte/subsystem/ttyea/subsystem/ttyea/subsystem/ttyue/subsystem/ttyec/subsystem/ptyta/subsystem/ttyae HTTP/2.0" 200 3147 "-" "Mozilla/5.0 AppleWebKit/537.36 (KHTML, like Gecko; compatible; GPTBot/1.3; +https://openai.com/gptbot)"
66.249.73.64 - - [21/Nov/2025:01:55:21 -0800] "GET /stable/chart40/66q46-33158/?fileloc=/home/samfetchero1/pacificnorthwestcoastbias.com/wp-includes/class-wp-simplepie-file.php??m=549090881 HTTP/1.1" 200 36794 "-" "Mozilla/5.0 (Linux; Android 6.0.1; Nexus 5X Build/MMB29P) AppleWebKit/537.36 (KHTML, like Gecko) Chrome/141.0.7390.122 Mobile Safari/537.36 (compatible; GoogleOther)"
121.101.131.245 - - [21/Nov/2025:01:55:21 -0800] "GET /arm/fault1/jwhc5-1363/ HTTP/1.1" 200 9117 "-" "Mozilla/5.0 (Microsoft Windows NT 10.0.16299.0; Win64; x64) AppleWebKit/537.36 (KHTML, like Gecko) Chrome/63.0.3239.132 Safari/537.36 (FTM)"
52.203.152.231 - - [21/Nov/2025:01:55:22 -0800] "GET /does-posting-something-on-google-plus-result-in-any-traffic/?fileloc=//bin/localedef&path=//bin HTTP/1.1" 200 130060 "-" "Mozilla/5.0 AppleWebKit/537.36 (KHTML, like Gecko; compatible; Amazonbot/0.1; +https://developer.amazon.com/support/amazonbot) Chrome/119.0.6045.214 Safari/537.36"
66.249.73.64 - - [21/Nov/2025:01:55:22 -0800] "GET /?m=1176773878 HTTP/1.1" 200 31292 "-" "Mozilla/5.0 (Linux; Android 6.0.1; Nexus 5X Build/MMB29P) AppleWebKit/537.36 (KHTML, like Gecko) Chrome/141.0.7390.122 Mobile Safari/537.36 (compatible; GoogleOther)"
74.7.227.171 - - [21/Nov/2025:01:55:23 -0800] "GET /donovan-mcnabb-will-never-make-it-back-to-the-super-bowl/?path=//sys/class/tty/ttyte/subsystem/ttyea/subsystem/ttyea/subsystem/ttyea/subsystem/ttysf/subsystem/ptyya/subsystem/ttyvc HTTP/2.0" 200 3146 "-" "Mozilla/5.0 AppleWebKit/537.36 (KHTML, like Gecko; compatible; GPTBot/1.3; +https://openai.com/gptbot)"
65.108.2.171 - - [21/Nov/2025:01:55:23 -0800] "GET /grading-nate-silvers-election-predictions/?fileloc=/home/samfetchero1/.php/5.6/phprc.old&path=/home/samfetchero1/.php/5.6 HTTP/1.1" 200 6048 "-" "Mozilla/5.0 (compatible; MJ12bot/v1.4.8; http://mj12bot.com/)"
123.31.123.31 - - [21/Nov/2025:01:55:24 -0800] "GET /injure/Palestinian227/9fy5p-22071/ HTTP/1.1" 200 9117 "-" "Mozilla/5.0 (Macintosh; Intel Mac OS X 10_15_6) AppleWebKit/537.36 (KHTML, like Gecko) Chrome/101.0.4951.54 Safari/537.36"
66.249.73.64 - - [21/Nov/2025:01:55:24 -0800] "GET /?m=1482895626 HTTP/1.1" 200 32362 "-" "Mozilla/5.0 (Linux; Android 6.0.1; Nexus 5X Build/MMB29P) AppleWebKit/537.36 (KHTML, like Gecko) Chrome/141.0.7390.122 Mobile Safari/537.36 (compatible; GoogleOther)"
3.226.34.98 - - [21/Nov/2025:01:55:26 -0800] "GET /king-county-coronavirus-daily-prediction-9-8/?fileloc=//etc/cron.d/.placeholder&path=//etc/cron.d HTTP/1.1" 200 6040 "-" "Mozilla/5.0 AppleWebKit/537.36 (KHTML, like Gecko; compatible; Amazonbot/0.1; +https://developer.amazon.com/support/amazonbot) Chrome/119.0.6045.214 Safari/537.36"
66.249.73.64 - - [21/Nov/2025:01:55:26 -0800] "GET /?m=3215131134 HTTP/1.1" 200 33530 "-" "Mozilla/5.0 (Linux; Android 6.0.1; Nexus 5X Build/MMB29P) AppleWebKit/537.36 (KHTML, like Gecko) Chrome/141.0.7390.122 Mobile Safari/537.36 (compatible; GoogleOther)"
74.7.227.171 - - [21/Nov/2025:01:55:26 -0800] "GET /donovan-mcnabb-will-never-make-it-back-to-the-super-bowl/?path=//sys/class/tty/ttyte/subsystem/ttyea/subsystem/ttyea/subsystem/ttyea/subsystem/ttysf/subsystem/ptyya/subsystem/ttysa HTTP/2.0" 200 3144 "-" "Mozilla/5.0 AppleWebKit/537.36 (KHTML, like Gecko; compatible; GPTBot/1.3; +https://openai.com/gptbot)"
65.108.2.171 - - [21/Nov/2025:01:55:27 -0800] "GET /grading-nate-silvers-election-predictions/?fileloc=/home/samfetchero1/.php/7.0/phprc&path=/home/samfetchero1/.php/7.0 HTTP/1.1" 200 6045 "-" "Mozilla/5.0 (compatible; MJ12bot/v1.4.8; http://mj12bot.com/)"
66.249.73.64 - - [21/Nov/2025:01:55:28 -0800] "GET /?m=2807805918 HTTP/1.1" 200 32653 "-" "Mozilla/5.0 (Linux; Android 6.0.1; Nexus 5X Build/MMB29P) AppleWebKit/537.36 (KHTML, like Gecko) Chrome/141.0.7390.122 Mobile Safari/537.36 (compatible; GoogleOther)"
74.7.227.171 - - [21/Nov/2025:01:55:29 -0800] "GET /donovan-mcnabb-will-never-make-it-back-to-the-super-bowl/?path=//sys/class/tty/ttyte/subsystem/ttyea/subsystem/ttyea/subsystem/ttyue/subsystem/ttyec/subsystem/ptyta/subsystem/ttypf HTTP/2.0" 200 3148 "-" "Mozilla/5.0 AppleWebKit/537.36 (KHTML, like Gecko; compatible; GPTBot/1.3; +https://openai.com/gptbot)"
66.249.73.64 - - [21/Nov/2025:01:55:30 -0800] "GET /?m=3482577418 HTTP/1.1" 200 34029 "-" "Mozilla/5.0 (Linux; Android 6.0.1; Nexus 5X Build/MMB29P) AppleWebKit/537.36 (KHTML, like Gecko) Chrome/141.0.7390.122 Mobile Safari/537.36 (compatible; GoogleOther)"
154.124.139.83 - - [21/Nov/2025:01:55:30 -0800] "GET /?m=1872911987 HTTP/1.1" 200 9117 "-" "Mozilla/5.0 (Windows NT 10.0; WOW64) AppleWebKit/537.36 (KHTML, like Gecko) Chrome/67.0.3396.87 Safari/537.36"
65.108.2.171 - - [21/Nov/2025:01:55:31 -0800] "GET /grading-nate-silvers-election-predictions/?fileloc=/home/samfetchero1/.php/7.0/phprc.old&path=/home/samfetchero1/.php/7.0 HTTP/1.1" 200 6048 "-" "Mozilla/5.0 (compatible; MJ12bot/v1.4.8; http://mj12bot.com/)"
44.215.210.112 - - [21/Nov/2025:01:55:31 -0800] "GET /download-jaxx-wallet-for-beginners/?fileloc=//tmp/_demdqRWhjussU&path=//tmp HTTP/1.1" 200 5973 "-" "Mozilla/5.0 AppleWebKit/537.36 (KHTML, like Gecko; compatible; Amazonbot/0.1; +https://developer.amazon.com/support/amazonbot) Chrome/119.0.6045.214 Safari/537.36"
66.249.73.64 - - [21/Nov/2025:01:55:32 -0800] "GET /?m=2692172369 HTTP/1.1" 200 32164 "-" "Mozilla/5.0 (Linux; Android 6.0.1; Nexus 5X Build/MMB29P) AppleWebKit/537.36 (KHTML, like Gecko) Chrome/141.0.7390.122 Mobile Safari/537.36 (compatible; GoogleOther)"
74.7.227.171 - - [21/Nov/2025:01:55:33 -0800] "GET /donovan-mcnabb-will-never-make-it-back-to-the-super-bowl/?path=//sys/class/tty/ttyte/subsystem/ttyea/subsystem/ttyea/subsystem/ttyue/subsystem/ttyec/subsystem/ptyta/subsystem/ttyvd HTTP/2.0" 200 3149 "-" "Mozilla/5.0 AppleWebKit/537.36 (KHTML, like Gecko; compatible; GPTBot/1.3; +https://openai.com/gptbot)"
66.249.73.73 - - [21/Nov/2025:01:55:33 -0800] "GET /?m=1526355082 HTTP/1.1" 200 37017 "-" "Mozilla/5.0 (Linux; Android 6.0.1; Nexus 5X Build/MMB29P) AppleWebKit/537.36 (KHTML, like Gecko) Chrome/141.0.7390.122 Mobile Safari/537.36 (compatible; Googlebot/2.1; +http://www.google.com/bot.html)"
66.249.73.73 - - [21/Nov/2025:01:55:33 -0800] "GET /leg/approval40/pe3nu-33196/?fileloc=/home/samfetchero1/pacificnorthwestcoastbias.com/wp-includes/class-wp-simplepie-file.php?m=2845434548 HTTP/1.1" 200 37475 "-" "Mozilla/5.0 (Linux; Android 6.0.1; Nexus 5X Build/MMB29P) AppleWebKit/537.36 (KHTML, like Gecko) Chrome/141.0.7390.122 Mobile Safari/537.36 (compatible; GoogleOther)"
14.237.202.51 - - [21/Nov/2025:01:55:34 -0800] "GET /invite/restrict69/uh8nk-24039/ HTTP/1.1" 200 9117 "-" "Mozilla/5.0 (Macintosh; Intel Mac OS X 10_12_6) AppleWebKit/537.36 (KHTML, like Gecko) Brave Chrome/80.0.3987.116 Safari/537.36"
66.249.73.73 - - [21/Nov/2025:01:55:35 -0800] "GET /stable/chart40/66q46-33158/?fileloc=/home/samfetchero1/pacificnorthwestcoastbias.com/wp-includes/class-wp-simplepie-file.php??m=40059028 HTTP/1.1" 200 33763 "-" "Mozilla/5.0 (Linux; Android 6.0.1; Nexus 5X Build/MMB29P) AppleWebKit/537.36 (KHTML, like Gecko) Chrome/141.0.7390.122 Mobile Safari/537.36 (compatible; GoogleOther)"
3.229.164.203 - - [21/Nov/2025:01:55:35 -0800] "GET /does-posting-something-on-google-plus-result-in-any-traffic/?fileloc=//tmp/_gIbIJjukFHLDB&path=//tmp HTTP/1.1" 200 5976 "-" "Mozilla/5.0 AppleWebKit/537.36 (KHTML, like Gecko; compatible; Amazonbot/0.1; +https://developer.amazon.com/support/amazonbot) Chrome/119.0.6045.214 Safari/537.36"
74.7.227.171 - - [21/Nov/2025:01:55:36 -0800] "GET /donovan-mcnabb-will-never-make-it-back-to-the-super-bowl/?path=//sys/class/tty/ttyte/subsystem/ttyea/subsystem/ttyea/subsystem/ttyue/subsystem/ttyec/subsystem/ptyta/subsystem/ptytf HTTP/2.0" 200 3148 "-" "Mozilla/5.0 AppleWebKit/537.36 (KHTML, like Gecko; compatible; GPTBot/1.3; +https://openai.com/gptbot)"
102.249.65.63 - - [21/Nov/2025:01:55:36 -0800] "GET /?m=3336600377 HTTP/1.1" 200 9117 "-" "Mozilla/5.0 (Macintosh; Intel Mac OS X 10_13_6) AppleWebKit/537.36 (KHTML, like Gecko) Chrome/95.0.4638.69 Safari/537.36"
65.108.2.171 - - [21/Nov/2025:01:55:35 -0800] "GET /grading-nate-silvers-election-predictions/?fileloc=/home/samfetchero1/.php/7.1/phprc&path=/home/samfetchero1/.php/7.1 HTTP/1.1" 200 6045 "-" "Mozilla/5.0 (compatible; MJ12bot/v1.4.8; http://mj12bot.com/)"
66.249.73.73 - - [21/Nov/2025:01:55:37 -0800] "GET /?m=533652305 HTTP/1.1" 200 30497 "-" "Mozilla/5.0 (Linux; Android 6.0.1; Nexus 5X Build/MMB29P) AppleWebKit/537.36 (KHTML, like Gecko) Chrome/141.0.7390.122 Mobile Safari/537.36 (compatible; GoogleOther)"
3.224.205.25 - - [21/Nov/2025:01:55:38 -0800] "GET /king-county-coronavirus-daily-prediction-4-6/?fileloc=//tmp/b76e41b2fKVERC&path=//tmp HTTP/1.1" 200 5975 "-" "Mozilla/5.0 AppleWebKit/537.36 (KHTML, like Gecko; compatible; Amazonbot/0.1; +https://developer.amazon.com/support/amazonbot) Chrome/119.0.6045.214 Safari/537.36"
74.7.227.171 - - [21/Nov/2025:01:55:39 -0800] "GET /donovan-mcnabb-will-never-make-it-back-to-the-super-bowl/?path=//sys/class/tty/ttyte/subsystem/ttyea/subsystem/ttyea/subsystem/ttyue/subsystem/ttyec/subsystem/ptyta/subsystem/ptyae HTTP/2.0" 200 3148 "-" "Mozilla/5.0 AppleWebKit/537.36 (KHTML, like Gecko; compatible; GPTBot/1.3; +https://openai.com/gptbot)"
66.249.73.73 - - [21/Nov/2025:01:55:39 -0800] "GET /?m=87730945 HTTP/1.1" 200 33026 "-" "Mozilla/5.0 (Linux; Android 6.0.1; Nexus 5X Build/MMB29P) AppleWebKit/537.36 (KHTML, like Gecko) Chrome/141.0.7390.122 Mobile Safari/537.36 (compatible; GoogleOther)"
65.108.2.171 - - [21/Nov/2025:01:55:40 -0800] "GET /grading-nate-silvers-election-predictions/?fileloc=/home/samfetchero1/.php/7.1/phprc.old&path=/home/samfetchero1/.php/7.1 HTTP/1.1" 200 6048 "-" "Mozilla/5.0 (compatible; MJ12bot/v1.4.8; http://mj12bot.com/)"
66.249.73.64 - - [21/Nov/2025:01:55:41 -0800] "GET /?m=3618336550 HTTP/1.1" 200 35543 "-" "Mozilla/5.0 (Linux; Android 6.0.1; Nexus 5X Build/MMB29P) AppleWebKit/537.36 (KHTML, like Gecko) Chrome/141.0.7390.122 Mobile Safari/537.36 (compatible; GoogleOther)"
74.7.243.205 - - [21/Nov/2025:01:55:42 -0800] "GET /search.php?b=2918218730972&channel=132e83&from=https://www.pacificnorthwestcoastbias.com/spark.htm?items/072001228.html HTTP/2.0" 403 100214 "-" "Mozilla/5.0 AppleWebKit/537.36 (KHTML, like Gecko; compatible; GPTBot/1.3; +https://openai.com/gptbot)"
74.7.227.171 - - [21/Nov/2025:01:55:42 -0800] "GET /donovan-mcnabb-will-never-make-it-back-to-the-super-bowl/?path=//sys/class/tty/ttyte/subsystem/ttyea/subsystem/ttyea/subsystem/ttyue/subsystem/ttyec/subsystem/ptyta/subsystem/ptyte HTTP/2.0" 200 3146 "-" "Mozilla/5.0 AppleWebKit/537.36 (KHTML, like Gecko; compatible; GPTBot/1.3; +https://openai.com/gptbot)"
66.249.73.65 - - [21/Nov/2025:01:55:43 -0800] "GET /?m=2900791084 HTTP/1.1" 200 35781 "-" "Mozilla/5.0 (Linux; Android 6.0.1; Nexus 5X Build/MMB29P) AppleWebKit/537.36 (KHTML, like Gecko) Chrome/141.0.7390.122 Mobile Safari/537.36 (compatible; GoogleOther)"
3.229.164.203 - - [21/Nov/2025:01:55:43 -0800] "GET /king-county-coronavirus-daily-prediction-9-8/?fileloc=//bin/dd-list&path=//bin HTTP/1.1" 200 9427 "-" "Mozilla/5.0 AppleWebKit/537.36 (KHTML, like Gecko; compatible; Amazonbot/0.1; +https://developer.amazon.com/support/amazonbot) Chrome/119.0.6045.214 Safari/537.36"
65.108.2.171 - - [21/Nov/2025:01:55:44 -0800] "GET /grading-nate-silvers-election-predictions/?fileloc=/home/samfetchero1/.php/7.2/phprc&path=/home/samfetchero1/.php/7.2 HTTP/1.1" 200 6046 "-" "Mozilla/5.0 (compatible; MJ12bot/v1.4.8; http://mj12bot.com/)"
66.249.73.64 - - [21/Nov/2025:01:55:44 -0800] "GET /?m=2431569555 HTTP/1.1" 200 33601 "-" "Mozilla/5.0 (Linux; Android 6.0.1; Nexus 5X Build/MMB29P) AppleWebKit/537.36 (KHTML, like Gecko) Chrome/141.0.7390.122 Mobile Safari/537.36 (compatible; GoogleOther)"
74.7.227.171 - - [21/Nov/2025:01:55:45 -0800] "GET /donovan-mcnabb-will-never-make-it-back-to-the-super-bowl/?path=//sys/class/tty/ttyte/subsystem/ttyea/subsystem/ttyea/subsystem/ttyue/subsystem/ttyec/subsystem/ptyta/subsystem/ptyqb HTTP/2.0" 200 3150 "-" "Mozilla/5.0 AppleWebKit/537.36 (KHTML, like Gecko; compatible; GPTBot/1.3; +https://openai.com/gptbot)"
185.191.171.17 - - [21/Nov/2025:01:55:46 -0800] "GET /?info=433290320 HTTP/1.1" 200 9065 "-" "Mozilla/5.0 (compatible; SemrushBot/7~bl; +http://www.semrush.com/bot.html)"
66.249.73.65 - - [21/Nov/2025:01:55:46 -0800] "GET /?m=2722098698 HTTP/1.1" 200 30049 "-" "Mozilla/5.0 (Linux; Android 6.0.1; Nexus 5X Build/MMB29P) AppleWebKit/537.36 (KHTML, like Gecko) Chrome/141.0.7390.122 Mobile Safari/537.36 (compatible; GoogleOther)"
14.191.36.194 - - [21/Nov/2025:01:55:47 -0800] "GET /?m=142112415 HTTP/1.1" 200 9117 "-" "Mozilla/5.0 (Windows NT 10.0; Win64; x64) AppleWebKit/537.36 (KHTML, like Gecko) Chrome/89.0.0.0 Safari/537.36"
74.7.227.171 - - [21/Nov/2025:01:55:48 -0800] "GET /donovan-mcnabb-will-never-make-it-back-to-the-super-bowl/?path=//sys/class/tty/ttyte/subsystem/ttyea/subsystem/ttyea/subsystem/ttyue/subsystem/ttyec/subsystem/ptyta/subsystem/ptysc HTTP/2.0" 200 3148 "-" "Mozilla/5.0 AppleWebKit/537.36 (KHTML, like Gecko; compatible; GPTBot/1.3; +https://openai.com/gptbot)"
66.249.73.65 - - [21/Nov/2025:01:55:48 -0800] "GET /?m=4257641877 HTTP/1.1" 200 31072 "-" "Mozilla/5.0 (Linux; Android 6.0.1; Nexus 5X Build/MMB29P) AppleWebKit/537.36 (KHTML, like Gecko) Chrome/141.0.7390.122 Mobile Safari/537.36 (compatible; GoogleOther)"
65.108.2.171 - - [21/Nov/2025:01:55:48 -0800] "GET /grading-nate-silvers-election-predictions/?fileloc=/home/samfetchero1/.php/7.2/phprc.old&path=/home/samfetchero1/.php/7.2 HTTP/1.1" 200 6048 "-" "Mozilla/5.0 (compatible; MJ12bot/v1.4.8; http://mj12bot.com/)"
44.223.116.149 - - [21/Nov/2025:01:55:48 -0800] "GET /king-county-coronavirus-daily-prediction-9-8/?fileloc=//bin/basenc&path=//bin HTTP/1.1" 200 21580 "-" "Mozilla/5.0 AppleWebKit/537.36 (KHTML, like Gecko; compatible; Amazonbot/0.1; +https://developer.amazon.com/support/amazonbot) Chrome/119.0.6045.214 Safari/537.36"
177.94.171.111 - - [21/Nov/2025:01:55:50 -0800] "GET /obstacle/columnist22/95mnr-362/ HTTP/1.1" 200 9117 "-" "Mozilla/5.0 (Windows NT 6.1) AppleWebKit/537.36 (KHTML, like Gecko) Chrome/27.0.1453.93 Safari/537.36"
66.249.73.65 - - [21/Nov/2025:01:55:50 -0800] "GET /?m=2969814868 HTTP/1.1" 200 34107 "-" "Mozilla/5.0 (Linux; Android 6.0.1; Nexus 5X Build/MMB29P) AppleWebKit/537.36 (KHTML, like Gecko) Chrome/141.0.7390.122 Mobile Safari/537.36 (compatible; GoogleOther)"
74.7.227.171 - - [21/Nov/2025:01:55:51 -0800] "GET /donovan-mcnabb-will-never-make-it-back-to-the-super-bowl/?path=//sys/class/tty/ttyte/subsystem/ttyea/subsystem/ttyea/subsystem/ttyue/subsystem/ttyec/subsystem/ptyta/subsystem/ptyrd HTTP/2.0" 200 3148 "-" "Mozilla/5.0 AppleWebKit/537.36 (KHTML, like Gecko; compatible; GPTBot/1.3; +https://openai.com/gptbot)"
66.249.73.64 - - [21/Nov/2025:01:55:52 -0800] "GET /?m=3542571829 HTTP/1.1" 200 36616 "-" "Mozilla/5.0 (Linux; Android 6.0.1; Nexus 5X Build/MMB29P) AppleWebKit/537.36 (KHTML, like Gecko) Chrome/141.0.7390.122 Mobile Safari/537.36 (compatible; GoogleOther)"
52.0.218.219 - - [21/Nov/2025:01:55:52 -0800] "GET /does-posting-something-on-google-plus-result-in-any-traffic/?fileloc=//bin/msgexec&path=//bin HTTP/1.1" 200 11224 "-" "Mozilla/5.0 AppleWebKit/537.36 (KHTML, like Gecko; compatible; Amazonbot/0.1; +https://developer.amazon.com/support/amazonbot) Chrome/119.0.6045.214 Safari/537.36"
65.108.2.171 - - [21/Nov/2025:01:55:52 -0800] "GET /grading-nate-silvers-election-predictions/?fileloc=/home/samfetchero1/.php/7.3/phprc&path=/home/samfetchero1/.php/7.3 HTTP/1.1" 200 6046 "-" "Mozilla/5.0 (compatible; MJ12bot/v1.4.8; http://mj12bot.com/)"
113.182.206.217 - - [21/Nov/2025:01:55:53 -0800] "GET /?m=2174385247 HTTP/1.1" 200 9117 "-" "Mozilla/5.0 (Windows NT 6.2; WOW64) AppleWebKit/537.15 (KHTML, like Gecko) Chrome/24.0.1295.0 Safari/537.15"
66.249.73.66 - - [21/Nov/2025:01:55:53 -0800] "GET /stable/chart40/66q46-33158/?fileloc=/home/samfetchero1/pacificnorthwestcoastbias.com/wp-includes/class-wp-simplepie-file.php??m=2192634967 HTTP/1.1" 200 37846 "-" "Mozilla/5.0 (Linux; Android 6.0.1; Nexus 5X Build/MMB29P) AppleWebKit/537.36 (KHTML, like Gecko) Chrome/141.0.7390.122 Mobile Safari/537.36 (compatible; GoogleOther)"
54.145.82.217 - - [21/Nov/2025:01:55:54 -0800] "GET /a-sam-fetchero-economic-indicator/?fileloc=//bin/gdparttopng&path=//bin HTTP/1.1" 200 8207 "-" "Mozilla/5.0 AppleWebKit/537.36 (KHTML, like Gecko; compatible; Amazonbot/0.1; +https://developer.amazon.com/support/amazonbot) Chrome/119.0.6045.214 Safari/537.36"
74.7.227.171 - - [21/Nov/2025:01:55:54 -0800] "GET /donovan-mcnabb-will-never-make-it-back-to-the-super-bowl/?path=//sys/class/tty/ttyte/subsystem/ttyea/subsystem/ttyea/subsystem/ttyue/subsystem/ttyec/subsystem/ptyta/subsystem/ttyyc HTTP/2.0" 200 3148 "-" "Mozilla/5.0 AppleWebKit/537.36 (KHTML, like Gecko; compatible; GPTBot/1.3; +https://openai.com/gptbot)"
66.249.73.66 - - [21/Nov/2025:01:55:55 -0800] "GET /leg/approval40/pe3nu-33196/?fileloc=/home/samfetchero1/pacificnorthwestcoastbias.com/wp-includes/class-wp-simplepie-file.php??m=1604406889 HTTP/1.1" 200 33774 "-" "Mozilla/5.0 (Linux; Android 6.0.1; Nexus 5X Build/MMB29P) AppleWebKit/537.36 (KHTML, like Gecko) Chrome/141.0.7390.122 Mobile Safari/537.36 (compatible; GoogleOther)"
65.108.2.171 - - [21/Nov/2025:01:55:56 -0800] "GET /grading-nate-silvers-election-predictions/?fileloc=/home/samfetchero1/.php/7.3/phprc.old&path=/home/samfetchero1/.php/7.3 HTTP/1.1" 200 6048 "-" "Mozilla/5.0 (compatible; MJ12bot/v1.4.8; http://mj12bot.com/)"
181.213.98.29 - - [21/Nov/2025:01:55:57 -0800] "GET /?m=1955458044 HTTP/1.1" 200 9117 "-" "Mozilla/5.0 (Macintosh; Intel Mac OS X 10_15_3) AppleWebKit/537.36 (KHTML, like Gecko) Chrome/98.0.4758.80 Safari/537.36"
66.249.73.73 - - [21/Nov/2025:01:55:57 -0800] "GET /?m=598438746 HTTP/1.1" 200 33879 "-" "Mozilla/5.0 (Linux; Android 6.0.1; Nexus 5X Build/MMB29P) AppleWebKit/537.36 (KHTML, like Gecko) Chrome/141.0.7390.122 Mobile Safari/537.36 (compatible; GoogleOther)"
52.2.4.213 - - [21/Nov/2025:01:55:58 -0800] "GET /king-county-coronavirus-daily-prediction-4-23/?fileloc=//bin/pbmtobbnbg&path=//bin HTTP/1.1" 200 8368 "-" "Mozilla/5.0 AppleWebKit/537.36 (KHTML, like Gecko; compatible; Amazonbot/0.1; +https://developer.amazon.com/support/amazonbot) Chrome/119.0.6045.214 Safari/537.36"
74.7.227.171 - - [21/Nov/2025:01:55:58 -0800] "GET /donovan-mcnabb-will-never-make-it-back-to-the-super-bowl/?path=//sys/class/tty/ttyte/subsystem/ttyea/subsystem/ttyea/subsystem/ttyue/subsystem/ttyec/subsystem/ptyta/subsystem/ttyrc HTTP/2.0" 200 3147 "-" "Mozilla/5.0 AppleWebKit/537.36 (KHTML, like Gecko; compatible; GPTBot/1.3; +https://openai.com/gptbot)"
185.191.171.8 - - [21/Nov/2025:01:55:58 -0800] "GET /?info=753647920 HTTP/1.1" 200 9065 "-" "Mozilla/5.0 (compatible; SemrushBot/7~bl; +http://www.semrush.com/bot.html)"
105.186.129.253 - - [21/Nov/2025:01:55:59 -0800] "GET /?m=3183039837 HTTP/1.1" 200 9117 "-" "Mozilla/5.0 (Macintosh; Intel Mac OS X 10_15_4) AppleWebKit/537.36 (KHTML, like Gecko) Chrome/87.0.4280.88 Safari/537.36"
66.249.73.66 - - [21/Nov/2025:01:55:59 -0800] "GET /?m=2760527388 HTTP/1.1" 200 34646 "-" "Mozilla/5.0 (Linux; Android 6.0.1; Nexus 5X Build/MMB29P) AppleWebKit/537.36 (KHTML, like Gecko) Chrome/141.0.7390.122 Mobile Safari/537.36 (compatible; GoogleOther)"
65.108.2.171 - - [21/Nov/2025:01:56:00 -0800] "GET /grading-nate-silvers-election-predictions/?fileloc=/home/samfetchero1/.php/7.4/phprc&path=/home/samfetchero1/.php/7.4 HTTP/1.1" 200 6046 "-" "Mozilla/5.0 (compatible; MJ12bot/v1.4.8; http://mj12bot.com/)"
66.249.73.66 - - [21/Nov/2025:01:56:01 -0800] "GET /?m=1491822501 HTTP/1.1" 200 30659 "-" "Mozilla/5.0 (Linux; Android 6.0.1; Nexus 5X Build/MMB29P) AppleWebKit/537.36 (KHTML, like Gecko) Chrome/141.0.7390.122 Mobile Safari/537.36 (compatible; GoogleOther)"
74.7.227.171 - - [21/Nov/2025:01:56:01 -0800] "GET /donovan-mcnabb-will-never-make-it-back-to-the-super-bowl/?path=//sys/class/tty/ttyte/subsystem/ttyea/subsystem/ttyea/subsystem/ttyue/subsystem/ttyec/subsystem/ptyta/subsystem/ptyud HTTP/2.0" 200 3148 "-" "Mozilla/5.0 AppleWebKit/537.36 (KHTML, like Gecko; compatible; GPTBot/1.3; +https://openai.com/gptbot)"
66.249.73.73 - - [21/Nov/2025:01:56:03 -0800] "GET /?m=2525644293 HTTP/1.1" 200 36379 "-" "Mozilla/5.0 (Linux; Android 6.0.1; Nexus 5X Build/MMB29P) AppleWebKit/537.36 (KHTML, like Gecko) Chrome/141.0.7390.122 Mobile Safari/537.36 (compatible; GoogleOther)"
98.82.40.168 - - [21/Nov/2025:01:56:03 -0800] "GET /king-county-coronavirus-daily-prediction-4-6/?fileloc=//bin/pdfetex&path=//bin HTTP/1.1" 200 657915 "-" "Mozilla/5.0 AppleWebKit/537.36 (KHTML, like Gecko; compatible; Amazonbot/0.1; +https://developer.amazon.com/support/amazonbot) Chrome/119.0.6045.214 Safari/537.36"
169.224.19.65 - - [21/Nov/2025:01:56:04 -0800] "GET /diagnose/r14?pid=815 HTTP/1.1" 200 9117 "-" "Mozilla/5.0 (Macintosh; Intel Mac OS X 11_0_1) AppleWebKit/537.36 (KHTML, like Gecko) Chrome/87.0.4280.101 Safari/537.36"
65.108.2.171 - - [21/Nov/2025:01:56:04 -0800] "GET /grading-nate-silvers-election-predictions/?fileloc=/home/samfetchero1/.php/7.4/phprc.old&path=/home/samfetchero1/.php/7.4 HTTP/1.1" 200 6048 "-" "Mozilla/5.0 (compatible; MJ12bot/v1.4.8; http://mj12bot.com/)"
74.7.227.171 - - [21/Nov/2025:01:56:04 -0800] "GET /donovan-mcnabb-will-never-make-it-back-to-the-super-bowl/?path=//sys/class/tty/ttyte/subsystem/ttyea/subsystem/ttyea/subsystem/ttyue/subsystem/ttyec/subsystem/ptyta/subsystem/ptyeb HTTP/2.0" 200 3148 "-" "Mozilla/5.0 AppleWebKit/537.36 (KHTML, like Gecko; compatible; GPTBot/1.3; +https://openai.com/gptbot)"
66.249.73.65 - - [21/Nov/2025:01:56:04 -0800] "GET /?m=2786347075 HTTP/1.1" 200 37033 "-" "Mozilla/5.0 (Linux; Android 6.0.1; Nexus 5X Build/MMB29P) AppleWebKit/537.36 (KHTML, like Gecko) Chrome/141.0.7390.122 Mobile Safari/537.36 (compatible; GoogleOther)"
113.189.225.158 - - [21/Nov/2025:01:56:06 -0800] "GET /?m=332896491 HTTP/1.1" 200 9117 "-" "Mozilla/5.0 (Windows NT 10.0) AppleWebKit/537.36 (KHTML, like Gecko) Chrome/88.0.4324.190 Safari/537.36"
66.249.73.64 - - [21/Nov/2025:01:56:06 -0800] "GET /?m=3171815281 HTTP/1.1" 200 37595 "-" "Mozilla/5.0 (Linux; Android 6.0.1; Nexus 5X Build/MMB29P) AppleWebKit/537.36 (KHTML, like Gecko) Chrome/141.0.7390.122 Mobile Safari/537.36 (compatible; GoogleOther)"
35.153.86.200 - - [21/Nov/2025:01:56:07 -0800] "GET /does-posting-something-on-google-plus-result-in-any-traffic/?fileloc=//bin/gd2topng&path=//bin HTTP/1.1" 200 8213 "-" "Mozilla/5.0 AppleWebKit/537.36 (KHTML, like Gecko; compatible; Amazonbot/0.1; +https://developer.amazon.com/support/amazonbot) Chrome/119.0.6045.214 Safari/537.36"
74.7.227.171 - - [21/Nov/2025:01:56:07 -0800] "GET /donovan-mcnabb-will-never-make-it-back-to-the-super-bowl/?path=//sys/class/tty/ttyte/subsystem/ttyea/subsystem/ttyea/subsystem/ttyue/subsystem/ttyec/subsystem/ptyta/subsystem/ptywc HTTP/2.0" 200 3148 "-" "Mozilla/5.0 AppleWebKit/537.36 (KHTML, like Gecko; compatible; GPTBot/1.3; +https://openai.com/gptbot)"
66.249.73.65 - - [21/Nov/2025:01:56:08 -0800] "GET /stable/chart40/66q46-33158/?fileloc=/home/samfetchero1/pacificnorthwestcoastbias.com/wp-includes/class-wp-simplepie-file.php??m=3544426761 HTTP/1.1" 200 35722 "-" "Mozilla/5.0 (Linux; Android 6.0.1; Nexus 5X Build/MMB29P) AppleWebKit/537.36 (KHTML, like Gecko) Chrome/141.0.7390.122 Mobile Safari/537.36 (compatible; GoogleOther)"
65.108.2.171 - - [21/Nov/2025:01:56:08 -0800] "GET /grading-nate-silvers-election-predictions/?fileloc=/home/samfetchero1/.php/8.0/phprc&path=/home/samfetchero1/.php/8.0 HTTP/1.1" 200 6045 "-" "Mozilla/5.0 (compatible; MJ12bot/v1.4.8; http://mj12bot.com/)"
66.249.73.64 - - [21/Nov/2025:01:56:10 -0800] "GET /leg/approval40/pe3nu-33196/?fileloc=/home/samfetchero1/pacificnorthwestcoastbias.com/wp-includes/class-wp-simplepie-file.php??m=311695626 HTTP/1.1" 200 34657 "-" "Mozilla/5.0 (Linux; Android 6.0.1; Nexus 5X Build/MMB29P) AppleWebKit/537.36 (KHTML, like Gecko) Chrome/141.0.7390.122 Mobile Safari/537.36 (compatible; GoogleOther)"
100.29.160.53 - - [21/Nov/2025:01:56:11 -0800] "GET /?path=//run/mdadm HTTP/1.1" 200 6361 "-" "Mozilla/5.0 AppleWebKit/537.36 (KHTML, like Gecko; compatible; Amazonbot/0.1; +https://developer.amazon.com/support/amazonbot) Chrome/119.0.6045.214 Safari/537.36"
74.7.227.171 - - [21/Nov/2025:01:56:10 -0800] "GET /donovan-mcnabb-will-never-make-it-back-to-the-super-bowl/?path=//sys/class/tty/ttyte/subsystem/ttyea/subsystem/ttyea/subsystem/ttyue/subsystem/ttyec/subsystem/ptyta/subsystem/ptysc/subsystem HTTP/2.0" 200 18498 "-" "Mozilla/5.0 AppleWebKit/537.36 (KHTML, like Gecko; compatible; GPTBot/1.3; +https://openai.com/gptbot)"
66.249.73.64 - - [21/Nov/2025:01:56:12 -0800] "GET /?m=532578946 HTTP/1.1" 200 32572 "-" "Mozilla/5.0 (Linux; Android 6.0.1; Nexus 5X Build/MMB29P) AppleWebKit/537.36 (KHTML, like Gecko) Chrome/141.0.7390.122 Mobile Safari/537.36 (compatible; GoogleOther)"
65.108.2.171 - - [21/Nov/2025:01:56:12 -0800] "GET /grading-nate-silvers-election-predictions/?fileloc=/home/samfetchero1/.php/8.0/phprc.old&path=/home/samfetchero1/.php/8.0 HTTP/1.1" 200 6048 "-" "Mozilla/5.0 (compatible; MJ12bot/v1.4.8; http://mj12bot.com/)"
66.249.74.71 - - [21/Nov/2025:01:56:13 -0800] "GET /researcher/medium66/bh7mm-794/?fileloc=/home/samfetchero1/pacificnorthwestcoastbias.com/postnews.php?m=87455865 HTTP/1.1" 200 36229 "-" "Mozilla/5.0 (Linux; Android 6.0.1; Nexus 5X Build/MMB29P) AppleWebKit/537.36 (KHTML, like Gecko) Chrome/141.0.7390.122 Mobile Safari/537.36 (compatible; Googlebot/2.1; +http://www.google.com/bot.html)"
74.7.227.171 - - [21/Nov/2025:01:56:13 -0800] "GET /donovan-mcnabb-will-never-make-it-back-to-the-super-bowl/?path=//sys/class/tty/ttyte/subsystem/ttyea/subsystem/ttyea/subsystem/ttyue/subsystem/ttyec/subsystem/ptyta/subsystem/ptysb HTTP/2.0" 200 3148 "-" "Mozilla/5.0 AppleWebKit/537.36 (KHTML, like Gecko; compatible; GPTBot/1.3; +https://openai.com/gptbot)"
66.249.90.233 - - [21/Nov/2025:01:56:14 -0800] "GET /?info=386632576 HTTP/1.1" 200 9102 "-" "Mozilla/5.0 (X11; Linux x86_64) AppleWebKit/537.36 (KHTML, like Gecko) Chrome/141.0.7390.122 Safari/537.36"
66.249.73.73 - - [21/Nov/2025:01:56:14 -0800] "GET /?m=2038892189 HTTP/1.1" 200 33817 "-" "Mozilla/5.0 (Linux; Android 6.0.1; Nexus 5X Build/MMB29P) AppleWebKit/537.36 (KHTML, like Gecko) Chrome/141.0.7390.122 Mobile Safari/537.36 (compatible; GoogleOther)"
3.209.174.110 - - [21/Nov/2025:01:56:15 -0800] "GET /download-jaxx-wallet-for-beginners/?fileloc=//tmp/b76e41b2XlZbkY&path=//tmp HTTP/1.1" 200 5974 "-" "Mozilla/5.0 AppleWebKit/537.36 (KHTML, like Gecko; compatible; Amazonbot/0.1; +https://developer.amazon.com/support/amazonbot) Chrome/119.0.6045.214 Safari/537.36"
65.108.2.171 - - [21/Nov/2025:01:56:16 -0800] "GET /grading-nate-silvers-election-predictions/?fileloc=/home/samfetchero1/.php/8.1/phprc&path=/home/samfetchero1/.php/8.1 HTTP/1.1" 200 6044 "-" "Mozilla/5.0 (compatible; MJ12bot/v1.4.8; http://mj12bot.com/)"
66.249.73.73 - - [21/Nov/2025:01:56:16 -0800] "GET /?m=3992434809 HTTP/1.1" 200 33100 "-" "Mozilla/5.0 (Linux; Android 6.0.1; Nexus 5X Build/MMB29P) AppleWebKit/537.36 (KHTML, like Gecko) Chrome/141.0.7390.122 Mobile Safari/537.36 (compatible; GoogleOther)"
74.7.227.171 - - [21/Nov/2025:01:56:17 -0800] "GET /donovan-mcnabb-will-never-make-it-back-to-the-super-bowl/?path=//sys/class/tty/ttyte/subsystem/ttyea/subsystem/ttyea/subsystem/ttyue/subsystem/ttyec/subsystem/ptyta/subsystem/ttycc HTTP/2.0" 200 3147 "-" "Mozilla/5.0 AppleWebKit/537.36 (KHTML, like Gecko; compatible; GPTBot/1.3; +https://openai.com/gptbot)"
103.47.132.126 - - [21/Nov/2025:01:56:17 -0800] "GET /inspiration/t28?pid=623 HTTP/1.1" 200 9117 "-" "Mozilla/5.0 (Macintosh; Intel Mac OS X 11_0_0) AppleWebKit/537.36 (KHTML, like Gecko) Chrome/87.0.4280.88 Safari/537.36"
66.249.73.73 - - [21/Nov/2025:01:56:18 -0800] "GET /?m=1451521066 HTTP/1.1" 200 30550 "-" "Mozilla/5.0 (Linux; Android 6.0.1; Nexus 5X Build/MMB29P) AppleWebKit/537.36 (KHTML, like Gecko) Chrome/141.0.7390.122 Mobile Safari/537.36 (compatible; GoogleOther)"
50.19.79.213 - - [21/Nov/2025:01:56:19 -0800] "GET /does-posting-something-on-google-plus-result-in-any-traffic/?fileloc=//bin/cpp&path=//bin HTTP/1.1" 200 313525 "-" "Mozilla/5.0 AppleWebKit/537.36 (KHTML, like Gecko; compatible; Amazonbot/0.1; +https://developer.amazon.com/support/amazonbot) Chrome/119.0.6045.214 Safari/537.36"
66.249.73.64 - - [21/Nov/2025:01:56:19 -0800] "GET /?m=3618336550 HTTP/1.1" 200 35543 "-" "Mozilla/5.0 (Linux; Android 6.0.1; Nexus 5X Build/MMB29P) AppleWebKit/537.36 (KHTML, like Gecko) Chrome/141.0.7390.122 Mobile Safari/537.36 (compatible; Googlebot/2.1; +http://www.google.com/bot.html)"
74.7.227.171 - - [21/Nov/2025:01:56:20 -0800] "GET /donovan-mcnabb-will-never-make-it-back-to-the-super-bowl/?path=//sys/class/tty/ttyte/subsystem/ttyea/subsystem/ttyea/subsystem/ttyue/subsystem/ttyec/subsystem/ptyta/subsystem/ptyac HTTP/2.0" 200 3148 "-" "Mozilla/5.0 AppleWebKit/537.36 (KHTML, like Gecko; compatible; GPTBot/1.3; +https://openai.com/gptbot)"
66.249.73.64 - - [21/Nov/2025:01:56:20 -0800] "GET /?m=1710253858 HTTP/1.1" 200 37643 "-" "Mozilla/5.0 (Linux; Android 6.0.1; Nexus 5X Build/MMB29P) AppleWebKit/537.36 (KHTML, like Gecko) Chrome/141.0.7390.122 Mobile Safari/537.36 (compatible; GoogleOther)"
65.108.2.171 - - [21/Nov/2025:01:56:20 -0800] "GET /grading-nate-silvers-election-predictions/?fileloc=/home/samfetchero1/.php/8.1/phprc.old&path=/home/samfetchero1/.php/8.1 HTTP/1.1" 200 6046 "-" "Mozilla/5.0 (compatible; MJ12bot/v1.4.8; http://mj12bot.com/)"
66.249.73.73 - - [21/Nov/2025:01:56:21 -0800] "GET /stable/chart40/66q46-33158/?fileloc=/home/samfetchero1/pacificnorthwestcoastbias.com/wp-includes/class-wp-simplepie-file.php??m=212214625 HTTP/1.1" 200 32792 "-" "Mozilla/5.0 (Linux; Android 6.0.1; Nexus 5X Build/MMB29P) AppleWebKit/537.36 (KHTML, like Gecko) Chrome/141.0.7390.122 Mobile Safari/537.36 (compatible; GoogleOther)"
3.213.85.234 - - [21/Nov/2025:01:56:22 -0800] "GET /king-county-coronavirus-daily-prediction-4-23/?fileloc=//bin/origtargz&path=//bin HTTP/1.1" 200 10697 "-" "Mozilla/5.0 AppleWebKit/537.36 (KHTML, like Gecko; compatible; Amazonbot/0.1; +https://developer.amazon.com/support/amazonbot) Chrome/119.0.6045.214 Safari/537.36"
74.7.227.171 - - [21/Nov/2025:01:56:23 -0800] "GET /donovan-mcnabb-will-never-make-it-back-to-the-super-bowl/?path=//sys/class/tty/ttyte/subsystem/ttyea/subsystem/ttyea/subsystem/ttyue/subsystem/ttyec/subsystem/ptyta/subsystem/ttyqc HTTP/2.0" 200 3149 "-" "Mozilla/5.0 AppleWebKit/537.36 (KHTML, like Gecko; compatible; GPTBot/1.3; +https://openai.com/gptbot)"
66.249.73.64 - - [21/Nov/2025:01:56:23 -0800] "GET /?m=3109997095 HTTP/1.1" 200 33427 "-" "Mozilla/5.0 (Linux; Android 6.0.1; Nexus 5X Build/MMB29P) AppleWebKit/537.36 (KHTML, like Gecko) Chrome/141.0.7390.122 Mobile Safari/537.36 (compatible; GoogleOther)"
65.108.2.171 - - [21/Nov/2025:01:56:24 -0800] "GET /grading-nate-silvers-election-predictions/?fileloc=/home/samfetchero1/.php/8.2/phprc&path=/home/samfetchero1/.php/8.2 HTTP/1.1" 200 6045 "-" "Mozilla/5.0 (compatible; MJ12bot/v1.4.8; http://mj12bot.com/)"
66.249.73.64 - - [21/Nov/2025:01:56:25 -0800] "GET /?m=644807384 HTTP/1.1" 200 31268 "-" "Mozilla/5.0 (Linux; Android 6.0.1; Nexus 5X Build/MMB29P) AppleWebKit/537.36 (KHTML, like Gecko) Chrome/141.0.7390.122 Mobile Safari/537.36 (compatible; GoogleOther)"
74.7.227.171 - - [21/Nov/2025:01:56:26 -0800] "GET /donovan-mcnabb-will-never-make-it-back-to-the-super-bowl/?path=//sys/class/tty/ttyte/subsystem/ttyea/subsystem/ttyea/subsystem/ttyue/subsystem/ttyec/subsystem/ptyta/subsystem/ptysc/subsystem/ttyac HTTP/2.0" 200 3218 "-" "Mozilla/5.0 AppleWebKit/537.36 (KHTML, like Gecko; compatible; GPTBot/1.3; +https://openai.com/gptbot)"
50.16.248.61 - - [21/Nov/2025:01:56:26 -0800] "GET /king-county-coronavirus-daily-prediction-4-6/?fileloc=//bin/mk_modmap&path=//bin HTTP/1.1" 200 9487 "-" "Mozilla/5.0 AppleWebKit/537.36 (KHTML, like Gecko; compatible; Amazonbot/0.1; +https://developer.amazon.com/support/amazonbot) Chrome/119.0.6045.214 Safari/537.36"
66.249.73.73 - - [21/Nov/2025:01:56:27 -0800] "GET /leg/approval40/pe3nu-33196/?fileloc=/home/samfetchero1/pacificnorthwestcoastbias.com/wp-includes/class-wp-simplepie-file.php??m=348648652 HTTP/1.1" 200 37296 "-" "Mozilla/5.0 (Linux; Android 6.0.1; Nexus 5X Build/MMB29P) AppleWebKit/537.36 (KHTML, like Gecko) Chrome/141.0.7390.122 Mobile Safari/537.36 (compatible; GoogleOther)"
65.108.2.171 - - [21/Nov/2025:01:56:28 -0800] "GET /grading-nate-silvers-election-predictions/?fileloc=/home/samfetchero1/.php/8.2/phprc.old&path=/home/samfetchero1/.php/8.2 HTTP/1.1" 200 6048 "-" "Mozilla/5.0 (compatible; MJ12bot/v1.4.8; http://mj12bot.com/)"
66.249.73.73 - - [21/Nov/2025:01:56:29 -0800] "GET /?m=765855682 HTTP/1.1" 200 32541 "-" "Mozilla/5.0 (Linux; Android 6.0.1; Nexus 5X Build/MMB29P) AppleWebKit/537.36 (KHTML, like Gecko) Chrome/141.0.7390.122 Mobile Safari/537.36 (compatible; GoogleOther)"
74.7.227.171 - - [21/Nov/2025:01:56:29 -0800] "GET /donovan-mcnabb-will-never-make-it-back-to-the-super-bowl/?path=//sys/class/tty/ttyte/subsystem/ttyea/subsystem/ttyea/subsystem/ttyue/subsystem/ttyec/subsystem/ptyta/subsystem/ttyca HTTP/2.0" 200 3147 "-" "Mozilla/5.0 AppleWebKit/537.36 (KHTML, like Gecko; compatible; GPTBot/1.3; +https://openai.com/gptbot)"
88.147.174.13 - - [21/Nov/2025:01:56:29 -0800] "GET /aide/z44?pid=255 HTTP/1.1" 200 9117 "-" "Mozilla/5.0 (Macintosh; Intel Mac OS X 10_15_7) AppleWebKit/537.36 (KHTML, like Gecko) Chrome/101.0.0.0 Safari/537.36"
66.249.73.65 - - [21/Nov/2025:01:56:31 -0800] "GET /?m=66646902 HTTP/1.1" 200 36151 "-" "Mozilla/5.0 (Linux; Android 6.0.1; Nexus 5X Build/MMB29P) AppleWebKit/537.36 (KHTML, like Gecko) Chrome/141.0.7390.122 Mobile Safari/537.36 (compatible; GoogleOther)"
98.84.200.43 - - [21/Nov/2025:01:56:31 -0800] "GET /download-jaxx-wallet-for-beginners/?fileloc=//sbin/apparmor_status&path=//sbin HTTP/1.1" 200 28081 "-" "Mozilla/5.0 AppleWebKit/537.36 (KHTML, like Gecko; compatible; Amazonbot/0.1; +https://developer.amazon.com/support/amazonbot) Chrome/119.0.6045.214 Safari/537.36"
65.108.2.171 - - [21/Nov/2025:01:56:32 -0800] "GET /grading-nate-silvers-election-predictions/?fileloc=/home/samfetchero1/.php/8.3/phprc&path=/home/samfetchero1/.php/8.3 HTTP/1.1" 200 6045 "-" "Mozilla/5.0 (compatible; MJ12bot/v1.4.8; http://mj12bot.com/)"
74.7.227.171 - - [21/Nov/2025:01:56:32 -0800] "GET /donovan-mcnabb-will-never-make-it-back-to-the-super-bowl/?path=//sys/class/tty/ttyte/subsystem/ttyea/subsystem/ttyea/subsystem/ttyue/subsystem/ttyec/subsystem/ptyta/subsystem/ptysc/subsystem/ptyzc HTTP/2.0" 200 3161 "-" "Mozilla/5.0 AppleWebKit/537.36 (KHTML, like Gecko; compatible; GPTBot/1.3; +https://openai.com/gptbot)"
66.249.73.64 - - [21/Nov/2025:01:56:32 -0800] "GET /?m=1306838263 HTTP/1.1" 200 34376 "-" "Mozilla/5.0 (Linux; Android 6.0.1; Nexus 5X Build/MMB29P) AppleWebKit/537.36 (KHTML, like Gecko) Chrome/141.0.7390.122 Mobile Safari/537.36 (compatible; GoogleOther)"
34.204.150.196 - - [21/Nov/2025:01:56:34 -0800] "GET /king-county-coronavirus-daily-prediction-9-8/?fileloc=//bin/login&path=//bin HTTP/1.1" 200 24216 "-" "Mozilla/5.0 AppleWebKit/537.36 (KHTML, like Gecko; compatible; Amazonbot/0.1; +https://developer.amazon.com/support/amazonbot) Chrome/119.0.6045.214 Safari/537.36"
66.249.73.64 - - [21/Nov/2025:01:56:34 -0800] "GET /?m=2502007414 HTTP/1.1" 200 31003 "-" "Mozilla/5.0 (Linux; Android 6.0.1; Nexus 5X Build/MMB29P) AppleWebKit/537.36 (KHTML, like Gecko) Chrome/141.0.7390.122 Mobile Safari/537.36 (compatible; GoogleOther)"
74.7.227.171 - - [21/Nov/2025:01:56:35 -0800] "GET /donovan-mcnabb-will-never-make-it-back-to-the-super-bowl/?path=//sys/class/tty/ttyte/subsystem/ttyea/subsystem/ttyea/subsystem/ttyue/subsystem/ttyec/subsystem/ptyta/subsystem/ptysc/subsystem/ttyp0 HTTP/2.0" 200 3162 "-" "Mozilla/5.0 AppleWebKit/537.36 (KHTML, like Gecko; compatible; GPTBot/1.3; +https://openai.com/gptbot)"
65.108.2.171 - - [21/Nov/2025:01:56:36 -0800] "GET /grading-nate-silvers-election-predictions/?fileloc=/home/samfetchero1/.php/8.3/phprc.old&path=/home/samfetchero1/.php/8.3 HTTP/1.1" 200 6048 "-" "Mozilla/5.0 (compatible; MJ12bot/v1.4.8; http://mj12bot.com/)"
66.249.73.73 - - [21/Nov/2025:01:56:36 -0800] "GET /leg/approval40/pe3nu-33196/?fileloc=/home/samfetchero1/pacificnorthwestcoastbias.com/wp-includes/class-wp-simplepie-file.php??m=27999212 HTTP/1.1" 200 35576 "-" "Mozilla/5.0 (Linux; Android 6.0.1; Nexus 5X Build/MMB29P) AppleWebKit/537.36 (KHTML, like Gecko) Chrome/141.0.7390.122 Mobile Safari/537.36 (compatible; GoogleOther)"
66.249.73.65 - - [21/Nov/2025:01:56:38 -0800] "GET /leg/approval40/pe3nu-33196/?fileloc=/home/samfetchero1/pacificnorthwestcoastbias.com/wp-includes/class-wp-simplepie-file.php??m=3319486215 HTTP/1.1" 200 37357 "-" "Mozilla/5.0 (Linux; Android 6.0.1; Nexus 5X Build/MMB29P) AppleWebKit/537.36 (KHTML, like Gecko) Chrome/141.0.7390.122 Mobile Safari/537.36 (compatible; GoogleOther)"
74.7.227.171 - - [21/Nov/2025:01:56:38 -0800] "GET /donovan-mcnabb-will-never-make-it-back-to-the-super-bowl/?path=//sys/class/tty/ttyte/subsystem/ttyea/subsystem/ttyea/subsystem/ttyue/subsystem/ttyec/subsystem/ptyta/subsystem/ptysc/subsystem/ttye7 HTTP/2.0" 200 3161 "-" "Mozilla/5.0 AppleWebKit/537.36 (KHTML, like Gecko; compatible; GPTBot/1.3; +https://openai.com/gptbot)"
34.194.233.48 - - [21/Nov/2025:01:56:39 -0800] "GET /does-posting-something-on-google-plus-result-in-any-traffic/?fileloc=//run/apache2-ogle-httpd.pid&path=//run HTTP/1.1" 200 5977 "-" "Mozilla/5.0 AppleWebKit/537.36 (KHTML, like Gecko; compatible; Amazonbot/0.1; +https://developer.amazon.com/support/amazonbot) Chrome/119.0.6045.214 Safari/537.36"
65.108.2.171 - - [21/Nov/2025:01:56:40 -0800] "GET /grading-nate-silvers-election-predictions/?fileloc=/home/samfetchero1/.php/8.4/phprc&path=/home/samfetchero1/.php/8.4 HTTP/1.1" 200 6045 "-" "Mozilla/5.0 (compatible; MJ12bot/v1.4.8; http://mj12bot.com/)"
66.249.73.65 - - [21/Nov/2025:01:56:40 -0800] "GET /vessel/lecture1/7rw4d-2013/?fileloc=/home/samfetchero1/pacificnorthwestcoastbias.com/wp-rdf.php??m=884267211 HTTP/1.1" 200 33229 "-" "Mozilla/5.0 (Linux; Android 6.0.1; Nexus 5X Build/MMB29P) AppleWebKit/537.36 (KHTML, like Gecko) Chrome/141.0.7390.122 Mobile Safari/537.36 (compatible; GoogleOther)"
74.7.227.171 - - [21/Nov/2025:01:56:41 -0800] "GET /donovan-mcnabb-will-never-make-it-back-to-the-super-bowl/?path=//sys/class/tty/ttyte/subsystem/ttyea/subsystem/ttyea/subsystem/ttyue/subsystem/ttyec/subsystem/ptyta/subsystem/ptysc/subsystem/tty34 HTTP/2.0" 200 3163 "-" "Mozilla/5.0 AppleWebKit/537.36 (KHTML, like Gecko; compatible; GPTBot/1.3; +https://openai.com/gptbot)"
66.249.73.65 - - [21/Nov/2025:01:56:41 -0800] "GET /?m=3958995176 HTTP/1.1" 200 30755 "-" "Mozilla/5.0 (Linux; Android 6.0.1; Nexus 5X Build/MMB29P) AppleWebKit/537.36 (KHTML, like Gecko) Chrome/141.0.7390.122 Mobile Safari/537.36 (compatible; GoogleOther)"
52.0.41.164 - - [21/Nov/2025:01:56:43 -0800] "GET /download-jaxx-wallet-for-beginners/?fileloc=//bin/dbus-uuidgen&path=//bin HTTP/1.1" 200 8854 "-" "Mozilla/5.0 AppleWebKit/537.36 (KHTML, like Gecko; compatible; Amazonbot/0.1; +https://developer.amazon.com/support/amazonbot) Chrome/119.0.6045.214 Safari/537.36"
65.108.2.171 - - [21/Nov/2025:01:56:44 -0800] "GET /grading-nate-silvers-election-predictions/?fileloc=/home/samfetchero1/.php/8.4/phprc.old&path=/home/samfetchero1/.php/8.4 HTTP/1.1" 200 6048 "-" "Mozilla/5.0 (compatible; MJ12bot/v1.4.8; http://mj12bot.com/)"
66.249.73.64 - - [21/Nov/2025:01:56:44 -0800] "GET /?m=3524757478 HTTP/1.1" 200 36592 "-" "Mozilla/5.0 (Linux; Android 6.0.1; Nexus 5X Build/MMB29P) AppleWebKit/537.36 (KHTML, like Gecko) Chrome/141.0.7390.122 Mobile Safari/537.36 (compatible; GoogleOther)"
74.7.243.205 - - [21/Nov/2025:01:56:44 -0800] "GET /search.php?b=2918218730972&channel=132e83&from=https://www.pacificnorthwestcoastbias.com/spark.htm?items/246033114.html HTTP/2.0" 403 100214 "-" "Mozilla/5.0 AppleWebKit/537.36 (KHTML, like Gecko; compatible; GPTBot/1.3; +https://openai.com/gptbot)"
74.7.227.171 - - [21/Nov/2025:01:56:45 -0800] "GET /donovan-mcnabb-will-never-make-it-back-to-the-super-bowl/?path=//sys/class/tty/ttyte/subsystem/ttyea/subsystem/ttyea/subsystem/ttyue/subsystem/ttyec/subsystem/ptyta/subsystem/ptysc/subsystem/ttyq1 HTTP/2.0" 200 3164 "-" "Mozilla/5.0 AppleWebKit/537.36 (KHTML, like Gecko; compatible; GPTBot/1.3; +https://openai.com/gptbot)"
66.249.73.66 - - [21/Nov/2025:01:56:45 -0800] "GET /?m=2409287519 HTTP/1.1" 200 37041 "-" "Mozilla/5.0 (Linux; Android 6.0.1; Nexus 5X Build/MMB29P) AppleWebKit/537.36 (KHTML, like Gecko) Chrome/141.0.7390.122 Mobile Safari/537.36 (compatible; GoogleOther)"
3.213.85.234 - - [21/Nov/2025:01:56:46 -0800] "GET /a-sam-fetchero-economic-indicator/?fileloc=//bin/debcommit&path=//bin HTTP/1.1" 200 15077 "-" "Mozilla/5.0 AppleWebKit/537.36 (KHTML, like Gecko; compatible; Amazonbot/0.1; +https://developer.amazon.com/support/amazonbot) Chrome/119.0.6045.214 Safari/537.36"
66.249.73.73 - - [21/Nov/2025:01:56:47 -0800] "GET /?m=389722228 HTTP/1.1" 200 36634 "-" "Mozilla/5.0 (Linux; Android 6.0.1; Nexus 5X Build/MMB29P) AppleWebKit/537.36 (KHTML, like Gecko) Chrome/141.0.7390.122 Mobile Safari/537.36 (compatible; GoogleOther)"
65.108.2.171 - - [21/Nov/2025:01:56:48 -0800] "GET /grading-nate-silvers-election-predictions/?fileloc=/home/samfetchero1/.php/8.5/phprc&path=/home/samfetchero1/.php/8.5 HTTP/1.1" 200 6045 "-" "Mozilla/5.0 (compatible; MJ12bot/v1.4.8; http://mj12bot.com/)"
74.7.227.171 - - [21/Nov/2025:01:56:48 -0800] "GET /donovan-mcnabb-will-never-make-it-back-to-the-super-bowl/?path=//sys/class/tty/ttyte/subsystem/ttyea/subsystem/ttyea/subsystem/ttyue/subsystem/ttyec/subsystem/ptyta/subsystem/ptysc/subsystem/ptyz3 HTTP/2.0" 200 3163 "-" "Mozilla/5.0 AppleWebKit/537.36 (KHTML, like Gecko; compatible; GPTBot/1.3; +https://openai.com/gptbot)"
31.44.245.93 - - [21/Nov/2025:01:56:48 -0800] "GET /galaxy/frame214/suc7w-324/ HTTP/1.1" 200 9117 "-" "Mozilla/5.0 (Macintosh; Intel Mac OS X 10_11_6) AppleWebKit/537.36 (KHTML, like Gecko) Chrome/80.0.3987.132 Safari/537.36"
