66.249.73.73 - - [21/Nov/2025:01:58:30 -0800] "GET /?m=3842959441 HTTP/1.1" 200 37495 "-" "Mozilla/5.0 (Linux; Android 6.0.1; Nexus 5X Build/MMB29P) AppleWebKit/537.36 (KHTML, like Gecko) Chrome/141.0.7390.122 Mobile Safari/537.36 (compatible; Googlebot/2.1; +http://www.google.com/bot.html)"
66.249.73.64 - - [21/Nov/2025:01:58:30 -0800] "GET /concept/terribly257/0fxb0-35047/?fileloc=/home/samfetchero1/pacificnorthwestcoastbias.com/wp-includes/class-wp-simplepie-sanitize-kses.php?ctg/search/searchByKeywordDetailConditionView/ HTTP/1.1" 200 36077 "-" "Mozilla/5.0 (Linux; Android 6.0.1; Nexus 5X Build/MMB29P) AppleWebKit/537.36 (KHTML, like Gecko) Chrome/141.0.7390.122 Mobile Safari/537.36 (compatible; GoogleOther)"
74.7.227.171 - - [21/Nov/2025:01:58:31 -0800] "GET /donovan-mcnabb-will-never-make-it-back-to-the-super-bowl/?path=//sys/class/tty/ttyte/subsystem/ttyea/subsystem/ttyea/subsystem/ttyya/subsystem/ttyba/subsystem/ttycc/subsystem/ptyye HTTP/2.0" 200 3151 "-" "Mozilla/5.0 AppleWebKit/537.36 (KHTML, like Gecko; compatible; GPTBot/1.3; +https://openai.com/gptbot)"
66.249.73.73 - - [21/Nov/2025:01:58:32 -0800] "GET /leg/approval40/pe3nu-33196/?fileloc=/home/samfetchero1/pacificnorthwestcoastbias.com/wp-includes/class-wp-simplepie-file.php??m=2630177863 HTTP/1.1" 200 34160 "-" "Mozilla/5.0 (Linux; Android 6.0.1; Nexus 5X Build/MMB29P) AppleWebKit/537.36 (KHTML, like Gecko) Chrome/141.0.7390.122 Mobile Safari/537.36 (compatible; GoogleOther)"
65.108.2.171 - - [21/Nov/2025:01:58:33 -0800] "GET /grading-nate-silvers-election-predictions/?fileloc=/home/samfetchero1/pacificnorthwestcoastbias.com/.dh-diag/diag/diag/dh-php-diags.php&path=/home/samfetchero1/pacificnorthwestcoastbias.com/.dh-diag/diag/diag HTTP/1.1" 200 6944 "-" "Mozilla/5.0 (compatible; MJ12bot/v1.4.8; http://mj12bot.com/)"
114.119.149.116 - - [21/Nov/2025:01:58:33 -0800] "GET /?m=3736092963 HTTP/1.1" 200 9065 "https://pacificnorthwestcoastbias.com/?sitemap532.xml" "Mozilla/5.0 (Linux; Android 7.0;) AppleWebKit/537.36 (KHTML, like Gecko) Mobile Safari/537.36 (compatible; PetalBot;+https://webmaster.petalsearch.com/site/petalbot)"
66.249.73.65 - - [21/Nov/2025:01:58:34 -0800] "GET /stable/chart40/66q46-33158/?fileloc=/home/samfetchero1/pacificnorthwestcoastbias.com/wp-includes/class-wp-simplepie-file.php??m=3946844180 HTTP/1.1" 200 37652 "-" "Mozilla/5.0 (Linux; Android 6.0.1; Nexus 5X Build/MMB29P) AppleWebKit/537.36 (KHTML, like Gecko) Chrome/141.0.7390.122 Mobile Safari/537.36 (compatible; GoogleOther)"
74.7.227.171 - - [21/Nov/2025:01:58:34 -0800] "GET /donovan-mcnabb-will-never-make-it-back-to-the-super-bowl/?path=//sys/class/tty/ttyte/subsystem/ttyea/subsystem/ttyea/subsystem/ttyue/subsystem/ttyec/subsystem/ptyta/subsystem/ttybc HTTP/2.0" 200 3148 "-" "Mozilla/5.0 AppleWebKit/537.36 (KHTML, like Gecko; compatible; GPTBot/1.3; +https://openai.com/gptbot)"
44.193.102.198 - - [21/Nov/2025:01:58:35 -0800] "GET /does-posting-something-on-google-plus-result-in-any-traffic/?path=//sys/kernel/pcrypt HTTP/1.1" 200 6335 "-" "Mozilla/5.0 AppleWebKit/537.36 (KHTML, like Gecko; compatible; Amazonbot/0.1; +https://developer.amazon.com/support/amazonbot) Chrome/119.0.6045.214 Safari/537.36"
66.249.73.65 - - [21/Nov/2025:01:58:35 -0800] "GET /?m=2464427887 HTTP/1.1" 200 33357 "-" "Mozilla/5.0 (Linux; Android 6.0.1; Nexus 5X Build/MMB29P) AppleWebKit/537.36 (KHTML, like Gecko) Chrome/141.0.7390.122 Mobile Safari/537.36 (compatible; GoogleOther)"
66.249.73.65 - - [21/Nov/2025:01:58:37 -0800] "GET /?m=2651880391 HTTP/1.1" 200 32498 "-" "Mozilla/5.0 (Linux; Android 6.0.1; Nexus 5X Build/MMB29P) AppleWebKit/537.36 (KHTML, like Gecko) Chrome/141.0.7390.122 Mobile Safari/537.36 (compatible; GoogleOther)"
65.108.2.171 - - [21/Nov/2025:01:58:37 -0800] "GET /grading-nate-silvers-election-predictions/?fileloc=/home/samfetchero1/pacificnorthwestcoastbias.com/images/images/images/.htaccess&path=/home/samfetchero1/pacificnorthwestcoastbias.com/images/images/images HTTP/1.1" 200 6113 "-" "Mozilla/5.0 (compatible; MJ12bot/v1.4.8; http://mj12bot.com/)"
74.7.227.171 - - [21/Nov/2025:01:58:38 -0800] "GET /donovan-mcnabb-will-never-make-it-back-to-the-super-bowl/?path=//sys/class/tty/ttyte/subsystem/ttyea/subsystem/ttyea/subsystem/ttypa/subsystem/ttyce/subsystem/ptyse/subsystem/ttyea HTTP/2.0" 200 3147 "-" "Mozilla/5.0 AppleWebKit/537.36 (KHTML, like Gecko; compatible; GPTBot/1.3; +https://openai.com/gptbot)"
66.249.73.64 - - [21/Nov/2025:01:58:39 -0800] "GET /?m=2595133577 HTTP/1.1" 200 36982 "-" "Mozilla/5.0 (Linux; Android 6.0.1; Nexus 5X Build/MMB29P) AppleWebKit/537.36 (KHTML, like Gecko) Chrome/141.0.7390.122 Mobile Safari/537.36 (compatible; GoogleOther)"
52.204.174.139 - - [21/Nov/2025:01:58:39 -0800] "GET /download-jaxx-wallet-for-beginners/?fileloc=//tmp/bin0bMZ3X&path=//tmp HTTP/1.1" 200 5968 "-" "Mozilla/5.0 AppleWebKit/537.36 (KHTML, like Gecko; compatible; Amazonbot/0.1; +https://developer.amazon.com/support/amazonbot) Chrome/119.0.6045.214 Safari/537.36"
74.7.227.171 - - [21/Nov/2025:01:58:41 -0800] "GET /donovan-mcnabb-will-never-make-it-back-to-the-super-bowl/?path=//sys/class/tty/ttyte/subsystem/ttyea/subsystem/ttyea/subsystem/ttyue/subsystem/ttyde/subsystem/ptypa/subsystem/ptyyc HTTP/2.0" 200 3152 "-" "Mozilla/5.0 AppleWebKit/537.36 (KHTML, like Gecko; compatible; GPTBot/1.3; +https://openai.com/gptbot)"
66.249.73.73 - - [21/Nov/2025:01:58:41 -0800] "GET /?m=580633782 HTTP/1.1" 200 33785 "-" "Mozilla/5.0 (Linux; Android 6.0.1; Nexus 5X Build/MMB29P) AppleWebKit/537.36 (KHTML, like Gecko) Chrome/141.0.7390.122 Mobile Safari/537.36 (compatible; GoogleOther)"
65.108.2.171 - - [21/Nov/2025:01:58:41 -0800] "GET /grading-nate-silvers-election-predictions/?fileloc=/home/samfetchero1/pacificnorthwestcoastbias.com/images/images/images/cache.php&path=/home/samfetchero1/pacificnorthwestcoastbias.com/images/images/images HTTP/1.1" 200 10426 "-" "Mozilla/5.0 (compatible; MJ12bot/v1.4.8; http://mj12bot.com/)"
3.229.2.217 - - [21/Nov/2025:01:58:43 -0800] "GET /a-sam-fetchero-economic-indicator/?fileloc=//bin/lzcat&path=//bin HTTP/1.1" 200 36463 "-" "Mozilla/5.0 AppleWebKit/537.36 (KHTML, like Gecko; compatible; Amazonbot/0.1; +https://developer.amazon.com/support/amazonbot) Chrome/119.0.6045.214 Safari/537.36"
85.208.96.204 - - [21/Nov/2025:01:58:43 -0800] "GET /?info=753560064 HTTP/1.1" 200 9065 "-" "Mozilla/5.0 (compatible; SemrushBot/7~bl; +http://www.semrush.com/bot.html)"
66.249.73.73 - - [21/Nov/2025:01:58:43 -0800] "GET /?m=1356476809 HTTP/1.1" 200 30512 "-" "Mozilla/5.0 (Linux; Android 6.0.1; Nexus 5X Build/MMB29P) AppleWebKit/537.36 (KHTML, like Gecko) Chrome/141.0.7390.122 Mobile Safari/537.36 (compatible; GoogleOther)"
74.7.227.171 - - [21/Nov/2025:01:58:44 -0800] "GET /donovan-mcnabb-will-never-make-it-back-to-the-super-bowl/?path=//sys/class/tty/ttyte/subsystem/ttyea/subsystem/ttyea/subsystem/ttyyb/subsystem/ttyza/subsystem/ttytf/subsystem HTTP/2.0" 200 17789 "-" "Mozilla/5.0 AppleWebKit/537.36 (KHTML, like Gecko; compatible; GPTBot/1.3; +https://openai.com/gptbot)"
66.249.73.66 - - [21/Nov/2025:01:58:45 -0800] "GET /?m=2164923686 HTTP/1.1" 200 36642 "-" "Mozilla/5.0 (Linux; Android 6.0.1; Nexus 5X Build/MMB29P) AppleWebKit/537.36 (KHTML, like Gecko) Chrome/141.0.7390.122 Mobile Safari/537.36 (compatible; GoogleOther)"
65.108.2.171 - - [21/Nov/2025:01:58:45 -0800] "GET /grading-nate-silvers-election-predictions/?fileloc=/home/samfetchero1/pacificnorthwestcoastbias.com/images/images/images/fAzaeNJuZlnEImXtxKM.mpg&path=/home/samfetchero1/pacificnorthwestcoastbias.com/images/images/images HTTP/1.1" 200 8280 "-" "Mozilla/5.0 (compatible; MJ12bot/v1.4.8; http://mj12bot.com/)"
66.249.73.65 - - [21/Nov/2025:01:58:46 -0800] "GET /leg/approval40/pe3nu-33196/?fileloc=/home/samfetchero1/pacificnorthwestcoastbias.com/wp-includes/class-wp-simplepie-file.php??m=2285276379 HTTP/1.1" 200 38174 "-" "Mozilla/5.0 (Linux; Android 6.0.1; Nexus 5X Build/MMB29P) AppleWebKit/537.36 (KHTML, like Gecko) Chrome/141.0.7390.122 Mobile Safari/537.36 (compatible; GoogleOther)"
54.157.84.74 - - [21/Nov/2025:01:58:47 -0800] "GET /does-posting-something-on-google-plus-result-in-any-traffic/?fileloc=//bin/dpkg-buildflags&path=//bin HTTP/1.1" 200 8473 "-" "Mozilla/5.0 AppleWebKit/537.36 (KHTML, like Gecko; compatible; Amazonbot/0.1; +https://developer.amazon.com/support/amazonbot) Chrome/119.0.6045.214 Safari/537.36"
74.7.227.171 - - [21/Nov/2025:01:58:47 -0800] "GET /donovan-mcnabb-will-never-make-it-back-to-the-super-bowl/?path=//sys/class/tty/ttyte/subsystem/ttyea/subsystem/ttyea/subsystem/ttyya/subsystem/ttybf/subsystem/ttyba/subsystem HTTP/2.0" 200 17792 "-" "Mozilla/5.0 AppleWebKit/537.36 (KHTML, like Gecko; compatible; GPTBot/1.3; +https://openai.com/gptbot)"
66.249.73.65 - - [21/Nov/2025:01:58:48 -0800] "GET /?m=1823127645 HTTP/1.1" 200 31253 "-" "Mozilla/5.0 (Linux; Android 6.0.1; Nexus 5X Build/MMB29P) AppleWebKit/537.36 (KHTML, like Gecko) Chrome/141.0.7390.122 Mobile Safari/537.36 (compatible; GoogleOther)"
34.6.85.115 - - [21/Nov/2025:01:58:48 -0800] "GET /feed HTTP/1.1" 200 9065 "http://www.pacificnorthwestcoastbias.com/feed" "Mozilla/5.0 (X11; Linux x86_64) AppleWebKit/537.36 (KHTML, like Gecko) Chrome/117.0.0.0 Safari/537.36"
65.108.2.171 - - [21/Nov/2025:01:58:49 -0800] "GET /grading-nate-silvers-election-predictions/?fileloc=/home/samfetchero1/pacificnorthwestcoastbias.com/images/images/images/gNI.mov&path=/home/samfetchero1/pacificnorthwestcoastbias.com/images/images/images HTTP/1.1" 200 8186 "-" "Mozilla/5.0 (compatible; MJ12bot/v1.4.8; http://mj12bot.com/)"
66.249.73.66 - - [21/Nov/2025:01:58:50 -0800] "GET /?m=4125709536 HTTP/1.1" 200 36840 "-" "Mozilla/5.0 (Linux; Android 6.0.1; Nexus 5X Build/MMB29P) AppleWebKit/537.36 (KHTML, like Gecko) Chrome/141.0.7390.122 Mobile Safari/537.36 (compatible; GoogleOther)"
54.166.104.83 - - [21/Nov/2025:01:58:50 -0800] "GET /a-sam-fetchero-economic-indicator/?fileloc=//sbin/sgdisk&path=//sbin HTTP/1.1" 200 72265 "-" "Mozilla/5.0 AppleWebKit/537.36 (KHTML, like Gecko; compatible; Amazonbot/0.1; +https://developer.amazon.com/support/amazonbot) Chrome/119.0.6045.214 Safari/537.36"
74.7.227.171 - - [21/Nov/2025:01:58:50 -0800] "GET /donovan-mcnabb-will-never-make-it-back-to-the-super-bowl/?path=//sys/class/tty/ttyte/subsystem/ttyea/subsystem/ttyea/subsystem/ttyue/subsystem/ttycb/subsystem/ttyvf/subsystem/ttywa HTTP/2.0" 200 3150 "-" "Mozilla/5.0 AppleWebKit/537.36 (KHTML, like Gecko; compatible; GPTBot/1.3; +https://openai.com/gptbot)"
66.249.73.73 - - [21/Nov/2025:01:58:52 -0800] "GET /leg/approval40/pe3nu-33196/?fileloc=/home/samfetchero1/pacificnorthwestcoastbias.com/wp-includes/class-wp-simplepie-file.php??m=1725082122 HTTP/1.1" 200 37874 "-" "Mozilla/5.0 (Linux; Android 6.0.1; Nexus 5X Build/MMB29P) AppleWebKit/537.36 (KHTML, like Gecko) Chrome/141.0.7390.122 Mobile Safari/537.36 (compatible; GoogleOther)"
74.7.243.205 - - [21/Nov/2025:01:58:52 -0800] "GET /search.php?b=2918218730972&channel=132e83&from=https://www.pacificnorthwestcoastbias.com/spark.htm?items/266007198.html HTTP/2.0" 403 100214 "-" "Mozilla/5.0 AppleWebKit/537.36 (KHTML, like Gecko; compatible; GPTBot/1.3; +https://openai.com/gptbot)"
65.108.2.171 - - [21/Nov/2025:01:58:53 -0800] "GET /grading-nate-silvers-election-predictions/?fileloc=/home/samfetchero1/pacificnorthwestcoastbias.com/images/images/images/index.php&path=/home/samfetchero1/pacificnorthwestcoastbias.com/images/images/images HTTP/1.1" 200 6828 "-" "Mozilla/5.0 (compatible; MJ12bot/v1.4.8; http://mj12bot.com/)"
74.7.227.171 - - [21/Nov/2025:01:58:53 -0800] "GET /donovan-mcnabb-will-never-make-it-back-to-the-super-bowl/?path=//sys/class/tty/ttyte/subsystem/ttyea/subsystem/ttyea/subsystem/ttyya/subsystem/ttyub/subsystem/ttyvd/subsystem/ttyve HTTP/2.0" 200 3149 "-" "Mozilla/5.0 AppleWebKit/537.36 (KHTML, like Gecko; compatible; GPTBot/1.3; +https://openai.com/gptbot)"
66.249.73.66 - - [21/Nov/2025:01:58:54 -0800] "GET /?m=3425969666 HTTP/1.1" 200 31418 "-" "Mozilla/5.0 (Linux; Android 6.0.1; Nexus 5X Build/MMB29P) AppleWebKit/537.36 (KHTML, like Gecko) Chrome/141.0.7390.122 Mobile Safari/537.36 (compatible; GoogleOther)"
179.29.41.232 - - [21/Nov/2025:01:58:54 -0800] "GET /?m=2947568678 HTTP/1.1" 200 9117 "-" "Mozilla/5.0 (Windows NT 6.1) AppleWebKit/537.36 (KHTML, like Gecko) Chrome/28.0.1468.0 Safari/537.36"
54.144.185.255 - - [21/Nov/2025:01:58:54 -0800] "GET /download-jaxx-wallet-for-beginners/?fileloc=//tmp/_NnPimukJjSRo&path=//tmp HTTP/1.1" 200 5973 "-" "Mozilla/5.0 AppleWebKit/537.36 (KHTML, like Gecko; compatible; Amazonbot/0.1; +https://developer.amazon.com/support/amazonbot) Chrome/119.0.6045.214 Safari/537.36"
66.249.73.65 - - [21/Nov/2025:01:58:55 -0800] "GET /?m=1621597097 HTTP/1.1" 200 37348 "-" "Mozilla/5.0 (Linux; Android 6.0.1; Nexus 5X Build/MMB29P) AppleWebKit/537.36 (KHTML, like Gecko) Chrome/141.0.7390.122 Mobile Safari/537.36 (compatible; GoogleOther)"
74.7.227.171 - - [21/Nov/2025:01:58:56 -0800] "GET /donovan-mcnabb-will-never-make-it-back-to-the-super-bowl/?path=//sys/class/tty/ttyte/subsystem/ttyea/subsystem/ttyea/subsystem/ttyvb/subsystem/ptyub/subsystem/ttyue/subsystem/ptyee HTTP/2.0" 200 3152 "-" "Mozilla/5.0 AppleWebKit/537.36 (KHTML, like Gecko; compatible; GPTBot/1.3; +https://openai.com/gptbot)"
65.108.2.171 - - [21/Nov/2025:01:58:57 -0800] "GET /grading-nate-silvers-election-predictions/?fileloc=/home/samfetchero1/pacificnorthwestcoastbias.com/images/images/images/uQhW.m4a&path=/home/samfetchero1/pacificnorthwestcoastbias.com/images/images/images HTTP/1.1" 200 8171 "-" "Mozilla/5.0 (compatible; MJ12bot/v1.4.8; http://mj12bot.com/)"
66.249.73.65 - - [21/Nov/2025:01:58:58 -0800] "GET /?m=1313967225 HTTP/1.1" 200 31657 "-" "Mozilla/5.0 (Linux; Android 6.0.1; Nexus 5X Build/MMB29P) AppleWebKit/537.36 (KHTML, like Gecko) Chrome/141.0.7390.122 Mobile Safari/537.36 (compatible; GoogleOther)"
44.194.139.149 - - [21/Nov/2025:01:58:59 -0800] "GET /a-sam-fetchero-economic-indicator/?fileloc=//bin/linux-version&path=//bin HTTP/1.1" 200 7261 "-" "Mozilla/5.0 AppleWebKit/537.36 (KHTML, like Gecko; compatible; Amazonbot/0.1; +https://developer.amazon.com/support/amazonbot) Chrome/119.0.6045.214 Safari/537.36"
66.249.73.66 - - [21/Nov/2025:01:58:59 -0800] "GET /stable/chart40/66q46-33158/?fileloc=/home/samfetchero1/pacificnorthwestcoastbias.com/wp-includes/class-wp-simplepie-file.php?search HTTP/1.1" 200 37700 "-" "Mozilla/5.0 (Linux; Android 6.0.1; Nexus 5X Build/MMB29P) AppleWebKit/537.36 (KHTML, like Gecko) Chrome/141.0.7390.122 Mobile Safari/537.36 (compatible; GoogleOther)"
74.7.227.171 - - [21/Nov/2025:01:59:00 -0800] "GET /donovan-mcnabb-will-never-make-it-back-to-the-super-bowl/?path=//sys/class/tty/ttyte/subsystem/ttyea/subsystem/ttyea/subsystem/ttyyb/subsystem/ttyza/subsystem/ttytf/subsystem/ptyqf HTTP/2.0" 200 3153 "-" "Mozilla/5.0 AppleWebKit/537.36 (KHTML, like Gecko; compatible; GPTBot/1.3; +https://openai.com/gptbot)"
179.97.91.52 - - [21/Nov/2025:01:59:01 -0800] "GET /feature/omiya_marui/index.html?fileloc=%2Fhome%2Fsamfetchero1%2Fpacificnorthwestcoastbias.com%2Fwp-admin%2Fpostnews.php&path=%2Fhome%2Fsamfetchero1%2Fpacificnorthwestcoastbias.com%2Fwp-admin HTTP/1.1" 200 8408 "-" "Mozilla/5.0 (Windows NT 10.0; Win64; x64) AppleWebKit/537.36 (KHTML, like Gecko) Chrome/108.0.0.0 Safari/537.36"
65.108.2.171 - - [21/Nov/2025:01:59:01 -0800] "GET /grading-nate-silvers-election-predictions/?fileloc=/home/samfetchero1/pacificnorthwestcoastbias.com/wp-includes/PHPMailer/.htaccess&path=/home/samfetchero1/pacificnorthwestcoastbias.com/wp-includes/PHPMailer HTTP/1.1" 200 6095 "-" "Mozilla/5.0 (compatible; MJ12bot/v1.4.8; http://mj12bot.com/)"
66.249.73.64 - - [21/Nov/2025:01:59:01 -0800] "GET /?m=854213638 HTTP/1.1" 200 37349 "-" "Mozilla/5.0 (Linux; Android 6.0.1; Nexus 5X Build/MMB29P) AppleWebKit/537.36 (KHTML, like Gecko) Chrome/141.0.7390.122 Mobile Safari/537.36 (compatible; GoogleOther)"
3.93.253.174 - - [21/Nov/2025:01:59:02 -0800] "GET /a-sam-fetchero-economic-indicator/?fileloc=//etc/hosts.top&path=//etc HTTP/1.1" 200 6126 "-" "Mozilla/5.0 AppleWebKit/537.36 (KHTML, like Gecko; compatible; Amazonbot/0.1; +https://developer.amazon.com/support/amazonbot) Chrome/119.0.6045.214 Safari/537.36"
66.249.73.64 - - [21/Nov/2025:01:59:03 -0800] "GET /?m=3386948877 HTTP/1.1" 200 34784 "-" "Mozilla/5.0 (Linux; Android 6.0.1; Nexus 5X Build/MMB29P) AppleWebKit/537.36 (KHTML, like Gecko) Chrome/141.0.7390.122 Mobile Safari/537.36 (compatible; GoogleOther)"
74.7.227.171 - - [21/Nov/2025:01:59:03 -0800] "GET /donovan-mcnabb-will-never-make-it-back-to-the-super-bowl/?path=//sys/class/tty/ttyte/subsystem/ttyea/subsystem/ttyea/subsystem/ttyue/subsystem/ttycb/subsystem/ttyvf/subsystem/ttywa/subsystem HTTP/2.0" 200 18495 "-" "Mozilla/5.0 AppleWebKit/537.36 (KHTML, like Gecko; compatible; GPTBot/1.3; +https://openai.com/gptbot)"
66.249.73.73 - - [21/Nov/2025:01:59:05 -0800] "GET /leg/approval40/pe3nu-33196/?fileloc=/home/samfetchero1/pacificnorthwestcoastbias.com/wp-includes/class-wp-simplepie-file.php??m=2723918614 HTTP/1.1" 200 38032 "-" "Mozilla/5.0 (Linux; Android 6.0.1; Nexus 5X Build/MMB29P) AppleWebKit/537.36 (KHTML, like Gecko) Chrome/141.0.7390.122 Mobile Safari/537.36 (compatible; GoogleOther)"
65.108.2.171 - - [21/Nov/2025:01:59:05 -0800] "GET /grading-nate-silvers-election-predictions/?fileloc=/home/samfetchero1/pacificnorthwestcoastbias.com/wp-includes/PHPMailer/Exception.php&path=/home/samfetchero1/pacificnorthwestcoastbias.com/wp-includes/PHPMailer HTTP/1.1" 200 6700 "-" "Mozilla/5.0 (compatible; MJ12bot/v1.4.8; http://mj12bot.com/)"
74.7.227.171 - - [21/Nov/2025:01:59:06 -0800] "GET /donovan-mcnabb-will-never-make-it-back-to-the-super-bowl/?path=//sys/class/tty/ttyte/subsystem/ttyea/subsystem/ttyea/subsystem/ttyvb/subsystem/ptyue/subsystem/ttyyb/subsystem/ttywc HTTP/2.0" 200 3152 "-" "Mozilla/5.0 AppleWebKit/537.36 (KHTML, like Gecko; compatible; GPTBot/1.3; +https://openai.com/gptbot)"
52.205.222.214 - - [21/Nov/2025:01:59:06 -0800] "GET /king-county-coronavirus-daily-prediction-4-23/?fileloc=//bin/cpp-9&path=//bin HTTP/1.1" 200 271057 "-" "Mozilla/5.0 AppleWebKit/537.36 (KHTML, like Gecko; compatible; Amazonbot/0.1; +https://developer.amazon.com/support/amazonbot) Chrome/119.0.6045.214 Safari/537.36"
66.249.73.64 - - [21/Nov/2025:01:59:07 -0800] "GET /?m=2122225727 HTTP/1.1" 200 31560 "-" "Mozilla/5.0 (Linux; Android 6.0.1; Nexus 5X Build/MMB29P) AppleWebKit/537.36 (KHTML, like Gecko) Chrome/141.0.7390.122 Mobile Safari/537.36 (compatible; GoogleOther)"
66.249.73.64 - - [21/Nov/2025:01:59:09 -0800] "GET /?m=2463172651 HTTP/1.1" 200 33369 "-" "Mozilla/5.0 (Linux; Android 6.0.1; Nexus 5X Build/MMB29P) AppleWebKit/537.36 (KHTML, like Gecko) Chrome/141.0.7390.122 Mobile Safari/537.36 (compatible; GoogleOther)"
74.7.227.171 - - [21/Nov/2025:01:59:09 -0800] "GET /donovan-mcnabb-will-never-make-it-back-to-the-super-bowl/?path=//sys/class/tty/ttyte/subsystem/ttyea/subsystem/ttyea/subsystem/ttyyb/subsystem/ttyza/subsystem/ttytf/subsystem/tty1 HTTP/2.0" 200 3149 "-" "Mozilla/5.0 AppleWebKit/537.36 (KHTML, like Gecko; compatible; GPTBot/1.3; +https://openai.com/gptbot)"
65.108.2.171 - - [21/Nov/2025:01:59:09 -0800] "GET /grading-nate-silvers-election-predictions/?fileloc=/home/samfetchero1/pacificnorthwestcoastbias.com/wp-includes/PHPMailer/PHPMailer.php&path=/home/samfetchero1/pacificnorthwestcoastbias.com/wp-includes/PHPMailer HTTP/1.1" 200 49500 "-" "Mozilla/5.0 (compatible; MJ12bot/v1.4.8; http://mj12bot.com/)"
44.207.252.58 - - [21/Nov/2025:01:59:10 -0800] "GET /a-sam-fetchero-economic-indicator/?fileloc=//bin/chage&path=//bin HTTP/1.1" 200 28210 "-" "Mozilla/5.0 AppleWebKit/537.36 (KHTML, like Gecko; compatible; Amazonbot/0.1; +https://developer.amazon.com/support/amazonbot) Chrome/119.0.6045.214 Safari/537.36"
66.249.73.64 - - [21/Nov/2025:01:59:10 -0800] "GET /?m=2048513693 HTTP/1.1" 200 31302 "-" "Mozilla/5.0 (Linux; Android 6.0.1; Nexus 5X Build/MMB29P) AppleWebKit/537.36 (KHTML, like Gecko) Chrome/141.0.7390.122 Mobile Safari/537.36 (compatible; GoogleOther)"
185.191.171.18 - - [21/Nov/2025:01:59:11 -0800] "GET /?info=433064480 HTTP/1.1" 200 9065 "-" "Mozilla/5.0 (compatible; SemrushBot/7~bl; +http://www.semrush.com/bot.html)"
74.7.227.171 - - [21/Nov/2025:01:59:12 -0800] "GET /donovan-mcnabb-will-never-make-it-back-to-the-super-bowl/?path=//sys/class/tty/ttyte/subsystem/ttyea/subsystem/ttyea/subsystem/ttyya/subsystem/ttybf/subsystem/ttyba/subsystem/ptyq3 HTTP/2.0" 200 3153 "-" "Mozilla/5.0 AppleWebKit/537.36 (KHTML, like Gecko; compatible; GPTBot/1.3; +https://openai.com/gptbot)"
66.249.73.73 - - [21/Nov/2025:01:59:12 -0800] "GET /?m=1151918949 HTTP/1.1" 200 37138 "-" "Mozilla/5.0 (Linux; Android 6.0.1; Nexus 5X Build/MMB29P) AppleWebKit/537.36 (KHTML, like Gecko) Chrome/141.0.7390.122 Mobile Safari/537.36 (compatible; GoogleOther)"
65.108.2.171 - - [21/Nov/2025:01:59:14 -0800] "GET /grading-nate-silvers-election-predictions/?fileloc=/home/samfetchero1/pacificnorthwestcoastbias.com/wp-includes/PHPMailer/SMTP.php&path=/home/samfetchero1/pacificnorthwestcoastbias.com/wp-includes/PHPMailer HTTP/1.1" 200 19402 "-" "Mozilla/5.0 (compatible; MJ12bot/v1.4.8; http://mj12bot.com/)"
66.249.73.73 - - [21/Nov/2025:01:59:14 -0800] "GET /?m=1370320016 HTTP/1.1" 200 33662 "-" "Mozilla/5.0 (Linux; Android 6.0.1; Nexus 5X Build/MMB29P) AppleWebKit/537.36 (KHTML, like Gecko) Chrome/141.0.7390.122 Mobile Safari/537.36 (compatible; GoogleOther)"
34.236.41.241 - - [21/Nov/2025:01:59:14 -0800] "GET /download-jaxx-wallet-for-beginners/?fileloc=//tmp/b76e41b2dclmDG&path=//tmp HTTP/1.1" 200 5973 "-" "Mozilla/5.0 AppleWebKit/537.36 (KHTML, like Gecko; compatible; Amazonbot/0.1; +https://developer.amazon.com/support/amazonbot) Chrome/119.0.6045.214 Safari/537.36"
103.80.71.5 - - [21/Nov/2025:01:59:15 -0800] "GET /?m=101139606 HTTP/1.1" 200 9117 "-" "Mozilla/5.0 (Macintosh; Intel Mac OS X 10_15_0) AppleWebKit/537.36 (KHTML, like Gecko) Chrome/80.0.3987.122 Safari/537.36"
74.7.227.171 - - [21/Nov/2025:01:59:15 -0800] "GET /donovan-mcnabb-will-never-make-it-back-to-the-super-bowl/?path=//sys/class/tty/ttyte/subsystem/ttyea/subsystem/ttyea/subsystem/ttyyb/subsystem/ttyza/subsystem/ttytf/subsystem/ttyaf HTTP/2.0" 200 3149 "-" "Mozilla/5.0 AppleWebKit/537.36 (KHTML, like Gecko; compatible; GPTBot/1.3; +https://openai.com/gptbot)"
66.249.73.73 - - [21/Nov/2025:01:59:16 -0800] "GET /leg/approval40/pe3nu-33196/?fileloc=/home/samfetchero1/pacificnorthwestcoastbias.com/wp-admin/export-personal-data.php?m=2253174020 HTTP/1.1" 200 34019 "-" "Mozilla/5.0 (Linux; Android 6.0.1; Nexus 5X Build/MMB29P) AppleWebKit/537.36 (KHTML, like Gecko) Chrome/141.0.7390.122 Mobile Safari/537.36 (compatible; GoogleOther)"
65.108.2.171 - - [21/Nov/2025:01:59:18 -0800] "GET /grading-nate-silvers-election-predictions/?fileloc=/home/samfetchero1/pacificnorthwestcoastbias.com/wp-includes/Requests/.htaccess&path=/home/samfetchero1/pacificnorthwestcoastbias.com/wp-includes/Requests HTTP/1.1" 200 6094 "-" "Mozilla/5.0 (compatible; MJ12bot/v1.4.8; http://mj12bot.com/)"
66.249.73.73 - - [21/Nov/2025:01:59:18 -0800] "GET /?m=3641767944 HTTP/1.1" 200 30793 "-" "Mozilla/5.0 (Linux; Android 6.0.1; Nexus 5X Build/MMB29P) AppleWebKit/537.36 (KHTML, like Gecko) Chrome/141.0.7390.122 Mobile Safari/537.36 (compatible; GoogleOther)"
74.7.227.171 - - [21/Nov/2025:01:59:18 -0800] "GET /donovan-mcnabb-will-never-make-it-back-to-the-super-bowl/?path=//sys/class/tty/ttyte/subsystem/ttyea/subsystem/ttyea/subsystem/ttyue/subsystem/ttycb/subsystem/ttyvf/subsystem/ttywa/subsystem/ttytc HTTP/2.0" 200 3162 "-" "Mozilla/5.0 AppleWebKit/537.36 (KHTML, like Gecko; compatible; GPTBot/1.3; +https://openai.com/gptbot)"
98.82.107.102 - - [21/Nov/2025:01:59:19 -0800] "GET /download-jaxx-wallet-for-beginners/?fileloc=//bin/hardening-check&path=//bin HTTP/1.1" 200 12274 "-" "Mozilla/5.0 AppleWebKit/537.36 (KHTML, like Gecko; compatible; Amazonbot/0.1; +https://developer.amazon.com/support/amazonbot) Chrome/119.0.6045.214 Safari/537.36"
138.97.221.59 - - [21/Nov/2025:01:59:19 -0800] "GET /?m=2214463253 HTTP/1.1" 200 9117 "-" "Mozilla/5.0 (Macintosh; Intel Mac OS X 10_11_6) AppleWebKit/537.36 (KHTML, like Gecko) Chrome/80.0.3987.132 Safari/537.36"
125.165.104.38 - - [21/Nov/2025:01:59:19 -0800] "GET /?m=3425962373 HTTP/1.1" 200 9117 "-" "Mozilla/5.0 (Windows NT 6.3; WOW64) AppleWebKit/537.36 (KHTML, like Gecko) Chrome/87.0.4280.66 Safari/537.36"
66.249.73.73 - - [21/Nov/2025:01:59:19 -0800] "GET /stable/chart40/66q46-33158/?fileloc=/home/samfetchero1/pacificnorthwestcoastbias.com/wp-includes/class-wp-simplepie-file.php??m=1903342251 HTTP/1.1" 200 32869 "-" "Mozilla/5.0 (Linux; Android 6.0.1; Nexus 5X Build/MMB29P) AppleWebKit/537.36 (KHTML, like Gecko) Chrome/141.0.7390.122 Mobile Safari/537.36 (compatible; GoogleOther)"
66.249.73.73 - - [21/Nov/2025:01:59:21 -0800] "GET /?m=2158583748 HTTP/1.1" 200 31548 "-" "Mozilla/5.0 (Linux; Android 6.0.1; Nexus 5X Build/MMB29P) AppleWebKit/537.36 (KHTML, like Gecko) Chrome/141.0.7390.122 Mobile Safari/537.36 (compatible; GoogleOther)"
74.7.227.171 - - [21/Nov/2025:01:59:21 -0800] "GET /donovan-mcnabb-will-never-make-it-back-to-the-super-bowl/?path=//sys/class/tty/ttyte/subsystem/ttyea/subsystem/ttyea/subsystem/ttyue/subsystem/ttycb/subsystem/ttyvf/subsystem/ttywa/subsystem/ttyac HTTP/2.0" 200 3162 "-" "Mozilla/5.0 AppleWebKit/537.36 (KHTML, like Gecko; compatible; GPTBot/1.3; +https://openai.com/gptbot)"
65.108.2.171 - - [21/Nov/2025:01:59:22 -0800] "GET /grading-nate-silvers-election-predictions/?fileloc=/home/samfetchero1/pacificnorthwestcoastbias.com/wp-includes/SimplePie/.htaccess&path=/home/samfetchero1/pacificnorthwestcoastbias.com/wp-includes/SimplePie HTTP/1.1" 200 6094 "-" "Mozilla/5.0 (compatible; MJ12bot/v1.4.8; http://mj12bot.com/)"
14.191.253.196 - - [21/Nov/2025:01:59:22 -0800] "GET /adviser/someday101/gnmlv-20141/ HTTP/1.1" 200 9117 "-" "Mozilla/5.0 (Macintosh; Intel Mac OS X 10_14_6) AppleWebKit/537.36 (KHTML, like Gecko) Chrome/96.0.4664.55 Safari/537.36"
18.211.148.239 - - [21/Nov/2025:01:59:22 -0800] "GET /does-posting-something-on-google-plus-result-in-any-traffic/?fileloc=//tmp/b76e41b2FBOZm2&path=//tmp HTTP/1.1" 200 5974 "-" "Mozilla/5.0 AppleWebKit/537.36 (KHTML, like Gecko; compatible; Amazonbot/0.1; +https://developer.amazon.com/support/amazonbot) Chrome/119.0.6045.214 Safari/537.36"
66.249.73.64 - - [21/Nov/2025:01:59:23 -0800] "GET /?m=1969989241 HTTP/1.1" 200 36414 "-" "Mozilla/5.0 (Linux; Android 6.0.1; Nexus 5X Build/MMB29P) AppleWebKit/537.36 (KHTML, like Gecko) Chrome/141.0.7390.122 Mobile Safari/537.36 (compatible; GoogleOther)"
74.7.227.171 - - [21/Nov/2025:01:59:24 -0800] "GET /donovan-mcnabb-will-never-make-it-back-to-the-super-bowl/?path=//sys/class/tty/ttyte/subsystem/ttyea/subsystem/ttyea/subsystem/ttyue/subsystem/ttycb/subsystem/ttyvf/subsystem/ttywa/subsystem/ptyub HTTP/2.0" 200 3221 "-" "Mozilla/5.0 AppleWebKit/537.36 (KHTML, like Gecko; compatible; GPTBot/1.3; +https://openai.com/gptbot)"
66.249.73.64 - - [21/Nov/2025:01:59:25 -0800] "GET /?m=2023105682 HTTP/1.1" 200 33466 "-" "Mozilla/5.0 (Linux; Android 6.0.1; Nexus 5X Build/MMB29P) AppleWebKit/537.36 (KHTML, like Gecko) Chrome/141.0.7390.122 Mobile Safari/537.36 (compatible; GoogleOther)"
65.108.2.171 - - [21/Nov/2025:01:59:26 -0800] "GET /grading-nate-silvers-election-predictions/?fileloc=/home/samfetchero1/pacificnorthwestcoastbias.com/wp-includes/SimplePie/autoloader.php&path=/home/samfetchero1/pacificnorthwestcoastbias.com/wp-includes/SimplePie HTTP/1.1" 200 7785 "-" "Mozilla/5.0 (compatible; MJ12bot/v1.4.8; http://mj12bot.com/)"
212.95.129.11 - - [21/Nov/2025:01:59:26 -0800] "GET /equally/n193?pid=5404 HTTP/1.1" 200 9117 "-" "Mozilla/5.0 (Windows NT 10.0; Win64; x64) AppleWebKit/537.36 (KHTML, like Gecko) Chrome/99.0.1150.52 Safari/537.36"
52.0.41.164 - - [21/Nov/2025:01:59:26 -0800] "GET /a-sam-fetchero-economic-indicator/?path=//lib/sysstat HTTP/1.1" 200 6429 "-" "Mozilla/5.0 AppleWebKit/537.36 (KHTML, like Gecko; compatible; Amazonbot/0.1; +https://developer.amazon.com/support/amazonbot) Chrome/119.0.6045.214 Safari/537.36"
66.249.73.64 - - [21/Nov/2025:01:59:27 -0800] "GET /?m=2816098079 HTTP/1.1" 200 33519 "-" "Mozilla/5.0 (Linux; Android 6.0.1; Nexus 5X Build/MMB29P) AppleWebKit/537.36 (KHTML, like Gecko) Chrome/141.0.7390.122 Mobile Safari/537.36 (compatible; GoogleOther)"
74.7.227.171 - - [21/Nov/2025:01:59:28 -0800] "GET /donovan-mcnabb-will-never-make-it-back-to-the-super-bowl/?path=//sys/class/tty/ttyte/subsystem/ttyea/subsystem/ttyea/subsystem/ttyya/subsystem/ttybf/subsystem/ttyba/subsystem/ptydb HTTP/2.0" 200 3152 "-" "Mozilla/5.0 AppleWebKit/537.36 (KHTML, like Gecko; compatible; GPTBot/1.3; +https://openai.com/gptbot)"
66.249.73.64 - - [21/Nov/2025:01:59:29 -0800] "GET /stable/chart40/66q46-33158/?fileloc=/home/samfetchero1/pacificnorthwestcoastbias.com/wp-includes/class-wp-simplepie-file.php?e/02 HTTP/1.1" 200 35750 "-" "Mozilla/5.0 (Linux; Android 6.0.1; Nexus 5X Build/MMB29P) AppleWebKit/537.36 (KHTML, like Gecko) Chrome/141.0.7390.122 Mobile Safari/537.36 (compatible; GoogleOther)"
65.108.2.171 - - [21/Nov/2025:01:59:30 -0800] "GET /grading-nate-silvers-election-predictions/?fileloc=/home/samfetchero1/pacificnorthwestcoastbias.com/wp-includes/Text/.htaccess&path=/home/samfetchero1/pacificnorthwestcoastbias.com/wp-includes/Text HTTP/1.1" 200 6090 "-" "Mozilla/5.0 (compatible; MJ12bot/v1.4.8; http://mj12bot.com/)"
66.249.73.73 - - [21/Nov/2025:01:59:30 -0800] "GET /?m=3470581900 HTTP/1.1" 200 37552 "-" "Mozilla/5.0 (Linux; Android 6.0.1; Nexus 5X Build/MMB29P) AppleWebKit/537.36 (KHTML, like Gecko) Chrome/141.0.7390.122 Mobile Safari/537.36 (compatible; GoogleOther)"
74.7.227.171 - - [21/Nov/2025:01:59:31 -0800] "GET /donovan-mcnabb-will-never-make-it-back-to-the-super-bowl/?path=//sys/class/tty/ttyte/subsystem/ttyea/subsystem/ttyea/subsystem/ttyya/subsystem/ttybf/subsystem/ttyba/subsystem/ttyxc HTTP/2.0" 200 3151 "-" "Mozilla/5.0 AppleWebKit/537.36 (KHTML, like Gecko; compatible; GPTBot/1.3; +https://openai.com/gptbot)"
34.192.125.239 - - [21/Nov/2025:01:59:31 -0800] "GET /a-sam-fetchero-economic-indicator/?fileloc=//bin/pg_receivewal&path=//bin HTTP/1.1" 200 9729 "-" "Mozilla/5.0 AppleWebKit/537.36 (KHTML, like Gecko; compatible; Amazonbot/0.1; +https://developer.amazon.com/support/amazonbot) Chrome/119.0.6045.214 Safari/537.36"
66.249.73.64 - - [21/Nov/2025:01:59:32 -0800] "GET /stable/chart40/66q46-33158/?fileloc=/home/samfetchero1/pacificnorthwestcoastbias.com/wp-includes/class-wp-simplepie-file.php??m=2805770317 HTTP/1.1" 200 35820 "-" "Mozilla/5.0 (Linux; Android 6.0.1; Nexus 5X Build/MMB29P) AppleWebKit/537.36 (KHTML, like Gecko) Chrome/141.0.7390.122 Mobile Safari/537.36 (compatible; GoogleOther)"
65.108.2.171 - - [21/Nov/2025:01:59:34 -0800] "GET /grading-nate-silvers-election-predictions/?fileloc=/home/samfetchero1/pacificnorthwestcoastbias.com/wp-includes/Text/Diff.php&path=/home/samfetchero1/pacificnorthwestcoastbias.com/wp-includes/Text HTTP/1.1" 200 9136 "-" "Mozilla/5.0 (compatible; MJ12bot/v1.4.8; http://mj12bot.com/)"
74.7.227.171 - - [21/Nov/2025:01:59:34 -0800] "GET /donovan-mcnabb-will-never-make-it-back-to-the-super-bowl/?path=//sys/class/tty/ttyte/subsystem/ttyea/subsystem/ttyea/subsystem/ttyue/subsystem/ttycb/subsystem/ttyvf/subsystem/ttywa/subsystem/tty25 HTTP/2.0" 200 3162 "-" "Mozilla/5.0 AppleWebKit/537.36 (KHTML, like Gecko; compatible; GPTBot/1.3; +https://openai.com/gptbot)"
52.0.218.219 - - [21/Nov/2025:01:59:34 -0800] "GET /king-county-coronavirus-daily-prediction-4-6/?fileloc=//bin/col2&path=//bin HTTP/1.1" 200 6563 "-" "Mozilla/5.0 AppleWebKit/537.36 (KHTML, like Gecko; compatible; Amazonbot/0.1; +https://developer.amazon.com/support/amazonbot) Chrome/119.0.6045.214 Safari/537.36"
66.249.73.73 - - [21/Nov/2025:01:59:34 -0800] "GET /?m=4273564344 HTTP/1.1" 200 32323 "-" "Mozilla/5.0 (Linux; Android 6.0.1; Nexus 5X Build/MMB29P) AppleWebKit/537.36 (KHTML, like Gecko) Chrome/141.0.7390.122 Mobile Safari/537.36 (compatible; GoogleOther)"
185.191.171.19 - - [21/Nov/2025:01:59:35 -0800] "GET /?info=433194592 HTTP/1.1" 200 9065 "-" "Mozilla/5.0 (compatible; SemrushBot/7~bl; +http://www.semrush.com/bot.html)"
149.62.205.91 - - [21/Nov/2025:01:59:35 -0800] "GET /?m=822412395 HTTP/1.1" 200 9117 "-" "Mozilla/5.0 (Windows NT 6.1; Win64; x64) AppleWebKit/537.36 (KHTML, like Gecko) Chrome/86.0.4240.75 Safari/537.36"
66.249.73.64 - - [21/Nov/2025:01:59:36 -0800] "GET /?m=2857495662 HTTP/1.1" 200 32859 "-" "Mozilla/5.0 (Linux; Android 6.0.1; Nexus 5X Build/MMB29P) AppleWebKit/537.36 (KHTML, like Gecko) Chrome/141.0.7390.122 Mobile Safari/537.36 (compatible; GoogleOther)"
74.7.227.171 - - [21/Nov/2025:01:59:37 -0800] "GET /donovan-mcnabb-will-never-make-it-back-to-the-super-bowl/?path=//sys/class/tty/ttyte/subsystem/ttyea/subsystem/ttyea/subsystem/ttyue/subsystem/ttycb/subsystem/ttyvf/subsystem/ttywa/subsystem/tty62 HTTP/2.0" 200 3163 "-" "Mozilla/5.0 AppleWebKit/537.36 (KHTML, like Gecko; compatible; GPTBot/1.3; +https://openai.com/gptbot)"
65.108.2.171 - - [21/Nov/2025:01:59:38 -0800] "GET /grading-nate-silvers-election-predictions/?fileloc=/home/samfetchero1/pacificnorthwestcoastbias.com/wp-includes/Text/Exception.php&path=/home/samfetchero1/pacificnorthwestcoastbias.com/wp-includes/Text HTTP/1.1" 200 6118 "-" "Mozilla/5.0 (compatible; MJ12bot/v1.4.8; http://mj12bot.com/)"
52.70.123.241 - - [21/Nov/2025:01:59:38 -0800] "GET /king-county-coronavirus-daily-prediction-4-6/?path=//var/spool HTTP/1.1" 200 6422 "-" "Mozilla/5.0 AppleWebKit/537.36 (KHTML, like Gecko; compatible; Amazonbot/0.1; +https://developer.amazon.com/support/amazonbot) Chrome/119.0.6045.214 Safari/537.36"
66.249.73.64 - - [21/Nov/2025:01:59:38 -0800] "GET /?m=482311538 HTTP/1.1" 200 34352 "-" "Mozilla/5.0 (Linux; Android 6.0.1; Nexus 5X Build/MMB29P) AppleWebKit/537.36 (KHTML, like Gecko) Chrome/141.0.7390.122 Mobile Safari/537.36 (compatible; GoogleOther)"
185.191.171.16 - - [21/Nov/2025:01:59:39 -0800] "GET /?info=753503248 HTTP/1.1" 200 9065 "-" "Mozilla/5.0 (compatible; SemrushBot/7~bl; +http://www.semrush.com/bot.html)"
66.249.73.73 - - [21/Nov/2025:01:59:40 -0800] "GET /leg/approval40/pe3nu-33196/?fileloc=/home/samfetchero1/pacificnorthwestcoastbias.com/wp-includes/class-wp-simplepie-file.php??m=3669969190 HTTP/1.1" 200 36282 "-" "Mozilla/5.0 (Linux; Android 6.0.1; Nexus 5X Build/MMB29P) AppleWebKit/537.36 (KHTML, like Gecko) Chrome/141.0.7390.122 Mobile Safari/537.36 (compatible; GoogleOther)"
74.7.227.171 - - [21/Nov/2025:01:59:40 -0800] "GET /donovan-mcnabb-will-never-make-it-back-to-the-super-bowl/?path=//sys/class/tty/ttyte/subsystem/ttyea/subsystem/ttyea/subsystem/ttyyb/subsystem/ttyza/subsystem/ttytf/subsystem/ttyaa HTTP/2.0" 200 3149 "-" "Mozilla/5.0 AppleWebKit/537.36 (KHTML, like Gecko; compatible; GPTBot/1.3; +https://openai.com/gptbot)"
66.249.73.64 - - [21/Nov/2025:01:59:42 -0800] "GET /?m=130227313 HTTP/1.1" 200 34050 "-" "Mozilla/5.0 (Linux; Android 6.0.1; Nexus 5X Build/MMB29P) AppleWebKit/537.36 (KHTML, like Gecko) Chrome/141.0.7390.122 Mobile Safari/537.36 (compatible; GoogleOther)"
65.108.2.171 - - [21/Nov/2025:01:59:42 -0800] "GET /grading-nate-silvers-election-predictions/?fileloc=/home/samfetchero1/pacificnorthwestcoastbias.com/wp-includes/assets/.htaccess&path=/home/samfetchero1/pacificnorthwestcoastbias.com/wp-includes/assets HTTP/1.1" 200 6092 "-" "Mozilla/5.0 (compatible; MJ12bot/v1.4.8; http://mj12bot.com/)"
54.83.23.103 - - [21/Nov/2025:01:59:42 -0800] "GET /does-posting-something-on-google-plus-result-in-any-traffic/?fileloc=//bin/jinfo&path=//bin HTTP/1.1" 200 8009 "-" "Mozilla/5.0 AppleWebKit/537.36 (KHTML, like Gecko; compatible; Amazonbot/0.1; +https://developer.amazon.com/support/amazonbot) Chrome/119.0.6045.214 Safari/537.36"
31.24.30.89 - - [21/Nov/2025:01:59:43 -0800] "GET /shine/success86/fbam1-286/ HTTP/1.1" 200 9117 "-" "Mozilla/5.0 (Windows NT 6.1; Win64; x64) AppleWebKit/537.36 (KHTML, like Gecko) Chrome/89.0.4389.114 Safari/537.36"
66.249.73.64 - - [21/Nov/2025:01:59:43 -0800] "GET /?m=2657690183 HTTP/1.1" 200 30441 "-" "Mozilla/5.0 (Linux; Android 6.0.1; Nexus 5X Build/MMB29P) AppleWebKit/537.36 (KHTML, like Gecko) Chrome/141.0.7390.122 Mobile Safari/537.36 (compatible; GoogleOther)"
74.7.227.171 - - [21/Nov/2025:01:59:44 -0800] "GET /donovan-mcnabb-will-never-make-it-back-to-the-super-bowl/?path=//sys/class/tty/ttyte/subsystem/ttyea/subsystem/ttyea/subsystem/ttyue/subsystem/ttycb/subsystem/ttyvf/subsystem/ttywa/subsystem/ptye2 HTTP/2.0" 200 3164 "-" "Mozilla/5.0 AppleWebKit/537.36 (KHTML, like Gecko; compatible; GPTBot/1.3; +https://openai.com/gptbot)"
66.249.73.73 - - [21/Nov/2025:01:59:45 -0800] "GET /?m=1563781273 HTTP/1.1" 200 35301 "-" "Mozilla/5.0 (Linux; Android 6.0.1; Nexus 5X Build/MMB29P) AppleWebKit/537.36 (KHTML, like Gecko) Chrome/141.0.7390.122 Mobile Safari/537.36 (compatible; GoogleOther)"
168.197.245.5 - - [21/Nov/2025:01:59:46 -0800] "GET /winter/encouraging132/9m015-17862/ HTTP/1.1" 200 9117 "-" "Mozilla/5.0 (Macintosh; Intel Mac OS X 10_11_1) AppleWebKit/537.36 (KHTML, like Gecko) Chrome/89.0.4389.114 Safari/537.36"
65.108.2.171 - - [21/Nov/2025:01:59:46 -0800] "GET /grading-nate-silvers-election-predictions/?fileloc=/home/samfetchero1/pacificnorthwestcoastbias.com/wp-includes/block-bindings/.htaccess&path=/home/samfetchero1/pacificnorthwestcoastbias.com/wp-includes/block-bindings HTTP/1.1" 200 6097 "-" "Mozilla/5.0 (compatible; MJ12bot/v1.4.8; http://mj12bot.com/)"
52.54.15.103 - - [21/Nov/2025:01:59:46 -0800] "GET /a-sam-fetchero-economic-indicator/?fileloc=//bin/lexgrog&path=//bin HTTP/1.1" 200 36848 "-" "Mozilla/5.0 AppleWebKit/537.36 (KHTML, like Gecko; compatible; Amazonbot/0.1; +https://developer.amazon.com/support/amazonbot) Chrome/119.0.6045.214 Safari/537.36"
74.7.227.171 - - [21/Nov/2025:01:59:47 -0800] "GET /donovan-mcnabb-will-never-make-it-back-to-the-super-bowl/?path=//sys/class/tty/ttyte/subsystem/ttyea/subsystem/ttyea/subsystem/ttyue/subsystem/ttycb/subsystem/ttyvf/subsystem/ttywa/subsystem/ttyb6 HTTP/2.0" 200 3163 "-" "Mozilla/5.0 AppleWebKit/537.36 (KHTML, like Gecko; compatible; GPTBot/1.3; +https://openai.com/gptbot)"
66.249.73.65 - - [21/Nov/2025:01:59:47 -0800] "GET /leg/approval40/pe3nu-33196/?fileloc=/home/samfetchero1/pacificnorthwestcoastbias.com/wp-includes/class-wp-simplepie-file.php??m=3288076974 HTTP/1.1" 200 36139 "-" "Mozilla/5.0 (Linux; Android 6.0.1; Nexus 5X Build/MMB29P) AppleWebKit/537.36 (KHTML, like Gecko) Chrome/141.0.7390.122 Mobile Safari/537.36 (compatible; GoogleOther)"
66.249.73.64 - - [21/Nov/2025:01:59:49 -0800] "GET /?m=1627843500 HTTP/1.1" 200 36567 "-" "Mozilla/5.0 (Linux; Android 6.0.1; Nexus 5X Build/MMB29P) AppleWebKit/537.36 (KHTML, like Gecko) Chrome/141.0.7390.122 Mobile Safari/537.36 (compatible; GoogleOther)"
65.108.2.171 - - [21/Nov/2025:01:59:50 -0800] "GET /grading-nate-silvers-election-predictions/?fileloc=/home/samfetchero1/pacificnorthwestcoastbias.com/wp-includes/block-patterns/.htaccess&path=/home/samfetchero1/pacificnorthwestcoastbias.com/wp-includes/block-patterns HTTP/1.1" 200 6098 "-" "Mozilla/5.0 (compatible; MJ12bot/v1.4.8; http://mj12bot.com/)"
74.7.227.171 - - [21/Nov/2025:01:59:50 -0800] "GET /donovan-mcnabb-will-never-make-it-back-to-the-super-bowl/?path=//sys/class/tty/ttyte/subsystem/ttyea/subsystem/ttyea/subsystem/ttyya/subsystem/ttybf/subsystem/ttyba/subsystem/tty22 HTTP/2.0" 200 3151 "-" "Mozilla/5.0 AppleWebKit/537.36 (KHTML, like Gecko; compatible; GPTBot/1.3; +https://openai.com/gptbot)"
66.249.73.64 - - [21/Nov/2025:01:59:51 -0800] "GET /?m=28180303 HTTP/1.1" 200 35713 "-" "Mozilla/5.0 (Linux; Android 6.0.1; Nexus 5X Build/MMB29P) AppleWebKit/537.36 (KHTML, like Gecko) Chrome/141.0.7390.122 Mobile Safari/537.36 (compatible; GoogleOther)"
52.205.141.124 - - [21/Nov/2025:01:59:51 -0800] "GET /king-county-coronavirus-daily-prediction-9-8/?fileloc=//tmp/b76e41b250TCku&path=//tmp HTTP/1.1" 200 5973 "-" "Mozilla/5.0 AppleWebKit/537.36 (KHTML, like Gecko; compatible; Amazonbot/0.1; +https://developer.amazon.com/support/amazonbot) Chrome/119.0.6045.214 Safari/537.36"
66.249.73.73 - - [21/Nov/2025:01:59:53 -0800] "GET /?m=2854420072 HTTP/1.1" 200 36242 "-" "Mozilla/5.0 (Linux; Android 6.0.1; Nexus 5X Build/MMB29P) AppleWebKit/537.36 (KHTML, like Gecko) Chrome/141.0.7390.122 Mobile Safari/537.36 (compatible; GoogleOther)"
74.7.227.171 - - [21/Nov/2025:01:59:53 -0800] "GET /donovan-mcnabb-will-never-make-it-back-to-the-super-bowl/?path=//sys/class/tty/ttyte/subsystem/ttyea/subsystem/ttyea/subsystem/ttyya/subsystem/ttybf/subsystem/ttyba/subsystem/ptytd HTTP/2.0" 200 3152 "-" "Mozilla/5.0 AppleWebKit/537.36 (KHTML, like Gecko; compatible; GPTBot/1.3; +https://openai.com/gptbot)"
65.108.2.171 - - [21/Nov/2025:01:59:54 -0800] "GET /grading-nate-silvers-election-predictions/?fileloc=/home/samfetchero1/pacificnorthwestcoastbias.com/wp-includes/block-supports/.htaccess&path=/home/samfetchero1/pacificnorthwestcoastbias.com/wp-includes/block-supports HTTP/1.1" 200 6098 "-" "Mozilla/5.0 (compatible; MJ12bot/v1.4.8; http://mj12bot.com/)"
66.249.73.73 - - [21/Nov/2025:01:59:54 -0800] "GET /leg/approval40/pe3nu-33196/?fileloc=/home/samfetchero1/pacificnorthwestcoastbias.com/wp-includes/class-wp-simplepie-file.php??m=4031011478 HTTP/1.1" 200 32844 "-" "Mozilla/5.0 (Linux; Android 6.0.1; Nexus 5X Build/MMB29P) AppleWebKit/537.36 (KHTML, like Gecko) Chrome/141.0.7390.122 Mobile Safari/537.36 (compatible; GoogleOther)"
3.215.221.125 - - [21/Nov/2025:01:59:55 -0800] "GET /does-posting-something-on-google-plus-result-in-any-traffic/?fileloc=//etc/overlayroot.local.conf&path=//etc HTTP/1.1" 200 6056 "-" "Mozilla/5.0 AppleWebKit/537.36 (KHTML, like Gecko; compatible; Amazonbot/0.1; +https://developer.amazon.com/support/amazonbot) Chrome/119.0.6045.214 Safari/537.36"
186.193.28.76 - - [21/Nov/2025:01:59:56 -0800] "GET /pages.php?6791746 HTTP/1.1" 403 104086 "-" "Mozilla/5.0 (Windows NT 6.3; Win64; x64) AppleWebKit/537.36 (KHTML, like Gecko) Chrome/105.0.0.0 Safari/537.36"
66.249.73.66 - - [21/Nov/2025:01:59:56 -0800] "GET /?m=763708236 HTTP/1.1" 200 36515 "-" "Mozilla/5.0 (Linux; Android 6.0.1; Nexus 5X Build/MMB29P) AppleWebKit/537.36 (KHTML, like Gecko) Chrome/141.0.7390.122 Mobile Safari/537.36 (compatible; GoogleOther)"
74.7.243.205 - - [21/Nov/2025:01:59:57 -0800] "GET /search.php?b=2918218730972&channel=132e83&from=https://www.pacificnorthwestcoastbias.com/spark.htm?items/084035130.html HTTP/2.0" 403 100214 "-" "Mozilla/5.0 AppleWebKit/537.36 (KHTML, like Gecko; compatible; GPTBot/1.3; +https://openai.com/gptbot)"
74.7.227.171 - - [21/Nov/2025:01:59:57 -0800] "GET /donovan-mcnabb-will-never-make-it-back-to-the-super-bowl/?path=//sys/class/tty/ttyte/subsystem/ttyea/subsystem/ttyea/subsystem/ttyya/subsystem/ttybf/subsystem/ttyba/subsystem/ttyz6 HTTP/2.0" 200 3151 "-" "Mozilla/5.0 AppleWebKit/537.36 (KHTML, like Gecko; compatible; GPTBot/1.3; +https://openai.com/gptbot)"
54.225.148.123 - - [21/Nov/2025:01:59:58 -0800] "GET /king-county-coronavirus-daily-prediction-4-23/?fileloc=//sbin/mkfs.ext2&path=//sbin HTTP/1.1" 200 57111 "-" "Mozilla/5.0 AppleWebKit/537.36 (KHTML, like Gecko; compatible; Amazonbot/0.1; +https://developer.amazon.com/support/amazonbot) Chrome/119.0.6045.214 Safari/537.36"
65.108.2.171 - - [21/Nov/2025:01:59:58 -0800] "GET /grading-nate-silvers-election-predictions/?fileloc=/home/samfetchero1/pacificnorthwestcoastbias.com/wp-includes/block-supports/align.php&path=/home/samfetchero1/pacificnorthwestcoastbias.com/wp-includes/block-supports HTTP/1.1" 200 6621 "-" "Mozilla/5.0 (compatible; MJ12bot/v1.4.8; http://mj12bot.com/)"
66.249.73.66 - - [21/Nov/2025:01:59:58 -0800] "GET /?m=1743977895 HTTP/1.1" 200 31783 "-" "Mozilla/5.0 (Linux; Android 6.0.1; Nexus 5X Build/MMB29P) AppleWebKit/537.36 (KHTML, like Gecko) Chrome/141.0.7390.122 Mobile Safari/537.36 (compatible; GoogleOther)"
74.7.227.171 - - [21/Nov/2025:02:00:00 -0800] "GET /donovan-mcnabb-will-never-make-it-back-to-the-super-bowl/?path=//sys/class/tty/ttyte/subsystem/ttyea/subsystem/ttyea/subsystem/ttyya/subsystem/ttybf/subsystem/ttyba/subsystem/ttyeb HTTP/2.0" 200 3149 "-" "Mozilla/5.0 AppleWebKit/537.36 (KHTML, like Gecko; compatible; GPTBot/1.3; +https://openai.com/gptbot)"
66.249.73.65 - - [21/Nov/2025:02:00:01 -0800] "GET /leg/approval40/pe3nu-33196/?fileloc=/home/samfetchero1/pacificnorthwestcoastbias.com/wp-includes/class-wp-simplepie-file.php??m=2407149386 HTTP/1.1" 200 34853 "-" "Mozilla/5.0 (Linux; Android 6.0.1; Nexus 5X Build/MMB29P) AppleWebKit/537.36 (KHTML, like Gecko) Chrome/141.0.7390.122 Mobile Safari/537.36 (compatible; GoogleOther)"
85.208.96.206 - - [21/Nov/2025:02:00:02 -0800] "GET /?info=753759824 HTTP/1.1" 200 9065 "-" "Mozilla/5.0 (compatible; SemrushBot/7~bl; +http://www.semrush.com/bot.html)"
65.108.2.171 - - [21/Nov/2025:02:00:02 -0800] "GET /grading-nate-silvers-election-predictions/?fileloc=/home/samfetchero1/pacificnorthwestcoastbias.com/wp-includes/block-supports/utils.php&path=/home/samfetchero1/pacificnorthwestcoastbias.com/wp-includes/block-supports HTTP/1.1" 200 6472 "-" "Mozilla/5.0 (compatible; MJ12bot/v1.4.8; http://mj12bot.com/)"
66.249.73.65 - - [21/Nov/2025:02:00:02 -0800] "GET /?m=2743656663 HTTP/1.1" 200 30989 "-" "Mozilla/5.0 (Linux; Android 6.0.1; Nexus 5X Build/MMB29P) AppleWebKit/537.36 (KHTML, like Gecko) Chrome/141.0.7390.122 Mobile Safari/537.36 (compatible; GoogleOther)"
74.7.227.171 - - [21/Nov/2025:02:00:03 -0800] "GET /donovan-mcnabb-will-never-make-it-back-to-the-super-bowl/?path=//sys/class/tty/ttyte/subsystem/ttyea/subsystem/ttyea/subsystem/ttyyb/subsystem/ttyza/subsystem/ttytf/subsystem/ttyya HTTP/2.0" 200 3148 "-" "Mozilla/5.0 AppleWebKit/537.36 (KHTML, like Gecko; compatible; GPTBot/1.3; +https://openai.com/gptbot)"
176.28.222.237 - - [21/Nov/2025:02:00:03 -0800] "GET /feed?path=%2F%2Fsys%2Fmodule%2Faic7xxx HTTP/1.1" 200 6710 "-" "Mozilla/5.0 (Macintosh; Intel Mac OS X 11_2_3) AppleWebKit/537.36 (KHTML, like Gecko) Chrome/89.0.4389.90 Safari/537.36"
98.83.8.142 - - [21/Nov/2025:02:00:02 -0800] "GET /download-jaxx-wallet-for-beginners/?fileloc=//tmp/b76e41b2Wd0Tzw&path=//tmp HTTP/1.1" 200 5973 "-" "Mozilla/5.0 AppleWebKit/537.36 (KHTML, like Gecko; compatible; Amazonbot/0.1; +https://developer.amazon.com/support/amazonbot) Chrome/119.0.6045.214 Safari/537.36"
66.249.73.64 - - [21/Nov/2025:02:00:04 -0800] "GET /?m=1757332304 HTTP/1.1" 200 36302 "-" "Mozilla/5.0 (Linux; Android 6.0.1; Nexus 5X Build/MMB29P) AppleWebKit/537.36 (KHTML, like Gecko) Chrome/141.0.7390.122 Mobile Safari/537.36 (compatible; GoogleOther)"
66.249.73.64 - - [21/Nov/2025:02:00:06 -0800] "GET /?m=3580563984 HTTP/1.1" 200 30200 "-" "Mozilla/5.0 (Linux; Android 6.0.1; Nexus 5X Build/MMB29P) AppleWebKit/537.36 (KHTML, like Gecko) Chrome/141.0.7390.122 Mobile Safari/537.36 (compatible; GoogleOther)"
184.73.47.24 - - [21/Nov/2025:02:00:06 -0800] "GET /a-sam-fetchero-economic-indicator/?fileloc=//bin/lesskey&path=//bin HTTP/1.1" 200 11954 "-" "Mozilla/5.0 AppleWebKit/537.36 (KHTML, like Gecko; compatible; Amazonbot/0.1; +https://developer.amazon.com/support/amazonbot) Chrome/119.0.6045.214 Safari/537.36"
74.7.227.171 - - [21/Nov/2025:02:00:06 -0800] "GET /donovan-mcnabb-will-never-make-it-back-to-the-super-bowl/?path=//sys/class/tty/ttyte/subsystem/ttyea/subsystem/ttyea/subsystem/ttyya/subsystem/ttybf/subsystem/ttyba/subsystem/ttyud HTTP/2.0" 200 3150 "-" "Mozilla/5.0 AppleWebKit/537.36 (KHTML, like Gecko; compatible; GPTBot/1.3; +https://openai.com/gptbot)"
65.108.2.171 - - [21/Nov/2025:02:00:06 -0800] "GET /grading-nate-silvers-election-predictions/?fileloc=/home/samfetchero1/pacificnorthwestcoastbias.com/wp-includes/certificates/.htaccess&path=/home/samfetchero1/pacificnorthwestcoastbias.com/wp-includes/certificates HTTP/1.1" 200 6096 "-" "Mozilla/5.0 (compatible; MJ12bot/v1.4.8; http://mj12bot.com/)"
66.249.73.73 - - [21/Nov/2025:02:00:07 -0800] "GET /leg/approval40/pe3nu-33196/?fileloc=/home/samfetchero1/pacificnorthwestcoastbias.com/wp-includes/class-wp-simplepie-file.php??m=470496233 HTTP/1.1" 200 34529 "-" "Mozilla/5.0 (Linux; Android 6.0.1; Nexus 5X Build/MMB29P) AppleWebKit/537.36 (KHTML, like Gecko) Chrome/141.0.7390.122 Mobile Safari/537.36 (compatible; GoogleOther)"
85.208.96.208 - - [21/Nov/2025:02:00:09 -0800] "GET /?info=433135344 HTTP/1.1" 200 9065 "-" "Mozilla/5.0 (compatible; SemrushBot/7~bl; +http://www.semrush.com/bot.html)"
66.249.73.73 - - [21/Nov/2025:02:00:09 -0800] "GET /?m=366653043 HTTP/1.1" 200 30134 "-" "Mozilla/5.0 (Linux; Android 6.0.1; Nexus 5X Build/MMB29P) AppleWebKit/537.36 (KHTML, like Gecko) Chrome/141.0.7390.122 Mobile Safari/537.36 (compatible; GoogleOther)"
74.7.227.171 - - [21/Nov/2025:02:00:09 -0800] "GET /donovan-mcnabb-will-never-make-it-back-to-the-super-bowl/?path=//sys/class/tty/ttyte/subsystem/ttyea/subsystem/ttyea/subsystem/ttyya/subsystem/ttybf/subsystem/ttyba/subsystem/ptyca HTTP/2.0" 200 3152 "-" "Mozilla/5.0 AppleWebKit/537.36 (KHTML, like Gecko; compatible; GPTBot/1.3; +https://openai.com/gptbot)"
52.4.76.156 - - [21/Nov/2025:02:00:10 -0800] "GET /a-sam-fetchero-economic-indicator/?fileloc=//bin/byobu-ctrl-a&path=//bin HTTP/1.1" 200 7865 "-" "Mozilla/5.0 AppleWebKit/537.36 (KHTML, like Gecko; compatible; Amazonbot/0.1; +https://developer.amazon.com/support/amazonbot) Chrome/119.0.6045.214 Safari/537.36"
65.108.2.171 - - [21/Nov/2025:02:00:11 -0800] "GET /grading-nate-silvers-election-predictions/?fileloc=/home/samfetchero1/pacificnorthwestcoastbias.com/wp-includes/certificates/ca-bundle.crt&path=/home/samfetchero1/pacificnorthwestcoastbias.com/wp-includes/certificates HTTP/1.1" 200 138077 "-" "Mozilla/5.0 (compatible; MJ12bot/v1.4.8; http://mj12bot.com/)"
