66.249.73.73 - - [21/Nov/2025:02:00:11 -0800] "GET /?m=3802432393 HTTP/1.1" 200 30988 "-" "Mozilla/5.0 (Linux; Android 6.0.1; Nexus 5X Build/MMB29P) AppleWebKit/537.36 (KHTML, like Gecko) Chrome/141.0.7390.122 Mobile Safari/537.36 (compatible; GoogleOther)"
74.7.227.171 - - [21/Nov/2025:02:00:13 -0800] "GET /donovan-mcnabb-will-never-make-it-back-to-the-super-bowl/?path=//sys/class/tty/ttyte/subsystem/ttyea/subsystem/ttyea/subsystem/ttyyb/subsystem/ttyza/subsystem/ttytf/subsystem/ptyab HTTP/2.0" 200 3152 "-" "Mozilla/5.0 AppleWebKit/537.36 (KHTML, like Gecko; compatible; GPTBot/1.3; +https://openai.com/gptbot)"
66.249.73.73 - - [21/Nov/2025:02:00:13 -0800] "GET /?m=3116821289 HTTP/1.1" 200 33093 "-" "Mozilla/5.0 (Linux; Android 6.0.1; Nexus 5X Build/MMB29P) AppleWebKit/537.36 (KHTML, like Gecko) Chrome/141.0.7390.122 Mobile Safari/537.36 (compatible; GoogleOther)"
2.88.135.52 - - [21/Nov/2025:02:00:13 -0800] "GET /f/services/anpi/safetylink24/ HTTP/1.1" 200 9117 "-" "Mozilla/5.0 (Windows NT 10.0; Win64; x64) AppleWebKit/537.36 (KHTML, like Gecko) Brave Chrome/77.0.3865.90 Safari/537.36"
45.230.206.148 - - [21/Nov/2025:02:00:14 -0800] "GET /?m=2311244979 HTTP/1.1" 200 9117 "-" "Mozilla/5.0 (Windows NT 10.0; Win64; x64) AppleWebKit/537.36 (KHTML, like Gecko) Chrome/100.0.1483.27 Safari/537.36"
54.84.169.196 - - [21/Nov/2025:02:00:14 -0800] "GET /king-county-coronavirus-daily-prediction-4-6/?fileloc=//tmp/_QMAGZMrnwEte&path=//tmp HTTP/1.1" 200 5974 "-" "Mozilla/5.0 AppleWebKit/537.36 (KHTML, like Gecko; compatible; Amazonbot/0.1; +https://developer.amazon.com/support/amazonbot) Chrome/119.0.6045.214 Safari/537.36"
66.249.73.73 - - [21/Nov/2025:02:00:15 -0800] "GET /leg/approval40/pe3nu-33196/?fileloc=/home/samfetchero1/pacificnorthwestcoastbias.com/wp-includes/class-wp-simplepie-file.php??m=4271507495 HTTP/1.1" 200 34507 "-" "Mozilla/5.0 (Linux; Android 6.0.1; Nexus 5X Build/MMB29P) AppleWebKit/537.36 (KHTML, like Gecko) Chrome/141.0.7390.122 Mobile Safari/537.36 (compatible; GoogleOther)"
65.108.2.171 - - [21/Nov/2025:02:00:15 -0800] "GET /grading-nate-silvers-election-predictions/?fileloc=/home/samfetchero1/pacificnorthwestcoastbias.com/wp-includes/customize/.htaccess&path=/home/samfetchero1/pacificnorthwestcoastbias.com/wp-includes/customize HTTP/1.1" 200 6095 "-" "Mozilla/5.0 (compatible; MJ12bot/v1.4.8; http://mj12bot.com/)"
74.7.227.171 - - [21/Nov/2025:02:00:16 -0800] "GET /donovan-mcnabb-will-never-make-it-back-to-the-super-bowl/?path=//sys/class/tty/ttyte/subsystem/ttyea/subsystem/ttyea/subsystem/ttyya/subsystem/ttybf/subsystem/ttyba/subsystem/ttyuf HTTP/2.0" 200 3149 "-" "Mozilla/5.0 AppleWebKit/537.36 (KHTML, like Gecko; compatible; GPTBot/1.3; +https://openai.com/gptbot)"
66.249.73.64 - - [21/Nov/2025:02:00:16 -0800] "GET /?m=3334977370 HTTP/1.1" 200 34306 "-" "Mozilla/5.0 (Linux; Android 6.0.1; Nexus 5X Build/MMB29P) AppleWebKit/537.36 (KHTML, like Gecko) Chrome/141.0.7390.122 Mobile Safari/537.36 (compatible; GoogleOther)"
114.119.133.213 - - [21/Nov/2025:02:00:17 -0800] "GET /?m=3736092963 HTTP/1.1" 200 9065 "https://pacificnorthwestcoastbias.com/?sitemap369.xml" "Mozilla/5.0 (Linux; Android 7.0;) AppleWebKit/537.36 (KHTML, like Gecko) Mobile Safari/537.36 (compatible; PetalBot;+https://webmaster.petalsearch.com/site/petalbot)"
98.83.8.142 - - [21/Nov/2025:02:00:18 -0800] "GET /a-sam-fetchero-economic-indicator/?fileloc=//bin/lnstat&path=//bin HTTP/1.1" 200 12843 "-" "Mozilla/5.0 AppleWebKit/537.36 (KHTML, like Gecko; compatible; Amazonbot/0.1; +https://developer.amazon.com/support/amazonbot) Chrome/119.0.6045.214 Safari/537.36"
66.249.73.64 - - [21/Nov/2025:02:00:18 -0800] "GET /vessel/lecture1/7rw4d-2013/?fileloc=/home/samfetchero1/pacificnorthwestcoastbias.com/wp-rdf.php??m=3611521757 HTTP/1.1" 200 33768 "-" "Mozilla/5.0 (Linux; Android 6.0.1; Nexus 5X Build/MMB29P) AppleWebKit/537.36 (KHTML, like Gecko) Chrome/141.0.7390.122 Mobile Safari/537.36 (compatible; GoogleOther)"
74.7.227.171 - - [21/Nov/2025:02:00:19 -0800] "GET /donovan-mcnabb-will-never-make-it-back-to-the-super-bowl/?path=//sys/class/tty/ttyte/subsystem/ttyea/subsystem/ttyea/subsystem/ttyya/subsystem/ttybf/subsystem/ttyba/subsystem/ttyaa HTTP/2.0" 200 3148 "-" "Mozilla/5.0 AppleWebKit/537.36 (KHTML, like Gecko; compatible; GPTBot/1.3; +https://openai.com/gptbot)"
65.108.2.171 - - [21/Nov/2025:02:00:19 -0800] "GET /grading-nate-silvers-election-predictions/?fileloc=/home/samfetchero1/pacificnorthwestcoastbias.com/wp-includes/html-api/.htaccess&path=/home/samfetchero1/pacificnorthwestcoastbias.com/wp-includes/html-api HTTP/1.1" 200 6093 "-" "Mozilla/5.0 (compatible; MJ12bot/v1.4.8; http://mj12bot.com/)"
66.249.73.73 - - [21/Nov/2025:02:00:20 -0800] "GET /coalition/cargo40/pe3nu-33196/?fileloc=/home/samfetchero1/pacificnorthwestcoastbias.com/wp-content/wp-school.php?f/services/sds/ HTTP/1.1" 200 36765 "-" "Mozilla/5.0 (Linux; Android 6.0.1; Nexus 5X Build/MMB29P) AppleWebKit/537.36 (KHTML, like Gecko) Chrome/141.0.7390.122 Mobile Safari/537.36 (compatible; GoogleOther)"
85.208.96.204 - - [21/Nov/2025:02:00:21 -0800] "GET /king-county-coronavirus-daily-prediction-3-28/ HTTP/1.1" 200 9065 "-" "Mozilla/5.0 (compatible; SemrushBot/7~bl; +http://www.semrush.com/bot.html)"
74.7.227.171 - - [21/Nov/2025:02:00:22 -0800] "GET /donovan-mcnabb-will-never-make-it-back-to-the-super-bowl/?path=//sys/class/tty/ttyte/subsystem/ttyea/subsystem/ttyea/subsystem/ttyyb/subsystem/ttyza/subsystem/ttytf/subsystem/ptysc HTTP/2.0" 200 3153 "-" "Mozilla/5.0 AppleWebKit/537.36 (KHTML, like Gecko; compatible; GPTBot/1.3; +https://openai.com/gptbot)"
66.249.73.73 - - [21/Nov/2025:02:00:22 -0800] "GET /collections/142105482290 HTTP/1.1" 200 32049 "-" "Mozilla/5.0 (Linux; Android 6.0.1; Nexus 5X Build/MMB29P) AppleWebKit/537.36 (KHTML, like Gecko) Chrome/141.0.7390.122 Mobile Safari/537.36 (compatible; GoogleOther)"
65.108.2.171 - - [21/Nov/2025:02:00:23 -0800] "GET /grading-nate-silvers-election-predictions/?fileloc=/home/samfetchero1/pacificnorthwestcoastbias.com/wp-includes/l10n/.htaccess&path=/home/samfetchero1/pacificnorthwestcoastbias.com/wp-includes/l10n HTTP/1.1" 200 6090 "-" "Mozilla/5.0 (compatible; MJ12bot/v1.4.8; http://mj12bot.com/)"
44.209.35.147 - - [21/Nov/2025:02:00:23 -0800] "GET /download-jaxx-wallet-for-beginners/?fileloc=//tmp/b76e41b2E2FxEz&path=//tmp HTTP/1.1" 200 5973 "-" "Mozilla/5.0 AppleWebKit/537.36 (KHTML, like Gecko; compatible; Amazonbot/0.1; +https://developer.amazon.com/support/amazonbot) Chrome/119.0.6045.214 Safari/537.36"
66.249.73.64 - - [21/Nov/2025:02:00:24 -0800] "GET /?m=1207925333 HTTP/1.1" 200 36641 "-" "Mozilla/5.0 (Linux; Android 6.0.1; Nexus 5X Build/MMB29P) AppleWebKit/537.36 (KHTML, like Gecko) Chrome/141.0.7390.122 Mobile Safari/537.36 (compatible; GoogleOther)"
45.175.146.12 - - [21/Nov/2025:02:00:24 -0800] "GET /upon/scene31/m16h8-2035/ HTTP/1.1" 200 9117 "-" "Mozilla/5.0 (Windows NT 6.1; Win64; x64) AppleWebKit/537.36 (KHTML, like Gecko) Chrome/80.0.3987.132 Safari/537.36"
74.7.227.171 - - [21/Nov/2025:02:00:25 -0800] "GET /donovan-mcnabb-will-never-make-it-back-to-the-super-bowl/?path=//sys/class/tty/ttyte/subsystem/ttyea/subsystem/ttyea/subsystem/ttyya/subsystem/ttybf/subsystem/ttyba/subsystem/ttyqe HTTP/2.0" 200 3150 "-" "Mozilla/5.0 AppleWebKit/537.36 (KHTML, like Gecko; compatible; GPTBot/1.3; +https://openai.com/gptbot)"
66.249.73.64 - - [21/Nov/2025:02:00:26 -0800] "GET /?m=77443830 HTTP/1.1" 200 33004 "-" "Mozilla/5.0 (Linux; Android 6.0.1; Nexus 5X Build/MMB29P) AppleWebKit/537.36 (KHTML, like Gecko) Chrome/141.0.7390.122 Mobile Safari/537.36 (compatible; GoogleOther)"
3.227.180.70 - - [21/Nov/2025:02:00:27 -0800] "GET /a-sam-fetchero-economic-indicator/?fileloc=//bin/pbmtoepsi&path=//bin HTTP/1.1" 200 8389 "-" "Mozilla/5.0 AppleWebKit/537.36 (KHTML, like Gecko; compatible; Amazonbot/0.1; +https://developer.amazon.com/support/amazonbot) Chrome/119.0.6045.214 Safari/537.36"
65.108.2.171 - - [21/Nov/2025:02:00:27 -0800] "GET /grading-nate-silvers-election-predictions/?fileloc=/home/samfetchero1/pacificnorthwestcoastbias.com/wp-includes/l10n/class-wp-translation-file.php&path=/home/samfetchero1/pacificnorthwestcoastbias.com/wp-includes/l10n HTTP/1.1" 200 7689 "-" "Mozilla/5.0 (compatible; MJ12bot/v1.4.8; http://mj12bot.com/)"
66.249.73.73 - - [21/Nov/2025:02:00:27 -0800] "GET /?m=3591534679 HTTP/1.1" 200 35456 "-" "Mozilla/5.0 (Linux; Android 6.0.1; Nexus 5X Build/MMB29P) AppleWebKit/537.36 (KHTML, like Gecko) Chrome/141.0.7390.122 Mobile Safari/537.36 (compatible; GoogleOther)"
74.7.227.171 - - [21/Nov/2025:02:00:28 -0800] "GET /donovan-mcnabb-will-never-make-it-back-to-the-super-bowl/?path=//sys/class/tty/ttyte/subsystem/ttyea/subsystem/ttyea/subsystem/ttyya/subsystem/ttybf/subsystem/ttyba/subsystem/ptywc HTTP/2.0" 200 3153 "-" "Mozilla/5.0 AppleWebKit/537.36 (KHTML, like Gecko; compatible; GPTBot/1.3; +https://openai.com/gptbot)"
66.249.73.73 - - [21/Nov/2025:02:00:29 -0800] "GET /?m=107929208 HTTP/1.1" 200 34242 "-" "Mozilla/5.0 (Linux; Android 6.0.1; Nexus 5X Build/MMB29P) AppleWebKit/537.36 (KHTML, like Gecko) Chrome/141.0.7390.122 Mobile Safari/537.36 (compatible; GoogleOther)"
52.54.15.103 - - [21/Nov/2025:02:00:31 -0800] "GET /download-jaxx-wallet-for-beginners/?path=//run/shm/acme_modernagereader.komicbox.com HTTP/1.1" 200 6708 "-" "Mozilla/5.0 AppleWebKit/537.36 (KHTML, like Gecko; compatible; Amazonbot/0.1; +https://developer.amazon.com/support/amazonbot) Chrome/119.0.6045.214 Safari/537.36"
65.108.2.171 - - [21/Nov/2025:02:00:31 -0800] "GET /grading-nate-silvers-election-predictions/?fileloc=/home/samfetchero1/pacificnorthwestcoastbias.com/wp-includes/l10n/class-wp-translations.php&path=/home/samfetchero1/pacificnorthwestcoastbias.com/wp-includes/l10n HTTP/1.1" 200 7145 "-" "Mozilla/5.0 (compatible; MJ12bot/v1.4.8; http://mj12bot.com/)"
74.7.227.171 - - [21/Nov/2025:02:00:32 -0800] "GET /donovan-mcnabb-will-never-make-it-back-to-the-super-bowl/?path=//sys/class/tty/ttyte/subsystem/ttyea/subsystem/ttyea/subsystem/ttyya/subsystem/ttybf/subsystem/ttyba/subsystem/ttywc HTTP/2.0" 200 3150 "-" "Mozilla/5.0 AppleWebKit/537.36 (KHTML, like Gecko; compatible; GPTBot/1.3; +https://openai.com/gptbot)"
66.249.74.70 - - [21/Nov/2025:02:00:32 -0800] "GET /researcher/medium66/bh7mm-794/?fileloc=/home/samfetchero1/pacificnorthwestcoastbias.com/postnews.php??m=360621497 HTTP/1.1" 200 34748 "-" "Mozilla/5.0 (Linux; Android 6.0.1; Nexus 5X Build/MMB29P) AppleWebKit/537.36 (KHTML, like Gecko) Chrome/141.0.7390.122 Mobile Safari/537.36 (compatible; GoogleOther)"
66.249.73.64 - - [21/Nov/2025:02:00:32 -0800] "GET /?info=635508656 HTTP/1.1" 200 37086 "-" "Mozilla/5.0 (Linux; Android 6.0.1; Nexus 5X Build/MMB29P) AppleWebKit/537.36 (KHTML, like Gecko) Chrome/141.0.7390.122 Mobile Safari/537.36 (compatible; Googlebot/2.1; +http://www.google.com/bot.html)"
66.249.73.64 - - [21/Nov/2025:02:00:33 -0800] "GET /leg/approval40/pe3nu-33196/?fileloc=/home/samfetchero1/pacificnorthwestcoastbias.com/wp-includes/class-wp-simplepie-file.php??m=792562066 HTTP/1.1" 200 35701 "-" "Mozilla/5.0 (Linux; Android 6.0.1; Nexus 5X Build/MMB29P) AppleWebKit/537.36 (KHTML, like Gecko) Chrome/141.0.7390.122 Mobile Safari/537.36 (compatible; GoogleOther)"
184.73.35.182 - - [21/Nov/2025:02:00:34 -0800] "GET /does-posting-something-on-google-plus-result-in-any-traffic/?fileloc=//sbin/update-language&path=//sbin HTTP/1.1" 200 9353 "-" "Mozilla/5.0 AppleWebKit/537.36 (KHTML, like Gecko; compatible; Amazonbot/0.1; +https://developer.amazon.com/support/amazonbot) Chrome/119.0.6045.214 Safari/537.36"
74.7.227.171 - - [21/Nov/2025:02:00:35 -0800] "GET /donovan-mcnabb-will-never-make-it-back-to-the-super-bowl/?path=//sys/class/tty/ttyte/subsystem/ttyea/subsystem/ttyea/subsystem/ttyyb/subsystem/ttyza/subsystem/ttytf/subsystem/ttybd HTTP/2.0" 200 3151 "-" "Mozilla/5.0 AppleWebKit/537.36 (KHTML, like Gecko; compatible; GPTBot/1.3; +https://openai.com/gptbot)"
65.108.2.171 - - [21/Nov/2025:02:00:35 -0800] "GET /grading-nate-silvers-election-predictions/?fileloc=/home/samfetchero1/pacificnorthwestcoastbias.com/wp-includes/php-compat/.htaccess&path=/home/samfetchero1/pacificnorthwestcoastbias.com/wp-includes/php-compat HTTP/1.1" 200 6096 "-" "Mozilla/5.0 (compatible; MJ12bot/v1.4.8; http://mj12bot.com/)"
66.249.74.71 - - [21/Nov/2025:02:00:35 -0800] "GET /researcher/medium66/bh7mm-794/?fileloc=/home/samfetchero1/pacificnorthwestcoastbias.com/admin.php??m=188529093 HTTP/1.1" 200 36401 "-" "Mozilla/5.0 (Linux; Android 6.0.1; Nexus 5X Build/MMB29P) AppleWebKit/537.36 (KHTML, like Gecko) Chrome/141.0.7390.122 Mobile Safari/537.36 (compatible; GoogleOther)"
187.49.165.107 - - [21/Nov/2025:02:00:36 -0800] "GET /others/ruling19/9fuvs-685/ HTTP/1.1" 200 9117 "-" "Mozilla/5.0 (Windows NT 6.2; Win64; x64) AppleWebKit/537.36 (KHTML, like Gecko) Chrome/107.0.0.0 Safari/537.36"
66.249.73.64 - - [21/Nov/2025:02:00:37 -0800] "GET /?m=1797207565 HTTP/1.1" 200 32320 "-" "Mozilla/5.0 (Linux; Android 6.0.1; Nexus 5X Build/MMB29P) AppleWebKit/537.36 (KHTML, like Gecko) Chrome/141.0.7390.122 Mobile Safari/537.36 (compatible; GoogleOther)"
34.231.181.240 - - [21/Nov/2025:02:00:38 -0800] "GET /king-county-coronavirus-daily-prediction-4-23/?fileloc=//bin/gcov-tool-11&path=//bin HTTP/1.1" 200 131866 "-" "Mozilla/5.0 AppleWebKit/537.36 (KHTML, like Gecko; compatible; Amazonbot/0.1; +https://developer.amazon.com/support/amazonbot) Chrome/119.0.6045.214 Safari/537.36"
74.7.227.171 - - [21/Nov/2025:02:00:38 -0800] "GET /donovan-mcnabb-will-never-make-it-back-to-the-super-bowl/?path=//sys/class/tty/ttyte/subsystem/ttyea/subsystem/ttyea/subsystem/ttyya/subsystem/ttybf/subsystem/ttyba/subsystem/ttyvc HTTP/2.0" 200 3151 "-" "Mozilla/5.0 AppleWebKit/537.36 (KHTML, like Gecko; compatible; GPTBot/1.3; +https://openai.com/gptbot)"
65.108.2.171 - - [21/Nov/2025:02:00:39 -0800] "GET /grading-nate-silvers-election-predictions/?fileloc=/home/samfetchero1/pacificnorthwestcoastbias.com/wp-includes/php-compat/readonly.php&path=/home/samfetchero1/pacificnorthwestcoastbias.com/wp-includes/php-compat HTTP/1.1" 200 6577 "-" "Mozilla/5.0 (compatible; MJ12bot/v1.4.8; http://mj12bot.com/)"
66.249.73.73 - - [21/Nov/2025:02:00:39 -0800] "GET /leg/approval40/pe3nu-33196/?fileloc=/home/samfetchero1/pacificnorthwestcoastbias.com/wp-includes/class-wp-simplepie-file.php?m=681781714 HTTP/1.1" 200 36876 "-" "Mozilla/5.0 (Linux; Android 6.0.1; Nexus 5X Build/MMB29P) AppleWebKit/537.36 (KHTML, like Gecko) Chrome/141.0.7390.122 Mobile Safari/537.36 (compatible; GoogleOther)"
66.249.73.64 - - [21/Nov/2025:02:00:41 -0800] "GET /?m=1162597396 HTTP/1.1" 200 33422 "-" "Mozilla/5.0 (Linux; Android 6.0.1; Nexus 5X Build/MMB29P) AppleWebKit/537.36 (KHTML, like Gecko) Chrome/141.0.7390.122 Mobile Safari/537.36 (compatible; GoogleOther)"
74.7.227.171 - - [21/Nov/2025:02:00:41 -0800] "GET /donovan-mcnabb-will-never-make-it-back-to-the-super-bowl/?path=//sys/class/tty/ttyte/subsystem/ttyea/subsystem/ttyea/subsystem/ttyya/subsystem/ttybf/subsystem/ttyba/subsystem/ttyee HTTP/2.0" 200 3148 "-" "Mozilla/5.0 AppleWebKit/537.36 (KHTML, like Gecko; compatible; GPTBot/1.3; +https://openai.com/gptbot)"
66.249.73.64 - - [21/Nov/2025:02:00:42 -0800] "GET /?m=2338953804 HTTP/1.1" 200 34292 "-" "Mozilla/5.0 (Linux; Android 6.0.1; Nexus 5X Build/MMB29P) AppleWebKit/537.36 (KHTML, like Gecko) Chrome/141.0.7390.122 Mobile Safari/537.36 (compatible; GoogleOther)"
44.221.227.90 - - [21/Nov/2025:02:00:43 -0800] "GET /king-county-coronavirus-daily-prediction-9-8/?path=//lib/firmware/e100 HTTP/1.1" 200 6397 "-" "Mozilla/5.0 AppleWebKit/537.36 (KHTML, like Gecko; compatible; Amazonbot/0.1; +https://developer.amazon.com/support/amazonbot) Chrome/119.0.6045.214 Safari/537.36"
65.108.2.171 - - [21/Nov/2025:02:00:43 -0800] "GET /grading-nate-silvers-election-predictions/?fileloc=/home/samfetchero1/pacificnorthwestcoastbias.com/wp-includes/pl079758/.htaccess&path=/home/samfetchero1/pacificnorthwestcoastbias.com/wp-includes/pl079758 HTTP/1.1" 200 6096 "-" "Mozilla/5.0 (compatible; MJ12bot/v1.4.8; http://mj12bot.com/)"
74.7.227.171 - - [21/Nov/2025:02:00:44 -0800] "GET /donovan-mcnabb-will-never-make-it-back-to-the-super-bowl/?path=//sys/class/tty/ttyte/subsystem/ttyea/subsystem/ttyea/subsystem/ttyyb/subsystem/ttyza/subsystem/ttytf/subsystem/ttyze HTTP/2.0" 200 3149 "-" "Mozilla/5.0 AppleWebKit/537.36 (KHTML, like Gecko; compatible; GPTBot/1.3; +https://openai.com/gptbot)"
66.249.73.64 - - [21/Nov/2025:02:00:44 -0800] "GET /piano/passing56/d0b5t-1442/?fileloc=/home/samfetchero1/pacificnorthwestcoastbias.com/wp-includes/class-wp-simplepie-file.php??m=152990711 HTTP/1.1" 200 32477 "-" "Mozilla/5.0 (Linux; Android 6.0.1; Nexus 5X Build/MMB29P) AppleWebKit/537.36 (KHTML, like Gecko) Chrome/141.0.7390.122 Mobile Safari/537.36 (compatible; GoogleOther)"
138.59.142.139 - - [21/Nov/2025:02:00:46 -0800] "GET /?m=3441522558 HTTP/1.1" 200 9117 "-" "Mozilla/5.0 (Macintosh; Intel Mac OS X 10_14_5) AppleWebKit/537.36 (KHTML, like Gecko) Chrome/74.0.3729.169 Safari/537.36"
66.249.73.64 - - [21/Nov/2025:02:00:46 -0800] "GET /?m=3928421182 HTTP/1.1" 200 31640 "-" "Mozilla/5.0 (Linux; Android 6.0.1; Nexus 5X Build/MMB29P) AppleWebKit/537.36 (KHTML, like Gecko) Chrome/141.0.7390.122 Mobile Safari/537.36 (compatible; GoogleOther)"
35.173.18.61 - - [21/Nov/2025:02:00:46 -0800] "GET /does-posting-something-on-google-plus-result-in-any-traffic/?fileloc=//tmp/_ijvMXWAdILXG&path=//tmp HTTP/1.1" 200 5975 "-" "Mozilla/5.0 AppleWebKit/537.36 (KHTML, like Gecko; compatible; Amazonbot/0.1; +https://developer.amazon.com/support/amazonbot) Chrome/119.0.6045.214 Safari/537.36"
65.108.2.171 - - [21/Nov/2025:02:00:47 -0800] "GET /grading-nate-silvers-election-predictions/?fileloc=/home/samfetchero1/pacificnorthwestcoastbias.com/wp-includes/pl079758/033&path=/home/samfetchero1/pacificnorthwestcoastbias.com/wp-includes/pl079758 HTTP/1.1" 200 33920 "-" "Mozilla/5.0 (compatible; MJ12bot/v1.4.8; http://mj12bot.com/)"
74.7.227.171 - - [21/Nov/2025:02:00:47 -0800] "GET /donovan-mcnabb-will-never-make-it-back-to-the-super-bowl/?path=//sys/class/tty/ttyte/subsystem/ttyea/subsystem/ttyea/subsystem/ttyyb/subsystem/ttyza/subsystem/ttytf/subsystem/ttyua HTTP/2.0" 200 3150 "-" "Mozilla/5.0 AppleWebKit/537.36 (KHTML, like Gecko; compatible; GPTBot/1.3; +https://openai.com/gptbot)"
66.249.73.73 - - [21/Nov/2025:02:00:48 -0800] "GET /?m=1220889381 HTTP/1.1" 200 34722 "-" "Mozilla/5.0 (Linux; Android 6.0.1; Nexus 5X Build/MMB29P) AppleWebKit/537.36 (KHTML, like Gecko) Chrome/141.0.7390.122 Mobile Safari/537.36 (compatible; GoogleOther)"
66.249.73.66 - - [21/Nov/2025:02:00:50 -0800] "GET /leg/approval40/pe3nu-33196/?fileloc=/home/samfetchero1/pacificnorthwestcoastbias.com/wp-includes/class-wp-simplepie-file.php??m=825600236 HTTP/1.1" 200 39115 "-" "Mozilla/5.0 (Linux; Android 6.0.1; Nexus 5X Build/MMB29P) AppleWebKit/537.36 (KHTML, like Gecko) Chrome/141.0.7390.122 Mobile Safari/537.36 (compatible; GoogleOther)"
74.7.227.171 - - [21/Nov/2025:02:00:51 -0800] "GET /donovan-mcnabb-will-never-make-it-back-to-the-super-bowl/?path=//sys/class/tty/ttyte/subsystem/ttyea/subsystem/ttyea/subsystem/ttyyb/subsystem/ttyza/subsystem/ttytf/subsystem/ttyyf HTTP/2.0" 200 3148 "-" "Mozilla/5.0 AppleWebKit/537.36 (KHTML, like Gecko; compatible; GPTBot/1.3; +https://openai.com/gptbot)"
3.216.13.10 - - [21/Nov/2025:02:00:51 -0800] "GET /a-sam-fetchero-economic-indicator/?fileloc=//hs_err_pid2970248.log&path=/ HTTP/1.1" 200 13863 "-" "Mozilla/5.0 AppleWebKit/537.36 (KHTML, like Gecko; compatible; Amazonbot/0.1; +https://developer.amazon.com/support/amazonbot) Chrome/119.0.6045.214 Safari/537.36"
66.249.73.64 - - [21/Nov/2025:02:00:52 -0800] "GET /?m=786538201 HTTP/1.1" 200 35166 "-" "Mozilla/5.0 (Linux; Android 6.0.1; Nexus 5X Build/MMB29P) AppleWebKit/537.36 (KHTML, like Gecko) Chrome/141.0.7390.122 Mobile Safari/537.36 (compatible; GoogleOther)"
65.108.2.171 - - [21/Nov/2025:02:00:51 -0800] "GET /grading-nate-silvers-election-predictions/?fileloc=/home/samfetchero1/pacificnorthwestcoastbias.com/wp-includes/pl079758/edit.php&path=/home/samfetchero1/pacificnorthwestcoastbias.com/wp-includes/pl079758 HTTP/1.1" 200 8613 "-" "Mozilla/5.0 (compatible; MJ12bot/v1.4.8; http://mj12bot.com/)"
66.249.73.66 - - [21/Nov/2025:02:00:53 -0800] "GET /leg/approval40/pe3nu-33196/?fileloc=/home/samfetchero1/pacificnorthwestcoastbias.com/wp-includes/class-wp-simplepie-file.php??m=449380566 HTTP/1.1" 200 33292 "-" "Mozilla/5.0 (Linux; Android 6.0.1; Nexus 5X Build/MMB29P) AppleWebKit/537.36 (KHTML, like Gecko) Chrome/141.0.7390.122 Mobile Safari/537.36 (compatible; GoogleOther)"
74.7.227.171 - - [21/Nov/2025:02:00:54 -0800] "GET /donovan-mcnabb-will-never-make-it-back-to-the-super-bowl/?path=//sys/class/tty/ttyte/subsystem/ttyea/subsystem/ttyea/subsystem/ttyyb/subsystem/ttyza/subsystem/ttytf/subsystem/ptyae HTTP/2.0" 200 3152 "-" "Mozilla/5.0 AppleWebKit/537.36 (KHTML, like Gecko; compatible; GPTBot/1.3; +https://openai.com/gptbot)"
34.194.233.48 - - [21/Nov/2025:02:00:54 -0800] "GET /twitter-weekly-updates-for-2012-03-11-2/?fileloc=//sbin/ctrlaltdel&path=//sbin HTTP/1.1" 200 9861 "-" "Mozilla/5.0 AppleWebKit/537.36 (KHTML, like Gecko; compatible; Amazonbot/0.1; +https://developer.amazon.com/support/amazonbot) Chrome/119.0.6045.214 Safari/537.36"
66.249.73.73 - - [21/Nov/2025:02:00:55 -0800] "GET /vessel/lecture1/7rw4d-2013/?fileloc=/home/samfetchero1/pacificnorthwestcoastbias.com/wp-rdf.php??m=1375699342 HTTP/1.1" 200 38101 "-" "Mozilla/5.0 (Linux; Android 6.0.1; Nexus 5X Build/MMB29P) AppleWebKit/537.36 (KHTML, like Gecko) Chrome/141.0.7390.122 Mobile Safari/537.36 (compatible; GoogleOther)"
65.108.2.171 - - [21/Nov/2025:02:00:56 -0800] "GET /grading-nate-silvers-election-predictions/?fileloc=/home/samfetchero1/pacificnorthwestcoastbias.com/wp-includes/pl079758/license.txt&path=/home/samfetchero1/pacificnorthwestcoastbias.com/wp-includes/pl079758 HTTP/1.1" 200 5997 "-" "Mozilla/5.0 (compatible; MJ12bot/v1.4.8; http://mj12bot.com/)"
187.86.247.90 - - [21/Nov/2025:02:00:56 -0800] "GET /?m=2939594674 HTTP/1.1" 200 9117 "-" "Mozilla/5.0 (Windows NT 10.0) AppleWebKit/537.36 (KHTML, like Gecko) Brave Chrome/87.0.4280.88 Safari/537.36"
74.7.227.171 - - [21/Nov/2025:02:00:57 -0800] "GET /donovan-mcnabb-will-never-make-it-back-to-the-super-bowl/?path=//sys/class/tty/ttyte/subsystem/ttyea/subsystem/ttyea/subsystem/ttyyb/subsystem/ttyza/subsystem/ttytf/subsystem/ttyuf HTTP/2.0" 200 3207 "-" "Mozilla/5.0 AppleWebKit/537.36 (KHTML, like Gecko; compatible; GPTBot/1.3; +https://openai.com/gptbot)"
66.249.73.66 - - [21/Nov/2025:02:00:57 -0800] "GET /?m=589767755 HTTP/1.1" 200 31754 "-" "Mozilla/5.0 (Linux; Android 6.0.1; Nexus 5X Build/MMB29P) AppleWebKit/537.36 (KHTML, like Gecko) Chrome/141.0.7390.122 Mobile Safari/537.36 (compatible; GoogleOther)"
66.249.73.64 - - [21/Nov/2025:02:00:59 -0800] "GET /?m=3477652575 HTTP/1.1" 200 36241 "-" "Mozilla/5.0 (Linux; Android 6.0.1; Nexus 5X Build/MMB29P) AppleWebKit/537.36 (KHTML, like Gecko) Chrome/141.0.7390.122 Mobile Safari/537.36 (compatible; GoogleOther)"
74.7.227.171 - - [21/Nov/2025:02:01:00 -0800] "GET /donovan-mcnabb-will-never-make-it-back-to-the-super-bowl/?path=//sys/class/tty/ttyte/subsystem/ttyea/subsystem/ttyea/subsystem/ttyya/subsystem/ttybf/subsystem/ttyba/subsystem/ttyde HTTP/2.0" 200 3149 "-" "Mozilla/5.0 AppleWebKit/537.36 (KHTML, like Gecko; compatible; GPTBot/1.3; +https://openai.com/gptbot)"
65.108.2.171 - - [21/Nov/2025:02:01:00 -0800] "GET /grading-nate-silvers-election-predictions/?fileloc=/home/samfetchero1/pacificnorthwestcoastbias.com/wp-includes/rest-api/.htaccess&path=/home/samfetchero1/pacificnorthwestcoastbias.com/wp-includes/rest-api HTTP/1.1" 200 6094 "-" "Mozilla/5.0 (compatible; MJ12bot/v1.4.8; http://mj12bot.com/)"
74.7.243.205 - - [21/Nov/2025:02:00:59 -0800] "GET /search.php?b=2918218730972&channel=132e83&from=https://www.pacificnorthwestcoastbias.com/spark.htm?items/266005228.html HTTP/2.0" 403 100214 "-" "Mozilla/5.0 AppleWebKit/537.36 (KHTML, like Gecko; compatible; GPTBot/1.3; +https://openai.com/gptbot)"
34.227.234.246 - - [21/Nov/2025:02:01:01 -0800] "GET /download-jaxx-wallet-for-beginners/?fileloc=//bin/byobu-launcher-install&path=//bin HTTP/1.1" 200 7243 "-" "Mozilla/5.0 AppleWebKit/537.36 (KHTML, like Gecko; compatible; Amazonbot/0.1; +https://developer.amazon.com/support/amazonbot) Chrome/119.0.6045.214 Safari/537.36"
66.249.73.65 - - [21/Nov/2025:02:01:02 -0800] "GET /?m=3224656069 HTTP/1.1" 200 37649 "-" "Mozilla/5.0 (Linux; Android 6.0.1; Nexus 5X Build/MMB29P) AppleWebKit/537.36 (KHTML, like Gecko) Chrome/141.0.7390.122 Mobile Safari/537.36 (compatible; GoogleOther)"
66.249.73.64 - - [21/Nov/2025:02:01:02 -0800] "GET /leg/approval40/pe3nu-33196/?fileloc=/home/samfetchero1/pacificnorthwestcoastbias.com/wp-includes/class-wp-simplepie-file.php??m=348245427 HTTP/1.1" 200 31747 "-" "Mozilla/5.0 (Linux; Android 6.0.1; Nexus 5X Build/MMB29P) AppleWebKit/537.36 (KHTML, like Gecko) Chrome/141.0.7390.122 Mobile Safari/537.36 (compatible; GoogleOther)"
74.7.227.171 - - [21/Nov/2025:02:01:03 -0800] "GET /donovan-mcnabb-will-never-make-it-back-to-the-super-bowl/?path=//sys/class/tty/ttyte/subsystem/ttyea/subsystem/ttyea/subsystem/ttyya/subsystem/ttybf/subsystem/ttyba/subsystem/ttyrf HTTP/2.0" 200 3148 "-" "Mozilla/5.0 AppleWebKit/537.36 (KHTML, like Gecko; compatible; GPTBot/1.3; +https://openai.com/gptbot)"
85.208.96.212 - - [21/Nov/2025:02:01:03 -0800] "GET /?info=753507744 HTTP/1.1" 200 9065 "-" "Mozilla/5.0 (compatible; SemrushBot/7~bl; +http://www.semrush.com/bot.html)"
3.210.29.96 - - [21/Nov/2025:02:01:03 -0800] "GET /?fileloc=//bin/pic&path=//bin HTTP/1.1" 200 78577 "-" "Mozilla/5.0 AppleWebKit/537.36 (KHTML, like Gecko; compatible; Amazonbot/0.1; +https://developer.amazon.com/support/amazonbot) Chrome/119.0.6045.214 Safari/537.36"
66.249.73.64 - - [21/Nov/2025:02:01:03 -0800] "GET /collections/142105482290 HTTP/1.1" 200 32050 "-" "Mozilla/5.0 (Linux; Android 6.0.1; Nexus 5X Build/MMB29P) AppleWebKit/537.36 (KHTML, like Gecko) Chrome/141.0.7390.122 Mobile Safari/537.36 (compatible; Googlebot/2.1; +http://www.google.com/bot.html)"
65.108.2.171 - - [21/Nov/2025:02:01:04 -0800] "GET /grading-nate-silvers-election-predictions/?fileloc=/home/samfetchero1/pacificnorthwestcoastbias.com/wp-includes/sitemaps/.htaccess&path=/home/samfetchero1/pacificnorthwestcoastbias.com/wp-includes/sitemaps HTTP/1.1" 200 6093 "-" "Mozilla/5.0 (compatible; MJ12bot/v1.4.8; http://mj12bot.com/)"
66.249.73.64 - - [21/Nov/2025:02:01:04 -0800] "GET /?m=3425385004 HTTP/1.1" 200 30929 "-" "Mozilla/5.0 (Linux; Android 6.0.1; Nexus 5X Build/MMB29P) AppleWebKit/537.36 (KHTML, like Gecko) Chrome/141.0.7390.122 Mobile Safari/537.36 (compatible; GoogleOther)"
74.7.227.171 - - [21/Nov/2025:02:01:06 -0800] "GET /donovan-mcnabb-will-never-make-it-back-to-the-super-bowl/?path=//sys/class/tty/ttyte/subsystem/ttyea/subsystem/ttyea/subsystem/ttyyb/subsystem/ttyza/subsystem/ttytf/subsystem/ttyra HTTP/2.0" 200 3149 "-" "Mozilla/5.0 AppleWebKit/537.36 (KHTML, like Gecko; compatible; GPTBot/1.3; +https://openai.com/gptbot)"
66.249.73.65 - - [21/Nov/2025:02:01:06 -0800] "GET /leg/approval40/pe3nu-33196/?fileloc=/home/samfetchero1/pacificnorthwestcoastbias.com/wp-includes/class-wp-simplepie-file.php??m=1040158636 HTTP/1.1" 200 31735 "-" "Mozilla/5.0 (Linux; Android 6.0.1; Nexus 5X Build/MMB29P) AppleWebKit/537.36 (KHTML, like Gecko) Chrome/141.0.7390.122 Mobile Safari/537.36 (compatible; GoogleOther)"
34.195.248.30 - - [21/Nov/2025:02:01:07 -0800] "GET /does-posting-something-on-google-plus-result-in-any-traffic/?path=//etc/ubuntu-advantage HTTP/1.1" 200 6310 "-" "Mozilla/5.0 AppleWebKit/537.36 (KHTML, like Gecko; compatible; Amazonbot/0.1; +https://developer.amazon.com/support/amazonbot) Chrome/119.0.6045.214 Safari/537.36"
65.108.2.171 - - [21/Nov/2025:02:01:08 -0800] "GET /grading-nate-silvers-election-predictions/?fileloc=/home/samfetchero1/pacificnorthwestcoastbias.com/wp-includes/sitemaps/class-wp-sitemaps.php&path=/home/samfetchero1/pacificnorthwestcoastbias.com/wp-includes/sitemaps HTTP/1.1" 200 8037 "-" "Mozilla/5.0 (compatible; MJ12bot/v1.4.8; http://mj12bot.com/)"
66.249.73.73 - - [21/Nov/2025:02:01:08 -0800] "GET /?m=2689257466 HTTP/1.1" 200 34340 "-" "Mozilla/5.0 (Linux; Android 6.0.1; Nexus 5X Build/MMB29P) AppleWebKit/537.36 (KHTML, like Gecko) Chrome/141.0.7390.122 Mobile Safari/537.36 (compatible; GoogleOther)"
74.7.227.171 - - [21/Nov/2025:02:01:09 -0800] "GET /donovan-mcnabb-will-never-make-it-back-to-the-super-bowl/?path=//sys/class/tty/ttyte/subsystem/ttyea/subsystem/ttyea/subsystem/ttyya/subsystem/ttybf/subsystem/ttyba/subsystem/ptyva HTTP/2.0" 200 3152 "-" "Mozilla/5.0 AppleWebKit/537.36 (KHTML, like Gecko; compatible; GPTBot/1.3; +https://openai.com/gptbot)"
66.249.73.64 - - [21/Nov/2025:02:01:10 -0800] "GET /?m=3247176352 HTTP/1.1" 200 34494 "-" "Mozilla/5.0 (Linux; Android 6.0.1; Nexus 5X Build/MMB29P) AppleWebKit/537.36 (KHTML, like Gecko) Chrome/141.0.7390.122 Mobile Safari/537.36 (compatible; GoogleOther)"
107.20.25.33 - - [21/Nov/2025:02:01:10 -0800] "GET /does-posting-something-on-google-plus-result-in-any-traffic/?fileloc=//bin/editdiff&path=//bin HTTP/1.1" 200 7004 "-" "Mozilla/5.0 AppleWebKit/537.36 (KHTML, like Gecko; compatible; Amazonbot/0.1; +https://developer.amazon.com/support/amazonbot) Chrome/119.0.6045.214 Safari/537.36"
66.249.73.64 - - [21/Nov/2025:02:01:12 -0800] "GET /?m=1173743393 HTTP/1.1" 200 33307 "-" "Mozilla/5.0 (Linux; Android 6.0.1; Nexus 5X Build/MMB29P) AppleWebKit/537.36 (KHTML, like Gecko) Chrome/141.0.7390.122 Mobile Safari/537.36 (compatible; GoogleOther)"
65.108.2.171 - - [21/Nov/2025:02:01:12 -0800] "GET /grading-nate-silvers-election-predictions/?path=//dev/bus/usb HTTP/1.1" 200 6355 "-" "Mozilla/5.0 (compatible; MJ12bot/v1.4.8; http://mj12bot.com/)"
74.7.227.171 - - [21/Nov/2025:02:01:13 -0800] "GET /donovan-mcnabb-will-never-make-it-back-to-the-super-bowl/?path=//sys/class/tty/ttyte/subsystem/ttyea/subsystem/ttyea/subsystem/ttyyb/subsystem/ttyza/subsystem/ttytf/subsystem/ptyee HTTP/2.0" 200 3152 "-" "Mozilla/5.0 AppleWebKit/537.36 (KHTML, like Gecko; compatible; GPTBot/1.3; +https://openai.com/gptbot)"
66.249.73.73 - - [21/Nov/2025:02:01:13 -0800] "GET /?m=2064840881 HTTP/1.1" 200 35720 "-" "Mozilla/5.0 (Linux; Android 6.0.1; Nexus 5X Build/MMB29P) AppleWebKit/537.36 (KHTML, like Gecko) Chrome/141.0.7390.122 Mobile Safari/537.36 (compatible; GoogleOther)"
34.239.197.197 - - [21/Nov/2025:02:01:14 -0800] "GET /download-jaxx-wallet-for-beginners/?fileloc=//tmp/_cdwdLfrGRtfMb&path=//tmp HTTP/1.1" 200 5973 "-" "Mozilla/5.0 AppleWebKit/537.36 (KHTML, like Gecko; compatible; Amazonbot/0.1; +https://developer.amazon.com/support/amazonbot) Chrome/119.0.6045.214 Safari/537.36"
66.249.73.73 - - [21/Nov/2025:02:01:15 -0800] "GET /leg/approval40/pe3nu-33196/?fileloc=/home/samfetchero1/pacificnorthwestcoastbias.com/wp-includes/class-wp-simplepie-file.php??m=1554664824 HTTP/1.1" 200 34348 "-" "Mozilla/5.0 (Linux; Android 6.0.1; Nexus 5X Build/MMB29P) AppleWebKit/537.36 (KHTML, like Gecko) Chrome/141.0.7390.122 Mobile Safari/537.36 (compatible; GoogleOther)"
74.7.227.171 - - [21/Nov/2025:02:01:16 -0800] "GET /donovan-mcnabb-will-never-make-it-back-to-the-super-bowl/?path=//sys/class/tty/ttyte/subsystem/ttyea/subsystem/ttyea/subsystem/ttyya/subsystem/ttybf/subsystem/ttyba/subsystem/ptyub HTTP/2.0" 200 3152 "-" "Mozilla/5.0 AppleWebKit/537.36 (KHTML, like Gecko; compatible; GPTBot/1.3; +https://openai.com/gptbot)"
65.108.2.171 - - [21/Nov/2025:02:01:16 -0800] "GET /grading-nate-silvers-election-predictions/?path=//dh/analog/analog HTTP/1.1" 200 6458 "-" "Mozilla/5.0 (compatible; MJ12bot/v1.4.8; http://mj12bot.com/)"
66.249.73.73 - - [21/Nov/2025:02:01:17 -0800] "GET /?m=183889047 HTTP/1.1" 200 33291 "-" "Mozilla/5.0 (Linux; Android 6.0.1; Nexus 5X Build/MMB29P) AppleWebKit/537.36 (KHTML, like Gecko) Chrome/141.0.7390.122 Mobile Safari/537.36 (compatible; GoogleOther)"
85.208.96.199 - - [21/Nov/2025:02:01:18 -0800] "GET /?info=753750944 HTTP/1.1" 200 9065 "-" "Mozilla/5.0 (compatible; SemrushBot/7~bl; +http://www.semrush.com/bot.html)"
3.211.181.86 - - [21/Nov/2025:02:01:18 -0800] "GET /a-sam-fetchero-economic-indicator/?fileloc=//tmp/Firefox-headpic-8lf1xb.tmp&path=//tmp HTTP/1.1" 200 5980 "-" "Mozilla/5.0 AppleWebKit/537.36 (KHTML, like Gecko; compatible; Amazonbot/0.1; +https://developer.amazon.com/support/amazonbot) Chrome/119.0.6045.214 Safari/537.36"
74.7.227.171 - - [21/Nov/2025:02:01:19 -0800] "GET /donovan-mcnabb-will-never-make-it-back-to-the-super-bowl/?path=//sys/class/tty/ttyte/subsystem/ttyea/subsystem/ttyea/subsystem/ttyya/subsystem/ttybf/subsystem/ttyba/subsystem/ptyef HTTP/2.0" 200 3151 "-" "Mozilla/5.0 AppleWebKit/537.36 (KHTML, like Gecko; compatible; GPTBot/1.3; +https://openai.com/gptbot)"
66.249.73.73 - - [21/Nov/2025:02:01:19 -0800] "GET /leg/approval40/pe3nu-33196/?fileloc=/home/samfetchero1/pacificnorthwestcoastbias.com/wp-includes/class-wp-simplepie-file.php??m=2897068921 HTTP/1.1" 200 33699 "-" "Mozilla/5.0 (Linux; Android 6.0.1; Nexus 5X Build/MMB29P) AppleWebKit/537.36 (KHTML, like Gecko) Chrome/141.0.7390.122 Mobile Safari/537.36 (compatible; GoogleOther)"
65.108.2.171 - - [21/Nov/2025:02:01:20 -0800] "GET /grading-nate-silvers-election-predictions/?path=//dh/apache2/logs HTTP/1.1" 200 6255 "-" "Mozilla/5.0 (compatible; MJ12bot/v1.4.8; http://mj12bot.com/)"
66.249.73.64 - - [21/Nov/2025:02:01:21 -0800] "GET /?m=3065315660 HTTP/1.1" 200 35031 "-" "Mozilla/5.0 (Linux; Android 6.0.1; Nexus 5X Build/MMB29P) AppleWebKit/537.36 (KHTML, like Gecko) Chrome/141.0.7390.122 Mobile Safari/537.36 (compatible; GoogleOther)"
3.224.215.150 - - [21/Nov/2025:02:01:22 -0800] "GET /does-posting-something-on-google-plus-result-in-any-traffic/?fileloc=//bin/objdump&path=//bin HTTP/1.1" 200 158718 "-" "Mozilla/5.0 AppleWebKit/537.36 (KHTML, like Gecko; compatible; Amazonbot/0.1; +https://developer.amazon.com/support/amazonbot) Chrome/119.0.6045.214 Safari/537.36"
74.7.227.171 - - [21/Nov/2025:02:01:22 -0800] "GET /donovan-mcnabb-will-never-make-it-back-to-the-super-bowl/?path=//sys/class/tty/ttyte/subsystem/ttyea/subsystem/ttyea/subsystem/ttyyb/subsystem/ttyza/subsystem/ttytf/subsystem/ttysf HTTP/2.0" 200 3149 "-" "Mozilla/5.0 AppleWebKit/537.36 (KHTML, like Gecko; compatible; GPTBot/1.3; +https://openai.com/gptbot)"
66.249.73.64 - - [21/Nov/2025:02:01:23 -0800] "GET /?m=4116109177 HTTP/1.1" 200 34080 "-" "Mozilla/5.0 (Linux; Android 6.0.1; Nexus 5X Build/MMB29P) AppleWebKit/537.36 (KHTML, like Gecko) Chrome/141.0.7390.122 Mobile Safari/537.36 (compatible; GoogleOther)"
65.108.2.171 - - [21/Nov/2025:02:01:24 -0800] "GET /grading-nate-silvers-election-predictions/?path=//dh/perl/Dh HTTP/1.1" 200 6271 "-" "Mozilla/5.0 (compatible; MJ12bot/v1.4.8; http://mj12bot.com/)"
66.249.73.73 - - [21/Nov/2025:02:01:24 -0800] "GET /?m=2798291411 HTTP/1.1" 200 36613 "-" "Mozilla/5.0 (Linux; Android 6.0.1; Nexus 5X Build/MMB29P) AppleWebKit/537.36 (KHTML, like Gecko) Chrome/141.0.7390.122 Mobile Safari/537.36 (compatible; GoogleOther)"
74.7.227.171 - - [21/Nov/2025:02:01:25 -0800] "GET /donovan-mcnabb-will-never-make-it-back-to-the-super-bowl/?path=//sys/class/tty/ttyte/subsystem/ttyea/subsystem/ttyea/subsystem/ttyya/subsystem/ttybf/subsystem/ttyba/subsystem/ttybe HTTP/2.0" 200 3148 "-" "Mozilla/5.0 AppleWebKit/537.36 (KHTML, like Gecko; compatible; GPTBot/1.3; +https://openai.com/gptbot)"
3.229.164.203 - - [21/Nov/2025:02:01:26 -0800] "GET /does-posting-something-on-google-plus-result-in-any-traffic/?fileloc=//bin/ckbcomp&path=//bin HTTP/1.1" 200 38943 "-" "Mozilla/5.0 AppleWebKit/537.36 (KHTML, like Gecko; compatible; Amazonbot/0.1; +https://developer.amazon.com/support/amazonbot) Chrome/119.0.6045.214 Safari/537.36"
66.249.73.64 - - [21/Nov/2025:02:01:26 -0800] "GET /?m=902593778 HTTP/1.1" 200 31921 "-" "Mozilla/5.0 (Linux; Android 6.0.1; Nexus 5X Build/MMB29P) AppleWebKit/537.36 (KHTML, like Gecko) Chrome/141.0.7390.122 Mobile Safari/537.36 (compatible; GoogleOther)"
66.249.73.64 - - [21/Nov/2025:02:01:28 -0800] "GET /leg/approval40/pe3nu-33196/?fileloc=/home/samfetchero1/pacificnorthwestcoastbias.com/wp-includes/class-wp-simplepie-file.php??m=3565532197 HTTP/1.1" 200 34498 "-" "Mozilla/5.0 (Linux; Android 6.0.1; Nexus 5X Build/MMB29P) AppleWebKit/537.36 (KHTML, like Gecko) Chrome/141.0.7390.122 Mobile Safari/537.36 (compatible; GoogleOther)"
65.108.2.171 - - [21/Nov/2025:02:01:28 -0800] "GET /grading-nate-silvers-election-predictions/?path=//dh/var/localdata HTTP/1.1" 200 6479 "-" "Mozilla/5.0 (compatible; MJ12bot/v1.4.8; http://mj12bot.com/)"
74.7.227.171 - - [21/Nov/2025:02:01:29 -0800] "GET /donovan-mcnabb-will-never-make-it-back-to-the-super-bowl/?path=//sys/class/tty/ttyte/subsystem/ttyea/subsystem/ttyea/subsystem/ttyya/subsystem/ttybf/subsystem/ttyba/subsystem/ttyxb HTTP/2.0" 200 3151 "-" "Mozilla/5.0 AppleWebKit/537.36 (KHTML, like Gecko; compatible; GPTBot/1.3; +https://openai.com/gptbot)"
103.152.101.28 - - [21/Nov/2025:02:01:30 -0800] "GET /?m=1737206721 HTTP/1.1" 200 9117 "-" "Mozilla/5.0 (Windows NT 10.0; Win64; x64) AppleWebKit/537.36 (KHTML, like Gecko) Chrome/80.0.3987.163 Safari/537.36"
66.249.74.72 - - [21/Nov/2025:02:01:30 -0800] "GET /h_500 HTTP/1.1" 200 37178 "-" "Googlebot-Image/1.0"
35.168.238.50 - - [21/Nov/2025:02:01:31 -0800] "GET /does-posting-something-on-google-plus-result-in-any-traffic/?fileloc=//tmp/1b626cebkS5Dr9&path=//tmp HTTP/1.1" 200 5973 "-" "Mozilla/5.0 AppleWebKit/537.36 (KHTML, like Gecko; compatible; Amazonbot/0.1; +https://developer.amazon.com/support/amazonbot) Chrome/119.0.6045.214 Safari/537.36"
66.249.73.73 - - [21/Nov/2025:02:01:32 -0800] "GET /stable/chart40/66q46-33158/?fileloc=/home/samfetchero1/pacificnorthwestcoastbias.com/wp-includes/class-wp-simplepie-file.php??m=1339206312 HTTP/1.1" 200 37266 "-" "Mozilla/5.0 (Linux; Android 6.0.1; Nexus 5X Build/MMB29P) AppleWebKit/537.36 (KHTML, like Gecko) Chrome/141.0.7390.122 Mobile Safari/537.36 (compatible; GoogleOther)"
65.108.2.171 - - [21/Nov/2025:02:01:32 -0800] "GET /grading-nate-silvers-election-predictions/?path=//dh/web/diag HTTP/1.1" 200 6366 "-" "Mozilla/5.0 (compatible; MJ12bot/v1.4.8; http://mj12bot.com/)"
74.7.227.171 - - [21/Nov/2025:02:01:32 -0800] "GET /donovan-mcnabb-will-never-make-it-back-to-the-super-bowl/?path=//sys/class/tty/ttyte/subsystem/ttyea/subsystem/ttyea/subsystem/ttyya/subsystem/ttybf/subsystem/ttyba/subsystem/ttyqc HTTP/2.0" 200 3152 "-" "Mozilla/5.0 AppleWebKit/537.36 (KHTML, like Gecko; compatible; GPTBot/1.3; +https://openai.com/gptbot)"
66.249.73.65 - - [21/Nov/2025:02:01:33 -0800] "GET /?m=4137925236 HTTP/1.1" 200 34763 "-" "Mozilla/5.0 (Linux; Android 6.0.1; Nexus 5X Build/MMB29P) AppleWebKit/537.36 (KHTML, like Gecko) Chrome/141.0.7390.122 Mobile Safari/537.36 (compatible; GoogleOther)"
98.84.184.80 - - [21/Nov/2025:02:01:34 -0800] "GET /download-jaxx-wallet-for-beginners/?path=//lib/pm-utils HTTP/1.1" 200 6327 "-" "Mozilla/5.0 AppleWebKit/537.36 (KHTML, like Gecko; compatible; Amazonbot/0.1; +https://developer.amazon.com/support/amazonbot) Chrome/119.0.6045.214 Safari/537.36"
74.7.227.171 - - [21/Nov/2025:02:01:35 -0800] "GET /donovan-mcnabb-will-never-make-it-back-to-the-super-bowl/?path=//sys/class/tty/ttyte/subsystem/ttyea/subsystem/ttyea/subsystem/ttyya/subsystem/ttybf/subsystem/ttyba/subsystem/ptytc HTTP/2.0" 200 3152 "-" "Mozilla/5.0 AppleWebKit/537.36 (KHTML, like Gecko; compatible; GPTBot/1.3; +https://openai.com/gptbot)"
66.249.73.65 - - [21/Nov/2025:02:01:35 -0800] "GET /?m=726342690 HTTP/1.1" 200 33062 "-" "Mozilla/5.0 (Linux; Android 6.0.1; Nexus 5X Build/MMB29P) AppleWebKit/537.36 (KHTML, like Gecko) Chrome/141.0.7390.122 Mobile Safari/537.36 (compatible; GoogleOther)"
65.108.2.171 - - [21/Nov/2025:02:01:36 -0800] "GET /grading-nate-silvers-election-predictions/?path=//dh/web/missing HTTP/1.1" 200 6275 "-" "Mozilla/5.0 (compatible; MJ12bot/v1.4.8; http://mj12bot.com/)"
66.249.73.64 - - [21/Nov/2025:02:01:37 -0800] "GET /?m=2249590205 HTTP/1.1" 200 35180 "-" "Mozilla/5.0 (Linux; Android 6.0.1; Nexus 5X Build/MMB29P) AppleWebKit/537.36 (KHTML, like Gecko) Chrome/141.0.7390.122 Mobile Safari/537.36 (compatible; GoogleOther)"
74.7.227.171 - - [21/Nov/2025:02:01:38 -0800] "GET /donovan-mcnabb-will-never-make-it-back-to-the-super-bowl/?path=//sys/class/tty/ttyte/subsystem/ttyea/subsystem/ttyea/subsystem/ttyya/subsystem/ttybf/subsystem/ttyba/subsystem/ttyzc HTTP/2.0" 200 3151 "-" "Mozilla/5.0 AppleWebKit/537.36 (KHTML, like Gecko; compatible; GPTBot/1.3; +https://openai.com/gptbot)"
3.231.193.38 - - [21/Nov/2025:02:01:38 -0800] "GET /does-posting-something-on-google-plus-result-in-any-traffic/?fileloc=//etc/vdpau_wrapper.cfg&path=//etc HTTP/1.1" 200 6001 "-" "Mozilla/5.0 AppleWebKit/537.36 (KHTML, like Gecko; compatible; Amazonbot/0.1; +https://developer.amazon.com/support/amazonbot) Chrome/119.0.6045.214 Safari/537.36"
66.249.73.73 - - [21/Nov/2025:02:01:39 -0800] "GET /?m=779378736 HTTP/1.1" 200 37850 "-" "Mozilla/5.0 (Linux; Android 6.0.1; Nexus 5X Build/MMB29P) AppleWebKit/537.36 (KHTML, like Gecko) Chrome/141.0.7390.122 Mobile Safari/537.36 (compatible; GoogleOther)"
65.108.2.171 - - [21/Nov/2025:02:01:40 -0800] "GET /grading-nate-silvers-election-predictions/?path=//dh/web/parking HTTP/1.1" 200 6464 "-" "Mozilla/5.0 (compatible; MJ12bot/v1.4.8; http://mj12bot.com/)"
179.125.144.114 - - [21/Nov/2025:02:01:41 -0800] "GET /?m=2653111204 HTTP/1.1" 200 9117 "-" "Mozilla/5.0 (Windows NT 10.0; Win64; x64) AppleWebKit/537.36 (KHTML, like Gecko) Chrome/80.0.3987.132 Safari/537.36"
66.249.73.64 - - [21/Nov/2025:02:01:41 -0800] "GET /leg/approval40/pe3nu-33196/?fileloc=/home/samfetchero1/pacificnorthwestcoastbias.com/wp-includes/class-wp-simplepie-file.php?m=595679683 HTTP/1.1" 200 31058 "-" "Mozilla/5.0 (Linux; Android 6.0.1; Nexus 5X Build/MMB29P) AppleWebKit/537.36 (KHTML, like Gecko) Chrome/141.0.7390.122 Mobile Safari/537.36 (compatible; GoogleOther)"
74.7.227.171 - - [21/Nov/2025:02:01:41 -0800] "GET /donovan-mcnabb-will-never-make-it-back-to-the-super-bowl/?path=//sys/class/tty/ttyte/subsystem/ttyea/subsystem/ttyea/subsystem/ttyyb/subsystem/ttyza/subsystem/ttytf/subsystem/ttywe HTTP/2.0" 200 3150 "-" "Mozilla/5.0 AppleWebKit/537.36 (KHTML, like Gecko; compatible; GPTBot/1.3; +https://openai.com/gptbot)"
3.224.104.67 - - [21/Nov/2025:02:01:42 -0800] "GET /does-posting-something-on-google-plus-result-in-any-traffic/?fileloc=//sbin/fdisk&path=//sbin HTTP/1.1" 200 43626 "-" "Mozilla/5.0 AppleWebKit/537.36 (KHTML, like Gecko; compatible; Amazonbot/0.1; +https://developer.amazon.com/support/amazonbot) Chrome/119.0.6045.214 Safari/537.36"
66.249.73.73 - - [21/Nov/2025:02:01:42 -0800] "GET /?m=4244427753 HTTP/1.1" 200 31105 "-" "Mozilla/5.0 (Linux; Android 6.0.1; Nexus 5X Build/MMB29P) AppleWebKit/537.36 (KHTML, like Gecko) Chrome/141.0.7390.122 Mobile Safari/537.36 (compatible; GoogleOther)"
65.108.2.171 - - [21/Nov/2025:02:01:44 -0800] "GET /grading-nate-silvers-election-predictions/?path=//opt/prometheus-exporter/lib HTTP/1.1" 200 6311 "-" "Mozilla/5.0 (compatible; MJ12bot/v1.4.8; http://mj12bot.com/)"
74.7.227.171 - - [21/Nov/2025:02:01:44 -0800] "GET /donovan-mcnabb-will-never-make-it-back-to-the-super-bowl/?path=//sys/class/tty/ttyte/subsystem/ttyea/subsystem/ttyea/subsystem/ttyyb/subsystem/ttyza/subsystem/ttytf/subsystem/ttyee HTTP/2.0" 200 3148 "-" "Mozilla/5.0 AppleWebKit/537.36 (KHTML, like Gecko; compatible; GPTBot/1.3; +https://openai.com/gptbot)"
66.249.73.65 - - [21/Nov/2025:02:01:44 -0800] "GET /?m=2186044024 HTTP/1.1" 200 33732 "-" "Mozilla/5.0 (Linux; Android 6.0.1; Nexus 5X Build/MMB29P) AppleWebKit/537.36 (KHTML, like Gecko) Chrome/141.0.7390.122 Mobile Safari/537.36 (compatible; GoogleOther)"
66.249.73.73 - - [21/Nov/2025:02:01:46 -0800] "GET /leg/approval40/pe3nu-33196/?fileloc=/home/samfetchero1/pacificnorthwestcoastbias.com/wp-admin/export-personal-data.php??m=2009049981 HTTP/1.1" 200 31557 "-" "Mozilla/5.0 (Linux; Android 6.0.1; Nexus 5X Build/MMB29P) AppleWebKit/537.36 (KHTML, like Gecko) Chrome/141.0.7390.122 Mobile Safari/537.36 (compatible; GoogleOther)"
74.7.227.171 - - [21/Nov/2025:02:01:47 -0800] "GET /donovan-mcnabb-will-never-make-it-back-to-the-super-bowl/?path=//sys/class/tty/ttyte/subsystem/ttyea/subsystem/ttyea/subsystem/ttyya/subsystem/ttybf/subsystem/ttyba/subsystem/ptytf HTTP/2.0" 200 3151 "-" "Mozilla/5.0 AppleWebKit/537.36 (KHTML, like Gecko; compatible; GPTBot/1.3; +https://openai.com/gptbot)"
65.108.2.171 - - [21/Nov/2025:02:01:48 -0800] "GET /grading-nate-silvers-election-predictions/?path=//opt/prometheus-monitoring-scripts/bin HTTP/1.1" 200 6771 "-" "Mozilla/5.0 (compatible; MJ12bot/v1.4.8; http://mj12bot.com/)"
100.29.160.53 - - [21/Nov/2025:02:01:48 -0800] "GET /download-jaxx-wallet-for-beginners/?fileloc=//lib/libmpathpersist.so.0&path=//lib HTTP/1.1" 200 19112 "-" "Mozilla/5.0 AppleWebKit/537.36 (KHTML, like Gecko; compatible; Amazonbot/0.1; +https://developer.amazon.com/support/amazonbot) Chrome/119.0.6045.214 Safari/537.36"
66.249.73.64 - - [21/Nov/2025:02:01:48 -0800] "GET /?m=3902747132 HTTP/1.1" 200 35179 "-" "Mozilla/5.0 (Linux; Android 6.0.1; Nexus 5X Build/MMB29P) AppleWebKit/537.36 (KHTML, like Gecko) Chrome/141.0.7390.122 Mobile Safari/537.36 (compatible; GoogleOther)"
152.59.84.60 - - [21/Nov/2025:02:01:49 -0800] "GET /?m=1764050606 HTTP/1.1" 200 9117 "-" "Mozilla/5.0 (Windows NT 6.1; ) AppleWebKit/537.36 (KHTML, like Gecko) Chrome/83.0.4103.116 Safari/537.36 AOLShield/83.0.4103.0"
112.135.65.32 - - [21/Nov/2025:02:01:49 -0800] "GET /?cate_id=5205&channel=computer-rush-run&page=https%3A%2F%2Fwww.pacificnorthwestcoastbias.com%2Fcollect.py%3Fcasualty%2Fm90%3Fpid%3D291&pid=27449220381 HTTP/1.1" 200 9117 "-" "Mozilla/5.0 (Windows NT 10.0) AppleWebKit/537.36 (KHTML, like Gecko) Chrome/66.0.3359.819 Safari/537.36"
202.91.40.201 - - [21/Nov/2025:02:01:49 -0800] "GET /?m=1237663775 HTTP/1.1" 200 9117 "-" "Mozilla/5.0 (Macintosh; Intel Mac OS X 10_11_6) AppleWebKit/537.36 (KHTML, like Gecko) Chrome/80.0.3987.87 Safari/537.36"
85.208.96.198 - - [21/Nov/2025:02:01:49 -0800] "GET /?info=433193888 HTTP/1.1" 200 9065 "-" "Mozilla/5.0 (compatible; SemrushBot/7~bl; +http://www.semrush.com/bot.html)"
66.249.73.64 - - [21/Nov/2025:02:01:50 -0800] "GET /?m=2115488211 HTTP/1.1" 200 30935 "-" "Mozilla/5.0 (Linux; Android 6.0.1; Nexus 5X Build/MMB29P) AppleWebKit/537.36 (KHTML, like Gecko) Chrome/141.0.7390.122 Mobile Safari/537.36 (compatible; GoogleOther)"
181.112.9.133 - - [21/Nov/2025:02:01:50 -0800] "GET /?m=529365054 HTTP/1.1" 200 9117 "-" "Mozilla/5.0 (Windows NT 10.0; Win64; x64) AppleWebKit/537.36 (KHTML, like Gecko) Chrome/108.0.0.0 Safari/537.36"
74.7.227.171 - - [21/Nov/2025:02:01:51 -0800] "GET /donovan-mcnabb-will-never-make-it-back-to-the-super-bowl/?path=//sys/class/tty/ttyte/subsystem/ttyea/subsystem/ttyea/subsystem/ttyyb/subsystem/ttyza/subsystem/ttytf/subsystem/ttysa HTTP/2.0" 200 3149 "-" "Mozilla/5.0 AppleWebKit/537.36 (KHTML, like Gecko; compatible; GPTBot/1.3; +https://openai.com/gptbot)"
54.235.125.129 - - [21/Nov/2025:02:01:51 -0800] "GET /a-sam-fetchero-economic-indicator/?fileloc=//bin/apport-unpack&path=//bin HTTP/1.1" 200 6899 "-" "Mozilla/5.0 AppleWebKit/537.36 (KHTML, like Gecko; compatible; Amazonbot/0.1; +https://developer.amazon.com/support/amazonbot) Chrome/119.0.6045.214 Safari/537.36"
65.108.2.171 - - [21/Nov/2025:02:01:52 -0800] "GET /grading-nate-silvers-election-predictions/?path=//opt/prometheus-monitoring-scripts/include HTTP/1.1" 200 6021 "-" "Mozilla/5.0 (compatible; MJ12bot/v1.4.8; http://mj12bot.com/)"
66.249.73.65 - - [21/Nov/2025:02:01:52 -0800] "GET /?m=1508889467 HTTP/1.1" 200 36677 "-" "Mozilla/5.0 (Linux; Android 6.0.1; Nexus 5X Build/MMB29P) AppleWebKit/537.36 (KHTML, like Gecko) Chrome/141.0.7390.122 Mobile Safari/537.36 (compatible; GoogleOther)"
66.249.73.73 - - [21/Nov/2025:02:01:53 -0800] "GET /?m=1300469800 HTTP/1.1" 200 37125 "-" "Mozilla/5.0 (Linux; Android 6.0.1; Nexus 5X Build/MMB29P) AppleWebKit/537.36 (KHTML, like Gecko) Chrome/141.0.7390.122 Mobile Safari/537.36 (compatible; GoogleOther)"
74.7.227.171 - - [21/Nov/2025:02:01:54 -0800] "GET /donovan-mcnabb-will-never-make-it-back-to-the-super-bowl/?path=//sys/class/tty/ttyte/subsystem/ttyea/subsystem/ttyea/subsystem/ttyyb/subsystem/ttyza/subsystem/ttytf/subsystem/ttyrb HTTP/2.0" 200 3149 "-" "Mozilla/5.0 AppleWebKit/537.36 (KHTML, like Gecko; compatible; GPTBot/1.3; +https://openai.com/gptbot)"
52.2.83.227 - - [21/Nov/2025:02:01:55 -0800] "GET /king-county-coronavirus-daily-prediction-9-8/?fileloc=//run/ufw.lock&path=//run HTTP/1.1" 200 5962 "-" "Mozilla/5.0 AppleWebKit/537.36 (KHTML, like Gecko; compatible; Amazonbot/0.1; +https://developer.amazon.com/support/amazonbot) Chrome/119.0.6045.214 Safari/537.36"
66.249.73.64 - - [21/Nov/2025:02:01:55 -0800] "GET /leg/approval40/pe3nu-33196/?fileloc=/home/samfetchero1/pacificnorthwestcoastbias.com/wp-includes/class-wp-simplepie-file.php??m=1254494752 HTTP/1.1" 200 35663 "-" "Mozilla/5.0 (Linux; Android 6.0.1; Nexus 5X Build/MMB29P) AppleWebKit/537.36 (KHTML, like Gecko) Chrome/141.0.7390.122 Mobile Safari/537.36 (compatible; GoogleOther)"
65.108.2.171 - - [21/Nov/2025:02:01:56 -0800] "GET /grading-nate-silvers-election-predictions/?path=//opt/prometheus-monitoring-scripts/lib HTTP/1.1" 200 6275 "-" "Mozilla/5.0 (compatible; MJ12bot/v1.4.8; http://mj12bot.com/)"
186.122.11.171 - - [21/Nov/2025:02:01:56 -0800] "GET /toreka/toreka_menu.html?fileloc=%2Fhome%2Fsamfetchero1%2Fpacificnorthwestcoastbias.com%2Fdefaults.php&path=%2Fhome%2Fsamfetchero1%2Fpacificnorthwestcoastbias.com HTTP/1.1" 200 7249 "-" "Mozilla/5.0 (Macintosh; Intel Mac OS X 10_11_0) AppleWebKit/537.36 (KHTML, like Gecko) Chrome/65.0.3325.93 Safari/537.36"
