67.195.115.58 - - [05/Aug/2011:09:14:01 -0700] "GET /category/quiz/ HTTP/1.0" 200 9169 "-" "Mozilla/5.0 (compatible; Yahoo! Slurp; http://help.yahoo.com/help/us/ysearch/slurp)"
174.37.205.92 - - [05/Aug/2011:09:15:57 -0700] "GET / HTTP/1.1" 200 18131 "-" "Mozilla/5.0 (X11; U; Linux x86_64; en-US; rv:1.9.0.19; aggregator:Spinn3r (Spinn3r 3.1); http://spinn3r.com/robot) Gecko/2010040121 Firefox/3.0.19"
119.63.196.120 - - [05/Aug/2011:09:18:45 -0700] "GET /new-month-time-to-check-your-credit-score/ HTTP/1.1" 200 8345 "-" "Mozilla/5.0 (compatible; Baiduspider/2.0; +http://www.baidu.com/search/spider.html)"
87.102.81.218 - - [05/Aug/2011:09:21:30 -0700] "GET /soccersuarez-handball-american-football-answer-pass-interference/ HTTP/1.1" 200 9655 "http://www.google.co.uk/imgres?q=handball+in+football&um=1&hl=en&sa=X&rlz=1W1DSGL_enGB411GB411&biw=1297&bih=533&tbm=isch&tbnid=FiUPVyjzUS5hrM:&imgrefurl=http://www.pacificnorthwestcoastbias.com/soccersuarez-handball-american-football-answer-pass-interference/&docid=Jh-BBzQvqmY4UM&w=500&h=314&ei=ehg8Tt6TKMPAtAadz90o&zoom=1&iact=rc&dur=358&page=1&tbnh=104&tbnw=144&start=0&ndsp=23&ved=1t:429,r:17,s:0&tx=70&ty=25" "Mozilla/4.0 (compatible; MSIE 8.0; Windows NT 6.1; Trident/4.0; FunWebProducts; GTB7.1; SLCC2; .NET CLR 2.0.50727; .NET CLR 3.5.30729; .NET CLR 3.0.30729; Media Center PC 6.0; .NET4.0C; .NET4.0E)"
87.102.81.218 - - [05/Aug/2011:09:21:32 -0700] "GET /wp-content/themes/EmptyCanvas/style.css HTTP/1.1" 200 5936 "http://www.pacificnorthwestcoastbias.com/soccersuarez-handball-american-football-answer-pass-interference/" "Mozilla/4.0 (compatible; MSIE 8.0; Windows NT 6.1; Trident/4.0; FunWebProducts; GTB7.1; SLCC2; .NET CLR 2.0.50727; .NET CLR 3.5.30729; .NET CLR 3.0.30729; Media Center PC 6.0; .NET4.0C; .NET4.0E)"
87.102.81.218 - - [05/Aug/2011:09:21:32 -0700] "GET /wp-includes/js/l10n.js?ver=20101110 HTTP/1.1" 200 599 "http://www.pacificnorthwestcoastbias.com/soccersuarez-handball-american-football-answer-pass-interference/" "Mozilla/4.0 (compatible; MSIE 8.0; Windows NT 6.1; Trident/4.0; FunWebProducts; GTB7.1; SLCC2; .NET CLR 2.0.50727; .NET CLR 3.5.30729; .NET CLR 3.0.30729; Media Center PC 6.0; .NET4.0C; .NET4.0E)"
87.102.81.218 - - [05/Aug/2011:09:21:32 -0700] "GET /wp-content/plugins/subscribe-here-widget/subscribe-here-widget.css HTTP/1.1" 200 1457 "http://www.pacificnorthwestcoastbias.com/soccersuarez-handball-american-football-answer-pass-interference/" "Mozilla/4.0 (compatible; MSIE 8.0; Windows NT 6.1; Trident/4.0; FunWebProducts; GTB7.1; SLCC2; .NET CLR 2.0.50727; .NET CLR 3.5.30729; .NET CLR 3.0.30729; Media Center PC 6.0; .NET4.0C; .NET4.0E)"
87.102.81.218 - - [05/Aug/2011:09:21:32 -0700] "GET /wp-content/plugins/google-analyticator/external-tracking.min.js?ver=6.1.3 HTTP/1.1" 200 1217 "http://www.pacificnorthwestcoastbias.com/soccersuarez-handball-american-football-answer-pass-interference/" "Mozilla/4.0 (compatible; MSIE 8.0; Windows NT 6.1; Trident/4.0; FunWebProducts; GTB7.1; SLCC2; .NET CLR 2.0.50727; .NET CLR 3.5.30729; .NET CLR 3.0.30729; Media Center PC 6.0; .NET4.0C; .NET4.0E)"
87.102.81.218 - - [05/Aug/2011:09:21:32 -0700] "GET /wp-includes/js/tw-sack.js?ver=1.6.1 HTTP/1.1" 200 3910 "http://www.pacificnorthwestcoastbias.com/soccersuarez-handball-american-football-answer-pass-interference/" "Mozilla/4.0 (compatible; MSIE 8.0; Windows NT 6.1; Trident/4.0; FunWebProducts; GTB7.1; SLCC2; .NET CLR 2.0.50727; .NET CLR 3.5.30729; .NET CLR 3.0.30729; Media Center PC 6.0; .NET4.0C; .NET4.0E)"
87.102.81.218 - - [05/Aug/2011:09:21:32 -0700] "GET /wp-content/plugins/sociable/sociable.css?ver=3.1.4 HTTP/1.1" 200 1128 "http://www.pacificnorthwestcoastbias.com/soccersuarez-handball-american-football-answer-pass-interference/" "Mozilla/4.0 (compatible; MSIE 8.0; Windows NT 6.1; Trident/4.0; FunWebProducts; GTB7.1; SLCC2; .NET CLR 2.0.50727; .NET CLR 3.5.30729; .NET CLR 3.0.30729; Media Center PC 6.0; .NET4.0C; .NET4.0E)"
87.102.81.218 - - [05/Aug/2011:09:21:32 -0700] "GET /wp-content/themes/EmptyCanvas/reset.css HTTP/1.1" 200 1250 "http://www.pacificnorthwestcoastbias.com/soccersuarez-handball-american-football-answer-pass-interference/" "Mozilla/4.0 (compatible; MSIE 8.0; Windows NT 6.1; Trident/4.0; FunWebProducts; GTB7.1; SLCC2; .NET CLR 2.0.50727; .NET CLR 3.5.30729; .NET CLR 3.0.30729; Media Center PC 6.0; .NET4.0C; .NET4.0E)"
87.102.81.218 - - [05/Aug/2011:09:21:32 -0700] "GET /wp-includes/js/jquery/jquery.js?ver=1.4.4 HTTP/1.1" 200 78915 "http://www.pacificnorthwestcoastbias.com/soccersuarez-handball-american-football-answer-pass-interference/" "Mozilla/4.0 (compatible; MSIE 8.0; Windows NT 6.1; Trident/4.0; FunWebProducts; GTB7.1; SLCC2; .NET CLR 2.0.50727; .NET CLR 3.5.30729; .NET CLR 3.0.30729; Media Center PC 6.0; .NET4.0C; .NET4.0E)"
87.102.81.218 - - [05/Aug/2011:09:21:37 -0700] "GET /soccersuarez-handball-american-football-answer-pass-interference/ HTTP/1.1" 200 0 "http://www.google.co.uk/imgres?q=handball+in+football&um=1&hl=en&sa=X&rlz=1W1DSGL_enGB411GB411&biw=1297&bih=533&tbm=isch&tbnid=FiUPVyjzUS5hrM:&imgrefurl=http://www.pacificnorthwestcoastbias.com/soccersuarez-handball-american-football-answer-pass-interference/&docid=Jh-BBzQvqmY4UM&w=500&h=314&ei=ehg8Tt6TKMPAtAadz90o&zoom=1&iact=rc&dur=358&page=1&tbnh=104&tbnw=144&start=0&ndsp=23&ved=1t:429,r:17,s:0&tx=70&ty=25" "Mozilla/4.0 (compatible; MSIE 8.0; Windows NT 6.1; Trident/4.0; FunWebProducts; GTB7.1; SLCC2; .NET CLR 2.0.50727; .NET CLR 3.5.30729; .NET CLR 3.0.30729; Media Center PC 6.0; .NET4.0C; .NET4.0E)"
209.171.42.71 - - [05/Aug/2011:09:23:14 -0700] "GET /feed HTTP/1.1" 200 439 "-" "Mozilla/5.0 (compatible; BlogScope/1.0; +http://www.blogscope.net/; U of Toronto)"
69.163.231.33 - - [05/Aug/2011:09:23:14 -0700] "POST /wp-cron.php?doing_wp_cron HTTP/1.0" 200 158 "-" "WordPress/3.1.4; http://www.pacificnorthwestcoastbias.com"
209.171.42.71 - - [05/Aug/2011:09:23:16 -0700] "GET /feed/ HTTP/1.1" 200 9358 "-" "Mozilla/5.0 (compatible; BlogScope/1.0; +http://www.blogscope.net/; U of Toronto)"
112.64.20.19 - - [05/Aug/2011:09:24:10 -0700] "GET / HTTP/1.1" 301 294 "-" "Mozilla/4.0 (compatible; MSIE 6.0; Windows NT 5.1; SV1;)"
184.72.185.131 - - [05/Aug/2011:09:31:03 -0700] "GET /feed/ HTTP/1.1" 200 9302 "-" "PostRank/2.0 (postrank.com; 1 subscribers)"
72.21.217.33 - - [05/Aug/2011:09:31:09 -0700] "GET /feed HTTP/1.0" 200 439 "-" "RPT-HTTPClient/0.3-3"
72.21.217.33 - - [05/Aug/2011:09:31:10 -0700] "GET /feed/ HTTP/1.0" 200 35924 "-" "RPT-HTTPClient/0.3-3"
1.202.220.3 - - [05/Aug/2011:09:36:53 -0700] "GET /robots.txt HTTP/1.0" 200 317 "-" "Mozilla/5.0 ()"
1.202.220.3 - - [05/Aug/2011:09:36:56 -0700] "HEAD /category/economy/ HTTP/1.0" 200 219 "-" "gosospider (\"Mozilla/5.0)"
1.202.220.3 - - [05/Aug/2011:09:36:58 -0700] "GET /category/economy/ HTTP/1.0" 200 61265 "-" "gosospider \"Mozilla/5.0"
94.228.34.229 - - [05/Aug/2011:09:41:43 -0700] "GET /hot-tub-time-machine-64-copies-now-available-at-king-county-libraries/feed/ HTTP/1.1" 200 180 "-" "magpie-crawler/1.1 (U; Linux amd64; en-GB; +http://www.brandwatch.net)"
69.163.231.33 - - [05/Aug/2011:09:41:43 -0700] "POST /wp-cron.php?doing_wp_cron HTTP/1.0" 200 158 "-" "WordPress/3.1.4; http://www.pacificnorthwestcoastbias.com"
119.63.196.117 - - [05/Aug/2011:09:44:03 -0700] "GET /page/3/ HTTP/1.1" 200 17112 "-" "Mozilla/5.0 (compatible; Baiduspider/2.0; +http://www.baidu.com/search/spider.html)"
1.202.218.5 - - [05/Aug/2011:09:44:30 -0700] "GET /robots.txt HTTP/1.0" 200 317 "-" "Mozilla/5.0 ()"
109.230.251.121 - - [05/Aug/2011:09:45:18 -0700] "GET /twitter-weekly-updates-for-2011-05-01/ HTTP/1.0" 200 31684 "http://www.pacificnorthwestcoastbias.com/twitter-weekly-updates-for-2011-05-01/" "Mozilla/4.0 (compatible; MSIE 6.0; Windows NT 5.0)"
109.230.251.121 - - [05/Aug/2011:09:45:21 -0700] "POST /wp-comments-post.php HTTP/1.0" 302 872 "http://www.pacificnorthwestcoastbias.com/twitter-weekly-updates-for-2011-05-01/" "Mozilla/4.0 (compatible; MSIE 6.0; Windows NT 5.0)"
109.230.251.121 - - [05/Aug/2011:09:45:23 -0700] "GET /twitter-weekly-updates-for-2011-05-01/comment-page-1/ HTTP/1.0" 200 31766 "http://www.pacificnorthwestcoastbias.com/twitter-weekly-updates-for-2011-05-01/comment-page-1/#comment-2440" "Mozilla/4.0 (compatible; MSIE 6.0; Windows NT 5.0)"
109.230.251.121 - - [05/Aug/2011:09:45:25 -0700] "GET /twitter-weekly-updates-for-2011-05-01/comment-page-1/ HTTP/1.0" 200 31736 "http://www.pacificnorthwestcoastbias.com/twitter-weekly-updates-for-2011-05-01/comment-page-1/#comment-2440" "Mozilla/4.0 (compatible; MSIE 6.0; Windows NT 5.0)"
173.192.238.44 - - [05/Aug/2011:09:46:12 -0700] "GET / HTTP/1.1" 200 18131 "-" "Mozilla/5.0 (X11; U; Linux x86_64; en-US; rv:1.9.0.19; aggregator:Spinn3r (Spinn3r 3.1); http://spinn3r.com/robot) Gecko/2010040121 Firefox/3.0.19"
95.108.158.245 - - [05/Aug/2011:09:46:56 -0700] "GET /wp-content/plugins/sociable/images/services-sprite.gif HTTP/1.1" 304 173 "-" "Mozilla/5.0 (compatible; YandexImages/3.0; +http://yandex.com/bots)"
94.228.34.209 - - [05/Aug/2011:09:54:02 -0700] "GET /feed/ HTTP/1.1" 200 9358 "-" "magpie-crawler/1.1 (U; Linux amd64; en-GB; +http://www.brandwatch.net)"
128.242.249.11 - - [05/Aug/2011:09:54:11 -0700] "GET /feed/ HTTP/1.1" 200 35946 "-" "TwitterFeed 3"
148.177.1.216 - - [05/Aug/2011:09:57:43 -0700] "GET /wp-content/uploads/2010/10/under-Rated.jpg HTTP/1.1" 200 17613 "http://debestdesktopwallpaper.blogspot.com/2011/04/overrated-ohio-state.html" "Mozilla/5.0 (Windows NT 5.1) AppleWebKit/535.1 (KHTML, like Gecko) Chrome/13.0.782.107 Safari/535.1"
208.115.111.244 - - [05/Aug/2011:10:00:38 -0700] "GET /robots.txt HTTP/1.1" 200 348 "-" "Mozilla/5.0 (compatible; DotBot/1.1; http://www.dotnetdotcom.org/, crawler@dotnetdotcom.org)"
72.21.217.32 - - [05/Aug/2011:10:01:08 -0700] "GET /feed HTTP/1.0" 200 439 "-" "RPT-HTTPClient/0.3-3"
72.21.217.32 - - [05/Aug/2011:10:01:09 -0700] "GET /feed/ HTTP/1.0" 200 35924 "-" "RPT-HTTPClient/0.3-3"
174.129.136.158 - - [05/Aug/2011:10:04:21 -0700] "GET /feed/ HTTP/1.1" 200 35946 "-" "-"
174.129.136.158 - - [05/Aug/2011:10:04:22 -0700] "GET /feed/ HTTP/1.1" 200 9302 "-" "Mozilla/5.0 (X11; U; Linux i686; en-US; aggregator:Outside.in; http://outside.in)"
209.85.238.86 - - [05/Aug/2011:10:04:35 -0700] "GET /feed/ HTTP/1.1" 200 9358 "-" "Feedfetcher-Google; (+http://www.google.com/feedfetcher.html; 12 subscribers; feed-id=11769849069241211122)"
69.163.231.33 - - [05/Aug/2011:10:10:37 -0700] "POST /wp-cron.php?doing_wp_cron HTTP/1.0" 200 158 "-" "WordPress/3.1.4; http://www.pacificnorthwestcoastbias.com"
119.63.196.88 - - [05/Aug/2011:10:10:36 -0700] "GET /community-minded/feed/ HTTP/1.1" 200 898 "-" "Mozilla/5.0 (compatible; Baiduspider/2.0; +http://www.baidu.com/search/spider.html)"
166.137.140.85 - - [05/Aug/2011:10:12:37 -0700] "GET /favicon.ico HTTP/1.1" 200 277 "-" "Reeder/2.5.0 CFNetwork/485.13.9 Darwin/11.0.0"
173.192.238.44 - - [05/Aug/2011:10:16:21 -0700] "GET / HTTP/1.1" 200 18131 "-" "Mozilla/5.0 (X11; U; Linux x86_64; en-US; rv:1.9.0.19; aggregator:Spinn3r (Spinn3r 3.1); http://spinn3r.com/robot) Gecko/2010040121 Firefox/3.0.19"
69.163.231.33 - - [05/Aug/2011:10:16:22 -0700] "POST /wp-cron.php?doing_wp_cron HTTP/1.0" 200 158 "-" "WordPress/3.1.4; http://www.pacificnorthwestcoastbias.com"
209.171.42.71 - - [05/Aug/2011:10:19:20 -0700] "GET /feed HTTP/1.1" 200 439 "-" "Mozilla/5.0 (compatible; BlogScope/1.0; +http://www.blogscope.net/; U of Toronto)"
209.171.42.71 - - [05/Aug/2011:10:19:21 -0700] "GET /feed/ HTTP/1.1" 200 9361 "-" "Mozilla/5.0 (compatible; BlogScope/1.0; +http://www.blogscope.net/; U of Toronto)"
208.115.111.244 - - [05/Aug/2011:10:25:36 -0700] "GET /category/category/category/world-cup-2010/page/category/category/world-cup-2010/page/category/world-cup-2010/ HTTP/1.1" 200 15501 "-" "Mozilla/5.0 (compatible; DotBot/1.1; http://www.dotnetdotcom.org/, crawler@dotnetdotcom.org)"
69.163.231.33 - - [05/Aug/2011:10:25:36 -0700] "POST /wp-cron.php?doing_wp_cron HTTP/1.0" 200 158 "-" "WordPress/3.1.4; http://www.pacificnorthwestcoastbias.com"
208.115.111.244 - - [05/Aug/2011:10:25:40 -0700] "GET /category/sports/category/category/world-cup-2010/page/category/category/world-cup-2010/page/category/world-cup-2010/ HTTP/1.1" 200 15502 "-" "Mozilla/5.0 (compatible; DotBot/1.1; http://www.dotnetdotcom.org/, crawler@dotnetdotcom.org)"
88.131.106.8 - - [05/Aug/2011:10:25:42 -0700] "GET /robots.txt HTTP/1.0" 200 367 "-" "Mozilla/5.0 (Windows; U; Windows NT 5.1; en-US) Speedy Spider (http://www.entireweb.com/about/search_tech/speedy_spider/)"
208.115.111.244 - - [05/Aug/2011:10:25:45 -0700] "GET /category/sports/category/world-cup-2010/ HTTP/1.1" 200 15495 "-" "Mozilla/5.0 (compatible; DotBot/1.1; http://www.dotnetdotcom.org/, crawler@dotnetdotcom.org)"
208.115.111.244 - - [05/Aug/2011:10:25:50 -0700] "GET /category/sports/category/world-cup-2010/page/category/category/category/world-cup-2010/page/category/world-cup-2010/ HTTP/1.1" 200 15504 "-" "Mozilla/5.0 (compatible; DotBot/1.1; http://www.dotnetdotcom.org/, crawler@dotnetdotcom.org)"
208.115.111.244 - - [05/Aug/2011:10:25:56 -0700] "GET /category/sports/page/category/category/category/category/world-cup-2010/page/category/world-cup-2010/ HTTP/1.1" 200 15504 "-" "Mozilla/5.0 (compatible; DotBot/1.1; http://www.dotnetdotcom.org/, crawler@dotnetdotcom.org)"
208.115.111.244 - - [05/Aug/2011:10:26:01 -0700] "GET /category/sports/page/category/world-cup-2010/page/category/category/world-cup-2010/page/category/world-cup-2010/ HTTP/1.1" 200 15502 "-" "Mozilla/5.0 (compatible; DotBot/1.1; http://www.dotnetdotcom.org/, crawler@dotnetdotcom.org)"
208.115.111.244 - - [05/Aug/2011:10:26:06 -0700] "GET /page/3/ HTTP/1.1" 200 17094 "-" "Mozilla/5.0 (compatible; DotBot/1.1; http://www.dotnetdotcom.org/, crawler@dotnetdotcom.org)"
88.131.106.6 - - [05/Aug/2011:10:26:08 -0700] "GET / HTTP/1.0" 200 18075 "-" "Mozilla/5.0 (Windows; U; Windows NT 5.1; en-US) Speedy Spider (http://www.entireweb.com/about/search_tech/speedy_spider/)"
208.115.111.244 - - [05/Aug/2011:10:26:11 -0700] "GET /page/4/ HTTP/1.1" 200 22353 "-" "Mozilla/5.0 (compatible; DotBot/1.1; http://www.dotnetdotcom.org/, crawler@dotnetdotcom.org)"
67.195.115.58 - - [05/Aug/2011:10:27:01 -0700] "GET /thoughts-about-hiring-a-coach/ HTTP/1.0" 200 9681 "-" "Mozilla/5.0 (compatible; Yahoo! Slurp; http://help.yahoo.com/help/us/ysearch/slurp)"
67.195.115.58 - - [05/Aug/2011:10:27:02 -0700] "GET /wp-content/themes/EmptyCanvas/style.css HTTP/1.0" 304 138 "http://www.pacificnorthwestcoastbias.com/thoughts-about-hiring-a-coach/" "Mozilla/5.0 (compatible; Yahoo! Slurp; http://help.yahoo.com/help/us/ysearch/slurp)"
67.195.115.58 - - [05/Aug/2011:10:27:02 -0700] "GET /wp-content/themes/EmptyCanvas/reset.css HTTP/1.0" 304 137 "http://www.pacificnorthwestcoastbias.com/wp-content/themes/EmptyCanvas/style.css" "Mozilla/5.0 (compatible; Yahoo! Slurp; http://help.yahoo.com/help/us/ysearch/slurp)"
67.195.115.58 - - [05/Aug/2011:10:27:02 -0700] "GET /wp-content/plugins/sociable/sociable.css?ver=3.1.4 HTTP/1.0" 304 137 "http://www.pacificnorthwestcoastbias.com/thoughts-about-hiring-a-coach/" "Mozilla/5.0 (compatible; Yahoo! Slurp; http://help.yahoo.com/help/us/ysearch/slurp)"
67.195.115.58 - - [05/Aug/2011:10:27:03 -0700] "GET /wp-content/plugins/subscribe-here-widget/subscribe-here-widget.css HTTP/1.0" 304 137 "http://www.pacificnorthwestcoastbias.com/thoughts-about-hiring-a-coach/" "Mozilla/5.0 (compatible; Yahoo! Slurp; http://help.yahoo.com/help/us/ysearch/slurp)"
94.228.34.229 - - [05/Aug/2011:10:30:56 -0700] "GET /economic-indicator-cargo-ship-containers-and-frequency/feed/ HTTP/1.1" 200 180 "-" "magpie-crawler/1.1 (U; Linux amd64; en-GB; +http://www.brandwatch.net)"
72.21.217.32 - - [05/Aug/2011:10:31:05 -0700] "GET /feed HTTP/1.0" 200 439 "-" "RPT-HTTPClient/0.3-3"
72.21.217.32 - - [05/Aug/2011:10:31:06 -0700] "GET /feed/ HTTP/1.0" 200 35924 "-" "RPT-HTTPClient/0.3-3"
69.163.231.33 - - [05/Aug/2011:10:31:37 -0700] "POST /wp-cron.php?doing_wp_cron HTTP/1.0" 200 158 "-" "WordPress/3.1.4; http://www.pacificnorthwestcoastbias.com"
72.21.217.96 - - [05/Aug/2011:10:31:36 -0700] "GET /feed HTTP/1.1" 200 383 "-" "RPT-HTTPClient/0.3-3"
72.21.217.96 - - [05/Aug/2011:10:31:37 -0700] "GET /feed/ HTTP/1.1" 200 35946 "-" "RPT-HTTPClient/0.3-3"
72.21.217.96 - - [05/Aug/2011:10:31:41 -0700] "GET /wp-content/uploads/2011/07/Community-Minded-1024x575.jpg HTTP/1.1" 200 127529 "-" "RPT-HTTPClient/0.3-3"
72.21.217.96 - - [05/Aug/2011:10:31:42 -0700] "GET /wp-content/uploads/2011/07/Innings-Pitched-All-Star-Game.jpg HTTP/1.1" 200 34923 "-" "RPT-HTTPClient/0.3-3"
72.21.217.96 - - [05/Aug/2011:10:31:42 -0700] "GET /wp-content/uploads/2011/07/Amway-Center-Orlando-Florida.jpg HTTP/1.1" 200 50147 "-" "RPT-HTTPClient/0.3-3"
72.21.217.96 - - [05/Aug/2011:10:31:42 -0700] "GET /wp-content/uploads/2011/07/Size-of-Amway-Center-with-Some-Parking.jpg HTTP/1.1" 200 625 "-" "RPT-HTTPClient/0.3-3"
72.21.217.96 - - [05/Aug/2011:10:31:42 -0700] "GET /wp-content/uploads/2011/07/downtown-bellevue-park.jpg HTTP/1.1" 200 136949 "-" "RPT-HTTPClient/0.3-3"
72.21.217.96 - - [05/Aug/2011:10:31:43 -0700] "GET /wp-content/uploads/2011/07/Dodge-Dealership.jpg HTTP/1.1" 200 163525 "-" "RPT-HTTPClient/0.3-3"
72.21.217.96 - - [05/Aug/2011:10:31:43 -0700] "GET /wp-content/uploads/2011/07/Safeway.jpg HTTP/1.1" 200 113322 "-" "RPT-HTTPClient/0.3-3"
72.21.217.96 - - [05/Aug/2011:10:31:43 -0700] "GET /wp-content/uploads/2011/07/NCAA-Win-Percentage.jpg HTTP/1.1" 200 27439 "-" "RPT-HTTPClient/0.3-3"
72.21.217.96 - - [05/Aug/2011:10:31:43 -0700] "GET /wp-content/uploads/2011/07/NCAA-Close-Game-Win-Percentage.jpg HTTP/1.1" 200 30700 "-" "RPT-HTTPClient/0.3-3"
72.21.217.96 - - [05/Aug/2011:10:31:44 -0700] "GET /wp-content/uploads/2011/07/Win-percentage-correlation.jpg HTTP/1.1" 200 28564 "-" "RPT-HTTPClient/0.3-3"
72.21.217.96 - - [05/Aug/2011:10:31:44 -0700] "GET /wp-content/uploads/2011/07/Close-Game-extra-wins.jpg HTTP/1.1" 200 23896 "-" "RPT-HTTPClient/0.3-3"
72.21.217.96 - - [05/Aug/2011:10:31:44 -0700] "GET /wp-content/uploads/2011/07/Close-Game-wins.jpg HTTP/1.1" 200 22396 "-" "RPT-HTTPClient/0.3-3"
72.21.217.96 - - [05/Aug/2011:10:31:44 -0700] "GET /wp-content/uploads/2011/07/Combined-win-percentage.jpg HTTP/1.1" 200 20671 "-" "RPT-HTTPClient/0.3-3"
72.21.217.96 - - [05/Aug/2011:10:31:44 -0700] "GET /wp-content/uploads/2011/07/Marymoor-Park-Sign.jpg HTTP/1.1" 200 353951 "-" "RPT-HTTPClient/0.3-3"
72.21.217.96 - - [05/Aug/2011:10:31:45 -0700] "GET /wp-content/uploads/2011/06/win-percentage.jpg HTTP/1.1" 200 25585 "-" "RPT-HTTPClient/0.3-3"
72.21.217.96 - - [05/Aug/2011:10:31:45 -0700] "GET /wp-content/uploads/2011/06/Adjusted-wins.jpg HTTP/1.1" 200 30873 "-" "RPT-HTTPClient/0.3-3"
72.21.217.96 - - [05/Aug/2011:10:31:45 -0700] "GET /wp-content/uploads/2011/06/mlb-leader-table.jpg HTTP/1.1" 200 26990 "-" "RPT-HTTPClient/0.3-3"
94.23.195.135 - - [05/Aug/2011:10:35:46 -0700] "GET /feed/ HTTP/1.0" 200 16060 "-" "-"
119.63.196.42 - - [05/Aug/2011:10:37:52 -0700] "GET /seattles-shortcut-to-getting-an-nba-team-back/ HTTP/1.1" 200 8630 "-" "Mozilla/5.0 (compatible; Baiduspider/2.0; +http://www.baidu.com/search/spider.html)"
195.43.189.232 - - [05/Aug/2011:10:40:47 -0700] "HEAD /feed/ HTTP/1.1" 200 290 "-" "Mozilla/4.0 (compatible; MSIE 4.0; MSIECrawler; Windows 95)"
98.158.20.236 - - [05/Aug/2011:10:42:01 -0700] "GET /feed/ HTTP/1.1" 200 9357 "-" "Mozilla/4.0 (compatible; MSIE 6.0; AOL 8.0; Windows NT 5.1)"
174.36.228.156 - - [05/Aug/2011:10:46:31 -0700] "GET / HTTP/1.1" 200 18131 "-" "Mozilla/5.0 (X11; U; Linux x86_64; en-US; rv:1.9.0.19; aggregator:Spinn3r (Spinn3r 3.1); http://spinn3r.com/robot) Gecko/2010040121 Firefox/3.0.19"
67.195.115.58 - - [05/Aug/2011:10:46:53 -0700] "GET /is-mel-kiper-jr-working-for-a-sports-agent/feed/ HTTP/1.0" 200 933 "-" "Mozilla/5.0 (compatible; Yahoo! Slurp; http://help.yahoo.com/help/us/ysearch/slurp)"
67.195.115.58 - - [05/Aug/2011:10:52:17 -0700] "GET /category/economy/feed/ HTTP/1.0" 200 10205 "-" "Mozilla/5.0 (compatible; Yahoo! Slurp; http://help.yahoo.com/help/us/ysearch/slurp)"
128.242.249.11 - - [05/Aug/2011:10:56:05 -0700] "GET /feed/ HTTP/1.1" 200 35946 "-" "TwitterFeed 3"
94.228.34.207 - - [05/Aug/2011:10:59:22 -0700] "GET /blog-home/feed/ HTTP/1.1" 200 180 "-" "magpie-crawler/1.1 (U; Linux amd64; en-GB; +http://www.brandwatch.net)"
174.129.179.231 - - [05/Aug/2011:10:59:39 -0700] "GET /feed/ HTTP/1.1" 200 35946 "-" "-"
174.129.179.231 - - [05/Aug/2011:10:59:39 -0700] "GET /feed/ HTTP/1.1" 200 9301 "-" "Mozilla/5.0 (X11; U; Linux i686; en-US; aggregator:Outside.in; http://outside.in)"
72.21.217.32 - - [05/Aug/2011:11:01:07 -0700] "GET /feed HTTP/1.0" 200 439 "-" "RPT-HTTPClient/0.3-3"
72.21.217.32 - - [05/Aug/2011:11:01:08 -0700] "GET /feed/ HTTP/1.0" 200 35924 "-" "RPT-HTTPClient/0.3-3"
69.163.231.33 - - [05/Aug/2011:11:03:53 -0700] "POST /wp-cron.php?doing_wp_cron HTTP/1.0" 200 158 "-" "WordPress/3.1.4; http://www.pacificnorthwestcoastbias.com"
119.63.196.16 - - [05/Aug/2011:11:03:52 -0700] "GET /the-seahawks-are-a-1-in-32-year-phenomenon/ HTTP/1.1" 200 8519 "-" "Mozilla/5.0 (compatible; Baiduspider/2.0; +http://www.baidu.com/search/spider.html)"
109.192.44.187 - - [05/Aug/2011:11:09:25 -0700] "GET /are-close-college-football-wins-correlated-with-winning-programs/ HTTP/1.1" 200 9720 "http://www.google.de/search?q=football+win+correlation&ie=utf-8&oe=utf-8&aq=t&rls=org.mozilla:de:official&client=firefox-a" "Mozilla/5.0 (Windows; U; Windows NT 6.1; de; rv:1.9.2.18) Gecko/20110614 AskTbSPC2/3.12.2.16749 Firefox/3.6.18 tb-gmx/1.5.5"
109.192.44.187 - - [05/Aug/2011:11:09:28 -0700] "GET /wp-includes/js/l10n.js?ver=20101110 HTTP/1.1" 200 599 "http://www.pacificnorthwestcoastbias.com/are-close-college-football-wins-correlated-with-winning-programs/" "Mozilla/5.0 (Windows; U; Windows NT 6.1; de; rv:1.9.2.18) Gecko/20110614 AskTbSPC2/3.12.2.16749 Firefox/3.6.18 tb-gmx/1.5.5"
109.192.44.187 - - [05/Aug/2011:11:09:28 -0700] "GET /wp-content/themes/EmptyCanvas/style.css HTTP/1.1" 200 5936 "http://www.pacificnorthwestcoastbias.com/are-close-college-football-wins-correlated-with-winning-programs/" "Mozilla/5.0 (Windows; U; Windows NT 6.1; de; rv:1.9.2.18) Gecko/20110614 AskTbSPC2/3.12.2.16749 Firefox/3.6.18 tb-gmx/1.5.5"
109.192.44.187 - - [05/Aug/2011:11:09:28 -0700] "GET /wp-content/plugins/sociable/sociable.css?ver=3.1.4 HTTP/1.1" 200 1129 "http://www.pacificnorthwestcoastbias.com/are-close-college-football-wins-correlated-with-winning-programs/" "Mozilla/5.0 (Windows; U; Windows NT 6.1; de; rv:1.9.2.18) Gecko/20110614 AskTbSPC2/3.12.2.16749 Firefox/3.6.18 tb-gmx/1.5.5"
109.192.44.187 - - [05/Aug/2011:11:09:28 -0700] "GET /wp-content/plugins/google-analyticator/external-tracking.min.js?ver=6.1.3 HTTP/1.1" 200 1217 "http://www.pacificnorthwestcoastbias.com/are-close-college-football-wins-correlated-with-winning-programs/" "Mozilla/5.0 (Windows; U; Windows NT 6.1; de; rv:1.9.2.18) Gecko/20110614 AskTbSPC2/3.12.2.16749 Firefox/3.6.18 tb-gmx/1.5.5"
109.192.44.187 - - [05/Aug/2011:11:09:28 -0700] "GET /wp-includes/js/tw-sack.js?ver=1.6.1 HTTP/1.1" 200 3910 "http://www.pacificnorthwestcoastbias.com/are-close-college-football-wins-correlated-with-winning-programs/" "Mozilla/5.0 (Windows; U; Windows NT 6.1; de; rv:1.9.2.18) Gecko/20110614 AskTbSPC2/3.12.2.16749 Firefox/3.6.18 tb-gmx/1.5.5"
109.192.44.187 - - [05/Aug/2011:11:09:28 -0700] "GET /wp-content/plugins/subscribe-here-widget/subscribe-here-widget.css HTTP/1.1" 200 1456 "http://www.pacificnorthwestcoastbias.com/are-close-college-football-wins-correlated-with-winning-programs/" "Mozilla/5.0 (Windows; U; Windows NT 6.1; de; rv:1.9.2.18) Gecko/20110614 AskTbSPC2/3.12.2.16749 Firefox/3.6.18 tb-gmx/1.5.5"
109.192.44.187 - - [05/Aug/2011:11:09:28 -0700] "GET /wp-content/themes/EmptyCanvas/reset.css HTTP/1.1" 200 1250 "http://www.pacificnorthwestcoastbias.com/wp-content/themes/EmptyCanvas/style.css" "Mozilla/5.0 (Windows; U; Windows NT 6.1; de; rv:1.9.2.18) Gecko/20110614 AskTbSPC2/3.12.2.16749 Firefox/3.6.18 tb-gmx/1.5.5"
109.192.44.187 - - [05/Aug/2011:11:09:28 -0700] "GET /wp-content/uploads/2011/07/NCAA-Win-Percentage.jpg HTTP/1.1" 200 27494 "http://www.pacificnorthwestcoastbias.com/are-close-college-football-wins-correlated-with-winning-programs/" "Mozilla/5.0 (Windows; U; Windows NT 6.1; de; rv:1.9.2.18) Gecko/20110614 AskTbSPC2/3.12.2.16749 Firefox/3.6.18 tb-gmx/1.5.5"
109.192.44.187 - - [05/Aug/2011:11:09:28 -0700] "GET /wp-content/uploads/2011/07/NCAA-Close-Game-Win-Percentage.jpg HTTP/1.1" 200 30755 "http://www.pacificnorthwestcoastbias.com/are-close-college-football-wins-correlated-with-winning-programs/" "Mozilla/5.0 (Windows; U; Windows NT 6.1; de; rv:1.9.2.18) Gecko/20110614 AskTbSPC2/3.12.2.16749 Firefox/3.6.18 tb-gmx/1.5.5"
109.192.44.187 - - [05/Aug/2011:11:09:28 -0700] "GET /wp-content/uploads/2011/07/Close-Game-extra-wins.jpg HTTP/1.1" 200 23951 "http://www.pacificnorthwestcoastbias.com/are-close-college-football-wins-correlated-with-winning-programs/" "Mozilla/5.0 (Windows; U; Windows NT 6.1; de; rv:1.9.2.18) Gecko/20110614 AskTbSPC2/3.12.2.16749 Firefox/3.6.18 tb-gmx/1.5.5"
109.192.44.187 - - [05/Aug/2011:11:09:28 -0700] "GET /wp-content/uploads/2011/07/Win-percentage-correlation.jpg HTTP/1.1" 200 28619 "http://www.pacificnorthwestcoastbias.com/are-close-college-football-wins-correlated-with-winning-programs/" "Mozilla/5.0 (Windows; U; Windows NT 6.1; de; rv:1.9.2.18) Gecko/20110614 AskTbSPC2/3.12.2.16749 Firefox/3.6.18 tb-gmx/1.5.5"
109.192.44.187 - - [05/Aug/2011:11:09:28 -0700] "GET /wp-content/uploads/2011/07/Close-Game-wins.jpg HTTP/1.1" 200 22451 "http://www.pacificnorthwestcoastbias.com/are-close-college-football-wins-correlated-with-winning-programs/" "Mozilla/5.0 (Windows; U; Windows NT 6.1; de; rv:1.9.2.18) Gecko/20110614 AskTbSPC2/3.12.2.16749 Firefox/3.6.18 tb-gmx/1.5.5"
109.192.44.187 - - [05/Aug/2011:11:09:28 -0700] "GET /wp-includes/js/jquery/jquery.js?ver=1.4.4 HTTP/1.1" 200 78915 "http://www.pacificnorthwestcoastbias.com/are-close-college-football-wins-correlated-with-winning-programs/" "Mozilla/5.0 (Windows; U; Windows NT 6.1; de; rv:1.9.2.18) Gecko/20110614 AskTbSPC2/3.12.2.16749 Firefox/3.6.18 tb-gmx/1.5.5"
109.192.44.187 - - [05/Aug/2011:11:09:29 -0700] "GET /wp-includes/js/wp-ajax-response.js?ver=20091119 HTTP/1.1" 200 2443 "http://www.pacificnorthwestcoastbias.com/are-close-college-football-wins-correlated-with-winning-programs/" "Mozilla/5.0 (Windows; U; Windows NT 6.1; de; rv:1.9.2.18) Gecko/20110614 AskTbSPC2/3.12.2.16749 Firefox/3.6.18 tb-gmx/1.5.5"
109.192.44.187 - - [05/Aug/2011:11:09:29 -0700] "GET /wp-includes/js/wp-lists.js?ver=20101222 HTTP/1.1" 200 8211 "http://www.pacificnorthwestcoastbias.com/are-close-college-football-wins-correlated-with-winning-programs/" "Mozilla/5.0 (Windows; U; Windows NT 6.1; de; rv:1.9.2.18) Gecko/20110614 AskTbSPC2/3.12.2.16749 Firefox/3.6.18 tb-gmx/1.5.5"
109.192.44.187 - - [05/Aug/2011:11:09:29 -0700] "GET /wp-content/plugins/sociable/images/services-sprite.gif HTTP/1.1" 200 330 "http://www.pacificnorthwestcoastbias.com/are-close-college-football-wins-correlated-with-winning-programs/" "Mozilla/5.0 (Windows; U; Windows NT 6.1; de; rv:1.9.2.18) Gecko/20110614 AskTbSPC2/3.12.2.16749 Firefox/3.6.18 tb-gmx/1.5.5"
109.192.44.187 - - [05/Aug/2011:11:09:29 -0700] "GET /wp-content/plugins/subscription-options/images/feed_icon_12.png HTTP/1.1" 200 6459 "http://www.pacificnorthwestcoastbias.com/are-close-college-football-wins-correlated-with-winning-programs/" "Mozilla/5.0 (Windows; U; Windows NT 6.1; de; rv:1.9.2.18) Gecko/20110614 AskTbSPC2/3.12.2.16749 Firefox/3.6.18 tb-gmx/1.5.5"
109.192.44.187 - - [05/Aug/2011:11:09:29 -0700] "GET /wp-content/uploads/2011/07/Combined-win-percentage.jpg HTTP/1.1" 200 20726 "http://www.pacificnorthwestcoastbias.com/are-close-college-football-wins-correlated-with-winning-programs/" "Mozilla/5.0 (Windows; U; Windows NT 6.1; de; rv:1.9.2.18) Gecko/20110614 AskTbSPC2/3.12.2.16749 Firefox/3.6.18 tb-gmx/1.5.5"
109.192.44.187 - - [05/Aug/2011:11:09:29 -0700] "GET /wp-content/plugins/wp-followme/flash/wp_followme.swf HTTP/1.1" 200 28638 "http://www.pacificnorthwestcoastbias.com/are-close-college-football-wins-correlated-with-winning-programs/" "Mozilla/5.0 (Windows; U; Windows NT 6.1; de; rv:1.9.2.18) Gecko/20110614 AskTbSPC2/3.12.2.16749 Firefox/3.6.18 tb-gmx/1.5.5"
109.192.44.187 - - [05/Aug/2011:11:09:29 -0700] "GET /wp-content/plugins/sociable/images/services-sprite.png HTTP/1.1" 200 50931 "http://www.pacificnorthwestcoastbias.com/are-close-college-football-wins-correlated-with-winning-programs/" "Mozilla/5.0 (Windows; U; Windows NT 6.1; de; rv:1.9.2.18) Gecko/20110614 AskTbSPC2/3.12.2.16749 Firefox/3.6.18 tb-gmx/1.5.5"
109.192.44.187 - - [05/Aug/2011:11:09:30 -0700] "GET /wp-content/plugins/wp-followme/icons/3.png HTTP/1.1" 200 1516 "-" "Mozilla/5.0 (Windows; U; Windows NT 6.1; de; rv:1.9.2.18) Gecko/20110614 AskTbSPC2/3.12.2.16749 Firefox/3.6.18 tb-gmx/1.5.5"
109.192.44.187 - - [05/Aug/2011:11:09:31 -0700] "GET /favicon.ico HTTP/1.1" 200 277 "-" "Mozilla/5.0 (Windows; U; Windows NT 6.1; de; rv:1.9.2.18) Gecko/20110614 AskTbSPC2/3.12.2.16749 Firefox/3.6.18 tb-gmx/1.5.5"
109.192.44.187 - - [05/Aug/2011:11:09:31 -0700] "GET /twitter-weekly-updates-for-2011-07-10/ HTTP/1.1" 200 8559 "http://www.pacificnorthwestcoastbias.com/are-close-college-football-wins-correlated-with-winning-programs/" "Mozilla/5.0 (Windows; U; Windows NT 6.1; de; rv:1.9.2.18) Gecko/20110614 AskTbSPC2/3.12.2.16749 Firefox/3.6.18 tb-gmx/1.5.5"
166.137.140.85 - - [05/Aug/2011:11:10:17 -0700] "GET /favicon.ico HTTP/1.1" 200 277 "-" "Reeder/2.5.0 CFNetwork/485.13.9 Darwin/11.0.0"
209.85.238.86 - - [05/Aug/2011:11:12:44 -0700] "GET /feed/ HTTP/1.1" 200 9357 "-" "Feedfetcher-Google; (+http://www.google.com/feedfetcher.html; 12 subscribers; feed-id=11769849069241211122)"
61.135.248.201 - - [05/Aug/2011:11:16:04 -0700] "GET / HTTP/1.1" 200 18112 "-" "Mozilla/5.0 (compatible; YodaoBot/1.0; http://www.yodao.com/help/webmaster/spider/; )"
173.192.238.34 - - [05/Aug/2011:11:16:36 -0700] "GET / HTTP/1.1" 200 18131 "-" "Mozilla/5.0 (X11; U; Linux x86_64; en-US; rv:1.9.0.19; aggregator:Spinn3r (Spinn3r 3.1); http://spinn3r.com/robot) Gecko/2010040121 Firefox/3.0.19"
94.228.34.207 - - [05/Aug/2011:11:16:55 -0700] "GET /in-fantasy-football-its-all-about-the-end-of-the-draft/feed/ HTTP/1.1" 200 180 "-" "magpie-crawler/1.1 (U; Linux amd64; en-GB; +http://www.brandwatch.net)"
94.228.34.207 - - [05/Aug/2011:11:16:56 -0700] "GET /whos-most-under-ratedover-rated-in-college-football/feed/ HTTP/1.1" 200 179 "-" "magpie-crawler/1.1 (U; Linux amd64; en-GB; +http://www.brandwatch.net)"
188.65.96.106 - - [05/Aug/2011:11:18:04 -0700] "GET /feed/ HTTP/1.1" 200 36002 "-" "-"
66.249.67.216 - - [05/Aug/2011:11:18:22 -0700] "GET /sitemap.xml.gz HTTP/1.1" 200 7423 "-" "Mozilla/5.0 (compatible; Googlebot/2.1; +http://www.google.com/bot.html)"
74.208.8.75 - - [05/Aug/2011:11:23:23 -0700] "GET /feed/ HTTP/1.1" 200 35965 "-" "FeedBlitz/1.0"
67.202.27.153 - - [05/Aug/2011:11:23:59 -0700] "HEAD /feed/ HTTP/1.1" 200 346 "-" "curl/7.20.0 (i386-apple-darwin9.8.0) libcurl/7.20.0 OpenSSL/0.9.8m zlib/1.2.3 libidn/1.16"
67.202.27.153 - - [05/Aug/2011:11:23:59 -0700] "GET /feed/ HTTP/1.1" 200 9356 "-" "curl/7.20.0 (i386-apple-darwin9.8.0) libcurl/7.20.0 OpenSSL/0.9.8m zlib/1.2.3 libidn/1.16"
166.137.140.85 - - [05/Aug/2011:11:24:08 -0700] "GET /favicon.ico HTTP/1.1" 200 277 "-" "Reeder/2.5.0 CFNetwork/485.13.9 Darwin/11.0.0"
38.101.148.126 - - [05/Aug/2011:11:24:31 -0700] "GET /robots.txt HTTP/1.1" 200 367 "-" "Mozilla/5.0 (compatible; discobot/1.1; +http://discoveryengine.com/discobot.html)"
85.88.36.4 - - [05/Aug/2011:11:29:22 -0700] "GET /robots.txt HTTP/1.0" 200 367 "-" "Attentio/Nutch-0.9-dev (Attentio's beta blog crawler; www.attentio.com; info@attentio.com)"
85.88.36.4 - - [05/Aug/2011:11:29:24 -0700] "GET /feed HTTP/1.0" 200 429 "-" "Attentio/Nutch-0.9-dev (Attentio's beta blog crawler; www.attentio.com; info@attentio.com)"
119.63.196.56 - - [05/Aug/2011:11:30:31 -0700] "GET /thoughts-about-hiring-a-coach/ HTTP/1.1" 200 9681 "-" "Mozilla/5.0 (compatible; Baiduspider/2.0; +http://www.baidu.com/search/spider.html)"
72.21.217.32 - - [05/Aug/2011:11:31:06 -0700] "GET /feed HTTP/1.0" 200 439 "-" "RPT-HTTPClient/0.3-3"
72.21.217.32 - - [05/Aug/2011:11:31:07 -0700] "GET /feed/ HTTP/1.0" 200 35924 "-" "RPT-HTTPClient/0.3-3"
88.131.106.7 - - [05/Aug/2011:11:44:41 -0700] "GET /robots.txt HTTP/1.0" 200 367 "-" "Mozilla/5.0 (Windows; U; Windows NT 5.1; en-US) Speedy Spider (http://www.entireweb.com/about/search_tech/speedy_spider/)"
69.163.231.33 - - [05/Aug/2011:11:44:43 -0700] "POST /wp-cron.php?doing_wp_cron HTTP/1.0" 200 158 "-" "WordPress/3.1.4; http://www.pacificnorthwestcoastbias.com"
88.131.106.7 - - [05/Aug/2011:11:44:45 -0700] "GET /category/sports/ HTTP/1.0" 200 19757 "-" "Mozilla/5.0 (Windows; U; Windows NT 5.1; en-US) Speedy Spider (http://www.entireweb.com/about/search_tech/speedy_spider/)"
88.131.106.8 - - [05/Aug/2011:11:45:13 -0700] "GET /feed/ HTTP/1.0" 200 143 "-" "Mozilla/5.0 (Windows; U; Windows NT 5.1; en-US) Speedy Spider (http://www.entireweb.com/about/search_tech/speedy_spider/)"
66.249.67.216 - - [05/Aug/2011:11:45:27 -0700] "GET /sitemap.xml.gz HTTP/1.1" 200 7423 "-" "Mozilla/5.0 (compatible; Googlebot/2.1; +http://www.google.com/bot.html)"
174.37.205.92 - - [05/Aug/2011:11:46:44 -0700] "GET / HTTP/1.1" 200 18131 "-" "Mozilla/5.0 (X11; U; Linux x86_64; en-US; rv:1.9.0.19; aggregator:Spinn3r (Spinn3r 3.1); http://spinn3r.com/robot) Gecko/2010040121 Firefox/3.0.19"
94.23.195.135 - - [05/Aug/2011:11:54:24 -0700] "GET /comments/feed/ HTTP/1.0" 200 12242 "-" "-"
209.171.42.71 - - [05/Aug/2011:11:55:03 -0700] "GET /feed HTTP/1.1" 200 439 "-" "Mozilla/5.0 (compatible; BlogScope/1.0; +http://www.blogscope.net/; U of Toronto)"
69.163.231.33 - - [05/Aug/2011:11:55:03 -0700] "POST /wp-cron.php?doing_wp_cron HTTP/1.0" 200 158 "-" "WordPress/3.1.4; http://www.pacificnorthwestcoastbias.com"
209.171.42.71 - - [05/Aug/2011:11:55:05 -0700] "GET /feed/ HTTP/1.1" 200 9362 "-" "Mozilla/5.0 (compatible; BlogScope/1.0; +http://www.blogscope.net/; U of Toronto)"
166.137.140.85 - - [05/Aug/2011:11:55:24 -0700] "GET /favicon.ico HTTP/1.1" 200 277 "-" "Reeder/2.5.0 CFNetwork/485.13.9 Darwin/11.0.0"
119.63.196.10 - - [05/Aug/2011:11:56:34 -0700] "GET /?p=397 HTTP/1.1" 301 387 "-" "Mozilla/5.0 (compatible; Baiduspider/2.0; +http://www.baidu.com/search/spider.html)"
119.63.196.26 - - [05/Aug/2011:11:56:35 -0700] "GET /ncaa-basketball-when-is-a-lead-safe/ HTTP/1.1" 200 9529 "-" "Mozilla/5.0 (compatible; Baiduspider/2.0; +http://www.baidu.com/search/spider.html)"
128.242.249.14 - - [05/Aug/2011:11:59:26 -0700] "GET /feed/ HTTP/1.1" 200 35946 "-" "TwitterFeed 3"
67.195.115.58 - - [05/Aug/2011:11:59:33 -0700] "GET /best-of/ HTTP/1.0" 200 7572 "-" "Mozilla/5.0 (compatible; Yahoo! Slurp; http://help.yahoo.com/help/us/ysearch/slurp)"
72.21.217.32 - - [05/Aug/2011:12:01:06 -0700] "GET /feed HTTP/1.0" 200 439 "-" "RPT-HTTPClient/0.3-3"
72.21.217.32 - - [05/Aug/2011:12:01:07 -0700] "GET /feed/ HTTP/1.0" 200 35924 "-" "RPT-HTTPClient/0.3-3"
72.21.217.96 - - [05/Aug/2011:12:01:29 -0700] "GET /feed HTTP/1.1" 200 383 "-" "RPT-HTTPClient/0.3-3"
72.21.217.96 - - [05/Aug/2011:12:01:30 -0700] "GET /feed/ HTTP/1.1" 200 35946 "-" "RPT-HTTPClient/0.3-3"
72.21.217.96 - - [05/Aug/2011:12:01:34 -0700] "GET /wp-content/uploads/2011/07/Community-Minded-1024x575.jpg HTTP/1.1" 200 127529 "-" "RPT-HTTPClient/0.3-3"
72.21.217.96 - - [05/Aug/2011:12:01:35 -0700] "GET /wp-content/uploads/2011/07/Innings-Pitched-All-Star-Game.jpg HTTP/1.1" 200 34923 "-" "RPT-HTTPClient/0.3-3"
72.21.217.96 - - [05/Aug/2011:12:01:35 -0700] "GET /wp-content/uploads/2011/07/Amway-Center-Orlando-Florida.jpg HTTP/1.1" 200 50147 "-" "RPT-HTTPClient/0.3-3"
72.21.217.96 - - [05/Aug/2011:12:01:35 -0700] "GET /wp-content/uploads/2011/07/Size-of-Amway-Center-with-Some-Parking.jpg HTTP/1.1" 200 625 "-" "RPT-HTTPClient/0.3-3"
72.21.217.96 - - [05/Aug/2011:12:01:35 -0700] "GET /wp-content/uploads/2011/07/downtown-bellevue-park.jpg HTTP/1.1" 200 136949 "-" "RPT-HTTPClient/0.3-3"
72.21.217.96 - - [05/Aug/2011:12:01:35 -0700] "GET /wp-content/uploads/2011/07/Dodge-Dealership.jpg HTTP/1.1" 200 163525 "-" "RPT-HTTPClient/0.3-3"
72.21.217.96 - - [05/Aug/2011:12:01:36 -0700] "GET /wp-content/uploads/2011/07/Safeway.jpg HTTP/1.1" 200 113322 "-" "RPT-HTTPClient/0.3-3"
72.21.217.96 - - [05/Aug/2011:12:01:36 -0700] "GET /wp-content/uploads/2011/07/NCAA-Win-Percentage.jpg HTTP/1.1" 200 27439 "-" "RPT-HTTPClient/0.3-3"
72.21.217.96 - - [05/Aug/2011:12:01:36 -0700] "GET /wp-content/uploads/2011/07/NCAA-Close-Game-Win-Percentage.jpg HTTP/1.1" 200 30700 "-" "RPT-HTTPClient/0.3-3"
72.21.217.96 - - [05/Aug/2011:12:01:36 -0700] "GET /wp-content/uploads/2011/07/Win-percentage-correlation.jpg HTTP/1.1" 200 28564 "-" "RPT-HTTPClient/0.3-3"
72.21.217.96 - - [05/Aug/2011:12:01:36 -0700] "GET /wp-content/uploads/2011/07/Close-Game-extra-wins.jpg HTTP/1.1" 200 23896 "-" "RPT-HTTPClient/0.3-3"
72.21.217.96 - - [05/Aug/2011:12:01:36 -0700] "GET /wp-content/uploads/2011/07/Close-Game-wins.jpg HTTP/1.1" 200 22396 "-" "RPT-HTTPClient/0.3-3"
72.21.217.96 - - [05/Aug/2011:12:01:36 -0700] "GET /wp-content/uploads/2011/07/Combined-win-percentage.jpg HTTP/1.1" 200 20671 "-" "RPT-HTTPClient/0.3-3"
72.21.217.96 - - [05/Aug/2011:12:01:37 -0700] "GET /wp-content/uploads/2011/07/Marymoor-Park-Sign.jpg HTTP/1.1" 200 353951 "-" "RPT-HTTPClient/0.3-3"
72.21.217.96 - - [05/Aug/2011:12:01:37 -0700] "GET /wp-content/uploads/2011/06/win-percentage.jpg HTTP/1.1" 200 25585 "-" "RPT-HTTPClient/0.3-3"
72.21.217.96 - - [05/Aug/2011:12:01:37 -0700] "GET /wp-content/uploads/2011/06/Adjusted-wins.jpg HTTP/1.1" 200 30873 "-" "RPT-HTTPClient/0.3-3"
72.21.217.96 - - [05/Aug/2011:12:01:37 -0700] "GET /wp-content/uploads/2011/06/mlb-leader-table.jpg HTTP/1.1" 200 26990 "-" "RPT-HTTPClient/0.3-3"
64.94.66.97 - - [05/Aug/2011:12:05:45 -0700] "GET /comments/feed/ HTTP/1.0" 200 3443 "-" "Moreoverbot/5.1 (+http://w.moreover.com; webmaster@moreover.com) Mozilla/5.0"
174.129.136.158 - - [05/Aug/2011:12:07:50 -0700] "GET /feed/ HTTP/1.1" 200 35946 "-" "-"
174.129.136.158 - - [05/Aug/2011:12:07:50 -0700] "GET /feed/ HTTP/1.1" 200 9302 "-" "Mozilla/5.0 (X11; U; Linux i686; en-US; aggregator:Outside.in; http://outside.in)"
166.137.142.33 - - [05/Aug/2011:12:12:46 -0700] "GET /favicon.ico HTTP/1.1" 200 277 "-" "Reeder/2.5.0 CFNetwork/485.13.9 Darwin/11.0.0"
173.192.238.44 - - [05/Aug/2011:12:17:00 -0700] "GET / HTTP/1.1" 200 18130 "-" "Mozilla/5.0 (X11; U; Linux x86_64; en-US; rv:1.9.0.19; aggregator:Spinn3r (Spinn3r 3.1); http://spinn3r.com/robot) Gecko/2010040121 Firefox/3.0.19"
209.85.238.86 - - [05/Aug/2011:12:17:35 -0700] "GET /feed/ HTTP/1.1" 200 9358 "-" "Feedfetcher-Google; (+http://www.google.com/feedfetcher.html; 12 subscribers; feed-id=11769849069241211122)"
119.63.196.57 - - [05/Aug/2011:12:20:01 -0700] "GET /twitter-weekly-updates-for-2010-07-25/ HTTP/1.1" 200 8507 "-" "Mozilla/5.0 (compatible; Baiduspider/2.0; +http://www.baidu.com/search/spider.html)"
207.244.223.66 - - [05/Aug/2011:12:30:15 -0700] "GET /feed/ HTTP/1.1" 200 9321 "-" "BlogSearch/2 +http://www.icerocket.com/"
72.21.217.32 - - [05/Aug/2011:12:31:05 -0700] "GET /feed HTTP/1.0" 200 439 "-" "RPT-HTTPClient/0.3-3"
72.21.217.32 - - [05/Aug/2011:12:31:06 -0700] "GET /feed/ HTTP/1.0" 200 35924 "-" "RPT-HTTPClient/0.3-3"
195.43.189.232 - - [05/Aug/2011:12:41:00 -0700] "HEAD /feed/ HTTP/1.1" 200 290 "-" "Mozilla/4.0 (compatible; MSIE 4.0; MSIECrawler; Windows 95)"
94.228.34.229 - - [05/Aug/2011:12:41:29 -0700] "GET /who-is-going-to-make-the-baseball-hall-of-fame-based-on-current-trajectories/feed/ HTTP/1.1" 200 180 "-" "magpie-crawler/1.1 (U; Linux amd64; en-GB; +http://www.brandwatch.net)"
69.163.231.33 - - [05/Aug/2011:12:41:30 -0700] "POST /wp-cron.php?doing_wp_cron HTTP/1.0" 200 158 "-" "WordPress/3.1.4; http://www.pacificnorthwestcoastbias.com"
166.137.142.33 - - [05/Aug/2011:12:42:00 -0700] "GET /favicon.ico HTTP/1.1" 200 277 "-" "Reeder/2.5.0 CFNetwork/485.13.9 Darwin/11.0.0"
87.250.255.242 - - [05/Aug/2011:12:44:36 -0700] "GET /robots.txt HTTP/1.1" 200 386 "-" "Mozilla/5.0 (compatible; YandexBot/3.0; +http://yandex.com/bots)"
87.250.255.242 - - [05/Aug/2011:12:44:40 -0700] "GET /best-of/ HTTP/1.1" 200 7582 "-" "Mozilla/5.0 (compatible; YandexBot/3.0; +http://yandex.com/bots)"
207.34.25.76 - - [05/Aug/2011:12:45:33 -0700] "GET /robots.txt HTTP/1.1" 200 348 "-" "radian6_default_(www.radian6.com/crawler)"
207.34.25.76 - - [05/Aug/2011:12:45:34 -0700] "GET /feed/ HTTP/1.1" 200 9302 "-" "R6_FeedFetcher(www.radian6.com/crawler)"
173.192.238.48 - - [05/Aug/2011:12:47:09 -0700] "GET / HTTP/1.1" 200 18104 "-" "Mozilla/5.0 (X11; U; Linux x86_64; en-US; rv:1.9.0.19; aggregator:Spinn3r (Spinn3r 3.1); http://spinn3r.com/robot) Gecko/2010040121 Firefox/3.0.19"
119.63.196.89 - - [05/Aug/2011:12:47:55 -0700] "GET /where-to-build-an-nba-arena-in-bellevue/ HTTP/1.1" 200 9997 "-" "Mozilla/5.0 (compatible; Baiduspider/2.0; +http://www.baidu.com/search/spider.html)"
1.202.218.5 - - [05/Aug/2011:12:48:57 -0700] "GET /wp-content/uploads/2011/02/Concussions-by-week.jpg HTTP/1.0" 200 22276 "-" "gosospider Mozilla/5.0 (compatible; JIKESpider; +http://shoulu.jike.com/spider.html)"
1.202.218.5 - - [05/Aug/2011:12:49:05 -0700] "GET /wp-content/uploads/2010/11/HTTM.jpg HTTP/1.0" 200 10248 "-" "gosospider Mozilla/5.0 (compatible; JIKESpider; +http://shoulu.jike.com/spider.html)"
166.137.142.33 - - [05/Aug/2011:12:52:40 -0700] "GET /favicon.ico HTTP/1.1" 200 277 "-" "Reeder/2.5.0 CFNetwork/485.13.9 Darwin/11.0.0"
198.228.192.72 - - [05/Aug/2011:12:52:46 -0700] "GET /favicon.ico HTTP/1.1" 200 277 "-" "Reeder/2.5.0 CFNetwork/485.13.9 Darwin/11.0.0"
1.202.219.4 - - [05/Aug/2011:12:58:53 -0700] "GET /robots.txt HTTP/1.0" 200 317 "-" "Mozilla/5.0 ()"
72.21.217.32 - - [05/Aug/2011:13:01:06 -0700] "GET /feed HTTP/1.0" 200 439 "-" "RPT-HTTPClient/0.3-3"
128.242.249.11 - - [05/Aug/2011:13:01:08 -0700] "GET /feed/ HTTP/1.1" 200 35946 "-" "TwitterFeed 3"
72.21.217.32 - - [05/Aug/2011:13:01:09 -0700] "GET /feed/ HTTP/1.0" 200 35924 "-" "RPT-HTTPClient/0.3-3"
69.163.231.33 - - [05/Aug/2011:13:01:08 -0700] "POST /wp-cron.php?doing_wp_cron HTTP/1.0" 200 158 "-" "WordPress/3.1.4; http://www.pacificnorthwestcoastbias.com"
75.101.241.81 - - [05/Aug/2011:13:04:24 -0700] "GET /feed/ HTTP/1.1" 200 35950 "-" "-"
75.101.241.81 - - [05/Aug/2011:13:04:25 -0700] "GET /feed/ HTTP/1.1" 200 9301 "-" "Mozilla/5.0 (X11; U; Linux i686; en-US; aggregator:Outside.in; http://outside.in)"
209.171.42.71 - - [05/Aug/2011:13:11:22 -0700] "GET /feed HTTP/1.1" 200 439 "-" "Mozilla/5.0 (compatible; BlogScope/1.0; +http://www.blogscope.net/; U of Toronto)"
209.171.42.71 - - [05/Aug/2011:13:11:24 -0700] "GET /feed/ HTTP/1.1" 200 9357 "-" "Mozilla/5.0 (compatible; BlogScope/1.0; +http://www.blogscope.net/; U of Toronto)"
166.137.143.43 - - [05/Aug/2011:13:14:03 -0700] "GET /favicon.ico HTTP/1.1" 200 277 "-" "Reeder/2.5.0 CFNetwork/485.13.9 Darwin/11.0.0"
69.163.231.33 - - [05/Aug/2011:13:14:33 -0700] "POST /wp-cron.php?doing_wp_cron HTTP/1.0" 200 158 "-" "WordPress/3.1.4; http://www.pacificnorthwestcoastbias.com"
119.63.196.77 - - [05/Aug/2011:13:14:33 -0700] "GET /archive/test/ HTTP/1.1" 200 7197 "-" "Mozilla/5.0 (compatible; Baiduspider/2.0; +http://www.baidu.com/search/spider.html)"
174.37.205.68 - - [05/Aug/2011:13:17:17 -0700] "GET / HTTP/1.1" 200 18104 "-" "Mozilla/5.0 (X11; U; Linux x86_64; en-US; rv:1.9.0.19; aggregator:Spinn3r (Spinn3r 3.1); http://spinn3r.com/robot) Gecko/2010040121 Firefox/3.0.19"
94.228.34.209 - - [05/Aug/2011:13:19:59 -0700] "GET /another-reason-magazine-advertising-is-dying/feed/ HTTP/1.1" 200 180 "-" "magpie-crawler/1.1 (U; Linux amd64; en-GB; +http://www.brandwatch.net)"
94.228.34.209 - - [05/Aug/2011:13:20:00 -0700] "GET /its-el-nino-not-global-warming-driving-warm-weather-in-the-pacific-northwest/feed/ HTTP/1.1" 200 179 "-" "magpie-crawler/1.1 (U; Linux amd64; en-GB; +http://www.brandwatch.net)"
61.135.249.239 - - [05/Aug/2011:13:20:11 -0700] "GET / HTTP/1.1" 200 18085 "-" "Mozilla/5.0 (compatible; YodaoBot/1.0; http://www.yodao.com/help/webmaster/spider/; )"
124.115.0.17 - - [05/Aug/2011:13:20:47 -0700] "GET /seahawks-training-camp-notes/ HTTP/1.1" 200 8765 "-" "Sosospider+(+http://help.soso.com/webspider.htm)"
72.21.217.32 - - [05/Aug/2011:13:31:07 -0700] "GET /feed HTTP/1.0" 200 439 "-" "RPT-HTTPClient/0.3-3"
72.21.217.32 - - [05/Aug/2011:13:31:08 -0700] "GET /feed/ HTTP/1.0" 200 35924 "-" "RPT-HTTPClient/0.3-3"
209.171.42.71 - - [05/Aug/2011:13:31:26 -0700] "GET /feed HTTP/1.1" 200 439 "-" "Mozilla/5.0 (compatible; BlogScope/1.0; +http://www.blogscope.net/; U of Toronto)"
209.171.42.71 - - [05/Aug/2011:13:31:29 -0700] "GET /feed/ HTTP/1.1" 200 9357 "-" "Mozilla/5.0 (compatible; BlogScope/1.0; +http://www.blogscope.net/; U of Toronto)"
69.163.231.33 - - [05/Aug/2011:13:31:27 -0700] "POST /wp-cron.php?doing_wp_cron HTTP/1.0" 200 158 "-" "WordPress/3.1.4; http://www.pacificnorthwestcoastbias.com"
72.21.217.97 - - [05/Aug/2011:13:31:33 -0700] "GET /feed HTTP/1.1" 200 383 "-" "RPT-HTTPClient/0.3-3"
72.21.217.97 - - [05/Aug/2011:13:31:34 -0700] "GET /feed/ HTTP/1.1" 200 35946 "-" "RPT-HTTPClient/0.3-3"
72.21.217.96 - - [05/Aug/2011:13:31:39 -0700] "GET /wp-content/uploads/2011/07/Community-Minded-1024x575.jpg HTTP/1.1" 200 127529 "-" "RPT-HTTPClient/0.3-3"
72.21.217.96 - - [05/Aug/2011:13:31:39 -0700] "GET /wp-content/uploads/2011/07/Innings-Pitched-All-Star-Game.jpg HTTP/1.1" 200 34923 "-" "RPT-HTTPClient/0.3-3"
72.21.217.96 - - [05/Aug/2011:13:31:40 -0700] "GET /wp-content/uploads/2011/07/Amway-Center-Orlando-Florida.jpg HTTP/1.1" 200 50147 "-" "RPT-HTTPClient/0.3-3"
72.21.217.96 - - [05/Aug/2011:13:31:41 -0700] "GET /wp-content/uploads/2011/07/Size-of-Amway-Center-with-Some-Parking.jpg HTTP/1.1" 200 625 "-" "RPT-HTTPClient/0.3-3"
72.21.217.96 - - [05/Aug/2011:13:31:41 -0700] "GET /wp-content/uploads/2011/07/downtown-bellevue-park.jpg HTTP/1.1" 200 136949 "-" "RPT-HTTPClient/0.3-3"
72.21.217.96 - - [05/Aug/2011:13:31:41 -0700] "GET /wp-content/uploads/2011/07/Dodge-Dealership.jpg HTTP/1.1" 200 163525 "-" "RPT-HTTPClient/0.3-3"
72.21.217.96 - - [05/Aug/2011:13:31:41 -0700] "GET /wp-content/uploads/2011/07/Safeway.jpg HTTP/1.1" 200 113322 "-" "RPT-HTTPClient/0.3-3"
72.21.217.96 - - [05/Aug/2011:13:31:42 -0700] "GET /wp-content/uploads/2011/07/NCAA-Win-Percentage.jpg HTTP/1.1" 200 27439 "-" "RPT-HTTPClient/0.3-3"
72.21.217.96 - - [05/Aug/2011:13:31:42 -0700] "GET /wp-content/uploads/2011/07/NCAA-Close-Game-Win-Percentage.jpg HTTP/1.1" 200 30700 "-" "RPT-HTTPClient/0.3-3"
72.21.217.96 - - [05/Aug/2011:13:31:42 -0700] "GET /wp-content/uploads/2011/07/Win-percentage-correlation.jpg HTTP/1.1" 200 28564 "-" "RPT-HTTPClient/0.3-3"
72.21.217.96 - - [05/Aug/2011:13:31:42 -0700] "GET /wp-content/uploads/2011/07/Close-Game-extra-wins.jpg HTTP/1.1" 200 23896 "-" "RPT-HTTPClient/0.3-3"
72.21.217.96 - - [05/Aug/2011:13:31:42 -0700] "GET /wp-content/uploads/2011/07/Close-Game-wins.jpg HTTP/1.1" 200 22396 "-" "RPT-HTTPClient/0.3-3"
72.21.217.96 - - [05/Aug/2011:13:31:43 -0700] "GET /wp-content/uploads/2011/07/Combined-win-percentage.jpg HTTP/1.1" 200 20671 "-" "RPT-HTTPClient/0.3-3"
72.21.217.96 - - [05/Aug/2011:13:31:43 -0700] "GET /wp-content/uploads/2011/07/Marymoor-Park-Sign.jpg HTTP/1.1" 200 353951 "-" "RPT-HTTPClient/0.3-3"
72.21.217.96 - - [05/Aug/2011:13:31:43 -0700] "GET /wp-content/uploads/2011/06/win-percentage.jpg HTTP/1.1" 200 25585 "-" "RPT-HTTPClient/0.3-3"
72.21.217.96 - - [05/Aug/2011:13:31:43 -0700] "GET /wp-content/uploads/2011/06/Adjusted-wins.jpg HTTP/1.1" 200 30873 "-" "RPT-HTTPClient/0.3-3"
72.21.217.96 - - [05/Aug/2011:13:31:44 -0700] "GET /wp-content/uploads/2011/06/mlb-leader-table.jpg HTTP/1.1" 200 26990 "-" "RPT-HTTPClient/0.3-3"
174.129.136.171 - - [05/Aug/2011:13:32:02 -0700] "GET /feed/ HTTP/1.1" 200 9301 "-" "PostRank/2.0 (postrank.com; 1 subscribers)"
119.63.196.119 - - [05/Aug/2011:13:40:32 -0700] "GET /category/sports/page/2/ HTTP/1.1" 200 18797 "-" "Mozilla/5.0 (compatible; Baiduspider/2.0; +http://www.baidu.com/search/spider.html)"
24.143.99.209 - - [05/Aug/2011:13:43:24 -0700] "GET /where-to-build-an-nba-arena-in-bellevue/ HTTP/1.1" 200 10097 "http://www.google.com/url?sa=t&source=web&cd=5&ved=0CFEQFjAE&url=http%3A%2F%2Fwww.pacificnorthwestcoastbias.com%2Fwhere-to-build-an-nba-arena-in-bellevue%2F&rct=j&q=bellevue%20to%20build%20arena&ei=DFQ8Tu-jObCBsgLFvp2XBQ&usg=AFQjCNFViLIeqjxKm4mer6rLBTb5tjp0yA&sig2=lqIZaEFOrd-CO8AWDX-5Jw" "Mozilla/4.0 (compatible; MSIE 8.0; Windows NT 6.1; WOW64; Trident/4.0; GTB7.1; SLCC2; .NET CLR 2.0.50727; .NET CLR 3.5.30729; .NET CLR 3.0.30729; Media Center PC 6.0; BRI/1; .NET4.0C; MALC)"
24.143.99.209 - - [05/Aug/2011:13:43:26 -0700] "GET /wp-content/themes/EmptyCanvas/style.css HTTP/1.1" 200 5935 "http://www.pacificnorthwestcoastbias.com/where-to-build-an-nba-arena-in-bellevue/" "Mozilla/4.0 (compatible; MSIE 8.0; Windows NT 6.1; WOW64; Trident/4.0; GTB7.1; SLCC2; .NET CLR 2.0.50727; .NET CLR 3.5.30729; .NET CLR 3.0.30729; Media Center PC 6.0; BRI/1; .NET4.0C; MALC)"
24.143.99.209 - - [05/Aug/2011:13:43:26 -0700] "GET /wp-includes/js/tw-sack.js?ver=1.6.1 HTTP/1.1" 200 3911 "http://www.pacificnorthwestcoastbias.com/where-to-build-an-nba-arena-in-bellevue/" "Mozilla/4.0 (compatible; MSIE 8.0; Windows NT 6.1; WOW64; Trident/4.0; GTB7.1; SLCC2; .NET CLR 2.0.50727; .NET CLR 3.5.30729; .NET CLR 3.0.30729; Media Center PC 6.0; BRI/1; .NET4.0C; MALC)"
