67.23.45.172 - - [05/Aug/2011:21:46:35 -0700] "GET /feed/ HTTP/1.1" 200 9302 "http://pacificnorthwestcoastbias.com/feed" "SimplePie/1.1.3 (Feed Parser; http://simplepie.org; Allow like Gecko) Build/20081219"
87.250.255.242 - - [05/Aug/2011:21:47:41 -0700] "GET /feed/ HTTP/1.1" 200 9358 "-" "Mozilla/5.0 (compatible; YandexBot/3.0; +http://yandex.com/bots)"
69.163.231.33 - - [05/Aug/2011:21:49:32 -0700] "POST /wp-cron.php?doing_wp_cron HTTP/1.0" 200 158 "-" "WordPress/3.1.4; http://www.pacificnorthwestcoastbias.com"
174.37.205.92 - - [05/Aug/2011:21:49:31 -0700] "GET / HTTP/1.1" 200 18097 "-" "Mozilla/5.0 (X11; U; Linux x86_64; en-US; rv:1.9.0.19; aggregator:Spinn3r (Spinn3r 3.1); http://spinn3r.com/robot) Gecko/2010040121 Firefox/3.0.19"
208.115.111.68 - - [05/Aug/2011:21:52:46 -0700] "GET /robots.txt HTTP/1.1" 200 330 "-" "Mozilla/5.0 (compatible; Ezooms/1.0; ezooms.bot@gmail.com)"
67.195.115.58 - - [05/Aug/2011:21:56:19 -0700] "GET /the-sad-state-of-the-al-west/ HTTP/1.0" 200 8194 "-" "Mozilla/5.0 (compatible; Yahoo! Slurp; http://help.yahoo.com/help/us/ysearch/slurp)"
67.195.115.58 - - [05/Aug/2011:21:56:21 -0700] "GET /wp-content/themes/EmptyCanvas/style.css HTTP/1.0" 304 138 "http://www.pacificnorthwestcoastbias.com/the-sad-state-of-the-al-west/" "Mozilla/5.0 (compatible; Yahoo! Slurp; http://help.yahoo.com/help/us/ysearch/slurp)"
67.195.115.58 - - [05/Aug/2011:21:56:21 -0700] "GET /wp-content/themes/EmptyCanvas/reset.css HTTP/1.0" 304 137 "http://www.pacificnorthwestcoastbias.com/wp-content/themes/EmptyCanvas/style.css" "Mozilla/5.0 (compatible; Yahoo! Slurp; http://help.yahoo.com/help/us/ysearch/slurp)"
67.195.115.58 - - [05/Aug/2011:21:56:21 -0700] "GET /wp-content/plugins/sociable/sociable.css?ver=3.1.4 HTTP/1.0" 304 137 "http://www.pacificnorthwestcoastbias.com/the-sad-state-of-the-al-west/" "Mozilla/5.0 (compatible; Yahoo! Slurp; http://help.yahoo.com/help/us/ysearch/slurp)"
67.195.115.58 - - [05/Aug/2011:21:56:22 -0700] "GET /wp-content/plugins/subscribe-here-widget/subscribe-here-widget.css HTTP/1.0" 304 137 "http://www.pacificnorthwestcoastbias.com/the-sad-state-of-the-al-west/" "Mozilla/5.0 (compatible; Yahoo! Slurp; http://help.yahoo.com/help/us/ysearch/slurp)"
87.250.255.242 - - [05/Aug/2011:21:57:17 -0700] "GET /should-insures-use-credit-scores/ HTTP/1.1" 200 8629 "-" "Mozilla/5.0 (compatible; YandexBot/3.0; +http://yandex.com/bots)"
85.88.36.4 - - [05/Aug/2011:22:00:04 -0700] "GET /robots.txt HTTP/1.0" 200 367 "-" "Attentio/Nutch-0.9-dev (Attentio's beta blog crawler; www.attentio.com; info@attentio.com)"
85.88.36.4 - - [05/Aug/2011:22:00:05 -0700] "GET /feed HTTP/1.0" 200 429 "-" "Attentio/Nutch-0.9-dev (Attentio's beta blog crawler; www.attentio.com; info@attentio.com)"
72.21.217.32 - - [05/Aug/2011:22:01:08 -0700] "GET /feed HTTP/1.0" 200 439 "-" "RPT-HTTPClient/0.3-3"
72.21.217.32 - - [05/Aug/2011:22:01:08 -0700] "GET /feed/ HTTP/1.0" 200 35924 "-" "RPT-HTTPClient/0.3-3"
69.163.231.33 - - [05/Aug/2011:22:04:07 -0700] "POST /wp-cron.php?doing_wp_cron HTTP/1.0" 200 158 "-" "WordPress/3.1.4; http://www.pacificnorthwestcoastbias.com"
67.195.115.58 - - [05/Aug/2011:22:04:06 -0700] "GET /twitter-weekly-updates-for-2010-09-12/ HTTP/1.0" 200 8123 "-" "Mozilla/5.0 (compatible; Yahoo! Slurp; http://help.yahoo.com/help/us/ysearch/slurp)"
174.129.136.158 - - [05/Aug/2011:22:05:01 -0700] "GET /feed/ HTTP/1.1" 200 35950 "-" "-"
174.129.136.158 - - [05/Aug/2011:22:05:02 -0700] "GET /feed/ HTTP/1.1" 200 9302 "-" "Mozilla/5.0 (X11; U; Linux i686; en-US; aggregator:Outside.in; http://outside.in)"
87.250.255.242 - - [05/Aug/2011:22:06:55 -0700] "GET /paint-color-or-band-name-answers/ HTTP/1.1" 200 7822 "-" "Mozilla/5.0 (compatible; YandexBot/3.0; +http://yandex.com/bots)"
208.115.111.244 - - [05/Aug/2011:22:09:58 -0700] "GET /robots.txt HTTP/1.1" 200 348 "-" "Mozilla/5.0 (compatible; DotBot/1.1; http://www.dotnetdotcom.org/, crawler@dotnetdotcom.org)"
67.195.115.58 - - [05/Aug/2011:22:16:20 -0700] "GET /is-it-too-late-for-tiger/ HTTP/1.0" 200 8602 "-" "Mozilla/5.0 (compatible; Yahoo! Slurp; http://help.yahoo.com/help/us/ysearch/slurp)"
69.163.231.33 - - [05/Aug/2011:22:16:21 -0700] "POST /wp-cron.php?doing_wp_cron HTTP/1.0" 200 158 "-" "WordPress/3.1.4; http://www.pacificnorthwestcoastbias.com"
87.250.255.242 - - [05/Aug/2011:22:16:33 -0700] "GET /grading-nate-silvers-election-predictions/ HTTP/1.1" 200 9367 "-" "Mozilla/5.0 (compatible; YandexBot/3.0; +http://yandex.com/bots)"
174.37.205.92 - - [05/Aug/2011:22:19:38 -0700] "GET / HTTP/1.1" 200 18097 "-" "Mozilla/5.0 (X11; U; Linux x86_64; en-US; rv:1.9.0.19; aggregator:Spinn3r (Spinn3r 3.1); http://spinn3r.com/robot) Gecko/2010040121 Firefox/3.0.19"
65.52.108.143 - - [05/Aug/2011:22:20:17 -0700] "GET /robots.txt HTTP/1.1" 200 386 "-" "Mozilla/5.0 (compatible; bingbot/2.0; +http://www.bing.com/bingbot.htm)"
65.52.108.143 - - [05/Aug/2011:22:21:48 -0700] "GET / HTTP/1.1" 200 18134 "-" "Mozilla/5.0 (compatible; bingbot/2.0; +http://www.bing.com/bingbot.htm)"
209.171.42.71 - - [05/Aug/2011:22:23:18 -0700] "GET /feed HTTP/1.1" 200 439 "-" "Mozilla/5.0 (compatible; BlogScope/1.0; +http://www.blogscope.net/; U of Toronto)"
209.171.42.71 - - [05/Aug/2011:22:23:19 -0700] "GET /feed/ HTTP/1.1" 200 9358 "-" "Mozilla/5.0 (compatible; BlogScope/1.0; +http://www.blogscope.net/; U of Toronto)"
87.250.255.242 - - [05/Aug/2011:22:26:12 -0700] "GET /new-month-time-to-check-your-credit-score/ HTTP/1.1" 200 8347 "-" "Mozilla/5.0 (compatible; YandexBot/3.0; +http://yandex.com/bots)"
69.163.231.33 - - [05/Aug/2011:22:26:13 -0700] "POST /wp-cron.php?doing_wp_cron HTTP/1.0" 200 158 "-" "WordPress/3.1.4; http://www.pacificnorthwestcoastbias.com"
1.202.218.3 - - [05/Aug/2011:22:26:48 -0700] "GET /wp-content/uploads/2010/02/apple.jpg HTTP/1.0" 200 25978 "-" "gosospider Mozilla/5.0 (compatible; JIKESpider; +http://shoulu.jike.com/spider.html)"
94.228.34.209 - - [05/Aug/2011:22:27:26 -0700] "GET /another-reason-magazine-advertising-is-dying/feed/ HTTP/1.1" 200 180 "-" "magpie-crawler/1.1 (U; Linux amd64; en-GB; +http://www.brandwatch.net)"
94.228.34.209 - - [05/Aug/2011:22:27:28 -0700] "GET /its-el-nino-not-global-warming-driving-warm-weather-in-the-pacific-northwest/feed/ HTTP/1.1" 200 179 "-" "magpie-crawler/1.1 (U; Linux amd64; en-GB; +http://www.brandwatch.net)"
128.242.249.9 - - [05/Aug/2011:22:29:01 -0700] "GET /feed/ HTTP/1.1" 200 35946 "-" "TwitterFeed 3"
72.21.217.32 - - [05/Aug/2011:22:31:06 -0700] "GET /feed HTTP/1.0" 200 439 "-" "RPT-HTTPClient/0.3-3"
72.21.217.32 - - [05/Aug/2011:22:31:08 -0700] "GET /feed/ HTTP/1.0" 200 35924 "-" "RPT-HTTPClient/0.3-3"
72.21.217.96 - - [05/Aug/2011:22:32:28 -0700] "GET /feed HTTP/1.1" 200 383 "-" "RPT-HTTPClient/0.3-3"
72.21.217.96 - - [05/Aug/2011:22:32:29 -0700] "GET /feed/ HTTP/1.1" 200 35946 "-" "RPT-HTTPClient/0.3-3"
72.21.217.96 - - [05/Aug/2011:22:32:33 -0700] "GET /wp-content/uploads/2011/07/Community-Minded-1024x575.jpg HTTP/1.1" 200 127529 "-" "RPT-HTTPClient/0.3-3"
72.21.217.96 - - [05/Aug/2011:22:32:34 -0700] "GET /wp-content/uploads/2011/07/Innings-Pitched-All-Star-Game.jpg HTTP/1.1" 200 34923 "-" "RPT-HTTPClient/0.3-3"
72.21.217.96 - - [05/Aug/2011:22:32:34 -0700] "GET /wp-content/uploads/2011/07/Amway-Center-Orlando-Florida.jpg HTTP/1.1" 200 50147 "-" "RPT-HTTPClient/0.3-3"
72.21.217.96 - - [05/Aug/2011:22:32:34 -0700] "GET /wp-content/uploads/2011/07/Size-of-Amway-Center-with-Some-Parking.jpg HTTP/1.1" 200 625 "-" "RPT-HTTPClient/0.3-3"
72.21.217.96 - - [05/Aug/2011:22:32:34 -0700] "GET /wp-content/uploads/2011/07/downtown-bellevue-park.jpg HTTP/1.1" 200 136949 "-" "RPT-HTTPClient/0.3-3"
72.21.217.96 - - [05/Aug/2011:22:32:34 -0700] "GET /wp-content/uploads/2011/07/Dodge-Dealership.jpg HTTP/1.1" 200 163525 "-" "RPT-HTTPClient/0.3-3"
72.21.217.96 - - [05/Aug/2011:22:32:35 -0700] "GET /wp-content/uploads/2011/07/Safeway.jpg HTTP/1.1" 200 113322 "-" "RPT-HTTPClient/0.3-3"
72.21.217.96 - - [05/Aug/2011:22:32:35 -0700] "GET /wp-content/uploads/2011/07/NCAA-Win-Percentage.jpg HTTP/1.1" 200 27439 "-" "RPT-HTTPClient/0.3-3"
72.21.217.96 - - [05/Aug/2011:22:32:35 -0700] "GET /wp-content/uploads/2011/07/NCAA-Close-Game-Win-Percentage.jpg HTTP/1.1" 200 30700 "-" "RPT-HTTPClient/0.3-3"
72.21.217.96 - - [05/Aug/2011:22:32:35 -0700] "GET /wp-content/uploads/2011/07/Win-percentage-correlation.jpg HTTP/1.1" 200 28564 "-" "RPT-HTTPClient/0.3-3"
72.21.217.96 - - [05/Aug/2011:22:32:35 -0700] "GET /wp-content/uploads/2011/07/Close-Game-extra-wins.jpg HTTP/1.1" 200 23896 "-" "RPT-HTTPClient/0.3-3"
72.21.217.96 - - [05/Aug/2011:22:32:35 -0700] "GET /wp-content/uploads/2011/07/Close-Game-wins.jpg HTTP/1.1" 200 22396 "-" "RPT-HTTPClient/0.3-3"
72.21.217.96 - - [05/Aug/2011:22:32:35 -0700] "GET /wp-content/uploads/2011/07/Combined-win-percentage.jpg HTTP/1.1" 200 20671 "-" "RPT-HTTPClient/0.3-3"
72.21.217.96 - - [05/Aug/2011:22:32:36 -0700] "GET /wp-content/uploads/2011/07/Marymoor-Park-Sign.jpg HTTP/1.1" 200 353951 "-" "RPT-HTTPClient/0.3-3"
72.21.217.96 - - [05/Aug/2011:22:32:36 -0700] "GET /wp-content/uploads/2011/06/win-percentage.jpg HTTP/1.1" 200 25585 "-" "RPT-HTTPClient/0.3-3"
72.21.217.96 - - [05/Aug/2011:22:32:36 -0700] "GET /wp-content/uploads/2011/06/Adjusted-wins.jpg HTTP/1.1" 200 30873 "-" "RPT-HTTPClient/0.3-3"
72.21.217.96 - - [05/Aug/2011:22:32:36 -0700] "GET /wp-content/uploads/2011/06/mlb-leader-table.jpg HTTP/1.1" 200 26990 "-" "RPT-HTTPClient/0.3-3"
87.250.255.242 - - [05/Aug/2011:22:35:51 -0700] "GET /library-blockbuster/ HTTP/1.1" 200 9033 "-" "Mozilla/5.0 (compatible; YandexBot/3.0; +http://yandex.com/bots)"
209.85.238.86 - - [05/Aug/2011:22:38:40 -0700] "GET /feed/ HTTP/1.1" 200 9358 "-" "Feedfetcher-Google; (+http://www.google.com/feedfetcher.html; 12 subscribers; feed-id=11769849069241211122)"
208.115.111.244 - - [05/Aug/2011:22:41:06 -0700] "GET /5-reasons-why-charging-for-carry-ons-is-a-good-idea/ HTTP/1.1" 200 8849 "-" "Mozilla/5.0 (compatible; DotBot/1.1; http://www.dotnetdotcom.org/, crawler@dotnetdotcom.org)"
208.115.111.244 - - [05/Aug/2011:22:41:12 -0700] "GET /for-the-nfl-season-length-expansion-is-nothing-new/ HTTP/1.1" 200 8841 "-" "Mozilla/5.0 (compatible; DotBot/1.1; http://www.dotnetdotcom.org/, crawler@dotnetdotcom.org)"
208.115.111.244 - - [05/Aug/2011:22:41:16 -0700] "GET /how-to-make-seahawks-training-camp-better-for-fans/ HTTP/1.1" 200 9003 "-" "Mozilla/5.0 (compatible; DotBot/1.1; http://www.dotnetdotcom.org/, crawler@dotnetdotcom.org)"
208.115.111.244 - - [05/Aug/2011:22:41:21 -0700] "GET /in-fantasy-football-its-all-about-the-end-of-the-draft/ HTTP/1.1" 200 9002 "-" "Mozilla/5.0 (compatible; DotBot/1.1; http://www.dotnetdotcom.org/, crawler@dotnetdotcom.org)"
208.115.111.244 - - [05/Aug/2011:22:41:26 -0700] "GET /ncaas-expanded-68-team-tourney-is-a-short-stop-to-96/ HTTP/1.1" 200 9230 "-" "Mozilla/5.0 (compatible; DotBot/1.1; http://www.dotnetdotcom.org/, crawler@dotnetdotcom.org)"
208.115.111.244 - - [05/Aug/2011:22:41:32 -0700] "GET /nfl-coaches-are-like-an-eminem-song-you-get-one-shot/ HTTP/1.1" 200 8728 "-" "Mozilla/5.0 (compatible; DotBot/1.1; http://www.dotnetdotcom.org/, crawler@dotnetdotcom.org)"
208.115.111.244 - - [05/Aug/2011:22:41:37 -0700] "GET /seahawks-training-camp-notes/ HTTP/1.1" 200 8699 "-" "Mozilla/5.0 (compatible; DotBot/1.1; http://www.dotnetdotcom.org/, crawler@dotnetdotcom.org)"
208.115.111.244 - - [05/Aug/2011:22:41:42 -0700] "GET /the-oregon-ducks-are-not-a-2nd-half-offensive-team-theyre-a-2nd-half-defensive-team/ HTTP/1.1" 200 8903 "-" "Mozilla/5.0 (compatible; DotBot/1.1; http://www.dotnetdotcom.org/, crawler@dotnetdotcom.org)"
208.115.111.244 - - [05/Aug/2011:22:41:47 -0700] "GET /what-a-bill-simmons-tweet-will-do-to-your-website/ HTTP/1.1" 200 9731 "-" "Mozilla/5.0 (compatible; DotBot/1.1; http://www.dotnetdotcom.org/, crawler@dotnetdotcom.org)"
208.115.111.244 - - [05/Aug/2011:22:41:52 -0700] "GET /what-to-make-of-the-college-football-pre-season-poll/ HTTP/1.1" 200 8591 "-" "Mozilla/5.0 (compatible; DotBot/1.1; http://www.dotnetdotcom.org/, crawler@dotnetdotcom.org)"
94.23.44.43 - - [05/Aug/2011:22:45:30 -0700] "GET /feed/ HTTP/1.0" 200 16060 "-" "-"
173.192.238.34 - - [05/Aug/2011:22:49:43 -0700] "GET / HTTP/1.1" 200 18097 "-" "Mozilla/5.0 (X11; U; Linux x86_64; en-US; rv:1.9.0.19; aggregator:Spinn3r (Spinn3r 3.1); http://spinn3r.com/robot) Gecko/2010040121 Firefox/3.0.19"
119.63.196.109 - - [05/Aug/2011:22:54:25 -0700] "GET /category/social-media/page/2/ HTTP/1.1" 200 13004 "-" "Mozilla/5.0 (compatible; Baiduspider/2.0; +http://www.baidu.com/search/spider.html)"
178.44.163.166 - - [05/Aug/2011:22:54:29 -0700] "GET /nfl-draft-prediction-rankings/comment-page-1/#comment-567+Result:+%F3%F1%EF%E5%F5+%28%F1+%EF%E5%F0%E2%EE%E9+%F1%F2%F0%E0%ED%E8%F6%FB%29; HTTP/1.0" 200 20263 "http://www.pacificnorthwestcoastbias.com/nfl-draft-prediction-rankings/comment-page-1/#comment-567+Result:+%F3%F1%EF%E5%F5+%28%F1+%EF%E5%F0%E2%EE%E9+%F1%F2%F0%E0%ED%E8%F6%FB%29;" "Mozilla/4.0 (compatible; MSIE 6.0; Windows NT 5.0)"
178.44.163.166 - - [05/Aug/2011:22:54:32 -0700] "GET / HTTP/1.0" 200 114355 "http://www.pacificnorthwestcoastbias.com/" "Mozilla/4.0 (compatible; MSIE 6.0; Windows NT 5.0)"
178.44.163.166 - - [05/Aug/2011:22:54:39 -0700] "GET / HTTP/1.0" 200 114402 "http://www.pacificnorthwestcoastbias.com/" "Mozilla/4.0 (compatible; MSIE 6.0; Windows NT 5.0)"
87.250.255.242 - - [05/Aug/2011:22:55:05 -0700] "GET /soccersuarez-handball-american-football-answer-pass-interference/ HTTP/1.1" 200 9556 "-" "Mozilla/5.0 (compatible; YandexBot/3.0; +http://yandex.com/bots)"
69.163.231.33 - - [05/Aug/2011:22:55:06 -0700] "POST /wp-cron.php?doing_wp_cron HTTP/1.0" 200 158 "-" "WordPress/3.1.4; http://www.pacificnorthwestcoastbias.com"
119.63.196.86 - - [05/Aug/2011:22:56:26 -0700] "GET / HTTP/1.1" 301 351 "-" "Mozilla/5.0 (compatible; Baiduspider/2.0; +http://www.baidu.com/search/spider.html)"
119.63.196.83 - - [05/Aug/2011:22:56:26 -0700] "GET / HTTP/1.1" 200 18209 "-" "Mozilla/5.0 (compatible; Baiduspider/2.0; +http://www.baidu.com/search/spider.html)"
67.202.17.115 - - [05/Aug/2011:22:56:33 -0700] "GET /feed/ HTTP/1.1" 200 35946 "-" "-"
67.202.17.115 - - [05/Aug/2011:22:56:34 -0700] "GET /feed/ HTTP/1.1" 200 9302 "-" "Mozilla/5.0 (X11; U; Linux i686; en-US; aggregator:Outside.in; http://outside.in)"
72.21.217.32 - - [05/Aug/2011:23:01:06 -0700] "GET /feed HTTP/1.0" 200 439 "-" "RPT-HTTPClient/0.3-3"
72.21.217.32 - - [05/Aug/2011:23:01:08 -0700] "GET /feed/ HTTP/1.0" 200 35924 "-" "RPT-HTTPClient/0.3-3"
67.202.27.153 - - [05/Aug/2011:23:01:41 -0700] "HEAD /feed/ HTTP/1.1" 200 346 "-" "curl/7.20.0 (i386-apple-darwin9.8.0) libcurl/7.20.0 OpenSSL/0.9.8m zlib/1.2.3 libidn/1.16"
67.202.27.153 - - [05/Aug/2011:23:01:41 -0700] "GET /feed/ HTTP/1.1" 200 9357 "-" "curl/7.20.0 (i386-apple-darwin9.8.0) libcurl/7.20.0 OpenSSL/0.9.8m zlib/1.2.3 libidn/1.16"
87.250.255.242 - - [05/Aug/2011:23:04:44 -0700] "GET /whos-most-under-ratedover-rated-in-college-football/ HTTP/1.1" 200 8852 "-" "Mozilla/5.0 (compatible; YandexBot/3.0; +http://yandex.com/bots)"
87.250.255.242 - - [05/Aug/2011:23:14:23 -0700] "GET /the-sporting-news-awards-give-insight-into-who-will-win-the-cy-young/ HTTP/1.1" 200 9090 "-" "Mozilla/5.0 (compatible; YandexBot/3.0; +http://yandex.com/bots)"
119.63.196.87 - - [05/Aug/2011:23:17:54 -0700] "GET /did-the-world-cup-cause-mls-attendance-to-increase-not-yet/ HTTP/1.1" 200 9449 "-" "Mozilla/5.0 (compatible; Baiduspider/2.0; +http://www.baidu.com/search/spider.html)"
174.37.205.68 - - [05/Aug/2011:23:19:46 -0700] "GET / HTTP/1.1" 200 18209 "-" "Mozilla/5.0 (X11; U; Linux x86_64; en-US; rv:1.9.0.19; aggregator:Spinn3r (Spinn3r 3.1); http://spinn3r.com/robot) Gecko/2010040121 Firefox/3.0.19"
98.158.20.234 - - [05/Aug/2011:23:21:30 -0700] "GET /feed/ HTTP/1.1" 200 9358 "-" "Mozilla/5.0 (Windows; U; Windows NT 5.1; nl-NL; rv:1.7.5) Gecko/20041202 Firefox/1.0"
94.228.34.209 - - [05/Aug/2011:23:22:58 -0700] "GET /nfl-draft-prediction-rankings/feed/ HTTP/1.1" 200 180 "-" "magpie-crawler/1.1 (U; Linux amd64; en-GB; +http://www.brandwatch.net)"
87.250.255.242 - - [05/Aug/2011:23:24:02 -0700] "GET /a-sam-fetchero-economic-indicator/ HTTP/1.1" 200 8785 "-" "Mozilla/5.0 (compatible; YandexBot/3.0; +http://yandex.com/bots)"
209.171.42.71 - - [05/Aug/2011:23:25:57 -0700] "GET /feed HTTP/1.1" 200 439 "-" "Mozilla/5.0 (compatible; BlogScope/1.0; +http://www.blogscope.net/; U of Toronto)"
209.171.42.71 - - [05/Aug/2011:23:25:58 -0700] "GET /feed/ HTTP/1.1" 200 9358 "-" "Mozilla/5.0 (compatible; BlogScope/1.0; +http://www.blogscope.net/; U of Toronto)"
128.242.249.12 - - [05/Aug/2011:23:30:53 -0700] "GET /feed/ HTTP/1.1" 200 35946 "-" "TwitterFeed 3"
72.21.217.32 - - [05/Aug/2011:23:31:06 -0700] "GET /feed HTTP/1.0" 200 439 "-" "RPT-HTTPClient/0.3-3"
72.21.217.32 - - [05/Aug/2011:23:31:09 -0700] "GET /feed/ HTTP/1.0" 200 35924 "-" "RPT-HTTPClient/0.3-3"
69.163.231.33 - - [05/Aug/2011:23:31:07 -0700] "POST /wp-cron.php?doing_wp_cron HTTP/1.0" 200 158 "-" "WordPress/3.1.4; http://www.pacificnorthwestcoastbias.com"
67.195.115.58 - - [05/Aug/2011:23:32:10 -0700] "GET /robots.txt HTTP/1.0" 200 367 "-" "Mozilla/5.0 (compatible; Yahoo! Slurp; http://help.yahoo.com/help/us/ysearch/slurp)"
67.195.115.58 - - [05/Aug/2011:23:32:12 -0700] "GET /great-local-beer-mannys/ HTTP/1.0" 200 8380 "-" "Mozilla/5.0 (compatible; Yahoo! Slurp; http://help.yahoo.com/help/us/ysearch/slurp)"
1.202.218.5 - - [05/Aug/2011:23:32:46 -0700] "GET /wp-content/uploads/2011/01/HOF-NOT-on-Schedule.jpg HTTP/1.0" 200 39066 "-" "gosospider Mozilla/5.0 (compatible; JIKESpider; +http://shoulu.jike.com/spider.html)"
1.202.218.5 - - [05/Aug/2011:23:32:39 -0700] "GET /wp-content/uploads/2011/03/Final-Four-appearances-by-conference.jpg HTTP/1.0" 200 23059 "-" "gosospider Mozilla/5.0 (compatible; JIKESpider; +http://shoulu.jike.com/spider.html)"
87.250.255.242 - - [05/Aug/2011:23:33:39 -0700] "GET /category/tech/ HTTP/1.1" 200 12913 "-" "Mozilla/5.0 (compatible; YandexBot/3.0; +http://yandex.com/bots)"
61.135.248.173 - - [05/Aug/2011:23:38:48 -0700] "GET / HTTP/1.1" 200 18190 "-" "Mozilla/5.0 (compatible; YodaoBot/1.0; http://www.yodao.com/help/webmaster/spider/; )"
87.250.255.242 - - [05/Aug/2011:23:43:17 -0700] "GET /do-nfl-teams-perform-differently-after-a-bye-week/ HTTP/1.1" 200 9537 "-" "Mozilla/5.0 (compatible; YandexBot/3.0; +http://yandex.com/bots)"
209.85.238.86 - - [05/Aug/2011:23:45:33 -0700] "GET /feed/ HTTP/1.1" 200 194 "-" "Feedfetcher-Google; (+http://www.google.com/feedfetcher.html; 12 subscribers; feed-id=11769849069241211122)"
119.63.196.14 - - [05/Aug/2011:23:46:12 -0700] "GET /great-marketing-orbit-makes-me-want-to-buy-more-gum/ HTTP/1.1" 200 8350 "-" "Mozilla/5.0 (compatible; Baiduspider/2.0; +http://www.baidu.com/search/spider.html)"
69.163.231.33 - - [05/Aug/2011:23:46:13 -0700] "POST /wp-cron.php?doing_wp_cron HTTP/1.0" 200 158 "-" "WordPress/3.1.4; http://www.pacificnorthwestcoastbias.com"
174.36.228.156 - - [05/Aug/2011:23:49:48 -0700] "GET / HTTP/1.1" 200 18206 "-" "Mozilla/5.0 (X11; U; Linux x86_64; en-US; rv:1.9.0.19; aggregator:Spinn3r (Spinn3r 3.1); http://spinn3r.com/robot) Gecko/2010040121 Firefox/3.0.19"
166.137.143.219 - - [05/Aug/2011:23:58:21 -0700] "GET /favicon.ico HTTP/1.1" 200 277 "-" "Reeder/2.5.0 CFNetwork/485.13.9 Darwin/11.0.0"
75.101.241.81 - - [05/Aug/2011:23:58:25 -0700] "GET /feed/ HTTP/1.1" 200 35950 "-" "-"
75.101.241.81 - - [05/Aug/2011:23:58:28 -0700] "GET /feed/ HTTP/1.1" 200 9303 "-" "Mozilla/5.0 (X11; U; Linux i686; en-US; aggregator:Outside.in; http://outside.in)"
124.115.0.27 - - [06/Aug/2011:00:00:42 -0700] "GET / HTTP/1.1" 200 18243 "-" "Sosospider+(+http://help.soso.com/webspider.htm)"
72.21.217.32 - - [06/Aug/2011:00:01:07 -0700] "GET /feed HTTP/1.0" 200 439 "-" "RPT-HTTPClient/0.3-3"
72.21.217.32 - - [06/Aug/2011:00:01:12 -0700] "GET /feed/ HTTP/1.0" 200 35924 "-" "RPT-HTTPClient/0.3-3"
69.163.231.33 - - [06/Aug/2011:00:01:10 -0700] "POST /wp-cron.php?doing_wp_cron HTTP/1.0" 200 158 "-" "WordPress/3.1.4; http://www.pacificnorthwestcoastbias.com"
72.21.217.64 - - [06/Aug/2011:00:01:35 -0700] "GET /feed HTTP/1.1" 200 383 "-" "RPT-HTTPClient/0.3-3"
72.21.217.64 - - [06/Aug/2011:00:01:36 -0700] "GET /feed/ HTTP/1.1" 200 35946 "-" "RPT-HTTPClient/0.3-3"
72.21.217.64 - - [06/Aug/2011:00:01:40 -0700] "GET /wp-content/uploads/2011/07/Community-Minded-1024x575.jpg HTTP/1.1" 200 127529 "-" "RPT-HTTPClient/0.3-3"
72.21.217.64 - - [06/Aug/2011:00:01:41 -0700] "GET /wp-content/uploads/2011/07/Innings-Pitched-All-Star-Game.jpg HTTP/1.1" 200 34923 "-" "RPT-HTTPClient/0.3-3"
72.21.217.64 - - [06/Aug/2011:00:01:41 -0700] "GET /wp-content/uploads/2011/07/Amway-Center-Orlando-Florida.jpg HTTP/1.1" 200 50147 "-" "RPT-HTTPClient/0.3-3"
72.21.217.64 - - [06/Aug/2011:00:01:41 -0700] "GET /wp-content/uploads/2011/07/Size-of-Amway-Center-with-Some-Parking.jpg HTTP/1.1" 200 625 "-" "RPT-HTTPClient/0.3-3"
72.21.217.64 - - [06/Aug/2011:00:01:41 -0700] "GET /wp-content/uploads/2011/07/downtown-bellevue-park.jpg HTTP/1.1" 200 136949 "-" "RPT-HTTPClient/0.3-3"
72.21.217.64 - - [06/Aug/2011:00:01:41 -0700] "GET /wp-content/uploads/2011/07/Dodge-Dealership.jpg HTTP/1.1" 200 163525 "-" "RPT-HTTPClient/0.3-3"
72.21.217.64 - - [06/Aug/2011:00:01:42 -0700] "GET /wp-content/uploads/2011/07/Safeway.jpg HTTP/1.1" 200 113322 "-" "RPT-HTTPClient/0.3-3"
72.21.217.64 - - [06/Aug/2011:00:01:42 -0700] "GET /wp-content/uploads/2011/07/NCAA-Win-Percentage.jpg HTTP/1.1" 200 27439 "-" "RPT-HTTPClient/0.3-3"
72.21.217.64 - - [06/Aug/2011:00:01:42 -0700] "GET /wp-content/uploads/2011/07/NCAA-Close-Game-Win-Percentage.jpg HTTP/1.1" 200 30700 "-" "RPT-HTTPClient/0.3-3"
72.21.217.64 - - [06/Aug/2011:00:01:42 -0700] "GET /wp-content/uploads/2011/07/Win-percentage-correlation.jpg HTTP/1.1" 200 28564 "-" "RPT-HTTPClient/0.3-3"
72.21.217.64 - - [06/Aug/2011:00:01:42 -0700] "GET /wp-content/uploads/2011/07/Close-Game-extra-wins.jpg HTTP/1.1" 200 23896 "-" "RPT-HTTPClient/0.3-3"
72.21.217.64 - - [06/Aug/2011:00:01:42 -0700] "GET /wp-content/uploads/2011/07/Close-Game-wins.jpg HTTP/1.1" 200 22396 "-" "RPT-HTTPClient/0.3-3"
72.21.217.64 - - [06/Aug/2011:00:01:42 -0700] "GET /wp-content/uploads/2011/07/Combined-win-percentage.jpg HTTP/1.1" 200 20671 "-" "RPT-HTTPClient/0.3-3"
72.21.217.64 - - [06/Aug/2011:00:01:43 -0700] "GET /wp-content/uploads/2011/07/Marymoor-Park-Sign.jpg HTTP/1.1" 200 353951 "-" "RPT-HTTPClient/0.3-3"
72.21.217.64 - - [06/Aug/2011:00:01:43 -0700] "GET /wp-content/uploads/2011/06/win-percentage.jpg HTTP/1.1" 200 25585 "-" "RPT-HTTPClient/0.3-3"
72.21.217.64 - - [06/Aug/2011:00:01:43 -0700] "GET /wp-content/uploads/2011/06/Adjusted-wins.jpg HTTP/1.1" 200 30873 "-" "RPT-HTTPClient/0.3-3"
72.21.217.64 - - [06/Aug/2011:00:01:43 -0700] "GET /wp-content/uploads/2011/06/mlb-leader-table.jpg HTTP/1.1" 200 26990 "-" "RPT-HTTPClient/0.3-3"
94.23.44.43 - - [06/Aug/2011:00:02:14 -0700] "GET /comments/feed/ HTTP/1.0" 200 12242 "-" "-"
87.250.255.242 - - [06/Aug/2011:00:02:31 -0700] "GET /is-google-reader-being-phased-out/ HTTP/1.1" 200 8145 "-" "Mozilla/5.0 (compatible; YandexBot/3.0; +http://yandex.com/bots)"
142.166.170.103 - - [06/Aug/2011:00:03:03 -0700] "GET /robots.txt HTTP/1.1" 200 348 "-" "radian6_default_(www.radian6.com/crawler)"
75.101.233.99 - - [06/Aug/2011:00:03:05 -0700] "GET /feed/ HTTP/1.0" 200 9359 "-" "R6_FeedFetcher(www.radian6.com/crawler)"
66.249.67.216 - - [06/Aug/2011:00:05:01 -0700] "GET /wp-content/uploads/2010/06/Seattle-weather.jpg HTTP/1.1" 200 41370 "-" "Googlebot-Image/1.0"
166.137.143.219 - - [06/Aug/2011:00:06:23 -0700] "GET /favicon.ico HTTP/1.1" 200 277 "-" "Reeder/2.5.0 CFNetwork/485.13.9 Darwin/11.0.0"
87.250.255.242 - - [06/Aug/2011:00:12:10 -0700] "GET /lessons-from-redfins-mold-in-the-pacific-northwest/ HTTP/1.1" 200 9013 "-" "Mozilla/5.0 (compatible; YandexBot/3.0; +http://yandex.com/bots)"
222.231.40.155 - - [06/Aug/2011:00:16:17 -0700] "GET / HTTP/1.1" 200 114392 "http://search.daum.net/search?w=tot" "Mozilla/4.0 (compatible; MSIE 8.0; Windows NT 6.0)"
222.231.40.155 - - [06/Aug/2011:00:16:19 -0700] "GET /wp-includes/js/l10n.js?ver=20101110 HTTP/1.1" 200 598 "http://search.daum.net/search?w=tot" "Mozilla/4.0 (compatible; MSIE 8.0; Windows NT 6.0)"
222.231.40.155 - - [06/Aug/2011:00:16:19 -0700] "GET /wp-includes/js/jquery/jquery.js?ver=1.4.4 HTTP/1.1" 200 78914 "http://search.daum.net/search?w=tot" "Mozilla/4.0 (compatible; MSIE 8.0; Windows NT 6.0)"
222.231.40.155 - - [06/Aug/2011:00:16:20 -0700] "GET /wp-content/plugins/google-analyticator/external-tracking.min.js?ver=6.1.3 HTTP/1.1" 200 1216 "http://search.daum.net/search?w=tot" "Mozilla/4.0 (compatible; MSIE 8.0; Windows NT 6.0)"
222.231.40.155 - - [06/Aug/2011:00:16:21 -0700] "GET /wp-includes/js/tw-sack.js?ver=1.6.1 HTTP/1.1" 200 3910 "http://search.daum.net/search?w=tot" "Mozilla/4.0 (compatible; MSIE 8.0; Windows NT 6.0)"
222.231.40.155 - - [06/Aug/2011:00:16:22 -0700] "GET /wp-includes/js/wp-ajax-response.js?ver=20091119 HTTP/1.1" 200 2443 "http://search.daum.net/search?w=tot" "Mozilla/4.0 (compatible; MSIE 8.0; Windows NT 6.0)"
222.231.40.155 - - [06/Aug/2011:00:16:22 -0700] "GET /wp-includes/js/wp-lists.js?ver=20101222 HTTP/1.1" 200 8211 "http://search.daum.net/search?w=tot" "Mozilla/4.0 (compatible; MSIE 8.0; Windows NT 6.0)"