24.143.99.209 - - [05/Aug/2011:13:43:26 -0700] "GET /wp-content/plugins/sociable/sociable.css?ver=3.1.4 HTTP/1.1" 200 1129 "http://www.pacificnorthwestcoastbias.com/where-to-build-an-nba-arena-in-bellevue/" "Mozilla/4.0 (compatible; MSIE 8.0; Windows NT 6.1; WOW64; Trident/4.0; GTB7.1; SLCC2; .NET CLR 2.0.50727; .NET CLR 3.5.30729; .NET CLR 3.0.30729; Media Center PC 6.0; BRI/1; .NET4.0C; MALC)"
24.143.99.209 - - [05/Aug/2011:13:43:26 -0700] "GET /wp-content/plugins/subscribe-here-widget/subscribe-here-widget.css HTTP/1.1" 200 1456 "http://www.pacificnorthwestcoastbias.com/where-to-build-an-nba-arena-in-bellevue/" "Mozilla/4.0 (compatible; MSIE 8.0; Windows NT 6.1; WOW64; Trident/4.0; GTB7.1; SLCC2; .NET CLR 2.0.50727; .NET CLR 3.5.30729; .NET CLR 3.0.30729; Media Center PC 6.0; BRI/1; .NET4.0C; MALC)"
24.143.99.209 - - [05/Aug/2011:13:43:26 -0700] "GET /wp-includes/js/l10n.js?ver=20101110 HTTP/1.1" 200 599 "http://www.pacificnorthwestcoastbias.com/where-to-build-an-nba-arena-in-bellevue/" "Mozilla/4.0 (compatible; MSIE 8.0; Windows NT 6.1; WOW64; Trident/4.0; GTB7.1; SLCC2; .NET CLR 2.0.50727; .NET CLR 3.5.30729; .NET CLR 3.0.30729; Media Center PC 6.0; BRI/1; .NET4.0C; MALC)"
24.143.99.209 - - [05/Aug/2011:13:43:26 -0700] "GET /wp-content/plugins/google-analyticator/external-tracking.min.js?ver=6.1.3 HTTP/1.1" 200 1216 "http://www.pacificnorthwestcoastbias.com/where-to-build-an-nba-arena-in-bellevue/" "Mozilla/4.0 (compatible; MSIE 8.0; Windows NT 6.1; WOW64; Trident/4.0; GTB7.1; SLCC2; .NET CLR 2.0.50727; .NET CLR 3.5.30729; .NET CLR 3.0.30729; Media Center PC 6.0; BRI/1; .NET4.0C; MALC)"
24.143.99.209 - - [05/Aug/2011:13:43:26 -0700] "GET /wp-content/themes/EmptyCanvas/reset.css HTTP/1.1" 200 1251 "http://www.pacificnorthwestcoastbias.com/where-to-build-an-nba-arena-in-bellevue/" "Mozilla/4.0 (compatible; MSIE 8.0; Windows NT 6.1; WOW64; Trident/4.0; GTB7.1; SLCC2; .NET CLR 2.0.50727; .NET CLR 3.5.30729; .NET CLR 3.0.30729; Media Center PC 6.0; BRI/1; .NET4.0C; MALC)"
24.143.99.209 - - [05/Aug/2011:13:43:26 -0700] "GET /wp-includes/js/jquery/jquery.js?ver=1.4.4 HTTP/1.1" 200 78915 "http://www.pacificnorthwestcoastbias.com/where-to-build-an-nba-arena-in-bellevue/" "Mozilla/4.0 (compatible; MSIE 8.0; Windows NT 6.1; WOW64; Trident/4.0; GTB7.1; SLCC2; .NET CLR 2.0.50727; .NET CLR 3.5.30729; .NET CLR 3.0.30729; Media Center PC 6.0; BRI/1; .NET4.0C; MALC)"
24.143.99.209 - - [05/Aug/2011:13:43:27 -0700] "GET /wp-content/uploads/2011/07/Size-of-Amway-Center-with-Some-Parking.jpg HTTP/1.1" 200 680 "http://www.pacificnorthwestcoastbias.com/where-to-build-an-nba-arena-in-bellevue/" "Mozilla/4.0 (compatible; MSIE 8.0; Windows NT 6.1; WOW64; Trident/4.0; GTB7.1; SLCC2; .NET CLR 2.0.50727; .NET CLR 3.5.30729; .NET CLR 3.0.30729; Media Center PC 6.0; BRI/1; .NET4.0C; MALC)"
24.143.99.209 - - [05/Aug/2011:13:43:27 -0700] "GET /wp-content/plugins/sociable/images/services-sprite.gif HTTP/1.1" 200 330 "http://www.pacificnorthwestcoastbias.com/where-to-build-an-nba-arena-in-bellevue/" "Mozilla/4.0 (compatible; MSIE 8.0; Windows NT 6.1; WOW64; Trident/4.0; GTB7.1; SLCC2; .NET CLR 2.0.50727; .NET CLR 3.5.30729; .NET CLR 3.0.30729; Media Center PC 6.0; BRI/1; .NET4.0C; MALC)"
24.143.99.209 - - [05/Aug/2011:13:43:27 -0700] "GET /wp-content/plugins/wp-followme/flash/wp_followme.swf HTTP/1.1" 200 28638 "http://www.pacificnorthwestcoastbias.com/where-to-build-an-nba-arena-in-bellevue/" "Mozilla/4.0 (compatible; MSIE 8.0; Windows NT 6.1; WOW64; Trident/4.0; GTB7.1; SLCC2; .NET CLR 2.0.50727; .NET CLR 3.5.30729; .NET CLR 3.0.30729; Media Center PC 6.0; BRI/1; .NET4.0C; MALC)"
24.143.99.209 - - [05/Aug/2011:13:43:27 -0700] "GET /wp-content/plugins/subscription-options/images/feed_icon_12.png HTTP/1.1" 200 6459 "http://www.pacificnorthwestcoastbias.com/where-to-build-an-nba-arena-in-bellevue/" "Mozilla/4.0 (compatible; MSIE 8.0; Windows NT 6.1; WOW64; Trident/4.0; GTB7.1; SLCC2; .NET CLR 2.0.50727; .NET CLR 3.5.30729; .NET CLR 3.0.30729; Media Center PC 6.0; BRI/1; .NET4.0C; MALC)"
24.143.99.209 - - [05/Aug/2011:13:43:27 -0700] "GET /wp-includes/js/wp-ajax-response.js?ver=20091119 HTTP/1.1" 200 2443 "http://www.pacificnorthwestcoastbias.com/where-to-build-an-nba-arena-in-bellevue/" "Mozilla/4.0 (compatible; MSIE 8.0; Windows NT 6.1; WOW64; Trident/4.0; GTB7.1; SLCC2; .NET CLR 2.0.50727; .NET CLR 3.5.30729; .NET CLR 3.0.30729; Media Center PC 6.0; BRI/1; .NET4.0C; MALC)"
24.143.99.209 - - [05/Aug/2011:13:43:27 -0700] "GET /wp-includes/js/wp-lists.js?ver=20101222 HTTP/1.1" 200 8211 "http://www.pacificnorthwestcoastbias.com/where-to-build-an-nba-arena-in-bellevue/" "Mozilla/4.0 (compatible; MSIE 8.0; Windows NT 6.1; WOW64; Trident/4.0; GTB7.1; SLCC2; .NET CLR 2.0.50727; .NET CLR 3.5.30729; .NET CLR 3.0.30729; Media Center PC 6.0; BRI/1; .NET4.0C; MALC)"
24.143.99.209 - - [05/Aug/2011:13:43:27 -0700] "GET /wp-content/uploads/2011/07/Amway-Center-Orlando-Florida.jpg HTTP/1.1" 200 50202 "http://www.pacificnorthwestcoastbias.com/where-to-build-an-nba-arena-in-bellevue/" "Mozilla/4.0 (compatible; MSIE 8.0; Windows NT 6.1; WOW64; Trident/4.0; GTB7.1; SLCC2; .NET CLR 2.0.50727; .NET CLR 3.5.30729; .NET CLR 3.0.30729; Media Center PC 6.0; BRI/1; .NET4.0C; MALC)"
24.143.99.209 - - [05/Aug/2011:13:43:27 -0700] "GET /wp-content/plugins/sociable/images/services-sprite.png HTTP/1.1" 200 50931 "http://www.pacificnorthwestcoastbias.com/where-to-build-an-nba-arena-in-bellevue/" "Mozilla/4.0 (compatible; MSIE 8.0; Windows NT 6.1; WOW64; Trident/4.0; GTB7.1; SLCC2; .NET CLR 2.0.50727; .NET CLR 3.5.30729; .NET CLR 3.0.30729; Media Center PC 6.0; BRI/1; .NET4.0C; MALC)"
24.143.99.209 - - [05/Aug/2011:13:43:27 -0700] "GET /wp-content/uploads/2011/07/downtown-bellevue-park.jpg HTTP/1.1" 200 137004 "http://www.pacificnorthwestcoastbias.com/where-to-build-an-nba-arena-in-bellevue/" "Mozilla/4.0 (compatible; MSIE 8.0; Windows NT 6.1; WOW64; Trident/4.0; GTB7.1; SLCC2; .NET CLR 2.0.50727; .NET CLR 3.5.30729; .NET CLR 3.0.30729; Media Center PC 6.0; BRI/1; .NET4.0C; MALC)"
24.143.99.209 - - [05/Aug/2011:13:43:27 -0700] "GET /wp-content/uploads/2011/07/Safeway.jpg HTTP/1.1" 200 113377 "http://www.pacificnorthwestcoastbias.com/where-to-build-an-nba-arena-in-bellevue/" "Mozilla/4.0 (compatible; MSIE 8.0; Windows NT 6.1; WOW64; Trident/4.0; GTB7.1; SLCC2; .NET CLR 2.0.50727; .NET CLR 3.5.30729; .NET CLR 3.0.30729; Media Center PC 6.0; BRI/1; .NET4.0C; MALC)"
24.143.99.209 - - [05/Aug/2011:13:43:27 -0700] "GET /wp-content/uploads/2011/07/Dodge-Dealership.jpg HTTP/1.1" 200 163580 "http://www.pacificnorthwestcoastbias.com/where-to-build-an-nba-arena-in-bellevue/" "Mozilla/4.0 (compatible; MSIE 8.0; Windows NT 6.1; WOW64; Trident/4.0; GTB7.1; SLCC2; .NET CLR 2.0.50727; .NET CLR 3.5.30729; .NET CLR 3.0.30729; Media Center PC 6.0; BRI/1; .NET4.0C; MALC)"
24.143.99.209 - - [05/Aug/2011:13:43:28 -0700] "GET /favicon.ico HTTP/1.1" 200 277 "-" "Mozilla/4.0 (compatible; MSIE 8.0; Windows NT 6.1; WOW64; Trident/4.0; GTB7.1; SLCC2; .NET CLR 2.0.50727; .NET CLR 3.5.30729; .NET CLR 3.0.30729; Media Center PC 6.0; BRI/1; .NET4.0C; MALC)"
24.143.99.209 - - [05/Aug/2011:13:43:28 -0700] "GET /wp-content/plugins/wp-followme/icons/3.png HTTP/1.1" 200 1516 "http://www.pacificnorthwestcoastbias.com/wp-content/plugins/wp-followme/flash/wp_followme.swf" "Mozilla/4.0 (compatible; MSIE 8.0; Windows NT 6.1; WOW64; Trident/4.0; GTB7.1; SLCC2; .NET CLR 2.0.50727; .NET CLR 3.5.30729; .NET CLR 3.0.30729; Media Center PC 6.0; BRI/1; .NET4.0C; MALC)"
94.23.198.123 - - [05/Aug/2011:13:45:12 -0700] "GET /feed/ HTTP/1.0" 200 16060 "-" "-"
69.163.231.33 - - [05/Aug/2011:13:47:23 -0700] "POST /wp-cron.php?doing_wp_cron HTTP/1.0" 200 158 "-" "WordPress/3.1.4; http://www.pacificnorthwestcoastbias.com"
174.36.228.156 - - [05/Aug/2011:13:47:22 -0700] "GET / HTTP/1.1" 200 18099 "-" "Mozilla/5.0 (X11; U; Linux x86_64; en-US; rv:1.9.0.19; aggregator:Spinn3r (Spinn3r 3.1); http://spinn3r.com/robot) Gecko/2010040121 Firefox/3.0.19"
209.85.238.86 - - [05/Aug/2011:13:50:50 -0700] "GET /feed/ HTTP/1.1" 200 9357 "-" "Feedfetcher-Google; (+http://www.google.com/feedfetcher.html; 12 subscribers; feed-id=11769849069241211122)"
66.249.67.216 - - [05/Aug/2011:13:55:15 -0700] "GET /robots.txt HTTP/1.1" 200 404 "-" "Mozilla/5.0 (compatible; Googlebot/2.1; +http://www.google.com/bot.html)"
66.249.67.216 - - [05/Aug/2011:13:55:16 -0700] "GET /ncaa-basketball-when-is-a-lead-safe/ HTTP/1.1" 200 9519 "-" "Mozilla/5.0 (compatible; Googlebot/2.1; +http://www.google.com/bot.html)"
94.228.34.209 - - [05/Aug/2011:13:55:40 -0700] "GET /nfl-draft-prediction-rankings/feed/ HTTP/1.1" 200 180 "-" "magpie-crawler/1.1 (U; Linux amd64; en-GB; +http://www.brandwatch.net)"
72.21.217.32 - - [05/Aug/2011:14:01:06 -0700] "GET /feed HTTP/1.0" 200 439 "-" "RPT-HTTPClient/0.3-3"
72.21.217.32 - - [05/Aug/2011:14:01:07 -0700] "GET /feed/ HTTP/1.0" 200 35924 "-" "RPT-HTTPClient/0.3-3"
1.202.219.4 - - [05/Aug/2011:14:03:21 -0700] "GET /wp-content/uploads/2010/04/Years-between-Masters-Titles.jpg HTTP/1.0" 200 77865 "-" "gosospider Mozilla/5.0 (compatible; JIKESpider; +http://shoulu.jike.com/spider.html)"
128.242.249.12 - - [05/Aug/2011:14:03:26 -0700] "GET /feed/ HTTP/1.1" 200 35946 "-" "TwitterFeed 3"
69.163.231.33 - - [05/Aug/2011:14:04:56 -0700] "POST /wp-cron.php?doing_wp_cron HTTP/1.0" 200 158 "-" "WordPress/3.1.4; http://www.pacificnorthwestcoastbias.com"
119.63.196.87 - - [05/Aug/2011:14:04:55 -0700] "GET /?p=493 HTTP/1.1" 301 368 "-" "Mozilla/5.0 (compatible; Baiduspider/2.0; +http://www.baidu.com/search/spider.html)"
119.63.196.21 - - [05/Aug/2011:14:04:58 -0700] "GET /community-minded/ HTTP/1.1" 200 7633 "-" "Mozilla/5.0 (compatible; Baiduspider/2.0; +http://www.baidu.com/search/spider.html)"
67.202.17.115 - - [05/Aug/2011:14:09:51 -0700] "GET /feed/ HTTP/1.1" 200 35950 "-" "-"
67.202.17.115 - - [05/Aug/2011:14:09:52 -0700] "GET /feed/ HTTP/1.1" 200 9301 "-" "Mozilla/5.0 (X11; U; Linux i686; en-US; aggregator:Outside.in; http://outside.in)"
208.115.111.244 - - [05/Aug/2011:14:10:20 -0700] "GET /robots.txt HTTP/1.1" 200 348 "-" "Mozilla/5.0 (compatible; DotBot/1.1; http://www.dotnetdotcom.org/, crawler@dotnetdotcom.org)"
174.37.205.92 - - [05/Aug/2011:14:17:36 -0700] "GET / HTTP/1.1" 200 18100 "-" "Mozilla/5.0 (X11; U; Linux x86_64; en-US; rv:1.9.0.19; aggregator:Spinn3r (Spinn3r 3.1); http://spinn3r.com/robot) Gecko/2010040121 Firefox/3.0.19"
67.195.115.58 - - [05/Aug/2011:14:21:38 -0700] "GET /5-reasons-why-charging-for-carry-ons-is-a-good-idea/feed/ HTTP/1.0" 200 938 "-" "Mozilla/5.0 (compatible; Yahoo! Slurp; http://help.yahoo.com/help/us/ysearch/slurp)"
195.190.13.54 - - [05/Aug/2011:14:23:03 -0700] "GET /is-the-nfc-west-that-bad/comment-page-1/ HTTP/1.0" 200 31389 "http://www.pacificnorthwestcoastbias.com/is-the-nfc-west-that-bad/comment-page-1/#comment-576/" "Mozilla/4.0 (compatible; MSIE 5.5; Windows 95; BCD2000)"
195.190.13.54 - - [05/Aug/2011:14:23:06 -0700] "POST /wp-comments-post.php HTTP/1.0" 302 831 "http://www.pacificnorthwestcoastbias.com/is-the-nfc-west-that-bad/comment-page-1/#comment-576/" "Mozilla/4.0 (compatible; MSIE 5.5; Windows 95; BCD2000)"
195.190.13.54 - - [05/Aug/2011:14:23:08 -0700] "GET /is-the-nfc-west-that-bad/comment-page-1/ HTTP/1.0" 200 31447 "http://www.pacificnorthwestcoastbias.com/is-the-nfc-west-that-bad/comment-page-1/#comment-2441" "Mozilla/4.0 (compatible; MSIE 5.5; Windows 95; BCD2000)"
67.195.115.58 - - [05/Aug/2011:14:27:21 -0700] "GET /obamas-foreclosure-ban-proposal-will-just-delay-the-inevitable/ HTTP/1.0" 200 8186 "-" "Mozilla/5.0 (compatible; Yahoo! Slurp; http://help.yahoo.com/help/us/ysearch/slurp)"
69.163.231.33 - - [05/Aug/2011:14:27:22 -0700] "POST /wp-cron.php?doing_wp_cron HTTP/1.0" 200 158 "-" "WordPress/3.1.4; http://www.pacificnorthwestcoastbias.com"
67.195.115.58 - - [05/Aug/2011:14:27:25 -0700] "GET /wp-content/themes/EmptyCanvas/style.css HTTP/1.0" 200 5899 "http://www.pacificnorthwestcoastbias.com/obamas-foreclosure-ban-proposal-will-just-delay-the-inevitable/" "Mozilla/5.0 (compatible; Yahoo! Slurp; http://help.yahoo.com/help/us/ysearch/slurp)"
67.195.115.58 - - [05/Aug/2011:14:27:25 -0700] "GET /wp-content/themes/EmptyCanvas/reset.css HTTP/1.0" 304 137 "http://www.pacificnorthwestcoastbias.com/wp-content/themes/EmptyCanvas/style.css" "Mozilla/5.0 (compatible; Yahoo! Slurp; http://help.yahoo.com/help/us/ysearch/slurp)"
67.195.115.58 - - [05/Aug/2011:14:27:25 -0700] "GET /wp-content/plugins/sociable/sociable.css?ver=3.1.4 HTTP/1.0" 304 137 "http://www.pacificnorthwestcoastbias.com/obamas-foreclosure-ban-proposal-will-just-delay-the-inevitable/" "Mozilla/5.0 (compatible; Yahoo! Slurp; http://help.yahoo.com/help/us/ysearch/slurp)"
67.195.115.58 - - [05/Aug/2011:14:27:25 -0700] "GET /wp-content/plugins/subscribe-here-widget/subscribe-here-widget.css HTTP/1.0" 304 137 "http://www.pacificnorthwestcoastbias.com/obamas-foreclosure-ban-proposal-will-just-delay-the-inevitable/" "Mozilla/5.0 (compatible; Yahoo! Slurp; http://help.yahoo.com/help/us/ysearch/slurp)"
166.137.143.43 - - [05/Aug/2011:14:29:56 -0700] "GET /favicon.ico HTTP/1.1" 200 277 "-" "Reeder/2.5.0 CFNetwork/485.13.9 Darwin/11.0.0"
72.21.217.32 - - [05/Aug/2011:14:31:06 -0700] "GET /feed HTTP/1.0" 200 439 "-" "RPT-HTTPClient/0.3-3"
72.21.217.32 - - [05/Aug/2011:14:31:08 -0700] "GET /feed/ HTTP/1.0" 200 35924 "-" "RPT-HTTPClient/0.3-3"
72.21.217.32 - - [05/Aug/2011:14:31:37 -0700] "GET /feed HTTP/1.1" 200 383 "-" "RPT-HTTPClient/0.3-3"
72.21.217.32 - - [05/Aug/2011:14:31:39 -0700] "GET /feed/ HTTP/1.1" 200 35946 "-" "RPT-HTTPClient/0.3-3"
72.21.217.32 - - [05/Aug/2011:14:31:44 -0700] "GET /wp-content/uploads/2011/07/Community-Minded-1024x575.jpg HTTP/1.1" 200 127529 "-" "RPT-HTTPClient/0.3-3"
72.21.217.32 - - [05/Aug/2011:14:31:45 -0700] "GET /wp-content/uploads/2011/07/Innings-Pitched-All-Star-Game.jpg HTTP/1.1" 200 34923 "-" "RPT-HTTPClient/0.3-3"
72.21.217.32 - - [05/Aug/2011:14:31:45 -0700] "GET /wp-content/uploads/2011/07/Amway-Center-Orlando-Florida.jpg HTTP/1.1" 200 50147 "-" "RPT-HTTPClient/0.3-3"
72.21.217.32 - - [05/Aug/2011:14:31:45 -0700] "GET /wp-content/uploads/2011/07/Size-of-Amway-Center-with-Some-Parking.jpg HTTP/1.1" 200 625 "-" "RPT-HTTPClient/0.3-3"
72.21.217.32 - - [05/Aug/2011:14:31:46 -0700] "GET /wp-content/uploads/2011/07/downtown-bellevue-park.jpg HTTP/1.1" 200 136949 "-" "RPT-HTTPClient/0.3-3"
72.21.217.32 - - [05/Aug/2011:14:31:46 -0700] "GET /wp-content/uploads/2011/07/Dodge-Dealership.jpg HTTP/1.1" 200 163525 "-" "RPT-HTTPClient/0.3-3"
72.21.217.32 - - [05/Aug/2011:14:31:47 -0700] "GET /wp-content/uploads/2011/07/Safeway.jpg HTTP/1.1" 200 113322 "-" "RPT-HTTPClient/0.3-3"
72.21.217.32 - - [05/Aug/2011:14:31:47 -0700] "GET /wp-content/uploads/2011/07/NCAA-Win-Percentage.jpg HTTP/1.1" 200 27439 "-" "RPT-HTTPClient/0.3-3"
72.21.217.32 - - [05/Aug/2011:14:31:47 -0700] "GET /wp-content/uploads/2011/07/NCAA-Close-Game-Win-Percentage.jpg HTTP/1.1" 200 30700 "-" "RPT-HTTPClient/0.3-3"
72.21.217.32 - - [05/Aug/2011:14:31:47 -0700] "GET /wp-content/uploads/2011/07/Win-percentage-correlation.jpg HTTP/1.1" 200 28564 "-" "RPT-HTTPClient/0.3-3"
72.21.217.32 - - [05/Aug/2011:14:31:47 -0700] "GET /wp-content/uploads/2011/07/Close-Game-extra-wins.jpg HTTP/1.1" 200 23896 "-" "RPT-HTTPClient/0.3-3"
72.21.217.32 - - [05/Aug/2011:14:31:48 -0700] "GET /wp-content/uploads/2011/07/Close-Game-wins.jpg HTTP/1.1" 200 22396 "-" "RPT-HTTPClient/0.3-3"
72.21.217.32 - - [05/Aug/2011:14:31:48 -0700] "GET /wp-content/uploads/2011/07/Combined-win-percentage.jpg HTTP/1.1" 200 20671 "-" "RPT-HTTPClient/0.3-3"
72.21.217.32 - - [05/Aug/2011:14:31:48 -0700] "GET /wp-content/uploads/2011/07/Marymoor-Park-Sign.jpg HTTP/1.1" 200 353951 "-" "RPT-HTTPClient/0.3-3"
72.21.217.32 - - [05/Aug/2011:14:31:49 -0700] "GET /wp-content/uploads/2011/06/win-percentage.jpg HTTP/1.1" 200 25585 "-" "RPT-HTTPClient/0.3-3"
72.21.217.32 - - [05/Aug/2011:14:31:49 -0700] "GET /wp-content/uploads/2011/06/Adjusted-wins.jpg HTTP/1.1" 200 30873 "-" "RPT-HTTPClient/0.3-3"
72.21.217.32 - - [05/Aug/2011:14:31:49 -0700] "GET /wp-content/uploads/2011/06/mlb-leader-table.jpg HTTP/1.1" 200 26990 "-" "RPT-HTTPClient/0.3-3"
119.63.196.79 - - [05/Aug/2011:14:32:16 -0700] "GET /category/world-cup-2010/page/2/ HTTP/1.1" 200 7527 "-" "Mozilla/5.0 (compatible; Baiduspider/2.0; +http://www.baidu.com/search/spider.html)"
208.115.111.244 - - [05/Aug/2011:14:35:04 -0700] "GET /category/category/category/category/category/category/world-cup-2010/page/category/world-cup-2010/ HTTP/1.1" 200 15465 "-" "Mozilla/5.0 (compatible; DotBot/1.1; http://www.dotnetdotcom.org/, crawler@dotnetdotcom.org)"
208.115.111.244 - - [05/Aug/2011:14:35:08 -0700] "GET /category/category/world-cup-2010/page/category/category/category/world-cup-2010/page/category/world-cup-2010/ HTTP/1.1" 200 15468 "-" "Mozilla/5.0 (compatible; DotBot/1.1; http://www.dotnetdotcom.org/, crawler@dotnetdotcom.org)"
208.115.111.244 - - [05/Aug/2011:14:35:13 -0700] "GET /category/category/world-cup-2010/page/category/world-cup-2010/page/category/world-cup-2010/page/category/world-cup-2010/ HTTP/1.1" 200 15463 "-" "Mozilla/5.0 (compatible; DotBot/1.1; http://www.dotnetdotcom.org/, crawler@dotnetdotcom.org)"
208.115.111.244 - - [05/Aug/2011:14:35:17 -0700] "GET /category/sports/category/category/category/category/category/world-cup-2010/page/category/world-cup-2010/ HTTP/1.1" 200 15467 "-" "Mozilla/5.0 (compatible; DotBot/1.1; http://www.dotnetdotcom.org/, crawler@dotnetdotcom.org)"
208.115.111.244 - - [05/Aug/2011:14:35:22 -0700] "GET /category/sports/category/category/category/world-cup-2010/page/category/world-cup-2010/page/category/world-cup-2010/ HTTP/1.1" 200 15467 "-" "Mozilla/5.0 (compatible; DotBot/1.1; http://www.dotnetdotcom.org/, crawler@dotnetdotcom.org)"
208.115.111.244 - - [05/Aug/2011:14:35:28 -0700] "GET /category/sports/category/world-cup-2010/page/category/world-cup-2010/page/category/world-cup-2010/page/category/world-cup-2010/ HTTP/1.1" 200 15464 "-" "Mozilla/5.0 (compatible; DotBot/1.1; http://www.dotnetdotcom.org/, crawler@dotnetdotcom.org)"
208.115.111.244 - - [05/Aug/2011:14:35:32 -0700] "GET /category/sports/page/category/world-cup-2010/page/category/world-cup-2010/page/category/world-cup-2010/ HTTP/1.1" 200 15463 "-" "Mozilla/5.0 (compatible; DotBot/1.1; http://www.dotnetdotcom.org/, crawler@dotnetdotcom.org)"
208.115.111.244 - - [05/Aug/2011:14:35:38 -0700] "GET /category/world-cup-2010/category/category/category/world-cup-2010/page/category/world-cup-2010/ HTTP/1.1" 200 15467 "-" "Mozilla/5.0 (compatible; DotBot/1.1; http://www.dotnetdotcom.org/, crawler@dotnetdotcom.org)"
208.115.111.244 - - [05/Aug/2011:14:35:43 -0700] "GET /category/world-cup-2010/page/category/category/category/world-cup-2010/page/category/world-cup-2010/ HTTP/1.1" 200 15467 "-" "Mozilla/5.0 (compatible; DotBot/1.1; http://www.dotnetdotcom.org/, crawler@dotnetdotcom.org)"
208.115.111.244 - - [05/Aug/2011:14:35:48 -0700] "GET /category/world-cup-2010/page/category/world-cup-2010/page/category/world-cup-2010/page/category/world-cup-2010/ HTTP/1.1" 200 15461 "-" "Mozilla/5.0 (compatible; DotBot/1.1; http://www.dotnetdotcom.org/, crawler@dotnetdotcom.org)"
67.195.115.58 - - [05/Aug/2011:14:36:29 -0700] "GET /donovan-mcnabb-will-never-make-it-back-to-the-super-bowl/ HTTP/1.0" 200 9155 "-" "Mozilla/5.0 (compatible; Yahoo! Slurp; http://help.yahoo.com/help/us/ysearch/slurp)"
195.43.189.232 - - [05/Aug/2011:14:39:43 -0700] "HEAD /feed/ HTTP/1.1" 200 290 "-" "Mozilla/4.0 (compatible; MSIE 4.0; MSIECrawler; Windows 95)"
166.137.143.43 - - [05/Aug/2011:14:40:16 -0700] "GET /favicon.ico HTTP/1.1" 200 277 "-" "Reeder/2.5.0 CFNetwork/485.13.9 Darwin/11.0.0"
209.85.238.86 - - [05/Aug/2011:14:45:20 -0700] "GET /feed/ HTTP/1.1" 200 9357 "-" "Feedfetcher-Google; (+http://www.google.com/feedfetcher.html; 12 subscribers; feed-id=11769849069241211122)"
67.195.115.58 - - [05/Aug/2011:14:46:28 -0700] "GET /nfl-coaches-are-like-an-eminem-song-you-get-one-shot/ HTTP/1.0" 200 8746 "-" "Mozilla/5.0 (compatible; Yahoo! Slurp; http://help.yahoo.com/help/us/ysearch/slurp)"
173.192.238.34 - - [05/Aug/2011:14:47:45 -0700] "GET / HTTP/1.1" 200 18097 "-" "Mozilla/5.0 (X11; U; Linux x86_64; en-US; rv:1.9.0.19; aggregator:Spinn3r (Spinn3r 3.1); http://spinn3r.com/robot) Gecko/2010040121 Firefox/3.0.19"
87.68.218.126 - - [05/Aug/2011:14:50:17 -0700] "GET /nfl-draft-prediction-rankings/comment-page-1/ HTTP/1.0" 200 46609 "http://www.pacificnorthwestcoastbias.com/nfl-draft-prediction-rankings/comment-page-1/" "Mozilla/4.0 (compatible; MSIE 6.0; America Online Browser 1.1; rev1.2; Windows NT 5.1; SV1; .NET CLR 1.1.4322)"
87.68.218.126 - - [05/Aug/2011:14:50:21 -0700] "POST /wp-comments-post.php HTTP/1.0" 302 815 "http://www.pacificnorthwestcoastbias.com/nfl-draft-prediction-rankings/comment-page-1/" "Mozilla/4.0 (compatible; MSIE 6.0; America Online Browser 1.1; rev1.2; Windows NT 5.1; SV1; .NET CLR 1.1.4322)"
87.68.218.126 - - [05/Aug/2011:14:50:23 -0700] "GET /nfl-draft-prediction-rankings/comment-page-1/ HTTP/1.0" 200 46650 "http://www.pacificnorthwestcoastbias.com/nfl-draft-prediction-rankings/comment-page-1/#comment-2442" "Mozilla/4.0 (compatible; MSIE 6.0; America Online Browser 1.1; rev1.2; Windows NT 5.1; SV1; .NET CLR 1.1.4322)"
94.23.44.43 - - [05/Aug/2011:14:55:59 -0700] "GET /comments/feed/ HTTP/1.0" 200 12242 "-" "-"
69.163.231.33 - - [05/Aug/2011:14:56:01 -0700] "POST /wp-cron.php?doing_wp_cron HTTP/1.0" 200 158 "-" "WordPress/3.1.4; http://www.pacificnorthwestcoastbias.com"
119.63.196.80 - - [05/Aug/2011:15:00:55 -0700] "GET /economic-indicator-cargo-ship-containers-and-frequency/ HTTP/1.1" 200 8298 "-" "Mozilla/5.0 (compatible; Baiduspider/2.0; +http://www.baidu.com/search/spider.html)"
72.21.217.32 - - [05/Aug/2011:15:01:05 -0700] "GET /feed HTTP/1.0" 200 439 "-" "RPT-HTTPClient/0.3-3"
72.21.217.32 - - [05/Aug/2011:15:01:08 -0700] "GET /feed/ HTTP/1.0" 200 35924 "-" "RPT-HTTPClient/0.3-3"
67.202.17.115 - - [05/Aug/2011:15:04:06 -0700] "GET /feed/ HTTP/1.1" 200 35946 "-" "-"
67.202.17.115 - - [05/Aug/2011:15:04:07 -0700] "GET /feed/ HTTP/1.1" 200 9301 "-" "Mozilla/5.0 (X11; U; Linux i686; en-US; aggregator:Outside.in; http://outside.in)"
128.242.249.12 - - [05/Aug/2011:15:06:54 -0700] "GET /feed/ HTTP/1.1" 200 35946 "-" "TwitterFeed 3"
209.171.42.71 - - [05/Aug/2011:15:07:08 -0700] "GET /feed HTTP/1.1" 200 439 "-" "Mozilla/5.0 (compatible; BlogScope/1.0; +http://www.blogscope.net/; U of Toronto)"
209.171.42.71 - - [05/Aug/2011:15:07:11 -0700] "GET /feed/ HTTP/1.1" 200 9357 "-" "Mozilla/5.0 (compatible; BlogScope/1.0; +http://www.blogscope.net/; U of Toronto)"
69.163.231.33 - - [05/Aug/2011:15:07:09 -0700] "POST /wp-cron.php?doing_wp_cron HTTP/1.0" 200 158 "-" "WordPress/3.1.4; http://www.pacificnorthwestcoastbias.com"
207.34.25.76 - - [05/Aug/2011:15:15:40 -0700] "GET /robots.txt HTTP/1.1" 200 348 "-" "R6_CommentReader(www.radian6.com/crawler)"
207.34.25.76 - - [05/Aug/2011:15:15:41 -0700] "GET /twitter-weekly-updates-for-2011-07-31/ HTTP/1.1" 200 6556 "-" "R6_CommentReader(www.radian6.com/crawler)"
173.192.238.34 - - [05/Aug/2011:15:17:55 -0700] "GET / HTTP/1.1" 200 18097 "-" "Mozilla/5.0 (X11; U; Linux x86_64; en-US; rv:1.9.0.19; aggregator:Spinn3r (Spinn3r 3.1); http://spinn3r.com/robot) Gecko/2010040121 Firefox/3.0.19"
61.135.248.197 - - [05/Aug/2011:15:22:31 -0700] "GET / HTTP/1.1" 200 18078 "-" "Mozilla/5.0 (compatible; YodaoBot/1.0; http://www.yodao.com/help/webmaster/spider/; )"
119.63.196.120 - - [05/Aug/2011:15:25:59 -0700] "GET /goldman-sachs-publishes-world-cup-economics-report/ HTTP/1.1" 200 8203 "-" "Mozilla/5.0 (compatible; Baiduspider/2.0; +http://www.baidu.com/search/spider.html)"
67.195.115.58 - - [05/Aug/2011:15:27:24 -0700] "GET /twitter-weekly-updates-for-2010-10-10/ HTTP/1.0" 200 8739 "-" "Mozilla/5.0 (compatible; Yahoo! Slurp; http://help.yahoo.com/help/us/ysearch/slurp)"
72.21.217.33 - - [05/Aug/2011:15:31:07 -0700] "GET /feed HTTP/1.0" 200 439 "-" "RPT-HTTPClient/0.3-3"
72.21.217.33 - - [05/Aug/2011:15:31:08 -0700] "GET /feed/ HTTP/1.0" 200 35924 "-" "RPT-HTTPClient/0.3-3"
65.219.4.8 - - [05/Aug/2011:15:32:34 -0700] "GET /wp-content/uploads/2010/03/Hipsters.jpg HTTP/1.1" 200 47961 "http://www.google.com/imgres?q=hipster+venn+diagram&hl=en&biw=1280&bih=807&tbm=isch&tbnid=GTGwG1LiMmXIrM:&imgrefurl=http://www.pacificnorthwestcoastbias.com/hipsters-a-venn-diagram/&docid=Tks2kqGcbMy0iM&w=566&h=421&ei=gW88TrhylNSAB-Oo0cUF&zoom=1&iact=hc&vpx=188&vpy=97&dur=671&hovh=194&hovw=260&tx=141&ty=98&page=1&tbnh=146&tbnw=195&start=0&ndsp=21&ved=1t:429,r:0,s:0" "Mozilla/5.0 (Windows NT 6.1; rv:5.0) Gecko/20100101 Firefox/5.0"
65.219.4.8 - - [05/Aug/2011:15:32:34 -0700] "GET /hipsters-a-venn-diagram/ HTTP/1.1" 200 9129 "http://www.google.com/imgres?q=hipster+venn+diagram&hl=en&biw=1280&bih=807&tbm=isch&tbnid=GTGwG1LiMmXIrM:&imgrefurl=http://www.pacificnorthwestcoastbias.com/hipsters-a-venn-diagram/&docid=Tks2kqGcbMy0iM&w=566&h=421&ei=gW88TrhylNSAB-Oo0cUF&zoom=1&iact=hc&vpx=188&vpy=97&dur=671&hovh=194&hovw=260&tx=141&ty=98&page=1&tbnh=146&tbnw=195&start=0&ndsp=21&ved=1t:429,r:0,s:0" "Mozilla/5.0 (Windows NT 6.1; rv:5.0) Gecko/20100101 Firefox/5.0"
65.219.4.8 - - [05/Aug/2011:15:32:36 -0700] "GET /wp-content/themes/EmptyCanvas/style.css HTTP/1.1" 200 5936 "http://www.pacificnorthwestcoastbias.com/hipsters-a-venn-diagram/" "Mozilla/5.0 (Windows NT 6.1; rv:5.0) Gecko/20100101 Firefox/5.0"
65.219.4.8 - - [05/Aug/2011:15:32:36 -0700] "GET /wp-content/plugins/sociable/sociable.css?ver=3.1.4 HTTP/1.1" 200 1129 "http://www.pacificnorthwestcoastbias.com/hipsters-a-venn-diagram/" "Mozilla/5.0 (Windows NT 6.1; rv:5.0) Gecko/20100101 Firefox/5.0"
69.163.231.33 - - [05/Aug/2011:15:32:35 -0700] "POST /wp-cron.php?doing_wp_cron HTTP/1.0" 200 158 "-" "WordPress/3.1.4; http://www.pacificnorthwestcoastbias.com"
65.219.4.8 - - [05/Aug/2011:15:32:36 -0700] "GET /wp-content/plugins/subscribe-here-widget/subscribe-here-widget.css HTTP/1.1" 200 1456 "http://www.pacificnorthwestcoastbias.com/hipsters-a-venn-diagram/" "Mozilla/5.0 (Windows NT 6.1; rv:5.0) Gecko/20100101 Firefox/5.0"
65.219.4.8 - - [05/Aug/2011:15:32:36 -0700] "GET /wp-content/themes/EmptyCanvas/reset.css HTTP/1.1" 200 1250 "http://www.pacificnorthwestcoastbias.com/wp-content/themes/EmptyCanvas/style.css" "Mozilla/5.0 (Windows NT 6.1; rv:5.0) Gecko/20100101 Firefox/5.0"
65.219.4.8 - - [05/Aug/2011:15:32:36 -0700] "GET /wp-content/plugins/sociable/images/services-sprite.gif HTTP/1.1" 200 331 "http://www.pacificnorthwestcoastbias.com/hipsters-a-venn-diagram/" "Mozilla/5.0 (Windows NT 6.1; rv:5.0) Gecko/20100101 Firefox/5.0"
65.219.4.8 - - [05/Aug/2011:15:32:36 -0700] "GET /wp-content/plugins/subscription-options/images/feed_icon_12.png HTTP/1.1" 200 6460 "http://www.pacificnorthwestcoastbias.com/hipsters-a-venn-diagram/" "Mozilla/5.0 (Windows NT 6.1; rv:5.0) Gecko/20100101 Firefox/5.0"
65.219.4.8 - - [05/Aug/2011:15:32:36 -0700] "GET /wp-content/plugins/sociable/images/services-sprite.png HTTP/1.1" 200 50931 "http://www.pacificnorthwestcoastbias.com/hipsters-a-venn-diagram/" "Mozilla/5.0 (Windows NT 6.1; rv:5.0) Gecko/20100101 Firefox/5.0"
65.219.4.8 - - [05/Aug/2011:15:32:46 -0700] "GET /hipsters-a-venn-diagram/ HTTP/1.1" 200 9128 "http://www.google.com/imgres?q=hipster+venn+diagram&hl=en&biw=1280&bih=807&tbm=isch&tbnid=GTGwG1LiMmXIrM:&imgrefurl=http://www.pacificnorthwestcoastbias.com/hipsters-a-venn-diagram/&docid=Tks2kqGcbMy0iM&w=566&h=421&ei=gW88TrhylNSAB-Oo0cUF&zoom=1&iact=hc&vpx=188&vpy=97&dur=671&hovh=194&hovw=260&tx=141&ty=98&page=1&tbnh=146&tbnw=195&start=0&ndsp=21&ved=1t:429,r:0,s:0" "Mozilla/5.0 (Windows NT 6.1; rv:5.0) Gecko/20100101 Firefox/5.0"
65.219.4.8 - - [05/Aug/2011:15:32:48 -0700] "GET /wp-content/plugins/sociable/sociable.css?ver=3.1.4 HTTP/1.1" 304 173 "http://www.pacificnorthwestcoastbias.com/hipsters-a-venn-diagram/" "Mozilla/5.0 (Windows NT 6.1; rv:5.0) Gecko/20100101 Firefox/5.0"
65.219.4.8 - - [05/Aug/2011:15:32:48 -0700] "GET /favicon.ico HTTP/1.1" 200 276 "-" "Mozilla/5.0 (Windows NT 6.1; rv:5.0) Gecko/20100101 Firefox/5.0"
65.219.4.8 - - [05/Aug/2011:15:32:48 -0700] "GET /favicon.ico HTTP/1.1" 200 276 "-" "Mozilla/5.0 (Windows NT 6.1; rv:5.0) Gecko/20100101 Firefox/5.0"
123.125.71.105 - - [05/Aug/2011:15:34:14 -0700] "GET / HTTP/1.1" 301 306 "-" "Mozilla/5.0 (compatible; Baiduspider/2.0; +http://www.baidu.com/search/spider.html)"
220.181.108.183 - - [05/Aug/2011:15:34:56 -0700] "GET / HTTP/1.1" 301 306 "-" "Mozilla/5.0 (compatible; Baiduspider/2.0; +http://www.baidu.com/search/spider.html)"
207.46.199.177 - - [05/Aug/2011:15:35:13 -0700] "GET /robots.txt HTTP/1.1" 200 386 "-" "Mozilla/5.0 (compatible; bingbot/2.0; +http://www.bing.com/bingbot.htm)"
207.46.199.177 - - [05/Aug/2011:15:36:10 -0700] "GET / HTTP/1.1" 200 18132 "-" "Mozilla/5.0 (compatible; bingbot/2.0; +http://www.bing.com/bingbot.htm)"
65.219.4.8 - - [05/Aug/2011:15:36:29 -0700] "GET /hipsters-a-venn-diagram/ HTTP/1.1" 200 9127 "http://www.google.com/search?q=hipster+venn+diagram&ie=utf-8&oe=utf-8&aq=t&rls=org.mozilla:en-US:official&client=firefox-a" "Mozilla/5.0 (Windows NT 6.1; rv:5.0) Gecko/20100101 Firefox/5.0"
65.219.4.8 - - [05/Aug/2011:15:36:31 -0700] "GET /wp-content/plugins/sociable/sociable.css?ver=3.1.4 HTTP/1.1" 304 173 "http://www.pacificnorthwestcoastbias.com/hipsters-a-venn-diagram/" "Mozilla/5.0 (Windows NT 6.1; rv:5.0) Gecko/20100101 Firefox/5.0"
87.250.255.242 - - [05/Aug/2011:15:43:44 -0700] "GET / HTTP/1.1" 200 18132 "-" "Mozilla/5.0 (compatible; YandexBot/3.0; +http://yandex.com/bots)"
124.115.0.162 - - [05/Aug/2011:15:44:16 -0700] "GET / HTTP/1.1" 200 18132 "-" "Sosospider+(+http://help.soso.com/webspider.htm)"
209.85.238.86 - - [05/Aug/2011:15:46:20 -0700] "GET /feed/ HTTP/1.1" 200 194 "-" "Feedfetcher-Google; (+http://www.google.com/feedfetcher.html; 12 subscribers; feed-id=11769849069241211122)"
174.37.205.92 - - [05/Aug/2011:15:48:01 -0700] "GET / HTTP/1.1" 200 18095 "-" "Mozilla/5.0 (X11; U; Linux x86_64; en-US; rv:1.9.0.19; aggregator:Spinn3r (Spinn3r 3.1); http://spinn3r.com/robot) Gecko/2010040121 Firefox/3.0.19"
69.163.231.33 - - [05/Aug/2011:15:48:02 -0700] "POST /wp-cron.php?doing_wp_cron HTTP/1.0" 200 158 "-" "WordPress/3.1.4; http://www.pacificnorthwestcoastbias.com"
119.63.196.40 - - [05/Aug/2011:15:51:14 -0700] "GET /great-local-beer-mannys/ HTTP/1.1" 200 8379 "-" "Mozilla/5.0 (compatible; Baiduspider/2.0; +http://www.baidu.com/search/spider.html)"
87.250.255.242 - - [05/Aug/2011:15:52:22 -0700] "GET /paint-color-or-band-name/ HTTP/1.1" 200 8227 "-" "Mozilla/5.0 (compatible; YandexBot/3.0; +http://yandex.com/bots)"
87.250.255.242 - - [05/Aug/2011:16:01:00 -0700] "GET /making-the-world-cup-final-more-interesting/ HTTP/1.1" 200 8409 "-" "Mozilla/5.0 (compatible; YandexBot/3.0; +http://yandex.com/bots)"
72.21.217.32 - - [05/Aug/2011:16:01:08 -0700] "GET /feed HTTP/1.0" 200 439 "-" "RPT-HTTPClient/0.3-3"
72.21.217.32 - - [05/Aug/2011:16:01:08 -0700] "GET /feed/ HTTP/1.0" 200 35928 "-" "RPT-HTTPClient/0.3-3"
72.21.217.96 - - [05/Aug/2011:16:01:32 -0700] "GET /feed HTTP/1.1" 200 383 "-" "RPT-HTTPClient/0.3-3"
72.21.217.96 - - [05/Aug/2011:16:01:34 -0700] "GET /feed/ HTTP/1.1" 200 35946 "-" "RPT-HTTPClient/0.3-3"
69.163.231.33 - - [05/Aug/2011:16:01:33 -0700] "POST /wp-cron.php?doing_wp_cron HTTP/1.0" 200 158 "-" "WordPress/3.1.4; http://www.pacificnorthwestcoastbias.com"
72.21.217.96 - - [05/Aug/2011:16:01:38 -0700] "GET /wp-content/uploads/2011/07/Community-Minded-1024x575.jpg HTTP/1.1" 200 127529 "-" "RPT-HTTPClient/0.3-3"
72.21.217.96 - - [05/Aug/2011:16:01:39 -0700] "GET /wp-content/uploads/2011/07/Innings-Pitched-All-Star-Game.jpg HTTP/1.1" 200 34923 "-" "RPT-HTTPClient/0.3-3"
72.21.217.96 - - [05/Aug/2011:16:01:39 -0700] "GET /wp-content/uploads/2011/07/Amway-Center-Orlando-Florida.jpg HTTP/1.1" 200 50147 "-" "RPT-HTTPClient/0.3-3"
72.21.217.96 - - [05/Aug/2011:16:01:39 -0700] "GET /wp-content/uploads/2011/07/Size-of-Amway-Center-with-Some-Parking.jpg HTTP/1.1" 200 625 "-" "RPT-HTTPClient/0.3-3"
72.21.217.96 - - [05/Aug/2011:16:01:39 -0700] "GET /wp-content/uploads/2011/07/downtown-bellevue-park.jpg HTTP/1.1" 200 136949 "-" "RPT-HTTPClient/0.3-3"
72.21.217.96 - - [05/Aug/2011:16:01:39 -0700] "GET /wp-content/uploads/2011/07/Dodge-Dealership.jpg HTTP/1.1" 200 163525 "-" "RPT-HTTPClient/0.3-3"
72.21.217.96 - - [05/Aug/2011:16:01:40 -0700] "GET /wp-content/uploads/2011/07/Safeway.jpg HTTP/1.1" 200 113322 "-" "RPT-HTTPClient/0.3-3"
72.21.217.96 - - [05/Aug/2011:16:01:40 -0700] "GET /wp-content/uploads/2011/07/NCAA-Win-Percentage.jpg HTTP/1.1" 200 27439 "-" "RPT-HTTPClient/0.3-3"
72.21.217.96 - - [05/Aug/2011:16:01:40 -0700] "GET /wp-content/uploads/2011/07/NCAA-Close-Game-Win-Percentage.jpg HTTP/1.1" 200 30700 "-" "RPT-HTTPClient/0.3-3"
72.21.217.96 - - [05/Aug/2011:16:01:40 -0700] "GET /wp-content/uploads/2011/07/Win-percentage-correlation.jpg HTTP/1.1" 200 28564 "-" "RPT-HTTPClient/0.3-3"
72.21.217.96 - - [05/Aug/2011:16:01:40 -0700] "GET /wp-content/uploads/2011/07/Close-Game-extra-wins.jpg HTTP/1.1" 200 23896 "-" "RPT-HTTPClient/0.3-3"
72.21.217.96 - - [05/Aug/2011:16:01:40 -0700] "GET /wp-content/uploads/2011/07/Close-Game-wins.jpg HTTP/1.1" 200 22396 "-" "RPT-HTTPClient/0.3-3"
72.21.217.96 - - [05/Aug/2011:16:01:41 -0700] "GET /wp-content/uploads/2011/07/Combined-win-percentage.jpg HTTP/1.1" 200 20671 "-" "RPT-HTTPClient/0.3-3"
72.21.217.96 - - [05/Aug/2011:16:01:41 -0700] "GET /wp-content/uploads/2011/07/Marymoor-Park-Sign.jpg HTTP/1.1" 200 353951 "-" "RPT-HTTPClient/0.3-3"
72.21.217.96 - - [05/Aug/2011:16:01:42 -0700] "GET /wp-content/uploads/2011/06/win-percentage.jpg HTTP/1.1" 200 25585 "-" "RPT-HTTPClient/0.3-3"
72.21.217.96 - - [05/Aug/2011:16:01:42 -0700] "GET /wp-content/uploads/2011/06/Adjusted-wins.jpg HTTP/1.1" 200 30873 "-" "RPT-HTTPClient/0.3-3"
72.21.217.96 - - [05/Aug/2011:16:01:42 -0700] "GET /wp-content/uploads/2011/06/mlb-leader-table.jpg HTTP/1.1" 200 26990 "-" "RPT-HTTPClient/0.3-3"
174.129.114.17 - - [05/Aug/2011:16:07:12 -0700] "GET /feed/ HTTP/1.1" 200 35946 "-" "-"
174.129.114.17 - - [05/Aug/2011:16:07:13 -0700] "GET /feed/ HTTP/1.1" 200 9301 "-" "Mozilla/5.0 (X11; U; Linux i686; en-US; aggregator:Outside.in; http://outside.in)"
128.242.249.11 - - [05/Aug/2011:16:08:54 -0700] "GET /feed/ HTTP/1.1" 200 35946 "-" "TwitterFeed 3"
38.101.148.126 - - [05/Aug/2011:16:09:28 -0700] "GET /robots.txt HTTP/1.1" 200 367 "-" "Mozilla/5.0 (compatible; discobot/1.1; +http://discoveryengine.com/discobot.html)"
87.250.255.242 - - [05/Aug/2011:16:09:37 -0700] "GET /category/uncategorized/ HTTP/1.1" 200 7698 "-" "Mozilla/5.0 (compatible; YandexBot/3.0; +http://yandex.com/bots)"
66.228.60.129 - - [05/Aug/2011:16:10:22 -0700] "GET / HTTP/1.0" 200 114357 "-" "-"
66.228.60.129 - - [05/Aug/2011:16:10:24 -0700] "GET / HTTP/1.1" 200 114411 "-" "-"
66.228.60.129 - - [05/Aug/2011:16:10:25 -0700] "GET / HTTP/1.1" 200 114411 "-" "-"
66.228.60.129 - - [05/Aug/2011:16:10:25 -0700] "GET / HTTP/1.1" 200 114411 "-" "-"
66.228.60.129 - - [05/Aug/2011:16:10:26 -0700] "GET / HTTP/1.0" 301 313 "-" "-"
66.228.60.129 - - [05/Aug/2011:16:10:27 -0700] "GET / HTTP/1.0" 200 48180 "-" "-"
66.228.60.129 - - [05/Aug/2011:16:10:27 -0700] "GET / HTTP/1.0" 301 313 "-" "-"
66.228.60.129 - - [05/Aug/2011:16:10:29 -0700] "GET / HTTP/1.0" 200 18980 "-" "-"
1.202.219.4 - - [05/Aug/2011:16:14:30 -0700] "GET /wp-content/uploads/2010/06/Seattle-rainfall.jpg HTTP/1.0" 200 45512 "-" "gosospider Mozilla/5.0 (compatible; JIKESpider; +http://shoulu.jike.com/spider.html)"
209.171.42.71 - - [05/Aug/2011:16:14:47 -0700] "GET /feed HTTP/1.1" 200 439 "-" "Mozilla/5.0 (compatible; BlogScope/1.0; +http://www.blogscope.net/; U of Toronto)"
209.171.42.71 - - [05/Aug/2011:16:14:48 -0700] "GET /feed/ HTTP/1.1" 200 9357 "-" "Mozilla/5.0 (compatible; BlogScope/1.0; +http://www.blogscope.net/; U of Toronto)"
69.163.231.33 - - [05/Aug/2011:16:16:36 -0700] "POST /wp-cron.php?doing_wp_cron HTTP/1.0" 200 158 "-" "WordPress/3.1.4; http://www.pacificnorthwestcoastbias.com"
64.94.66.97 - - [05/Aug/2011:16:16:35 -0700] "GET /comments/feed/ HTTP/1.0" 200 3365 "-" "Moreoverbot/5.1 (+http://w.moreover.com; webmaster@moreover.com) Mozilla/5.0"
88.131.106.2 - - [05/Aug/2011:16:17:14 -0700] "GET /robots.txt HTTP/1.0" 200 367 "-" "Mozilla/5.0 (Windows; U; Windows NT 5.1; en-US) Speedy Spider (http://www.entireweb.com/about/search_tech/speedy_spider/)"
88.131.106.6 - - [05/Aug/2011:16:17:25 -0700] "GET /details-on-the-great-griffey-slumber/ HTTP/1.0" 200 9017 "-" "Mozilla/5.0 (Windows; U; Windows NT 5.1; en-US) Speedy Spider (http://www.entireweb.com/about/search_tech/speedy_spider/)"
119.63.196.83 - - [05/Aug/2011:16:17:56 -0700] "GET /?p=299 HTTP/1.1" 301 420 "-" "Mozilla/5.0 (compatible; Baiduspider/2.0; +http://www.baidu.com/search/spider.html)"
119.63.196.113 - - [05/Aug/2011:16:17:57 -0700] "GET /the-sporting-news-awards-give-insight-into-who-will-win-the-cy-young/ HTTP/1.1" 200 9057 "-" "Mozilla/5.0 (compatible; Baiduspider/2.0; +http://www.baidu.com/search/spider.html)"
174.37.205.92 - - [05/Aug/2011:16:18:09 -0700] "GET / HTTP/1.1" 200 18203 "-" "Mozilla/5.0 (X11; U; Linux x86_64; en-US; rv:1.9.0.19; aggregator:Spinn3r (Spinn3r 3.1); http://spinn3r.com/robot) Gecko/2010040121 Firefox/3.0.19"
88.131.106.2 - - [05/Aug/2011:16:20:45 -0700] "GET /category/world-cup-2010/ HTTP/1.0" 200 15431 "-" "Mozilla/5.0 (Windows; U; Windows NT 5.1; en-US) Speedy Spider (http://www.entireweb.com/about/search_tech/speedy_spider/)"
95.108.158.245 - - [05/Aug/2011:16:28:27 -0700] "GET /wp-content/uploads/2010/06/World-Cup-Bench-Riders.jpg HTTP/1.1" 304 175 "-" "Mozilla/5.0 (compatible; YandexImages/3.0; +http://yandex.com/bots)"
72.21.217.32 - - [05/Aug/2011:16:31:07 -0700] "GET /feed HTTP/1.0" 200 439 "-" "RPT-HTTPClient/0.3-3"
72.21.217.32 - - [05/Aug/2011:16:31:09 -0700] "GET /feed/ HTTP/1.0" 200 35924 "-" "RPT-HTTPClient/0.3-3"
85.88.36.4 - - [05/Aug/2011:16:34:33 -0700] "GET /robots.txt HTTP/1.0" 200 367 "-" "Attentio/Nutch-0.9-dev (Attentio's beta blog crawler; www.attentio.com; info@attentio.com)"
69.163.231.33 - - [05/Aug/2011:16:34:34 -0700] "POST /wp-cron.php?doing_wp_cron HTTP/1.0" 200 158 "-" "WordPress/3.1.4; http://www.pacificnorthwestcoastbias.com"
85.88.36.4 - - [05/Aug/2011:16:34:35 -0700] "GET /feed HTTP/1.0" 200 429 "-" "Attentio/Nutch-0.9-dev (Attentio's beta blog crawler; www.attentio.com; info@attentio.com)"
193.47.80.46 - - [05/Aug/2011:16:35:34 -0700] "GET /robots.txt HTTP/1.1" 200 367 "-" "Mozilla/5.0 (compatible; Exabot/3.0; +http://www.exabot.com/go/robot)"
193.47.80.46 - - [05/Aug/2011:16:35:36 -0700] "GET /10-principles-for-your-online-and-offline-voice/ HTTP/1.1" 200 8522 "-" "Mozilla/5.0 (compatible; Exabot/3.0; +http://www.exabot.com/go/robot)"
87.250.255.242 - - [05/Aug/2011:16:35:48 -0700] "GET /neil-roseman-says-focus-on-the-inputs-not-just-the-outputs/ HTTP/1.1" 200 9274 "-" "Mozilla/5.0 (compatible; YandexBot/3.0; +http://yandex.com/bots)"
184.154.48.82 - - [05/Aug/2011:16:36:30 -0700] "GET /robots.txt HTTP/1.0" 200 310 "-" "Mozilla/5.0 (compatible; MJ12bot/v1.4.0; http://www.majestic12.co.uk/bot.php?+)"
184.154.48.82 - - [05/Aug/2011:16:36:33 -0700] "GET /ncaa-basketball-when-is-a-lead-safe HTTP/1.0" 200 387 "-" "Mozilla/5.0 (compatible; MJ12bot/v1.4.0; http://www.majestic12.co.uk/bot.php?+)"
184.154.48.82 - - [05/Aug/2011:16:36:35 -0700] "GET /ncaa-basketball-when-is-a-lead-safe/ HTTP/1.0" 200 32844 "-" "Mozilla/5.0 (compatible; MJ12bot/v1.4.0; http://www.majestic12.co.uk/bot.php?+)"
66.249.67.216 - - [05/Aug/2011:16:37:18 -0700] "GET /floating-bridges-make-for-a-fun-drive-during-a-storm/ HTTP/1.1" 200 8394 "-" "Mozilla/5.0 (compatible; Googlebot/2.1; +http://www.google.com/bot.html)"
38.99.97.213 - - [05/Aug/2011:16:38:10 -0700] "GET /robots.txt HTTP/1.1" 200 374 "-" "Mozilla/5.0 (compatible; ScoutJet; +http://www.scoutjet.com/)"
38.99.97.213 - - [05/Aug/2011:16:38:11 -0700] "GET / HTTP/1.1" 200 18206 "-" "Mozilla/5.0 (compatible; ScoutJet; +http://www.scoutjet.com/)"
124.115.6.13 - - [05/Aug/2011:16:39:53 -0700] "GET /robots.txt HTTP/1.1" 200 404 "-" "Sosospider+(+http://help.soso.com/webspider.htm)"
195.43.189.232 - - [05/Aug/2011:16:40:03 -0700] "HEAD /feed/ HTTP/1.1" 200 290 "-" "Mozilla/4.0 (compatible; MSIE 4.0; MSIECrawler; Windows 95)"
209.85.238.86 - - [05/Aug/2011:16:40:20 -0700] "GET /feed/ HTTP/1.1" 200 9357 "-" "Feedfetcher-Google; (+http://www.google.com/feedfetcher.html; 12 subscribers; feed-id=11769849069241211122)"
88.131.106.3 - - [05/Aug/2011:16:40:25 -0700] "GET /nfl-draft-prediction-rankings HTTP/1.0" 200 381 "-" "Mozilla/5.0 (Windows; U; Windows NT 5.1; en-US) Speedy Spider (http://www.entireweb.com/about/search_tech/speedy_spider/)"
88.131.106.1 - - [05/Aug/2011:16:40:34 -0700] "GET /nfl-draft-prediction-rankings/ HTTP/1.0" 200 13079 "-" "Mozilla/5.0 (Windows; U; Windows NT 5.1; en-US) Speedy Spider (http://www.entireweb.com/about/search_tech/speedy_spider/)"
88.131.106.2 - - [05/Aug/2011:16:41:54 -0700] "GET /seattle-ites-customize-their-beverages/ HTTP/1.0" 200 8073 "-" "Mozilla/5.0 (Windows; U; Windows NT 5.1; en-US) Speedy Spider (http://www.entireweb.com/about/search_tech/speedy_spider/)"
119.63.196.17 - - [05/Aug/2011:16:43:53 -0700] "GET /hitters-called-inconsistant-actually-hit-for-the-bell-curve/ HTTP/1.1" 200 8643 "-" "Mozilla/5.0 (compatible; Baiduspider/2.0; +http://www.baidu.com/search/spider.html)"
94.23.44.43 - - [05/Aug/2011:16:45:15 -0700] "GET /feed/ HTTP/1.0" 200 16060 "-" "-"
174.37.205.92 - - [05/Aug/2011:16:48:17 -0700] "GET / HTTP/1.1" 200 18203 "-" "Mozilla/5.0 (X11; U; Linux x86_64; en-US; rv:1.9.0.19; aggregator:Spinn3r (Spinn3r 3.1); http://spinn3r.com/robot) Gecko/2010040121 Firefox/3.0.19"
87.250.255.242 - - [05/Aug/2011:16:53:12 -0700] "GET /nfl-draft-prediction-rankings/ HTTP/1.1" 200 13165 "-" "Mozilla/5.0 (compatible; YandexBot/3.0; +http://yandex.com/bots)"
174.129.114.17 - - [05/Aug/2011:16:59:12 -0700] "GET /feed/ HTTP/1.1" 200 35946 "-" "-"
174.129.114.17 - - [05/Aug/2011:16:59:13 -0700] "GET /feed/ HTTP/1.1" 200 9301 "-" "Mozilla/5.0 (X11; U; Linux i686; en-US; aggregator:Outside.in; http://outside.in)"
65.55.119.7 - - [05/Aug/2011:17:00:50 -0700] "GET /wp-content/uploads/2010/03/Hipsters.jpg HTTP/1.1" 200 47961 "-" "-"
72.21.217.32 - - [05/Aug/2011:17:01:06 -0700] "GET /feed HTTP/1.0" 200 439 "-" "RPT-HTTPClient/0.3-3"
72.21.217.32 - - [05/Aug/2011:17:01:07 -0700] "GET /feed/ HTTP/1.0" 200 35924 "-" "RPT-HTTPClient/0.3-3"
98.158.20.234 - - [05/Aug/2011:17:01:13 -0700] "GET /community-minded/feed/ HTTP/1.1" 200 194 "-" "Opera/9.25 (Windows NT 6.0; U; en)"
69.163.231.33 - - [05/Aug/2011:17:01:55 -0700] "POST /wp-cron.php?doing_wp_cron HTTP/1.0" 200 158 "-" "WordPress/3.1.4; http://www.pacificnorthwestcoastbias.com"
87.250.255.242 - - [05/Aug/2011:17:01:54 -0700] "GET /category/other/ HTTP/1.1" 200 14087 "-" "Mozilla/5.0 (compatible; YandexBot/3.0; +http://yandex.com/bots)"
166.137.143.43 - - [05/Aug/2011:17:02:48 -0700] "GET /favicon.ico HTTP/1.1" 200 277 "-" "Reeder/2.5.0 CFNetwork/485.13.9 Darwin/11.0.0"
220.181.108.86 - - [05/Aug/2011:17:04:56 -0700] "GET /robots.txt HTTP/1.1" 200 367 "-" "Baiduspider+(+http://www.baidu.com/search/spider.htm)"
195.200.251.66 - - [05/Aug/2011:17:09:35 -0700] "GET /nfl-draft-prediction-rankings/comment-page-1/ HTTP/1.0" 200 46606 "http://www.pacificnorthwestcoastbias.com/nfl-draft-prediction-rankings/comment-page-1/#comment-567+Result:+%F3%F1%EF%E5%F5+%28%F1+%EF%E5%F0%E2%EE%E9+%F1%F2%F0%E0%ED%E8%F6%FB%29;" "Mozilla/4.0 (compatible; MSIE 5.5; Windows NT 5.0; .NET CLR 1.1.4322)"
67.195.115.58 - - [05/Aug/2011:17:10:03 -0700] "GET /baseball-quiz/ HTTP/1.0" 200 8082 "-" "Mozilla/5.0 (compatible; Yahoo! Slurp; http://help.yahoo.com/help/us/ysearch/slurp)"
67.195.115.58 - - [05/Aug/2011:17:10:06 -0700] "GET /wp-content/themes/EmptyCanvas/style.css HTTP/1.0" 304 138 "http://www.pacificnorthwestcoastbias.com/baseball-quiz/" "Mozilla/5.0 (compatible; Yahoo! Slurp; http://help.yahoo.com/help/us/ysearch/slurp)"
67.195.115.58 - - [05/Aug/2011:17:10:07 -0700] "GET /wp-content/themes/EmptyCanvas/reset.css HTTP/1.0" 304 137 "http://www.pacificnorthwestcoastbias.com/wp-content/themes/EmptyCanvas/style.css" "Mozilla/5.0 (compatible; Yahoo! Slurp; http://help.yahoo.com/help/us/ysearch/slurp)"
67.195.115.58 - - [05/Aug/2011:17:10:08 -0700] "GET /wp-content/plugins/sociable/sociable.css?ver=3.1.4 HTTP/1.0" 304 137 "http://www.pacificnorthwestcoastbias.com/baseball-quiz/" "Mozilla/5.0 (compatible; Yahoo! Slurp; http://help.yahoo.com/help/us/ysearch/slurp)"
67.195.115.58 - - [05/Aug/2011:17:10:09 -0700] "GET /wp-content/plugins/subscribe-here-widget/subscribe-here-widget.css HTTP/1.0" 304 137 "http://www.pacificnorthwestcoastbias.com/baseball-quiz/" "Mozilla/5.0 (compatible; Yahoo! Slurp; http://help.yahoo.com/help/us/ysearch/slurp)"
119.63.196.50 - - [05/Aug/2011:17:12:34 -0700] "GET /hot-tub-time-machine-64-copies-now-available-at-king-county-libraries/ HTTP/1.1" 200 8440 "-" "Mozilla/5.0 (compatible; Baiduspider/2.0; +http://www.baidu.com/search/spider.html)"
67.195.115.58 - - [05/Aug/2011:17:14:48 -0700] "GET /preparing-for-the-world-cup-fitness/ HTTP/1.0" 200 9174 "-" "Mozilla/5.0 (compatible; Yahoo! Slurp; http://help.yahoo.com/help/us/ysearch/slurp)"
209.171.42.71 - - [05/Aug/2011:17:17:01 -0700] "GET /feed HTTP/1.1" 200 439 "-" "Mozilla/5.0 (compatible; BlogScope/1.0; +http://www.blogscope.net/; U of Toronto)"
209.171.42.71 - - [05/Aug/2011:17:17:03 -0700] "GET /feed/ HTTP/1.1" 200 9361 "-" "Mozilla/5.0 (compatible; BlogScope/1.0; +http://www.blogscope.net/; U of Toronto)"
174.36.228.156 - - [05/Aug/2011:17:18:28 -0700] "GET / HTTP/1.1" 200 18203 "-" "Mozilla/5.0 (X11; U; Linux x86_64; en-US; rv:1.9.0.19; aggregator:Spinn3r (Spinn3r 3.1); http://spinn3r.com/robot) Gecko/2010040121 Firefox/3.0.19"
69.163.231.33 - - [05/Aug/2011:17:20:44 -0700] "POST /wp-cron.php?doing_wp_cron HTTP/1.0" 200 158 "-" "WordPress/3.1.4; http://www.pacificnorthwestcoastbias.com"
218.213.130.151 - - [05/Aug/2011:17:20:43 -0700] "GET /twitter-weekly-updates-for-2011-06-19/ HTTP/1.1" 200 29984 "-" "DoCoMo/2.0 P900i(c100;TB;W24H11) (compatible; ichiro/mobile goo; +http://help.goo.ne.jp/help/article/1142/)"
67.195.115.58 - - [05/Aug/2011:17:21:11 -0700] "GET /category/quiz/ HTTP/1.0" 200 9128 "-" "Mozilla/5.0 (compatible; Yahoo! Slurp; http://help.yahoo.com/help/us/ysearch/slurp)"
87.250.255.242 - - [05/Aug/2011:17:21:35 -0700] "GET /fort-flagler-is-a-gem/ HTTP/1.1" 200 8750 "-" "Mozilla/5.0 (compatible; YandexBot/3.0; +http://yandex.com/bots)"
61.135.249.23 - - [05/Aug/2011:17:27:23 -0700] "GET / HTTP/1.1" 200 18080 "-" "Mozilla/5.0 (compatible; YodaoBot/1.0; http://www.yodao.com/help/webmaster/spider/; )"
87.250.255.242 - - [05/Aug/2011:17:29:15 -0700] "GET /category/economy/ HTTP/1.1" 200 15409 "-" "Mozilla/5.0 (compatible; YandexBot/3.0; +http://yandex.com/bots)"
72.21.217.32 - - [05/Aug/2011:17:31:06 -0700] "GET /feed HTTP/1.0" 200 439 "-" "RPT-HTTPClient/0.3-3"
72.21.217.32 - - [05/Aug/2011:17:31:07 -0700] "GET /feed/ HTTP/1.0" 200 35924 "-" "RPT-HTTPClient/0.3-3"
209.171.42.71 - - [05/Aug/2011:17:31:16 -0700] "GET /feed HTTP/1.1" 200 439 "-" "Mozilla/5.0 (compatible; BlogScope/1.0; +http://www.blogscope.net/; U of Toronto)"
209.171.42.71 - - [05/Aug/2011:17:31:17 -0700] "GET /feed/ HTTP/1.1" 200 9357 "-" "Mozilla/5.0 (compatible; BlogScope/1.0; +http://www.blogscope.net/; U of Toronto)"
72.21.217.0 - - [05/Aug/2011:17:31:28 -0700] "GET /feed HTTP/1.1" 200 383 "-" "RPT-HTTPClient/0.3-3"
72.21.217.0 - - [05/Aug/2011:17:31:30 -0700] "GET /feed/ HTTP/1.1" 200 35946 "-" "RPT-HTTPClient/0.3-3"
69.163.231.33 - - [05/Aug/2011:17:31:28 -0700] "POST /wp-cron.php?doing_wp_cron HTTP/1.0" 200 158 "-" "WordPress/3.1.4; http://www.pacificnorthwestcoastbias.com"
72.21.217.0 - - [05/Aug/2011:17:31:34 -0700] "GET /wp-content/uploads/2011/07/Community-Minded-1024x575.jpg HTTP/1.1" 200 127529 "-" "RPT-HTTPClient/0.3-3"
72.21.217.0 - - [05/Aug/2011:17:31:34 -0700] "GET /wp-content/uploads/2011/07/Innings-Pitched-All-Star-Game.jpg HTTP/1.1" 200 34923 "-" "RPT-HTTPClient/0.3-3"
72.21.217.0 - - [05/Aug/2011:17:31:35 -0700] "GET /wp-content/uploads/2011/07/Amway-Center-Orlando-Florida.jpg HTTP/1.1" 200 50147 "-" "RPT-HTTPClient/0.3-3"
72.21.217.0 - - [05/Aug/2011:17:31:35 -0700] "GET /wp-content/uploads/2011/07/Size-of-Amway-Center-with-Some-Parking.jpg HTTP/1.1" 200 625 "-" "RPT-HTTPClient/0.3-3"
72.21.217.0 - - [05/Aug/2011:17:31:35 -0700] "GET /wp-content/uploads/2011/07/downtown-bellevue-park.jpg HTTP/1.1" 200 136949 "-" "RPT-HTTPClient/0.3-3"
72.21.217.0 - - [05/Aug/2011:17:31:35 -0700] "GET /wp-content/uploads/2011/07/Dodge-Dealership.jpg HTTP/1.1" 200 163525 "-" "RPT-HTTPClient/0.3-3"
72.21.217.0 - - [05/Aug/2011:17:31:35 -0700] "GET /wp-content/uploads/2011/07/Safeway.jpg HTTP/1.1" 200 113322 "-" "RPT-HTTPClient/0.3-3"
72.21.217.0 - - [05/Aug/2011:17:31:36 -0700] "GET /wp-content/uploads/2011/07/NCAA-Win-Percentage.jpg HTTP/1.1" 200 27439 "-" "RPT-HTTPClient/0.3-3"
72.21.217.0 - - [05/Aug/2011:17:31:36 -0700] "GET /wp-content/uploads/2011/07/NCAA-Close-Game-Win-Percentage.jpg HTTP/1.1" 200 30700 "-" "RPT-HTTPClient/0.3-3"
72.21.217.0 - - [05/Aug/2011:17:31:36 -0700] "GET /wp-content/uploads/2011/07/Win-percentage-correlation.jpg HTTP/1.1" 200 28564 "-" "RPT-HTTPClient/0.3-3"
72.21.217.0 - - [05/Aug/2011:17:31:36 -0700] "GET /wp-content/uploads/2011/07/Close-Game-extra-wins.jpg HTTP/1.1" 200 23896 "-" "RPT-HTTPClient/0.3-3"
72.21.217.0 - - [05/Aug/2011:17:31:36 -0700] "GET /wp-content/uploads/2011/07/Close-Game-wins.jpg HTTP/1.1" 200 22396 "-" "RPT-HTTPClient/0.3-3"
72.21.217.0 - - [05/Aug/2011:17:31:36 -0700] "GET /wp-content/uploads/2011/07/Combined-win-percentage.jpg HTTP/1.1" 200 20671 "-" "RPT-HTTPClient/0.3-3"
72.21.217.0 - - [05/Aug/2011:17:31:36 -0700] "GET /wp-content/uploads/2011/07/Marymoor-Park-Sign.jpg HTTP/1.1" 200 353951 "-" "RPT-HTTPClient/0.3-3"
