66.249.67.216 - - [05/Aug/2011:03:36:11 -0700] "GET /people-of-walmart/ HTTP/1.1" 200 8074 "-" "Mozilla/5.0 (compatible; Googlebot/2.1; +http://www.google.com/bot.html)"
66.249.67.216 - - [05/Aug/2011:03:38:37 -0700] "GET /twitter-weekly-updates-for-2011-07-31/ HTTP/1.1" 200 6641 "-" "Mozilla/5.0 (compatible; Googlebot/2.1; +http://www.google.com/bot.html)"
66.249.67.216 - - [05/Aug/2011:03:41:02 -0700] "GET /final-four-efficiency-vcu-and-butler-prove-mid-majors-deserve-more-ncaa-tournament-bids/ HTTP/1.1" 200 9379 "-" "Mozilla/5.0 (compatible; Googlebot/2.1; +http://www.google.com/bot.html)"
173.192.238.44 - - [05/Aug/2011:03:43:56 -0700] "GET /feed/ HTTP/1.1" 200 9321 "-" "Mozilla/5.0 (X11; U; Linux x86_64; en-US; rv:1.9.0.19; aggregator:Spinn3r (Spinn3r 3.1); http://spinn3r.com/robot) Gecko/2010040121 Firefox/3.0.19"
174.37.205.92 - - [05/Aug/2011:03:44:40 -0700] "GET / HTTP/1.1" 200 18128 "-" "Mozilla/5.0 (X11; U; Linux x86_64; en-US; rv:1.9.0.19; aggregator:Spinn3r (Spinn3r 3.1); http://spinn3r.com/robot) Gecko/2010040121 Firefox/3.0.19"
220.181.108.110 - - [05/Aug/2011:03:45:08 -0700] "GET /wp-content/uploads/2011/07/Size-of-Amway-Center-with-Some-Parking.jpg HTTP/1.1" 200 644 "-" "Baiduspider-image+(+http://www.baidu.com/search/spider.htm)"
66.249.67.216 - - [05/Aug/2011:03:48:19 -0700] "GET /geography-quiz-time/ HTTP/1.1" 200 9288 "-" "Mozilla/5.0 (compatible; Googlebot/2.1; +http://www.google.com/bot.html)"
1.202.219.3 - - [05/Aug/2011:03:49:05 -0700] "GET /wp-content/uploads/2010/10/Dual-Winner-by-year.jpg HTTP/1.0" 200 15504 "-" "gosospider Mozilla/5.0 (compatible; JIKESpider; +http://shoulu.jike.com/spider.html)"
66.249.67.216 - - [05/Aug/2011:03:53:10 -0700] "GET /who-is-going-to-make-the-baseball-hall-of-fame-based-on-current-trajectories/ HTTP/1.1" 200 9861 "-" "Mozilla/5.0 (compatible; Googlebot/2.1; +http://www.google.com/bot.html)"
64.94.66.97 - - [05/Aug/2011:03:53:59 -0700] "GET /comments/feed/ HTTP/1.0" 200 3441 "-" "Moreoverbot/5.1 (+http://w.moreover.com; webmaster@moreover.com) Mozilla/5.0"
174.129.114.17 - - [05/Aug/2011:03:54:45 -0700] "GET /feed/ HTTP/1.1" 200 35946 "-" "-"
174.129.114.17 - - [05/Aug/2011:03:54:45 -0700] "GET /feed/ HTTP/1.1" 200 9302 "-" "Mozilla/5.0 (X11; U; Linux i686; en-US; aggregator:Outside.in; http://outside.in)"
66.249.67.216 - - [05/Aug/2011:03:58:01 -0700] "GET /celebrity-apprentice-questions/ HTTP/1.1" 200 8930 "-" "Mozilla/5.0 (compatible; Googlebot/2.1; +http://www.google.com/bot.html)"
87.250.255.242 - - [05/Aug/2011:03:58:04 -0700] "GET /category/sports/category/world-cup-2010/page/category/world-cup-2010/ HTTP/1.1" 200 15550 "-" "Mozilla/5.0 (compatible; YandexBot/3.0; +http://yandex.com/bots)"
72.21.217.32 - - [05/Aug/2011:04:01:05 -0700] "GET /feed HTTP/1.0" 200 439 "-" "RPT-HTTPClient/0.3-3"
72.21.217.32 - - [05/Aug/2011:04:01:06 -0700] "GET /feed/ HTTP/1.0" 200 35924 "-" "RPT-HTTPClient/0.3-3"
66.249.67.216 - - [05/Aug/2011:04:05:18 -0700] "GET /grading-nate-silvers-election-predictions/ HTTP/1.1" 200 9402 "-" "Mozilla/5.0 (compatible; Googlebot/2.1; +http://www.google.com/bot.html)"
69.163.231.33 - - [05/Aug/2011:04:05:19 -0700] "POST /wp-cron.php?doing_wp_cron HTTP/1.0" 200 158 "-" "WordPress/3.1.4; http://www.pacificnorthwestcoastbias.com"
173.53.77.151 - - [05/Aug/2011:04:07:27 -0700] "GET / HTTP/1.1" 200 18237 "-" "Reeder/1.5.0 CFNetwork/485.13.9 Darwin/11.0.0"
173.53.77.151 - - [05/Aug/2011:04:07:29 -0700] "GET /favicon.ico HTTP/1.1" 200 276 "-" "Reeder/1.5.0 CFNetwork/485.13.9 Darwin/11.0.0"
173.53.77.151 - - [05/Aug/2011:04:07:29 -0700] "GET / HTTP/1.1" 200 18274 "-" "Reeder/1.5.0 CFNetwork/485.13.9 Darwin/11.0.0"
173.53.77.151 - - [05/Aug/2011:04:07:29 -0700] "GET /apple-touch-icon.png HTTP/1.1" 200 6647 "-" "Reeder/1.5.0 CFNetwork/485.13.9 Darwin/11.0.0"
173.53.77.151 - - [05/Aug/2011:04:07:30 -0700] "GET /apple-touch-icon-precomposed.png HTTP/1.1" 200 6647 "-" "Reeder/1.5.0 CFNetwork/485.13.9 Darwin/11.0.0"
207.179.179.226 - - [05/Aug/2011:04:08:25 -0700] "GET /robots.txt HTTP/1.1" 200 348 "-" "R6_CommentReader(www.radian6.com/crawler)"
207.179.179.226 - - [05/Aug/2011:04:08:26 -0700] "GET /league-standings-look-a-lot-different-when-normalized-for-1-run-games/ HTTP/1.1" 200 9303 "-" "R6_CommentReader(www.radian6.com/crawler)"
209.85.238.86 - - [05/Aug/2011:04:12:24 -0700] "GET /feed/ HTTP/1.1" 200 9358 "-" "Feedfetcher-Google; (+http://www.google.com/feedfetcher.html; 12 subscribers; feed-id=11769849069241211122)"
174.37.205.68 - - [05/Aug/2011:04:14:48 -0700] "GET / HTTP/1.1" 200 18235 "-" "Mozilla/5.0 (X11; U; Linux x86_64; en-US; rv:1.9.0.19; aggregator:Spinn3r (Spinn3r 3.1); http://spinn3r.com/robot) Gecko/2010040121 Firefox/3.0.19"
66.249.67.216 - - [05/Aug/2011:04:15:00 -0700] "GET /candidate-for-senate-from-washington-state-goodspaceguy/ HTTP/1.1" 200 8235 "-" "Mozilla/5.0 (compatible; Googlebot/2.1; +http://www.google.com/bot.html)"
95.108.158.245 - - [05/Aug/2011:04:17:26 -0700] "GET /wp-content/uploads/2010/10/Dual-Winner-by-year.jpg HTTP/1.1" 304 175 "-" "Mozilla/5.0 (compatible; YandexImages/3.0; +http://yandex.com/bots)"
66.249.67.216 - - [05/Aug/2011:04:17:26 -0700] "GET /sears-recommendations/ HTTP/1.1" 200 8220 "-" "Mozilla/5.0 (compatible; Googlebot/2.1; +http://www.google.com/bot.html)"
66.249.67.216 - - [05/Aug/2011:04:19:51 -0700] "GET /what-happens-if-you-dont-get-on-the-second-leg-of-a-flight-nothing/ HTTP/1.1" 200 8316 "-" "Mozilla/5.0 (compatible; Googlebot/2.1; +http://www.google.com/bot.html)"
69.163.231.33 - - [05/Aug/2011:04:19:52 -0700] "POST /wp-cron.php?doing_wp_cron HTTP/1.0" 200 158 "-" "WordPress/3.1.4; http://www.pacificnorthwestcoastbias.com"
72.21.217.32 - - [05/Aug/2011:04:31:07 -0700] "GET /feed HTTP/1.0" 200 439 "-" "RPT-HTTPClient/0.3-3"
72.21.217.32 - - [05/Aug/2011:04:31:08 -0700] "GET /feed/ HTTP/1.0" 200 35924 "-" "RPT-HTTPClient/0.3-3"
69.163.231.33 - - [05/Aug/2011:04:32:00 -0700] "POST /wp-cron.php?doing_wp_cron HTTP/1.0" 200 158 "-" "WordPress/3.1.4; http://www.pacificnorthwestcoastbias.com"
66.249.67.216 - - [05/Aug/2011:04:31:59 -0700] "GET /west-coast-basketball-fans-catch-a-break-with-ncaa-basketball-scheduling/ HTTP/1.1" 200 8485 "-" "Mozilla/5.0 (compatible; Googlebot/2.1; +http://www.google.com/bot.html)"
94.23.195.135 - - [05/Aug/2011:04:32:03 -0700] "GET /feed/ HTTP/1.0" 200 16060 "-" "-"
67.210.218.121 - - [05/Aug/2011:04:32:08 -0700] "GET /comments/feed HTTP/1.1" 200 448 "-" "Rome Client (http://tinyurl.com/64t5n) Ver: 0.9"
67.210.218.121 - - [05/Aug/2011:04:32:09 -0700] "GET /comments/feed/ HTTP/1.1" 200 3482 "-" "Rome Client (http://tinyurl.com/64t5n) Ver: 0.9"
87.250.255.242 - - [05/Aug/2011:04:32:36 -0700] "GET /twitter-weekly-updates-for-2011-05-08/feed/ HTTP/1.1" 200 959 "-" "Mozilla/5.0 (compatible; YandexBot/3.0; +http://yandex.com/bots)"
67.195.115.58 - - [05/Aug/2011:04:33:40 -0700] "GET /who-will-be-awarded-the-2018-and-2022-world-cups/feed/ HTTP/1.0" 200 941 "-" "Mozilla/5.0 (compatible; Yahoo! Slurp; http://help.yahoo.com/help/us/ysearch/slurp)"
66.249.67.216 - - [05/Aug/2011:04:34:25 -0700] "GET /twitter-weekly-updates-for-2011-07-10/ HTTP/1.1" 200 8484 "-" "Mozilla/5.0 (compatible; Googlebot/2.1; +http://www.google.com/bot.html)"
66.249.67.216 - - [05/Aug/2011:04:36:50 -0700] "GET /where-your-tax-dollars-go/ HTTP/1.1" 200 8216 "-" "Mozilla/5.0 (compatible; Googlebot/2.1; +http://www.google.com/bot.html)"
209.171.42.71 - - [05/Aug/2011:04:38:09 -0700] "GET /feed HTTP/1.1" 200 439 "-" "Mozilla/5.0 (compatible; BlogScope/1.0; +http://www.blogscope.net/; U of Toronto)"
209.171.42.71 - - [05/Aug/2011:04:38:10 -0700] "GET /feed/ HTTP/1.1" 200 9358 "-" "Mozilla/5.0 (compatible; BlogScope/1.0; +http://www.blogscope.net/; U of Toronto)"
128.242.249.9 - - [05/Aug/2011:04:39:41 -0700] "GET /feed/ HTTP/1.1" 200 35946 "-" "TwitterFeed 3"
195.43.189.232 - - [05/Aug/2011:04:40:01 -0700] "HEAD /feed/ HTTP/1.1" 200 290 "-" "Mozilla/4.0 (compatible; MSIE 4.0; MSIECrawler; Windows 95)"
119.63.196.12 - - [05/Aug/2011:04:40:07 -0700] "GET /sears-recommendations/ HTTP/1.1" 200 8183 "-" "Mozilla/5.0 (compatible; Baiduspider/2.0; +http://www.baidu.com/search/spider.html)"
66.249.67.216 - - [05/Aug/2011:04:41:41 -0700] "GET /twitter-weekly-updates-for-2011-07-03/ HTTP/1.1" 200 8278 "-" "Mozilla/5.0 (compatible; Googlebot/2.1; +http://www.google.com/bot.html)"
174.37.205.68 - - [05/Aug/2011:04:44:57 -0700] "GET / HTTP/1.1" 200 18235 "-" "Mozilla/5.0 (X11; U; Linux x86_64; en-US; rv:1.9.0.19; aggregator:Spinn3r (Spinn3r 3.1); http://spinn3r.com/robot) Gecko/2010040121 Firefox/3.0.19"
220.181.108.85 - - [05/Aug/2011:04:46:47 -0700] "GET /robots.txt HTTP/1.1" 200 367 "-" "Baiduspider+(+http://www.baidu.com/search/spider.htm)"
174.129.114.17 - - [05/Aug/2011:04:50:35 -0700] "GET /feed/ HTTP/1.1" 200 35946 "-" "-"
174.129.114.17 - - [05/Aug/2011:04:50:35 -0700] "GET /feed/ HTTP/1.1" 200 9302 "-" "Mozilla/5.0 (X11; U; Linux i686; en-US; aggregator:Outside.in; http://outside.in)"
66.249.67.216 - - [05/Aug/2011:04:51:24 -0700] "GET /brilliant-lowes-email/ HTTP/1.1" 200 7943 "-" "Mozilla/5.0 (compatible; Googlebot/2.1; +http://www.google.com/bot.html)"
94.228.34.229 - - [05/Aug/2011:04:53:52 -0700] "GET /who-is-going-to-make-the-baseball-hall-of-fame-based-on-current-trajectories/feed/ HTTP/1.1" 200 180 "-" "magpie-crawler/1.1 (U; Linux amd64; en-GB; +http://www.brandwatch.net)"
66.249.67.216 - - [05/Aug/2011:04:58:40 -0700] "GET /do-nfl-teams-perform-differently-after-a-bye-week/ HTTP/1.1" 200 9567 "-" "Mozilla/5.0 (compatible; Googlebot/2.1; +http://www.google.com/bot.html)"
72.21.217.33 - - [05/Aug/2011:05:01:05 -0700] "GET /feed HTTP/1.0" 200 439 "-" "RPT-HTTPClient/0.3-3"
72.21.217.33 - - [05/Aug/2011:05:01:06 -0700] "GET /feed/ HTTP/1.0" 200 35924 "-" "RPT-HTTPClient/0.3-3"
72.21.217.96 - - [05/Aug/2011:05:01:32 -0700] "GET /feed HTTP/1.1" 200 383 "-" "RPT-HTTPClient/0.3-3"
72.21.217.96 - - [05/Aug/2011:05:01:34 -0700] "GET /feed/ HTTP/1.1" 200 35946 "-" "RPT-HTTPClient/0.3-3"
69.163.231.33 - - [05/Aug/2011:05:01:33 -0700] "POST /wp-cron.php?doing_wp_cron HTTP/1.0" 200 158 "-" "WordPress/3.1.4; http://www.pacificnorthwestcoastbias.com"
72.21.217.97 - - [05/Aug/2011:05:01:38 -0700] "GET /wp-content/uploads/2011/07/Community-Minded-1024x575.jpg HTTP/1.1" 200 127529 "-" "RPT-HTTPClient/0.3-3"
72.21.217.97 - - [05/Aug/2011:05:01:38 -0700] "GET /wp-content/uploads/2011/07/Innings-Pitched-All-Star-Game.jpg HTTP/1.1" 200 34923 "-" "RPT-HTTPClient/0.3-3"
72.21.217.97 - - [05/Aug/2011:05:01:38 -0700] "GET /wp-content/uploads/2011/07/Amway-Center-Orlando-Florida.jpg HTTP/1.1" 200 50147 "-" "RPT-HTTPClient/0.3-3"
72.21.217.97 - - [05/Aug/2011:05:01:39 -0700] "GET /wp-content/uploads/2011/07/Size-of-Amway-Center-with-Some-Parking.jpg HTTP/1.1" 200 625 "-" "RPT-HTTPClient/0.3-3"
72.21.217.97 - - [05/Aug/2011:05:01:39 -0700] "GET /wp-content/uploads/2011/07/downtown-bellevue-park.jpg HTTP/1.1" 200 136949 "-" "RPT-HTTPClient/0.3-3"
72.21.217.97 - - [05/Aug/2011:05:01:39 -0700] "GET /wp-content/uploads/2011/07/Dodge-Dealership.jpg HTTP/1.1" 200 163525 "-" "RPT-HTTPClient/0.3-3"
72.21.217.97 - - [05/Aug/2011:05:01:39 -0700] "GET /wp-content/uploads/2011/07/Safeway.jpg HTTP/1.1" 200 113322 "-" "RPT-HTTPClient/0.3-3"
72.21.217.97 - - [05/Aug/2011:05:01:39 -0700] "GET /wp-content/uploads/2011/07/NCAA-Win-Percentage.jpg HTTP/1.1" 200 27439 "-" "RPT-HTTPClient/0.3-3"
72.21.217.97 - - [05/Aug/2011:05:01:39 -0700] "GET /wp-content/uploads/2011/07/NCAA-Close-Game-Win-Percentage.jpg HTTP/1.1" 200 30700 "-" "RPT-HTTPClient/0.3-3"
72.21.217.97 - - [05/Aug/2011:05:01:40 -0700] "GET /wp-content/uploads/2011/07/Win-percentage-correlation.jpg HTTP/1.1" 200 28564 "-" "RPT-HTTPClient/0.3-3"
72.21.217.97 - - [05/Aug/2011:05:01:40 -0700] "GET /wp-content/uploads/2011/07/Close-Game-extra-wins.jpg HTTP/1.1" 200 23896 "-" "RPT-HTTPClient/0.3-3"
72.21.217.97 - - [05/Aug/2011:05:01:40 -0700] "GET /wp-content/uploads/2011/07/Close-Game-wins.jpg HTTP/1.1" 200 22396 "-" "RPT-HTTPClient/0.3-3"
72.21.217.97 - - [05/Aug/2011:05:01:40 -0700] "GET /wp-content/uploads/2011/07/Combined-win-percentage.jpg HTTP/1.1" 200 20671 "-" "RPT-HTTPClient/0.3-3"
72.21.217.97 - - [05/Aug/2011:05:01:40 -0700] "GET /wp-content/uploads/2011/07/Marymoor-Park-Sign.jpg HTTP/1.1" 200 353951 "-" "RPT-HTTPClient/0.3-3"
72.21.217.97 - - [05/Aug/2011:05:01:41 -0700] "GET /wp-content/uploads/2011/06/win-percentage.jpg HTTP/1.1" 200 25585 "-" "RPT-HTTPClient/0.3-3"
72.21.217.97 - - [05/Aug/2011:05:01:41 -0700] "GET /wp-content/uploads/2011/06/Adjusted-wins.jpg HTTP/1.1" 200 30873 "-" "RPT-HTTPClient/0.3-3"
72.21.217.97 - - [05/Aug/2011:05:01:41 -0700] "GET /wp-content/uploads/2011/06/mlb-leader-table.jpg HTTP/1.1" 200 26990 "-" "RPT-HTTPClient/0.3-3"
209.85.238.86 - - [05/Aug/2011:05:07:54 -0700] "GET /feed/ HTTP/1.1" 200 9358 "-" "Feedfetcher-Google; (+http://www.google.com/feedfetcher.html; 12 subscribers; feed-id=11769849069241211122)"
174.37.205.92 - - [05/Aug/2011:05:15:05 -0700] "GET / HTTP/1.1" 200 18235 "-" "Mozilla/5.0 (X11; U; Linux x86_64; en-US; rv:1.9.0.19; aggregator:Spinn3r (Spinn3r 3.1); http://spinn3r.com/robot) Gecko/2010040121 Firefox/3.0.19"
66.249.67.216 - - [05/Aug/2011:05:15:39 -0700] "GET /winning-restaurant-concept-sardines-grilled-cheese-and-pbj/ HTTP/1.1" 200 8755 "-" "Mozilla/5.0 (compatible; Googlebot/2.1; +http://www.google.com/bot.html)"
209.171.42.71 - - [05/Aug/2011:05:21:27 -0700] "GET /feed HTTP/1.1" 200 439 "-" "Mozilla/5.0 (compatible; BlogScope/1.0; +http://www.blogscope.net/; U of Toronto)"
209.171.42.71 - - [05/Aug/2011:05:21:29 -0700] "GET /feed/ HTTP/1.1" 200 9358 "-" "Mozilla/5.0 (compatible; BlogScope/1.0; +http://www.blogscope.net/; U of Toronto)"
69.163.231.33 - - [05/Aug/2011:05:26:31 -0700] "POST /wp-cron.php?doing_wp_cron HTTP/1.0" 200 158 "-" "WordPress/3.1.4; http://www.pacificnorthwestcoastbias.com"
218.213.130.151 - - [05/Aug/2011:05:26:30 -0700] "GET /presidential-quiz/ HTTP/1.1" 200 29206 "-" "DoCoMo/2.0 P900i(c100;TB;W24H11) (compatible; ichiro/mobile goo; +http://help.goo.ne.jp/help/article/1142/)"
75.101.247.128 - - [05/Aug/2011:05:30:25 -0700] "GET /feed/ HTTP/1.1" 200 9302 "-" "PostRank/2.0 (postrank.com; 1 subscribers)"
72.21.217.32 - - [05/Aug/2011:05:31:07 -0700] "GET /feed HTTP/1.0" 200 439 "-" "RPT-HTTPClient/0.3-3"
72.21.217.32 - - [05/Aug/2011:05:31:08 -0700] "GET /feed/ HTTP/1.0" 200 35924 "-" "RPT-HTTPClient/0.3-3"
166.137.140.85 - - [05/Aug/2011:05:31:52 -0700] "GET /favicon.ico HTTP/1.1" 200 277 "-" "Reeder/2.5.0 CFNetwork/485.13.9 Darwin/11.0.0"
94.228.34.207 - - [05/Aug/2011:05:32:25 -0700] "GET /blog-home/feed/ HTTP/1.1" 200 180 "-" "magpie-crawler/1.1 (U; Linux amd64; en-GB; +http://www.brandwatch.net)"
208.66.67.15 - - [05/Aug/2011:05:40:09 -0700] "GET /robots.txt HTTP/1.1" 200 356 "-" "Python-urllib/2.5"
208.66.67.15 - - [05/Aug/2011:05:40:10 -0700] "HEAD /feed HTTP/1.1" 200 409 "-" "Technoratibot/8.1"
208.66.67.15 - - [05/Aug/2011:05:40:11 -0700] "HEAD /feed/ HTTP/1.1" 200 353 "-" "Technoratibot/8.1"
208.66.67.15 - - [05/Aug/2011:05:40:11 -0700] "GET /feed HTTP/1.1" 200 429 "-" "Technoratibot/8.1"
208.66.67.15 - - [05/Aug/2011:05:40:11 -0700] "GET /feed/ HTTP/1.1" 200 9321 "-" "Technoratibot/8.1"
69.163.231.33 - - [05/Aug/2011:05:41:22 -0700] "POST /wp-cron.php?doing_wp_cron HTTP/1.0" 200 158 "-" "WordPress/3.1.4; http://www.pacificnorthwestcoastbias.com"
210.6.3.191 - - [05/Aug/2011:05:41:21 -0700] "GET /blog-home HTTP/1.1" 200 250 "-" "Mozilla/5.0 (X11; U; Linux i686; en-US; rv:1.9.1.6) Gecko/20091218 Firefox/3.5.6"
210.6.3.191 - - [05/Aug/2011:05:41:24 -0700] "GET / HTTP/1.1" 200 114479 "-" "Mozilla/5.0 (X11; U; Linux i686; en-US; rv:1.9.1.6) Gecko/20091218 Firefox/3.5.6"
87.250.255.242 - - [05/Aug/2011:05:41:35 -0700] "GET /goldman-sachs-publishes-world-cup-economics-report HTTP/1.1" 200 439 "-" "Mozilla/5.0 (compatible; YandexBot/3.0; +http://yandex.com/bots)"
87.250.255.242 - - [05/Aug/2011:05:41:39 -0700] "GET /goldman-sachs-publishes-world-cup-economics-report/ HTTP/1.1" 200 8271 "-" "Mozilla/5.0 (compatible; YandexBot/3.0; +http://yandex.com/bots)"
128.242.249.13 - - [05/Aug/2011:05:41:58 -0700] "GET /feed/ HTTP/1.1" 200 138 "-" "TwitterFeed 3"
208.115.111.68 - - [05/Aug/2011:05:43:15 -0700] "GET /robots.txt HTTP/1.1" 200 330 "-" "Mozilla/5.0 (compatible; Ezooms/1.0; ezooms.bot@gmail.com)"
174.36.228.156 - - [05/Aug/2011:05:45:10 -0700] "GET / HTTP/1.1" 200 18236 "-" "Mozilla/5.0 (X11; U; Linux x86_64; en-US; rv:1.9.0.19; aggregator:Spinn3r (Spinn3r 3.1); http://spinn3r.com/robot) Gecko/2010040121 Firefox/3.0.19"
94.228.34.207 - - [05/Aug/2011:05:46:41 -0700] "GET /in-fantasy-football-its-all-about-the-end-of-the-draft/feed/ HTTP/1.1" 200 180 "-" "magpie-crawler/1.1 (U; Linux amd64; en-GB; +http://www.brandwatch.net)"
94.228.34.207 - - [05/Aug/2011:05:46:42 -0700] "GET /whos-most-under-ratedover-rated-in-college-football/feed/ HTTP/1.1" 200 179 "-" "magpie-crawler/1.1 (U; Linux amd64; en-GB; +http://www.brandwatch.net)"
166.137.140.85 - - [05/Aug/2011:05:48:02 -0700] "GET /favicon.ico HTTP/1.1" 200 277 "-" "Reeder/2.5.0 CFNetwork/485.13.9 Darwin/11.0.0"
94.23.44.43 - - [05/Aug/2011:05:51:32 -0700] "GET /comments/feed/ HTTP/1.0" 200 12242 "-" "-"
208.115.111.244 - - [05/Aug/2011:05:51:35 -0700] "GET /robots.txt HTTP/1.1" 200 348 "-" "Mozilla/5.0 (compatible; DotBot/1.1; http://www.dotnetdotcom.org/, crawler@dotnetdotcom.org)"
67.202.17.115 - - [05/Aug/2011:05:56:51 -0700] "GET /feed/ HTTP/1.1" 200 35950 "-" "-"
67.202.17.115 - - [05/Aug/2011:05:56:54 -0700] "GET /feed/ HTTP/1.1" 200 9301 "-" "Mozilla/5.0 (X11; U; Linux i686; en-US; aggregator:Outside.in; http://outside.in)"
69.163.231.33 - - [05/Aug/2011:05:56:52 -0700] "POST /wp-cron.php?doing_wp_cron HTTP/1.0" 200 158 "-" "WordPress/3.1.4; http://www.pacificnorthwestcoastbias.com"
209.85.224.86 - - [05/Aug/2011:05:57:24 -0700] "GET /favicon.ico HTTP/1.1" 200 221 "-" "-"
209.85.238.86 - - [05/Aug/2011:05:58:14 -0700] "GET /feed/ HTTP/1.1" 200 9357 "-" "Feedfetcher-Google; (+http://www.google.com/feedfetcher.html; 12 subscribers; feed-id=11769849069241211122)"
72.21.217.32 - - [05/Aug/2011:06:01:09 -0700] "GET /feed HTTP/1.0" 200 439 "-" "RPT-HTTPClient/0.3-3"
72.21.217.32 - - [05/Aug/2011:06:01:11 -0700] "GET /feed/ HTTP/1.0" 200 35924 "-" "RPT-HTTPClient/0.3-3"
72.21.217.96 - - [05/Aug/2011:06:01:26 -0700] "GET /feed HTTP/1.1" 200 383 "-" "RPT-HTTPClient/0.3-3"
72.21.217.96 - - [05/Aug/2011:06:01:28 -0700] "GET /feed/ HTTP/1.1" 200 35946 "-" "RPT-HTTPClient/0.3-3"
72.21.217.97 - - [05/Aug/2011:06:01:33 -0700] "GET /wp-content/uploads/2011/07/Community-Minded-1024x575.jpg HTTP/1.1" 200 127529 "-" "RPT-HTTPClient/0.3-3"
72.21.217.97 - - [05/Aug/2011:06:01:33 -0700] "GET /wp-content/uploads/2011/07/Innings-Pitched-All-Star-Game.jpg HTTP/1.1" 200 34923 "-" "RPT-HTTPClient/0.3-3"
72.21.217.97 - - [05/Aug/2011:06:01:33 -0700] "GET /wp-content/uploads/2011/07/Amway-Center-Orlando-Florida.jpg HTTP/1.1" 200 50147 "-" "RPT-HTTPClient/0.3-3"
72.21.217.97 - - [05/Aug/2011:06:01:34 -0700] "GET /wp-content/uploads/2011/07/Size-of-Amway-Center-with-Some-Parking.jpg HTTP/1.1" 200 625 "-" "RPT-HTTPClient/0.3-3"
72.21.217.97 - - [05/Aug/2011:06:01:34 -0700] "GET /wp-content/uploads/2011/07/downtown-bellevue-park.jpg HTTP/1.1" 200 136949 "-" "RPT-HTTPClient/0.3-3"
72.21.217.97 - - [05/Aug/2011:06:01:34 -0700] "GET /wp-content/uploads/2011/07/Dodge-Dealership.jpg HTTP/1.1" 200 163525 "-" "RPT-HTTPClient/0.3-3"
72.21.217.97 - - [05/Aug/2011:06:01:34 -0700] "GET /wp-content/uploads/2011/07/Safeway.jpg HTTP/1.1" 200 113322 "-" "RPT-HTTPClient/0.3-3"
72.21.217.97 - - [05/Aug/2011:06:01:35 -0700] "GET /wp-content/uploads/2011/07/NCAA-Win-Percentage.jpg HTTP/1.1" 200 27439 "-" "RPT-HTTPClient/0.3-3"
72.21.217.97 - - [05/Aug/2011:06:01:35 -0700] "GET /wp-content/uploads/2011/07/NCAA-Close-Game-Win-Percentage.jpg HTTP/1.1" 200 30700 "-" "RPT-HTTPClient/0.3-3"
72.21.217.97 - - [05/Aug/2011:06:01:35 -0700] "GET /wp-content/uploads/2011/07/Win-percentage-correlation.jpg HTTP/1.1" 200 28564 "-" "RPT-HTTPClient/0.3-3"
72.21.217.97 - - [05/Aug/2011:06:01:35 -0700] "GET /wp-content/uploads/2011/07/Close-Game-extra-wins.jpg HTTP/1.1" 200 23896 "-" "RPT-HTTPClient/0.3-3"
72.21.217.97 - - [05/Aug/2011:06:01:35 -0700] "GET /wp-content/uploads/2011/07/Close-Game-wins.jpg HTTP/1.1" 200 22396 "-" "RPT-HTTPClient/0.3-3"
72.21.217.97 - - [05/Aug/2011:06:01:35 -0700] "GET /wp-content/uploads/2011/07/Combined-win-percentage.jpg HTTP/1.1" 200 20671 "-" "RPT-HTTPClient/0.3-3"
72.21.217.97 - - [05/Aug/2011:06:01:35 -0700] "GET /wp-content/uploads/2011/07/Marymoor-Park-Sign.jpg HTTP/1.1" 200 353951 "-" "RPT-HTTPClient/0.3-3"
72.21.217.97 - - [05/Aug/2011:06:01:36 -0700] "GET /wp-content/uploads/2011/06/win-percentage.jpg HTTP/1.1" 200 25585 "-" "RPT-HTTPClient/0.3-3"
72.21.217.97 - - [05/Aug/2011:06:01:36 -0700] "GET /wp-content/uploads/2011/06/Adjusted-wins.jpg HTTP/1.1" 200 30873 "-" "RPT-HTTPClient/0.3-3"
72.21.217.97 - - [05/Aug/2011:06:01:36 -0700] "GET /wp-content/uploads/2011/06/mlb-leader-table.jpg HTTP/1.1" 200 26990 "-" "RPT-HTTPClient/0.3-3"
209.171.42.71 - - [05/Aug/2011:06:01:38 -0700] "GET /feed HTTP/1.1" 200 439 "-" "Mozilla/5.0 (compatible; BlogScope/1.0; +http://www.blogscope.net/; U of Toronto)"
209.171.42.71 - - [05/Aug/2011:06:01:39 -0700] "GET /feed/ HTTP/1.1" 200 9357 "-" "Mozilla/5.0 (compatible; BlogScope/1.0; +http://www.blogscope.net/; U of Toronto)"
66.249.67.216 - - [05/Aug/2011:06:05:39 -0700] "GET /wp-content/uploads/2010/06/Seattle-weather.jpg HTTP/1.1" 200 41370 "-" "Googlebot-Image/1.0"
207.34.25.76 - - [05/Aug/2011:06:06:32 -0700] "GET /robots.txt HTTP/1.1" 200 348 "-" "radian6_default_(www.radian6.com/crawler)"
207.34.25.76 - - [05/Aug/2011:06:06:36 -0700] "GET /feed/ HTTP/1.1" 200 9301 "-" "R6_FeedFetcher(www.radian6.com/crawler)"
69.163.231.33 - - [05/Aug/2011:06:06:34 -0700] "POST /wp-cron.php?doing_wp_cron HTTP/1.0" 200 158 "-" "WordPress/3.1.4; http://www.pacificnorthwestcoastbias.com"
85.88.36.4 - - [05/Aug/2011:06:09:46 -0700] "GET /robots.txt HTTP/1.0" 200 367 "-" "Attentio/Nutch-0.9-dev (Attentio's beta blog crawler; www.attentio.com; info@attentio.com)"
85.88.36.4 - - [05/Aug/2011:06:09:48 -0700] "GET /feed HTTP/1.0" 200 429 "-" "Attentio/Nutch-0.9-dev (Attentio's beta blog crawler; www.attentio.com; info@attentio.com)"
190.202.87.131 - - [05/Aug/2011:06:10:56 -0700] "GET /nfl-draft-prediction-rankings/comment-page-1/ HTTP/1.0" 200 46731 "http://www.pacificnorthwestcoastbias.com/nfl-draft-prediction-rankings/comment-page-1/#comment-1841/" "Opera/9.0 (Windows NT 5.1; U; en)"
190.202.87.131 - - [05/Aug/2011:06:11:09 -0700] "POST /wp-comments-post.php HTTP/1.0" 302 839 "http://www.pacificnorthwestcoastbias.com/nfl-draft-prediction-rankings/comment-page-1/#comment-1841/" "Opera/9.0 (Windows NT 5.1; U; en)"
190.202.87.131 - - [05/Aug/2011:06:11:34 -0700] "GET /nfl-draft-prediction-rankings/comment-page-1/ HTTP/1.0" 200 46758 "http://www.pacificnorthwestcoastbias.com/nfl-draft-prediction-rankings/comment-page-1/#comment-2438" "Opera/9.0 (Windows NT 5.1; U; en)"
173.192.238.48 - - [05/Aug/2011:06:15:14 -0700] "GET / HTTP/1.1" 200 18236 "-" "Mozilla/5.0 (X11; U; Linux x86_64; en-US; rv:1.9.0.19; aggregator:Spinn3r (Spinn3r 3.1); http://spinn3r.com/robot) Gecko/2010040121 Firefox/3.0.19"
208.115.111.244 - - [05/Aug/2011:06:16:42 -0700] "GET /category/category/world-cup-2010/page/2/ HTTP/1.1" 200 7963 "-" "Mozilla/5.0 (compatible; DotBot/1.1; http://www.dotnetdotcom.org/, crawler@dotnetdotcom.org)"
208.115.111.244 - - [05/Aug/2011:06:16:46 -0700] "GET /category/world-cup-2010/category/category/category/category/world-cup-2010/ HTTP/1.1" 200 15496 "-" "Mozilla/5.0 (compatible; DotBot/1.1; http://www.dotnetdotcom.org/, crawler@dotnetdotcom.org)"
109.230.216.235 - - [05/Aug/2011:06:16:48 -0700] "GET /great-marketing-bloomberg-turns-around-businessweek/ HTTP/1.0" 200 31081 "www.kotlysklep.wloclawek.pl" "Opera/9.64(Windows NT 5.1; U; en) Presto/2.1.1"
208.115.111.244 - - [05/Aug/2011:06:16:52 -0700] "GET /category/world-cup-2010/category/category/category/world-cup-2010/page/2/ HTTP/1.1" 200 7967 "-" "Mozilla/5.0 (compatible; DotBot/1.1; http://www.dotnetdotcom.org/, crawler@dotnetdotcom.org)"
208.115.111.244 - - [05/Aug/2011:06:16:57 -0700] "GET /category/world-cup-2010/page/category/category/category/category/world-cup-2010/ HTTP/1.1" 200 15495 "-" "Mozilla/5.0 (compatible; DotBot/1.1; http://www.dotnetdotcom.org/, crawler@dotnetdotcom.org)"
69.163.231.33 - - [05/Aug/2011:06:17:03 -0700] "POST /wp-cron.php?doing_wp_cron HTTP/1.0" 200 158 "-" "WordPress/3.1.4; http://www.pacificnorthwestcoastbias.com"
208.115.111.244 - - [05/Aug/2011:06:17:02 -0700] "GET /category/world-cup-2010/page/category/category/category/world-cup-2010/page/2/ HTTP/1.1" 200 7970 "-" "Mozilla/5.0 (compatible; DotBot/1.1; http://www.dotnetdotcom.org/, crawler@dotnetdotcom.org)"
208.115.111.244 - - [05/Aug/2011:06:17:07 -0700] "GET /is-mel-kiper-jr-working-for-a-sports-agent/www.pacificnorthwestcoastbias.com/nfl-draft-prediction-rankings/ HTTP/1.1" 200 6584 "-" "Mozilla/5.0 (compatible; DotBot/1.1; http://www.dotnetdotcom.org/, crawler@dotnetdotcom.org)"
208.115.111.244 - - [05/Aug/2011:06:17:12 -0700] "GET /page/5/ HTTP/1.1" 200 18068 "-" "Mozilla/5.0 (compatible; DotBot/1.1; http://www.dotnetdotcom.org/, crawler@dotnetdotcom.org)"
208.115.111.244 - - [05/Aug/2011:06:17:17 -0700] "GET /page/8/ HTTP/1.1" 200 19058 "-" "Mozilla/5.0 (compatible; DotBot/1.1; http://www.dotnetdotcom.org/, crawler@dotnetdotcom.org)"
208.115.111.244 - - [05/Aug/2011:06:17:23 -0700] "GET /page/category/world-cup-2010/ HTTP/1.1" 200 6584 "-" "Mozilla/5.0 (compatible; DotBot/1.1; http://www.dotnetdotcom.org/, crawler@dotnetdotcom.org)"
109.230.216.235 - - [05/Aug/2011:06:17:24 -0700] "POST /wp-comments-post.php HTTP/1.0" 302 860 "http://www.pacificnorthwestcoastbias.com" "Opera/9.64(Windows NT 5.1; U; en) Presto/2.1.1"
208.115.111.244 - - [05/Aug/2011:06:17:28 -0700] "GET /twitter-weekly-updates-for-2011-05-22/ HTTP/1.1" 200 8456 "-" "Mozilla/5.0 (compatible; DotBot/1.1; http://www.dotnetdotcom.org/, crawler@dotnetdotcom.org)"
124.115.4.196 - - [05/Aug/2011:06:25:05 -0700] "GET / HTTP/1.1" 200 18275 "-" "Sosospider+(+http://help.soso.com/webspider.htm)"
207.179.179.226 - - [05/Aug/2011:06:25:37 -0700] "GET /where-to-build-an-nba-arena-in-bellevue/ HTTP/1.1" 200 9998 "-" "R6_CommentReader(www.radian6.com/crawler)"
207.179.179.226 - - [05/Aug/2011:06:25:38 -0700] "GET /initial-thoughts-on-greatland/ HTTP/1.1" 200 10410 "-" "R6_CommentReader(www.radian6.com/crawler)"
207.179.179.226 - - [05/Aug/2011:06:25:40 -0700] "GET /are-close-college-football-wins-correlated-with-winning-programs/ HTTP/1.1" 200 9590 "-" "R6_CommentReader(www.radian6.com/crawler)"
207.179.179.226 - - [05/Aug/2011:06:25:42 -0700] "GET /twitter-weekly-updates-for-2011-06-26/ HTTP/1.1" 200 8721 "-" "R6_CommentReader(www.radian6.com/crawler)"
207.179.179.226 - - [05/Aug/2011:06:25:44 -0700] "GET /twitter-weekly-updates-for-2011-07-10/ HTTP/1.1" 200 8429 "-" "R6_CommentReader(www.radian6.com/crawler)"
207.179.179.226 - - [05/Aug/2011:06:25:46 -0700] "GET /twitter-weekly-updates-for-2011-07-17/ HTTP/1.1" 200 8309 "-" "R6_CommentReader(www.radian6.com/crawler)"
207.179.179.226 - - [05/Aug/2011:06:25:48 -0700] "GET /twitter-weekly-updates-for-2011-07-03/ HTTP/1.1" 200 8224 "-" "R6_CommentReader(www.radian6.com/crawler)"
88.131.106.8 - - [05/Aug/2011:06:27:09 -0700] "GET /robots.txt HTTP/1.0" 200 367 "-" "Mozilla/5.0 (Windows; U; Windows NT 5.1; en-US) Speedy Spider (http://www.entireweb.com/about/search_tech/speedy_spider/)"
88.131.106.1 - - [05/Aug/2011:06:27:13 -0700] "GET / HTTP/1.0" 200 18180 "-" "Mozilla/5.0 (Windows; U; Windows NT 5.1; en-US) Speedy Spider (http://www.entireweb.com/about/search_tech/speedy_spider/)"
87.250.255.242 - - [05/Aug/2011:06:29:56 -0700] "GET /is-mel-kiper-jr-working-for-a-sports-agent/www.pacificnorthwestcoastbias.com/nfl-draft-prediction-rankings/ HTTP/1.1" 200 6640 "-" "Mozilla/5.0 (compatible; YandexBot/3.0; +http://yandex.com/bots)"
72.21.217.32 - - [05/Aug/2011:06:31:07 -0700] "GET /feed HTTP/1.0" 200 439 "-" "RPT-HTTPClient/0.3-3"
72.21.217.32 - - [05/Aug/2011:06:31:08 -0700] "GET /feed/ HTTP/1.0" 200 35924 "-" "RPT-HTTPClient/0.3-3"
195.43.189.232 - - [05/Aug/2011:06:40:41 -0700] "HEAD /feed/ HTTP/1.1" 200 290 "-" "Mozilla/4.0 (compatible; MSIE 4.0; MSIECrawler; Windows 95)"
128.242.249.13 - - [05/Aug/2011:06:44:31 -0700] "GET /feed/ HTTP/1.1" 200 35946 "-" "TwitterFeed 3"
173.192.238.34 - - [05/Aug/2011:06:45:21 -0700] "GET / HTTP/1.1" 200 18238 "-" "Mozilla/5.0 (X11; U; Linux x86_64; en-US; rv:1.9.0.19; aggregator:Spinn3r (Spinn3r 3.1); http://spinn3r.com/robot) Gecko/2010040121 Firefox/3.0.19"
67.202.17.115 - - [05/Aug/2011:06:50:50 -0700] "GET /feed/ HTTP/1.1" 200 35946 "-" "-"
67.202.17.115 - - [05/Aug/2011:06:50:50 -0700] "GET /feed/ HTTP/1.1" 200 9301 "-" "Mozilla/5.0 (X11; U; Linux i686; en-US; aggregator:Outside.in; http://outside.in)"
209.85.238.86 - - [05/Aug/2011:06:51:04 -0700] "GET /feed/ HTTP/1.1" 200 9357 "-" "Feedfetcher-Google; (+http://www.google.com/feedfetcher.html; 12 subscribers; feed-id=11769849069241211122)"
24.19.168.94 - - [05/Aug/2011:06:51:34 -0700] "GET /wp-content/uploads/2011/07/Community-Minded-1024x575.jpg HTTP/1.1" 304 176 "-" "Mozilla/5.0 (Macintosh; U; Intel Mac OS X 10_5_8; en-us) AppleWebKit/533.19.4 (KHTML, like Gecko) Version/5.0.3 Safari/533.19.4"
94.228.34.209 - - [05/Aug/2011:06:56:20 -0700] "GET /another-reason-magazine-advertising-is-dying/feed/ HTTP/1.1" 200 180 "-" "magpie-crawler/1.1 (U; Linux amd64; en-GB; +http://www.brandwatch.net)"
69.163.231.33 - - [05/Aug/2011:06:56:21 -0700] "POST /wp-cron.php?doing_wp_cron HTTP/1.0" 200 158 "-" "WordPress/3.1.4; http://www.pacificnorthwestcoastbias.com"
94.228.34.209 - - [05/Aug/2011:06:56:23 -0700] "GET /its-el-nino-not-global-warming-driving-warm-weather-in-the-pacific-northwest/feed/ HTTP/1.1" 200 179 "-" "magpie-crawler/1.1 (U; Linux amd64; en-GB; +http://www.brandwatch.net)"
72.21.217.32 - - [05/Aug/2011:07:01:07 -0700] "GET /feed HTTP/1.0" 200 439 "-" "RPT-HTTPClient/0.3-3"
72.21.217.32 - - [05/Aug/2011:07:01:08 -0700] "GET /feed/ HTTP/1.0" 200 35924 "-" "RPT-HTTPClient/0.3-3"
38.99.97.213 - - [05/Aug/2011:07:02:37 -0700] "GET /robots.txt HTTP/1.1" 200 374 "-" "Mozilla/5.0 (compatible; ScoutJet; +http://www.scoutjet.com/)"
69.163.231.33 - - [05/Aug/2011:07:02:38 -0700] "POST /wp-cron.php?doing_wp_cron HTTP/1.0" 200 158 "-" "WordPress/3.1.4; http://www.pacificnorthwestcoastbias.com"
38.99.97.213 - - [05/Aug/2011:07:02:39 -0700] "GET / HTTP/1.1" 200 18201 "-" "Mozilla/5.0 (compatible; ScoutJet; +http://www.scoutjet.com/)"
119.63.196.56 - - [05/Aug/2011:07:05:22 -0700] "GET /?p=24 HTTP/1.1" 301 366 "-" "Mozilla/5.0 (compatible; Baiduspider/2.0; +http://www.baidu.com/search/spider.html)"
119.63.196.74 - - [05/Aug/2011:07:05:23 -0700] "GET /ban-phone-bans/ HTTP/1.1" 200 8413 "-" "Mozilla/5.0 (compatible; Baiduspider/2.0; +http://www.baidu.com/search/spider.html)"
61.135.249.165 - - [05/Aug/2011:07:09:41 -0700] "GET / HTTP/1.1" 200 18217 "-" "Mozilla/5.0 (compatible; YodaoBot/1.0; http://www.yodao.com/help/webmaster/spider/; )"
174.37.205.92 - - [05/Aug/2011:07:15:26 -0700] "GET / HTTP/1.1" 200 18236 "-" "Mozilla/5.0 (X11; U; Linux x86_64; en-US; rv:1.9.0.19; aggregator:Spinn3r (Spinn3r 3.1); http://spinn3r.com/robot) Gecko/2010040121 Firefox/3.0.19"
173.236.21.106 - - [05/Aug/2011:07:18:02 -0700] "GET /robots.txt HTTP/1.0" 200 310 "-" "Mozilla/5.0 (compatible; MJ12bot/v1.4.0; http://www.majestic12.co.uk/bot.php?+)"
173.236.21.106 - - [05/Aug/2011:07:18:04 -0700] "GET / HTTP/1.0" 301 351 "-" "Mozilla/5.0 (compatible; MJ12bot/v1.4.0; http://www.majestic12.co.uk/bot.php?+)"
173.236.21.106 - - [05/Aug/2011:07:18:06 -0700] "GET /robots.txt HTTP/1.0" 200 310 "-" "Mozilla/5.0 (compatible; MJ12bot/v1.4.0; http://www.majestic12.co.uk/bot.php?+)"
173.236.21.106 - - [05/Aug/2011:07:18:07 -0700] "GET / HTTP/1.0" 200 114526 "-" "Mozilla/5.0 (compatible; MJ12bot/v1.4.0; http://www.majestic12.co.uk/bot.php?+)"
173.236.21.106 - - [05/Aug/2011:07:18:09 -0700] "GET / HTTP/1.0" 200 18180 "-" "Mozilla/5.0 (compatible; MJ12bot/v1.4.0; http://www.majestic12.co.uk/bot.php?+)"
87.250.255.242 - - [05/Aug/2011:07:18:13 -0700] "GET /twitter-weekly-updates-for-2011-07-31/ HTTP/1.1" 200 6640 "-" "Mozilla/5.0 (compatible; YandexBot/3.0; +http://yandex.com/bots)"
74.94.215.114 - - [05/Aug/2011:07:20:28 -0700] "GET / HTTP/1.1" 200 18273 "-" "Reeder/1.4.1 CFNetwork/485.13.9 Darwin/11.0.0"
74.94.215.114 - - [05/Aug/2011:07:20:28 -0700] "GET /favicon.ico HTTP/1.1" 200 276 "-" "Reeder/1.4.1 CFNetwork/485.13.9 Darwin/11.0.0"
74.94.215.114 - - [05/Aug/2011:07:20:28 -0700] "GET / HTTP/1.1" 200 18272 "-" "Reeder/1.4.1 CFNetwork/485.13.9 Darwin/11.0.0"
74.94.215.114 - - [05/Aug/2011:07:20:28 -0700] "GET /apple-touch-icon.png HTTP/1.1" 200 6646 "-" "Reeder/1.4.1 CFNetwork/485.13.9 Darwin/11.0.0"
74.94.215.114 - - [05/Aug/2011:07:20:29 -0700] "GET /apple-touch-icon-precomposed.png HTTP/1.1" 200 6646 "-" "Reeder/1.4.1 CFNetwork/485.13.9 Darwin/11.0.0"
69.163.231.33 - - [05/Aug/2011:07:21:06 -0700] "POST /wp-cron.php?doing_wp_cron HTTP/1.0" 200 158 "-" "WordPress/3.1.4; http://www.pacificnorthwestcoastbias.com"
67.195.115.58 - - [05/Aug/2011:07:21:05 -0700] "GET /category/bellevue/ HTTP/1.0" 200 15435 "-" "Mozilla/5.0 (compatible; Yahoo! Slurp; http://help.yahoo.com/help/us/ysearch/slurp)"
67.195.115.58 - - [05/Aug/2011:07:21:08 -0700] "GET /wp-content/themes/EmptyCanvas/style.css HTTP/1.0" 304 138 "http://www.pacificnorthwestcoastbias.com/category/bellevue/" "Mozilla/5.0 (compatible; Yahoo! Slurp; http://help.yahoo.com/help/us/ysearch/slurp)"
67.195.115.58 - - [05/Aug/2011:07:21:09 -0700] "GET /wp-content/themes/EmptyCanvas/reset.css HTTP/1.0" 304 137 "http://www.pacificnorthwestcoastbias.com/wp-content/themes/EmptyCanvas/style.css" "Mozilla/5.0 (compatible; Yahoo! Slurp; http://help.yahoo.com/help/us/ysearch/slurp)"
67.195.115.58 - - [05/Aug/2011:07:21:09 -0700] "GET /wp-content/plugins/sociable/sociable.css?ver=3.1.4 HTTP/1.0" 304 137 "http://www.pacificnorthwestcoastbias.com/category/bellevue/" "Mozilla/5.0 (compatible; Yahoo! Slurp; http://help.yahoo.com/help/us/ysearch/slurp)"
67.195.115.58 - - [05/Aug/2011:07:21:09 -0700] "GET /wp-content/plugins/subscribe-here-widget/subscribe-here-widget.css HTTP/1.0" 304 137 "http://www.pacificnorthwestcoastbias.com/category/bellevue/" "Mozilla/5.0 (compatible; Yahoo! Slurp; http://help.yahoo.com/help/us/ysearch/slurp)"
66.249.85.65 - - [05/Aug/2011:07:21:49 -0700] "GET /favicon.ico HTTP/1.1" 200 221 "-" "-"
67.195.115.58 - - [05/Aug/2011:07:24:37 -0700] "GET /how-i-book-travel-online/ HTTP/1.0" 200 9327 "-" "Mozilla/5.0 (compatible; Yahoo! Slurp; http://help.yahoo.com/help/us/ysearch/slurp)"
94.228.34.209 - - [05/Aug/2011:07:25:21 -0700] "GET /nfl-draft-prediction-rankings/feed/ HTTP/1.1" 200 180 "-" "magpie-crawler/1.1 (U; Linux amd64; en-GB; +http://www.brandwatch.net)"
72.21.217.32 - - [05/Aug/2011:07:31:08 -0700] "GET /feed HTTP/1.0" 200 439 "-" "RPT-HTTPClient/0.3-3"
72.21.217.32 - - [05/Aug/2011:07:31:09 -0700] "GET /feed/ HTTP/1.0" 200 35928 "-" "RPT-HTTPClient/0.3-3"
72.21.217.32 - - [05/Aug/2011:07:31:33 -0700] "GET /feed HTTP/1.1" 200 383 "-" "RPT-HTTPClient/0.3-3"
72.21.217.32 - - [05/Aug/2011:07:31:35 -0700] "GET /feed/ HTTP/1.1" 200 35946 "-" "RPT-HTTPClient/0.3-3"
69.163.231.33 - - [05/Aug/2011:07:31:34 -0700] "POST /wp-cron.php?doing_wp_cron HTTP/1.0" 200 158 "-" "WordPress/3.1.4; http://www.pacificnorthwestcoastbias.com"
72.21.217.32 - - [05/Aug/2011:07:31:40 -0700] "GET /wp-content/uploads/2011/07/Community-Minded-1024x575.jpg HTTP/1.1" 200 127529 "-" "RPT-HTTPClient/0.3-3"
72.21.217.32 - - [05/Aug/2011:07:31:40 -0700] "GET /wp-content/uploads/2011/07/Innings-Pitched-All-Star-Game.jpg HTTP/1.1" 200 34923 "-" "RPT-HTTPClient/0.3-3"
72.21.217.32 - - [05/Aug/2011:07:31:40 -0700] "GET /wp-content/uploads/2011/07/Amway-Center-Orlando-Florida.jpg HTTP/1.1" 200 50147 "-" "RPT-HTTPClient/0.3-3"
72.21.217.32 - - [05/Aug/2011:07:31:41 -0700] "GET /wp-content/uploads/2011/07/Size-of-Amway-Center-with-Some-Parking.jpg HTTP/1.1" 200 625 "-" "RPT-HTTPClient/0.3-3"
72.21.217.32 - - [05/Aug/2011:07:31:41 -0700] "GET /wp-content/uploads/2011/07/downtown-bellevue-park.jpg HTTP/1.1" 200 136949 "-" "RPT-HTTPClient/0.3-3"
72.21.217.32 - - [05/Aug/2011:07:31:41 -0700] "GET /wp-content/uploads/2011/07/Dodge-Dealership.jpg HTTP/1.1" 200 163525 "-" "RPT-HTTPClient/0.3-3"
72.21.217.32 - - [05/Aug/2011:07:31:41 -0700] "GET /wp-content/uploads/2011/07/Safeway.jpg HTTP/1.1" 200 113322 "-" "RPT-HTTPClient/0.3-3"
72.21.217.32 - - [05/Aug/2011:07:31:42 -0700] "GET /wp-content/uploads/2011/07/NCAA-Win-Percentage.jpg HTTP/1.1" 200 27439 "-" "RPT-HTTPClient/0.3-3"
72.21.217.32 - - [05/Aug/2011:07:31:42 -0700] "GET /wp-content/uploads/2011/07/NCAA-Close-Game-Win-Percentage.jpg HTTP/1.1" 200 30700 "-" "RPT-HTTPClient/0.3-3"
72.21.217.32 - - [05/Aug/2011:07:31:42 -0700] "GET /wp-content/uploads/2011/07/Win-percentage-correlation.jpg HTTP/1.1" 200 28564 "-" "RPT-HTTPClient/0.3-3"
72.21.217.32 - - [05/Aug/2011:07:31:42 -0700] "GET /wp-content/uploads/2011/07/Close-Game-extra-wins.jpg HTTP/1.1" 200 23896 "-" "RPT-HTTPClient/0.3-3"
72.21.217.32 - - [05/Aug/2011:07:31:42 -0700] "GET /wp-content/uploads/2011/07/Close-Game-wins.jpg HTTP/1.1" 200 22396 "-" "RPT-HTTPClient/0.3-3"
72.21.217.32 - - [05/Aug/2011:07:31:42 -0700] "GET /wp-content/uploads/2011/07/Combined-win-percentage.jpg HTTP/1.1" 200 20671 "-" "RPT-HTTPClient/0.3-3"
72.21.217.32 - - [05/Aug/2011:07:31:42 -0700] "GET /wp-content/uploads/2011/07/Marymoor-Park-Sign.jpg HTTP/1.1" 200 353951 "-" "RPT-HTTPClient/0.3-3"
72.21.217.32 - - [05/Aug/2011:07:31:43 -0700] "GET /wp-content/uploads/2011/06/win-percentage.jpg HTTP/1.1" 200 25585 "-" "RPT-HTTPClient/0.3-3"
72.21.217.32 - - [05/Aug/2011:07:31:43 -0700] "GET /wp-content/uploads/2011/06/Adjusted-wins.jpg HTTP/1.1" 200 30873 "-" "RPT-HTTPClient/0.3-3"
72.21.217.32 - - [05/Aug/2011:07:31:43 -0700] "GET /wp-content/uploads/2011/06/mlb-leader-table.jpg HTTP/1.1" 200 26990 "-" "RPT-HTTPClient/0.3-3"
94.23.245.151 - - [05/Aug/2011:07:32:45 -0700] "GET /feed/ HTTP/1.0" 200 16060 "-" "-"
117.135.129.73 - - [05/Aug/2011:07:36:27 -0700] "GET / HTTP/1.1" 200 18275 "-" "Mozilla/4.0 (compatible; MSIE 6.0; Windows NT 5.1)"
209.171.42.71 - - [05/Aug/2011:07:44:10 -0700] "GET /feed HTTP/1.1" 200 439 "-" "Mozilla/5.0 (compatible; BlogScope/1.0; +http://www.blogscope.net/; U of Toronto)"
209.171.42.71 - - [05/Aug/2011:07:44:12 -0700] "GET /feed/ HTTP/1.1" 200 9358 "-" "Mozilla/5.0 (compatible; BlogScope/1.0; +http://www.blogscope.net/; U of Toronto)"
174.37.205.68 - - [05/Aug/2011:07:45:35 -0700] "GET / HTTP/1.1" 200 18236 "-" "Mozilla/5.0 (X11; U; Linux x86_64; en-US; rv:1.9.0.19; aggregator:Spinn3r (Spinn3r 3.1); http://spinn3r.com/robot) Gecko/2010040121 Firefox/3.0.19"
128.242.249.12 - - [05/Aug/2011:07:47:29 -0700] "GET /feed/ HTTP/1.1" 200 35946 "-" "TwitterFeed 3"
71.42.148.254 - - [05/Aug/2011:07:55:36 -0700] "GET /wp-content/uploads/2010/04/US-Map.jpg HTTP/1.1" 200 41765 "http://www.bing.com/images/search?q=+usmap&view=detail&id=232C63327D523E48ED682094F7ABAF2518E2367F&first=631&FORM=IDFRIR" "Mozilla/4.0 (compatible; MSIE 8.0; Windows NT 5.1; Trident/4.0; GTB6.6; .NET CLR 2.0.50727; .NET CLR 3.0.4506.2152; .NET CLR 3.5.30729; CMDTDF; .NET4.0C; .NET4.0E)"
69.163.231.33 - - [05/Aug/2011:07:55:41 -0700] "POST /wp-cron.php?doing_wp_cron HTTP/1.0" 200 158 "-" "WordPress/3.1.4; http://www.pacificnorthwestcoastbias.com"
71.42.148.254 - - [05/Aug/2011:07:55:37 -0700] "GET /geography-quiz-time/ HTTP/1.1" 200 0 "http://www.bing.com/images/search?q=+usmap&view=detail&id=232C63327D523E48ED682094F7ABAF2518E2367F&first=631&FORM=IDFRIR" "Mozilla/4.0 (compatible; MSIE 8.0; Windows NT 5.1; Trident/4.0; GTB6.6; .NET CLR 2.0.50727; .NET CLR 3.0.4506.2152; .NET CLR 3.5.30729; CMDTDF; .NET4.0C; .NET4.0E)"
209.85.238.86 - - [05/Aug/2011:07:56:24 -0700] "GET /feed/ HTTP/1.1" 200 9358 "-" "Feedfetcher-Google; (+http://www.google.com/feedfetcher.html; 12 subscribers; feed-id=11769849069241211122)"
123.125.71.58 - - [05/Aug/2011:07:57:14 -0700] "GET /category/uncategorized/ HTTP/1.1" 200 7701 "-" "Mozilla/5.0 (compatible; Baiduspider/2.0; +http://www.baidu.com/search/spider.html)"
174.129.114.17 - - [05/Aug/2011:07:58:05 -0700] "GET /feed/ HTTP/1.1" 200 35946 "-" "-"
174.129.114.17 - - [05/Aug/2011:07:58:06 -0700] "GET /feed/ HTTP/1.1" 200 9302 "-" "Mozilla/5.0 (X11; U; Linux i686; en-US; aggregator:Outside.in; http://outside.in)"
72.21.217.32 - - [05/Aug/2011:08:01:06 -0700] "GET /feed HTTP/1.0" 200 439 "-" "RPT-HTTPClient/0.3-3"
72.21.217.32 - - [05/Aug/2011:08:01:07 -0700] "GET /feed/ HTTP/1.0" 200 35924 "-" "RPT-HTTPClient/0.3-3"
64.94.66.97 - - [05/Aug/2011:08:01:40 -0700] "GET /comments/feed/ HTTP/1.0" 200 3365 "-" "Moreoverbot/5.1 (+http://w.moreover.com; webmaster@moreover.com) Mozilla/5.0"
78.30.193.20 - - [05/Aug/2011:08:04:18 -0700] "GET /nfl-draft-prediction-rankings/comment-page-1/ HTTP/1.0" 200 46731 "http://www.pacificnorthwestcoastbias.com/nfl-draft-prediction-rankings/comment-page-1/" "Mozilla/4.0 (compatible; MSIE 6.0; Windows 98; Win 9x 4.90)"
78.30.193.20 - - [05/Aug/2011:08:04:24 -0700] "GET /nfl-draft-prediction-rankings/comment-page-1/ HTTP/1.0" 200 358 "http://pacificnorthwestcoastbias.com/nfl-draft-prediction-rankings/comment-page-1/" "Mozilla/4.0 (compatible; MSIE 6.0; Windows 98; Win 9x 4.90)"
78.30.193.20 - - [05/Aug/2011:08:04:26 -0700] "GET /nfl-draft-prediction-rankings/comment-page-1/index.php HTTP/1.0" 200 46706 "http://www.pacificnorthwestcoastbias.com/nfl-draft-prediction-rankings/comment-page-1/index.php" "Mozilla/4.0 (compatible; MSIE 6.0; Windows 98; Win 9x 4.90)"
78.30.193.20 - - [05/Aug/2011:08:04:27 -0700] "GET /nfl-draft-prediction-rankings/comment-page-1/ HTTP/1.0" 200 46731 "http://www.pacificnorthwestcoastbias.com/nfl-draft-prediction-rankings/comment-page-1/" "Mozilla/4.0 (compatible; MSIE 6.0; Windows 98; Win 9x 4.90)"
87.250.255.242 - - [05/Aug/2011:08:06:29 -0700] "GET /category/world-cup-2010/category/category/world-cup-2010/ HTTP/1.1" 200 15553 "-" "Mozilla/5.0 (compatible; YandexBot/3.0; +http://yandex.com/bots)"
173.192.238.34 - - [05/Aug/2011:08:15:43 -0700] "GET / HTTP/1.1" 200 18238 "-" "Mozilla/5.0 (X11; U; Linux x86_64; en-US; rv:1.9.0.19; aggregator:Spinn3r (Spinn3r 3.1); http://spinn3r.com/robot) Gecko/2010040121 Firefox/3.0.19"
119.63.196.40 - - [05/Aug/2011:08:17:10 -0700] "GET /the-sporting-news-awards-give-insight-into-who-will-win-the-cy-young/ HTTP/1.1" 200 9117 "-" "Mozilla/5.0 (compatible; Baiduspider/2.0; +http://www.baidu.com/search/spider.html)"
95.108.158.245 - - [05/Aug/2011:08:17:21 -0700] "GET /robots.txt HTTP/1.1" 200 386 "-" "Mozilla/5.0 (compatible; YandexImages/3.0; +http://yandex.com/bots)"
87.250.255.242 - - [05/Aug/2011:08:22:27 -0700] "GET /geography-quiz-time/comment-page-1/ HTTP/1.1" 200 9293 "-" "Mozilla/5.0 (compatible; YandexBot/3.0; +http://yandex.com/bots)"
87.250.255.242 - - [05/Aug/2011:08:22:32 -0700] "GET /geography-quiz-time/ HTTP/1.1" 200 9293 "-" "Mozilla/5.0 (compatible; YandexBot/3.0; +http://yandex.com/bots)"
72.21.217.32 - - [05/Aug/2011:08:31:07 -0700] "GET /feed HTTP/1.0" 200 439 "-" "RPT-HTTPClient/0.3-3"
72.21.217.32 - - [05/Aug/2011:08:31:09 -0700] "GET /feed/ HTTP/1.0" 200 35924 "-" "RPT-HTTPClient/0.3-3"
209.171.42.71 - - [05/Aug/2011:08:32:25 -0700] "GET /feed HTTP/1.1" 200 439 "-" "Mozilla/5.0 (compatible; BlogScope/1.0; +http://www.blogscope.net/; U of Toronto)"
209.171.42.71 - - [05/Aug/2011:08:32:30 -0700] "GET /feed/ HTTP/1.1" 200 9358 "-" "Mozilla/5.0 (compatible; BlogScope/1.0; +http://www.blogscope.net/; U of Toronto)"
69.163.231.33 - - [05/Aug/2011:08:32:28 -0700] "POST /wp-cron.php?doing_wp_cron HTTP/1.0" 200 158 "-" "WordPress/3.1.4; http://www.pacificnorthwestcoastbias.com"
195.43.189.232 - - [05/Aug/2011:08:40:51 -0700] "HEAD /feed/ HTTP/1.1" 200 287 "-" "Mozilla/4.0 (compatible; MSIE 4.0; MSIECrawler; Windows 95)"
66.249.67.216 - - [05/Aug/2011:08:41:06 -0700] "GET /feed/ HTTP/1.1" 200 180 "-" "Mozilla/5.0 (compatible; Googlebot/2.1; +http://www.google.com/bot.html)"
173.192.238.34 - - [05/Aug/2011:08:45:52 -0700] "GET / HTTP/1.1" 200 18130 "-" "Mozilla/5.0 (X11; U; Linux x86_64; en-US; rv:1.9.0.19; aggregator:Spinn3r (Spinn3r 3.1); http://spinn3r.com/robot) Gecko/2010040121 Firefox/3.0.19"
119.63.196.21 - - [05/Aug/2011:08:49:44 -0700] "GET /do-nfl-teams-perform-differently-after-a-bye-week/comment-page-1/ HTTP/1.1" 200 9532 "-" "Mozilla/5.0 (compatible; Baiduspider/2.0; +http://www.baidu.com/search/spider.html)"
128.242.249.11 - - [05/Aug/2011:08:51:18 -0700] "GET /feed/ HTTP/1.1" 200 138 "-" "TwitterFeed 3"
94.23.195.135 - - [05/Aug/2011:08:53:09 -0700] "GET /comments/feed/ HTTP/1.0" 200 12242 "-" "-"
69.163.231.33 - - [05/Aug/2011:08:53:10 -0700] "POST /wp-cron.php?doing_wp_cron HTTP/1.0" 200 158 "-" "WordPress/3.1.4; http://www.pacificnorthwestcoastbias.com"
67.195.115.58 - - [05/Aug/2011:08:54:06 -0700] "GET /robots.txt HTTP/1.0" 200 367 "-" "Mozilla/5.0 (compatible; Yahoo! Slurp; http://help.yahoo.com/help/us/ysearch/slurp)"
67.195.115.58 - - [05/Aug/2011:08:54:07 -0700] "GET /whos-most-under-ratedover-rated-in-college-football/ HTTP/1.0" 200 8854 "-" "Mozilla/5.0 (compatible; Yahoo! Slurp; http://help.yahoo.com/help/us/ysearch/slurp)"
174.129.179.231 - - [05/Aug/2011:08:54:52 -0700] "GET /feed/ HTTP/1.1" 200 35950 "-" "-"
174.129.179.231 - - [05/Aug/2011:08:54:53 -0700] "GET /feed/ HTTP/1.1" 200 9302 "-" "Mozilla/5.0 (X11; U; Linux i686; en-US; aggregator:Outside.in; http://outside.in)"
209.85.238.86 - - [05/Aug/2011:08:55:44 -0700] "GET /feed/ HTTP/1.1" 200 9358 "-" "Feedfetcher-Google; (+http://www.google.com/feedfetcher.html; 12 subscribers; feed-id=11769849069241211122)"
72.21.217.32 - - [05/Aug/2011:09:01:07 -0700] "GET /feed HTTP/1.0" 200 439 "-" "RPT-HTTPClient/0.3-3"
72.21.217.32 - - [05/Aug/2011:09:01:08 -0700] "GET /feed/ HTTP/1.0" 200 35924 "-" "RPT-HTTPClient/0.3-3"
72.21.217.0 - - [05/Aug/2011:09:01:29 -0700] "GET /feed HTTP/1.1" 200 383 "-" "RPT-HTTPClient/0.3-3"
72.21.217.0 - - [05/Aug/2011:09:01:30 -0700] "GET /feed/ HTTP/1.1" 200 35946 "-" "RPT-HTTPClient/0.3-3"
72.21.217.0 - - [05/Aug/2011:09:01:35 -0700] "GET /wp-content/uploads/2011/07/Community-Minded-1024x575.jpg HTTP/1.1" 200 127529 "-" "RPT-HTTPClient/0.3-3"
72.21.217.0 - - [05/Aug/2011:09:01:36 -0700] "GET /wp-content/uploads/2011/07/Innings-Pitched-All-Star-Game.jpg HTTP/1.1" 200 34923 "-" "RPT-HTTPClient/0.3-3"
72.21.217.0 - - [05/Aug/2011:09:01:36 -0700] "GET /wp-content/uploads/2011/07/Amway-Center-Orlando-Florida.jpg HTTP/1.1" 200 50147 "-" "RPT-HTTPClient/0.3-3"
72.21.217.0 - - [05/Aug/2011:09:01:36 -0700] "GET /wp-content/uploads/2011/07/Size-of-Amway-Center-with-Some-Parking.jpg HTTP/1.1" 200 625 "-" "RPT-HTTPClient/0.3-3"
72.21.217.0 - - [05/Aug/2011:09:01:36 -0700] "GET /wp-content/uploads/2011/07/downtown-bellevue-park.jpg HTTP/1.1" 200 136949 "-" "RPT-HTTPClient/0.3-3"
72.21.217.0 - - [05/Aug/2011:09:01:37 -0700] "GET /wp-content/uploads/2011/07/Dodge-Dealership.jpg HTTP/1.1" 200 163525 "-" "RPT-HTTPClient/0.3-3"
72.21.217.0 - - [05/Aug/2011:09:01:37 -0700] "GET /wp-content/uploads/2011/07/Safeway.jpg HTTP/1.1" 200 113322 "-" "RPT-HTTPClient/0.3-3"
72.21.217.0 - - [05/Aug/2011:09:01:37 -0700] "GET /wp-content/uploads/2011/07/NCAA-Win-Percentage.jpg HTTP/1.1" 200 27439 "-" "RPT-HTTPClient/0.3-3"
72.21.217.0 - - [05/Aug/2011:09:01:37 -0700] "GET /wp-content/uploads/2011/07/NCAA-Close-Game-Win-Percentage.jpg HTTP/1.1" 200 30700 "-" "RPT-HTTPClient/0.3-3"
72.21.217.0 - - [05/Aug/2011:09:01:38 -0700] "GET /wp-content/uploads/2011/07/Win-percentage-correlation.jpg HTTP/1.1" 200 28564 "-" "RPT-HTTPClient/0.3-3"
72.21.217.0 - - [05/Aug/2011:09:01:38 -0700] "GET /wp-content/uploads/2011/07/Close-Game-extra-wins.jpg HTTP/1.1" 200 23896 "-" "RPT-HTTPClient/0.3-3"
72.21.217.0 - - [05/Aug/2011:09:01:38 -0700] "GET /wp-content/uploads/2011/07/Close-Game-wins.jpg HTTP/1.1" 200 22396 "-" "RPT-HTTPClient/0.3-3"
72.21.217.0 - - [05/Aug/2011:09:01:38 -0700] "GET /wp-content/uploads/2011/07/Combined-win-percentage.jpg HTTP/1.1" 200 20671 "-" "RPT-HTTPClient/0.3-3"
72.21.217.0 - - [05/Aug/2011:09:01:39 -0700] "GET /wp-content/uploads/2011/07/Marymoor-Park-Sign.jpg HTTP/1.1" 200 353951 "-" "RPT-HTTPClient/0.3-3"
72.21.217.0 - - [05/Aug/2011:09:01:39 -0700] "GET /wp-content/uploads/2011/06/win-percentage.jpg HTTP/1.1" 200 25585 "-" "RPT-HTTPClient/0.3-3"
72.21.217.0 - - [05/Aug/2011:09:01:39 -0700] "GET /wp-content/uploads/2011/06/Adjusted-wins.jpg HTTP/1.1" 200 30873 "-" "RPT-HTTPClient/0.3-3"
72.21.217.0 - - [05/Aug/2011:09:01:40 -0700] "GET /wp-content/uploads/2011/06/mlb-leader-table.jpg HTTP/1.1" 200 26990 "-" "RPT-HTTPClient/0.3-3"
95.108.158.245 - - [05/Aug/2011:09:05:20 -0700] "GET /wp-content/uploads/2010/07/visitor-attendance.jpg HTTP/1.1" 304 175 "-" "Mozilla/5.0 (compatible; YandexImages/3.0; +http://yandex.com/bots)"
69.163.231.33 - - [05/Aug/2011:09:10:16 -0700] "POST /wp-cron.php?doing_wp_cron HTTP/1.0" 200 158 "-" "WordPress/3.1.4; http://www.pacificnorthwestcoastbias.com"
61.135.249.149 - - [05/Aug/2011:09:10:15 -0700] "GET / HTTP/1.1" 200 18111 "-" "Mozilla/5.0 (compatible; YodaoBot/1.0; http://www.yodao.com/help/webmaster/spider/; )"
67.195.115.58 - - [05/Aug/2011:09:12:04 -0700] "GET /another-reason-magazine-advertising-is-dying/feed/ HTTP/1.0" 200 926 "-" "Mozilla/5.0 (compatible; Yahoo! Slurp; http://help.yahoo.com/help/us/ysearch/slurp)"
65.52.110.144 - - [05/Aug/2011:09:13:07 -0700] "GET /robots.txt HTTP/1.1" 200 386 "-" "Mozilla/5.0 (compatible; bingbot/2.0; +http://www.bing.com/bingbot.htm)"
65.52.110.144 - - [05/Aug/2011:09:13:55 -0700] "GET /bench-griffey/ HTTP/1.1" 200 8566 "-" "Mozilla/5.0 (compatible; bingbot/2.0; +http://www.bing.com/bingbot.htm)"
