72.21.217.0 - - [05/Aug/2011:17:31:37 -0700] "GET /wp-content/uploads/2011/06/win-percentage.jpg HTTP/1.1" 200 25585 "-" "RPT-HTTPClient/0.3-3"
72.21.217.0 - - [05/Aug/2011:17:31:37 -0700] "GET /wp-content/uploads/2011/06/Adjusted-wins.jpg HTTP/1.1" 200 30873 "-" "RPT-HTTPClient/0.3-3"
72.21.217.0 - - [05/Aug/2011:17:31:37 -0700] "GET /wp-content/uploads/2011/06/mlb-leader-table.jpg HTTP/1.1" 200 26990 "-" "RPT-HTTPClient/0.3-3"
174.129.136.171 - - [05/Aug/2011:17:34:57 -0700] "GET /feed/ HTTP/1.1" 200 9301 "-" "PostRank/2.0 (postrank.com; 1 subscribers)"
87.250.255.242 - - [05/Aug/2011:17:37:02 -0700] "GET /league-standings-look-a-lot-different-when-normalized-for-1-run-games/comment-page-1/ HTTP/1.1" 200 9327 "-" "Mozilla/5.0 (compatible; YandexBot/3.0; +http://yandex.com/bots)"
87.250.255.242 - - [05/Aug/2011:17:37:06 -0700] "GET /league-standings-look-a-lot-different-when-normalized-for-1-run-games/ HTTP/1.1" 200 9327 "-" "Mozilla/5.0 (compatible; YandexBot/3.0; +http://yandex.com/bots)"
119.63.196.91 - - [05/Aug/2011:17:37:07 -0700] "GET /lessons-from-redfins-mold-in-the-pacific-northwest/comment-page-1/ HTTP/1.1" 200 8979 "-" "Mozilla/5.0 (compatible; Baiduspider/2.0; +http://www.baidu.com/search/spider.html)"
209.85.238.86 - - [05/Aug/2011:17:37:20 -0700] "GET /feed/ HTTP/1.1" 200 9357 "-" "Feedfetcher-Google; (+http://www.google.com/feedfetcher.html; 12 subscribers; feed-id=11769849069241211122)"
94.228.34.209 - - [05/Aug/2011:17:39:30 -0700] "GET /robots.txt HTTP/1.1" 200 404 "-" "magpie-crawler/1.1 (U; Linux amd64; en-GB; +http://www.brandwatch.net)"
94.228.34.209 - - [05/Aug/2011:17:39:31 -0700] "GET /feed/ HTTP/1.1" 200 9356 "-" "magpie-crawler/1.1 (U; Linux amd64; en-GB; +http://www.brandwatch.net)"
208.66.67.15 - - [05/Aug/2011:17:41:21 -0700] "GET /robots.txt HTTP/1.1" 200 356 "-" "Python-urllib/2.5"
208.66.67.15 - - [05/Aug/2011:17:41:24 -0700] "HEAD /feed HTTP/1.1" 200 409 "-" "Technoratibot/8.1"
208.66.67.15 - - [05/Aug/2011:17:41:24 -0700] "HEAD /feed/ HTTP/1.1" 200 353 "-" "Technoratibot/8.1"
208.66.67.15 - - [05/Aug/2011:17:41:24 -0700] "GET /feed HTTP/1.1" 200 429 "-" "Technoratibot/8.1"
208.66.67.15 - - [05/Aug/2011:17:41:25 -0700] "GET /feed/ HTTP/1.1" 200 9320 "-" "Technoratibot/8.1"
69.163.231.33 - - [05/Aug/2011:17:44:15 -0700] "POST /wp-cron.php?doing_wp_cron HTTP/1.0" 200 158 "-" "WordPress/3.1.4; http://www.pacificnorthwestcoastbias.com"
67.210.218.121 - - [05/Aug/2011:17:44:14 -0700] "GET /comments/feed HTTP/1.1" 200 448 "-" "Rome Client (http://tinyurl.com/64t5n) Ver: 0.9"
87.250.255.242 - - [05/Aug/2011:17:45:02 -0700] "GET /twitter-weekly-updates-for-2011-04-24-2/ HTTP/1.1" 200 8626 "-" "Mozilla/5.0 (compatible; YandexBot/3.0; +http://yandex.com/bots)"
207.46.204.238 - - [05/Aug/2011:17:47:29 -0700] "GET /robots.txt HTTP/1.1" 200 386 "-" "Mozilla/5.0 (compatible; bingbot/2.0; +http://www.bing.com/bingbot.htm)"
24.125.136.185 - - [05/Aug/2011:17:48:21 -0700] "GET / HTTP/1.1" 200 18211 "-" "Reeder/1.5.0 CFNetwork/485.13.9 Darwin/11.0.0"
24.125.136.185 - - [05/Aug/2011:17:48:23 -0700] "GET /favicon.ico HTTP/1.1" 200 276 "-" "Reeder/1.5.0 CFNetwork/485.13.9 Darwin/11.0.0"
24.125.136.185 - - [05/Aug/2011:17:48:23 -0700] "GET / HTTP/1.1" 200 18245 "-" "Reeder/1.5.0 CFNetwork/485.13.9 Darwin/11.0.0"
24.125.136.185 - - [05/Aug/2011:17:48:23 -0700] "GET /apple-touch-icon.png HTTP/1.1" 200 6620 "-" "Reeder/1.5.0 CFNetwork/485.13.9 Darwin/11.0.0"
24.125.136.185 - - [05/Aug/2011:17:48:24 -0700] "GET /apple-touch-icon-precomposed.png HTTP/1.1" 200 6620 "-" "Reeder/1.5.0 CFNetwork/485.13.9 Darwin/11.0.0"
207.46.204.238 - - [05/Aug/2011:17:48:26 -0700] "GET /nfl-draft-prediction-rankings/ HTTP/1.1" 200 13162 "-" "Mozilla/5.0 (compatible; bingbot/2.0; +http://www.bing.com/bingbot.htm)"
173.192.238.34 - - [05/Aug/2011:17:48:37 -0700] "GET / HTTP/1.1" 200 18209 "-" "Mozilla/5.0 (X11; U; Linux x86_64; en-US; rv:1.9.0.19; aggregator:Spinn3r (Spinn3r 3.1); http://spinn3r.com/robot) Gecko/2010040121 Firefox/3.0.19"
174.143.145.67 - - [05/Aug/2011:17:51:47 -0700] "GET /feed/ HTTP/1.1" 200 9320 "-" "Zend_Http_Client"
174.143.145.67 - - [05/Aug/2011:17:52:55 -0700] "GET /feed/ HTTP/1.1" 200 9320 "-" "Zend_Http_Client"
87.250.255.242 - - [05/Aug/2011:17:52:57 -0700] "GET /lettersof-note-worthless-yahoo-emails/ HTTP/1.1" 200 8298 "-" "Mozilla/5.0 (compatible; YandexBot/3.0; +http://yandex.com/bots)"
174.143.145.67 - - [05/Aug/2011:17:53:00 -0700] "GET /feed/ HTTP/1.1" 200 9320 "-" "Zend_Http_Client"
24.125.136.185 - - [05/Aug/2011:17:57:05 -0700] "GET / HTTP/1.1" 200 18246 "-" "Reeder/1.5.0 CFNetwork/485.13.9 Darwin/11.0.0"
24.125.136.185 - - [05/Aug/2011:17:57:06 -0700] "GET /favicon.ico HTTP/1.1" 200 276 "-" "Reeder/1.5.0 CFNetwork/485.13.9 Darwin/11.0.0"
24.125.136.185 - - [05/Aug/2011:17:57:06 -0700] "GET / HTTP/1.1" 200 18245 "-" "Reeder/1.5.0 CFNetwork/485.13.9 Darwin/11.0.0"
24.125.136.185 - - [05/Aug/2011:17:57:06 -0700] "GET /apple-touch-icon.png HTTP/1.1" 200 6620 "-" "Reeder/1.5.0 CFNetwork/485.13.9 Darwin/11.0.0"
24.125.136.185 - - [05/Aug/2011:17:57:07 -0700] "GET /apple-touch-icon-precomposed.png HTTP/1.1" 200 6620 "-" "Reeder/1.5.0 CFNetwork/485.13.9 Darwin/11.0.0"
94.23.245.151 - - [05/Aug/2011:17:58:38 -0700] "GET /comments/feed/ HTTP/1.0" 200 12242 "-" "-"
69.163.231.33 - - [05/Aug/2011:17:58:39 -0700] "POST /wp-cron.php?doing_wp_cron HTTP/1.0" 200 158 "-" "WordPress/3.1.4; http://www.pacificnorthwestcoastbias.com"
87.250.255.242 - - [05/Aug/2011:18:00:53 -0700] "GET /hot-tub-time-machine-64-copies-now-available-at-king-county-libraries/ HTTP/1.1" 200 8477 "-" "Mozilla/5.0 (compatible; YandexBot/3.0; +http://yandex.com/bots)"
72.21.217.32 - - [05/Aug/2011:18:01:06 -0700] "GET /feed HTTP/1.0" 200 439 "-" "RPT-HTTPClient/0.3-3"
72.21.217.32 - - [05/Aug/2011:18:01:08 -0700] "GET /feed/ HTTP/1.0" 200 35924 "-" "RPT-HTTPClient/0.3-3"
174.129.136.158 - - [05/Aug/2011:18:03:22 -0700] "GET /feed/ HTTP/1.1" 200 35946 "-" "-"
174.129.136.158 - - [05/Aug/2011:18:03:22 -0700] "GET /feed/ HTTP/1.1" 200 9301 "-" "Mozilla/5.0 (X11; U; Linux i686; en-US; aggregator:Outside.in; http://outside.in)"
188.138.113.145 - - [05/Aug/2011:18:03:50 -0700] "GET / HTTP/1.1" 301 339 "" "Mozilla/5.0 (Windows; U; Windows NT 6.0; en; rv:1.9.0.8) Gecko/2009032609 Firefox/3.0.8 (.NET CLR 3.5.30729)"
188.138.113.145 - - [05/Aug/2011:18:03:52 -0700] "GET / HTTP/1.1" 200 18190 "" "Mozilla/5.0 (Windows; U; Windows NT 6.0; en; rv:1.9.0.8) Gecko/2009032609 Firefox/3.0.8 (.NET CLR 3.5.30729)"
188.138.113.145 - - [05/Aug/2011:18:03:53 -0700] "GET / HTTP/1.1" 301 294 "-" "User-Agent: Mozilla/5.0 (Windows; U; Windows NT 6.0; en; rv:1.9.0.8) Gecko/2009032609 Firefox/3.0.8 (.NET CLR 3.5.30729)"
188.138.113.145 - - [05/Aug/2011:18:03:54 -0700] "GET / HTTP/1.1" 301 294 "-" "User-Agent: Mozilla/5.0 (Windows; U; Windows NT 6.0; en; rv:1.9.0.8) Gecko/2009032609 Firefox/3.0.8 (.NET CLR 3.5.30729)"
94.228.34.229 - - [05/Aug/2011:18:04:30 -0700] "GET /robots.txt HTTP/1.1" 200 404 "-" "magpie-crawler/1.1 (U; Linux amd64; en-GB; +http://www.brandwatch.net)"
94.228.34.229 - - [05/Aug/2011:18:04:31 -0700] "GET /hot-tub-time-machine-64-copies-now-available-at-king-county-libraries/feed/ HTTP/1.1" 200 179 "-" "magpie-crawler/1.1 (U; Linux amd64; en-GB; +http://www.brandwatch.net)"
119.63.196.103 - - [05/Aug/2011:18:05:26 -0700] "GET /library-blockbuster/comment-page-1/ HTTP/1.1" 200 8999 "-" "Mozilla/5.0 (compatible; Baiduspider/2.0; +http://www.baidu.com/search/spider.html)"
207.34.25.76 - - [05/Aug/2011:18:06:08 -0700] "GET /robots.txt HTTP/1.1" 200 348 "-" "radian6_default_(www.radian6.com/crawler)"
75.101.233.99 - - [05/Aug/2011:18:06:09 -0700] "GET /feed/ HTTP/1.0" 200 9357 "-" "R6_FeedFetcher(www.radian6.com/crawler)"
87.250.255.242 - - [05/Aug/2011:18:08:50 -0700] "GET /final-four-efficiency-vcu-and-butler-prove-mid-majors-deserve-more-ncaa-tournament-bids/ HTTP/1.1" 200 9351 "-" "Mozilla/5.0 (compatible; YandexBot/3.0; +http://yandex.com/bots)"
208.115.111.244 - - [05/Aug/2011:18:09:18 -0700] "GET /robots.txt HTTP/1.1" 200 348 "-" "Mozilla/5.0 (compatible; DotBot/1.1; http://www.dotnetdotcom.org/, crawler@dotnetdotcom.org)"
95.108.158.245 - - [05/Aug/2011:18:14:59 -0700] "GET /wp-content/uploads/2010/07/adjused-for-visitor.jpg HTTP/1.1" 304 175 "-" "Mozilla/5.0 (compatible; YandexImages/3.0; +http://yandex.com/bots)"
128.242.249.12 - - [05/Aug/2011:18:15:52 -0700] "GET /feed/ HTTP/1.1" 200 35946 "-" "TwitterFeed 3"
87.250.255.242 - - [05/Aug/2011:18:17:02 -0700] "GET /category/world-cup-2010/ HTTP/1.1" 200 15518 "-" "Mozilla/5.0 (compatible; YandexBot/3.0; +http://yandex.com/bots)"
173.192.238.48 - - [05/Aug/2011:18:18:48 -0700] "GET / HTTP/1.1" 200 18209 "-" "Mozilla/5.0 (X11; U; Linux x86_64; en-US; rv:1.9.0.19; aggregator:Spinn3r (Spinn3r 3.1); http://spinn3r.com/robot) Gecko/2010040121 Firefox/3.0.19"
217.233.230.85 - - [05/Aug/2011:18:23:10 -0700] "GET /hipsters-a-venn-diagram/ HTTP/1.1" 200 9132 "http://www.google.de/imgres?imgurl=http://www.pacificnorthwestcoastbias.com/wp-content/uploads/2010/03/Hipsters.jpg&imgrefurl=http://www.pacificnorthwestcoastbias.com/hipsters-a-venn-diagram/&usg=__WA7AH-c6l5Soxbfa9zRnMF-W9Ds=&h=421&w=566&sz=47&hl=de&start=172&zoom=1&tbnid=GTGwG1LiMmXIrM:&tbnh=121&tbnw=167&ei=yZU8TrrZO8nUsgaf5Y0W&prev=/search%3Fq%3Dhipsters%26um%3D1%26hl%3Dde%26safe%3Doff%26sa%3DN%26biw%3D1024%26bih%3D580%26noj%3D1%26tbm%3Disch&um=1&itbs=1&iact=hc&vpx=237&vpy=51&dur=675&hovh=194&hovw=260&tx=172&ty=145&page=12&ndsp=15&ved=1t:429,r:1,s:172&biw=1024&bih=580" "Mozilla/5.0 (Windows NT 5.1; rv:5.0) Gecko/20100101 Firefox/5.0"
217.233.230.85 - - [05/Aug/2011:18:23:11 -0700] "GET /wp-content/uploads/2010/03/Hipsters.jpg HTTP/1.1" 200 47961 "http://www.google.de/imgres?imgurl=http://www.pacificnorthwestcoastbias.com/wp-content/uploads/2010/03/Hipsters.jpg&imgrefurl=http://www.pacificnorthwestcoastbias.com/hipsters-a-venn-diagram/&usg=__WA7AH-c6l5Soxbfa9zRnMF-W9Ds=&h=421&w=566&sz=47&hl=de&start=172&zoom=1&tbnid=GTGwG1LiMmXIrM:&tbnh=121&tbnw=167&ei=yZU8TrrZO8nUsgaf5Y0W&prev=/search%3Fq%3Dhipsters%26um%3D1%26hl%3Dde%26safe%3Doff%26sa%3DN%26biw%3D1024%26bih%3D580%26noj%3D1%26tbm%3Disch&um=1&itbs=1&iact=hc&vpx=237&vpy=51&dur=675&hovh=194&hovw=260&tx=172&ty=145&page=12&ndsp=15&ved=1t:429,r:1,s:172&biw=1024&bih=580" "Mozilla/5.0 (Windows NT 5.1; rv:5.0) Gecko/20100101 Firefox/5.0"
207.46.195.240 - - [05/Aug/2011:18:23:51 -0700] "GET /robots.txt HTTP/1.1" 200 386 "-" "Mozilla/5.0 (compatible; bingbot/2.0; +http://www.bing.com/bingbot.htm)"
69.163.231.33 - - [05/Aug/2011:18:23:52 -0700] "POST /wp-cron.php?doing_wp_cron HTTP/1.0" 200 158 "-" "WordPress/3.1.4; http://www.pacificnorthwestcoastbias.com"
217.233.230.85 - - [05/Aug/2011:18:24:42 -0700] "GET /hipsters-a-venn-diagram/ HTTP/1.1" 200 9131 "http://www.google.de/imgres?imgurl=http://www.pacificnorthwestcoastbias.com/wp-content/uploads/2010/03/Hipsters.jpg&imgrefurl=http://www.pacificnorthwestcoastbias.com/hipsters-a-venn-diagram/&usg=__WA7AH-c6l5Soxbfa9zRnMF-W9Ds=&h=421&w=566&sz=47&hl=de&start=172&zoom=1&tbnid=GTGwG1LiMmXIrM:&tbnh=121&tbnw=167&ei=yZU8TrrZO8nUsgaf5Y0W&prev=/search%3Fq%3Dhipsters%26um%3D1%26hl%3Dde%26safe%3Doff%26sa%3DN%26biw%3D1024%26bih%3D580%26noj%3D1%26tbm%3Disch&um=1&itbs=1&iact=hc&vpx=237&vpy=51&dur=675&hovh=194&hovw=260&tx=172&ty=145&page=12&ndsp=15&ved=1t:429,r:1,s:172&biw=1024&bih=580" "Mozilla/5.0 (Windows NT 5.1; rv:5.0) Gecko/20100101 Firefox/5.0"
217.233.230.85 - - [05/Aug/2011:18:24:46 -0700] "GET /wp-content/plugins/sociable/sociable.css?ver=3.1.4 HTTP/1.1" 200 1129 "http://www.pacificnorthwestcoastbias.com/hipsters-a-venn-diagram/" "Mozilla/5.0 (Windows NT 5.1; rv:5.0) Gecko/20100101 Firefox/5.0"
217.233.230.85 - - [05/Aug/2011:18:24:46 -0700] "GET /wp-includes/js/l10n.js?ver=20101110 HTTP/1.1" 200 599 "http://www.pacificnorthwestcoastbias.com/hipsters-a-venn-diagram/" "Mozilla/5.0 (Windows NT 5.1; rv:5.0) Gecko/20100101 Firefox/5.0"
217.233.230.85 - - [05/Aug/2011:18:24:46 -0700] "GET /wp-content/plugins/google-analyticator/external-tracking.min.js?ver=6.1.3 HTTP/1.1" 200 1217 "http://www.pacificnorthwestcoastbias.com/hipsters-a-venn-diagram/" "Mozilla/5.0 (Windows NT 5.1; rv:5.0) Gecko/20100101 Firefox/5.0"
217.233.230.85 - - [05/Aug/2011:18:24:46 -0700] "GET /wp-includes/js/tw-sack.js?ver=1.6.1 HTTP/1.1" 200 3911 "http://www.pacificnorthwestcoastbias.com/hipsters-a-venn-diagram/" "Mozilla/5.0 (Windows NT 5.1; rv:5.0) Gecko/20100101 Firefox/5.0"
217.233.230.85 - - [05/Aug/2011:18:24:47 -0700] "GET /wp-content/plugins/subscribe-here-widget/subscribe-here-widget.css HTTP/1.1" 200 1457 "http://www.pacificnorthwestcoastbias.com/hipsters-a-venn-diagram/" "Mozilla/5.0 (Windows NT 5.1; rv:5.0) Gecko/20100101 Firefox/5.0"
217.233.230.85 - - [05/Aug/2011:18:24:47 -0700] "GET /wp-includes/js/wp-ajax-response.js?ver=20091119 HTTP/1.1" 200 2443 "http://www.pacificnorthwestcoastbias.com/hipsters-a-venn-diagram/" "Mozilla/5.0 (Windows NT 5.1; rv:5.0) Gecko/20100101 Firefox/5.0"
217.233.230.85 - - [05/Aug/2011:18:24:47 -0700] "GET /wp-includes/js/wp-lists.js?ver=20101222 HTTP/1.1" 200 8211 "http://www.pacificnorthwestcoastbias.com/hipsters-a-venn-diagram/" "Mozilla/5.0 (Windows NT 5.1; rv:5.0) Gecko/20100101 Firefox/5.0"
217.233.230.85 - - [05/Aug/2011:18:24:48 -0700] "GET /wp-content/themes/EmptyCanvas/style.css HTTP/1.1" 200 5935 "http://www.pacificnorthwestcoastbias.com/hipsters-a-venn-diagram/" "Mozilla/5.0 (Windows NT 5.1; rv:5.0) Gecko/20100101 Firefox/5.0"
217.233.230.85 - - [05/Aug/2011:18:24:48 -0700] "GET /wp-content/plugins/sociable/images/services-sprite.gif HTTP/1.1" 200 330 "http://www.pacificnorthwestcoastbias.com/hipsters-a-venn-diagram/" "Mozilla/5.0 (Windows NT 5.1; rv:5.0) Gecko/20100101 Firefox/5.0"
217.233.230.85 - - [05/Aug/2011:18:24:48 -0700] "GET /wp-content/plugins/subscription-options/images/feed_icon_12.png HTTP/1.1" 200 6459 "http://www.pacificnorthwestcoastbias.com/hipsters-a-venn-diagram/" "Mozilla/5.0 (Windows NT 5.1; rv:5.0) Gecko/20100101 Firefox/5.0"
207.46.195.240 - - [05/Aug/2011:18:24:49 -0700] "GET /twitter-weekly-updates-for-2011-05-08/?amp& HTTP/1.1" 200 8442 "-" "Mozilla/5.0 (compatible; bingbot/2.0; +http://www.bing.com/bingbot.htm)"
217.233.230.85 - - [05/Aug/2011:18:24:52 -0700] "GET /wp-content/themes/EmptyCanvas/reset.css HTTP/1.1" 200 1251 "http://www.pacificnorthwestcoastbias.com/wp-content/themes/EmptyCanvas/style.css" "Mozilla/5.0 (Windows NT 5.1; rv:5.0) Gecko/20100101 Firefox/5.0"
217.233.230.85 - - [05/Aug/2011:18:24:46 -0700] "GET /wp-includes/js/jquery/jquery.js?ver=1.4.4 HTTP/1.1" 200 78915 "http://www.pacificnorthwestcoastbias.com/hipsters-a-venn-diagram/" "Mozilla/5.0 (Windows NT 5.1; rv:5.0) Gecko/20100101 Firefox/5.0"
217.233.230.85 - - [05/Aug/2011:18:25:07 -0700] "GET /wp-content/plugins/wp-followme/flash/wp_followme.swf HTTP/1.1" 200 28639 "http://www.pacificnorthwestcoastbias.com/hipsters-a-venn-diagram/" "Mozilla/5.0 (Windows NT 5.1; rv:5.0) Gecko/20100101 Firefox/5.0"
217.233.230.85 - - [05/Aug/2011:18:25:07 -0700] "GET /wp-content/plugins/sociable/images/services-sprite.png HTTP/1.1" 200 50932 "http://www.pacificnorthwestcoastbias.com/hipsters-a-venn-diagram/" "Mozilla/5.0 (Windows NT 5.1; rv:5.0) Gecko/20100101 Firefox/5.0"
217.233.230.85 - - [05/Aug/2011:18:25:14 -0700] "GET /wp-content/plugins/wp-followme/icons/3.png HTTP/1.1" 200 1517 "-" "Mozilla/5.0 (Windows NT 5.1; rv:5.0) Gecko/20100101 Firefox/5.0"
87.250.255.242 - - [05/Aug/2011:18:25:15 -0700] "GET /tea-parties-and-thomas-paine/ HTTP/1.1" 200 8690 "-" "Mozilla/5.0 (compatible; YandexBot/3.0; +http://yandex.com/bots)"
72.21.217.32 - - [05/Aug/2011:18:31:06 -0700] "GET /feed HTTP/1.0" 200 439 "-" "RPT-HTTPClient/0.3-3"
72.21.217.32 - - [05/Aug/2011:18:31:07 -0700] "GET /feed/ HTTP/1.0" 200 35928 "-" "RPT-HTTPClient/0.3-3"
71.56.160.77 - - [05/Aug/2011:18:31:13 -0700] "GET /favicon.ico HTTP/1.1" 200 277 "-" "Reeder/2.5.0 CFNetwork/485.13.9 Darwin/11.0.0"
71.56.160.77 - - [05/Aug/2011:18:31:13 -0700] "GET / HTTP/1.1" 200 18245 "-" "Reeder/2.5.0 CFNetwork/485.13.9 Darwin/11.0.0"
71.56.160.77 - - [05/Aug/2011:18:31:14 -0700] "GET /apple-touch-icon.png HTTP/1.1" 200 6620 "-" "Reeder/2.5.0 CFNetwork/485.13.9 Darwin/11.0.0"
71.56.160.77 - - [05/Aug/2011:18:31:16 -0700] "GET /apple-touch-icon-precomposed.png HTTP/1.1" 200 6621 "-" "Reeder/2.5.0 CFNetwork/485.13.9 Darwin/11.0.0"
72.21.217.32 - - [05/Aug/2011:18:31:23 -0700] "GET /feed HTTP/1.1" 200 383 "-" "RPT-HTTPClient/0.3-3"
72.21.217.32 - - [05/Aug/2011:18:31:24 -0700] "GET /feed/ HTTP/1.1" 200 35946 "-" "RPT-HTTPClient/0.3-3"
72.21.217.32 - - [05/Aug/2011:18:31:31 -0700] "GET /wp-content/uploads/2011/07/Community-Minded-1024x575.jpg HTTP/1.1" 200 127529 "-" "RPT-HTTPClient/0.3-3"
72.21.217.32 - - [05/Aug/2011:18:31:32 -0700] "GET /wp-content/uploads/2011/07/Innings-Pitched-All-Star-Game.jpg HTTP/1.1" 200 34923 "-" "RPT-HTTPClient/0.3-3"
72.21.217.32 - - [05/Aug/2011:18:31:32 -0700] "GET /wp-content/uploads/2011/07/Amway-Center-Orlando-Florida.jpg HTTP/1.1" 200 50147 "-" "RPT-HTTPClient/0.3-3"
72.21.217.32 - - [05/Aug/2011:18:31:32 -0700] "GET /wp-content/uploads/2011/07/Size-of-Amway-Center-with-Some-Parking.jpg HTTP/1.1" 200 625 "-" "RPT-HTTPClient/0.3-3"
72.21.217.32 - - [05/Aug/2011:18:31:32 -0700] "GET /wp-content/uploads/2011/07/downtown-bellevue-park.jpg HTTP/1.1" 200 136949 "-" "RPT-HTTPClient/0.3-3"
72.21.217.32 - - [05/Aug/2011:18:31:33 -0700] "GET /wp-content/uploads/2011/07/Dodge-Dealership.jpg HTTP/1.1" 200 163525 "-" "RPT-HTTPClient/0.3-3"
72.21.217.32 - - [05/Aug/2011:18:31:33 -0700] "GET /wp-content/uploads/2011/07/Safeway.jpg HTTP/1.1" 200 113322 "-" "RPT-HTTPClient/0.3-3"
72.21.217.32 - - [05/Aug/2011:18:31:33 -0700] "GET /wp-content/uploads/2011/07/NCAA-Win-Percentage.jpg HTTP/1.1" 200 27439 "-" "RPT-HTTPClient/0.3-3"
72.21.217.32 - - [05/Aug/2011:18:31:34 -0700] "GET /wp-content/uploads/2011/07/NCAA-Close-Game-Win-Percentage.jpg HTTP/1.1" 200 30700 "-" "RPT-HTTPClient/0.3-3"
72.21.217.32 - - [05/Aug/2011:18:31:34 -0700] "GET /wp-content/uploads/2011/07/Win-percentage-correlation.jpg HTTP/1.1" 200 28564 "-" "RPT-HTTPClient/0.3-3"
72.21.217.32 - - [05/Aug/2011:18:31:34 -0700] "GET /wp-content/uploads/2011/07/Close-Game-extra-wins.jpg HTTP/1.1" 200 23896 "-" "RPT-HTTPClient/0.3-3"
72.21.217.32 - - [05/Aug/2011:18:31:34 -0700] "GET /wp-content/uploads/2011/07/Close-Game-wins.jpg HTTP/1.1" 200 22396 "-" "RPT-HTTPClient/0.3-3"
72.21.217.32 - - [05/Aug/2011:18:31:34 -0700] "GET /wp-content/uploads/2011/07/Combined-win-percentage.jpg HTTP/1.1" 200 20671 "-" "RPT-HTTPClient/0.3-3"
72.21.217.32 - - [05/Aug/2011:18:31:35 -0700] "GET /wp-content/uploads/2011/07/Marymoor-Park-Sign.jpg HTTP/1.1" 200 353951 "-" "RPT-HTTPClient/0.3-3"
72.21.217.32 - - [05/Aug/2011:18:31:35 -0700] "GET /wp-content/uploads/2011/06/win-percentage.jpg HTTP/1.1" 200 25585 "-" "RPT-HTTPClient/0.3-3"
72.21.217.32 - - [05/Aug/2011:18:31:35 -0700] "GET /wp-content/uploads/2011/06/Adjusted-wins.jpg HTTP/1.1" 200 30873 "-" "RPT-HTTPClient/0.3-3"
72.21.217.32 - - [05/Aug/2011:18:31:35 -0700] "GET /wp-content/uploads/2011/06/mlb-leader-table.jpg HTTP/1.1" 200 26990 "-" "RPT-HTTPClient/0.3-3"
208.115.111.244 - - [05/Aug/2011:18:35:12 -0700] "GET /category/category/category/category/category/world-cup-2010/page/category/world-cup-2010/ HTTP/1.1" 200 15467 "-" "Mozilla/5.0 (compatible; DotBot/1.1; http://www.dotnetdotcom.org/, crawler@dotnetdotcom.org)"
208.115.111.244 - - [05/Aug/2011:18:35:16 -0700] "GET /category/category/category/category/world-cup-2010/page/category/world-cup-2010/page/category/world-cup-2010/ HTTP/1.1" 200 15468 "-" "Mozilla/5.0 (compatible; DotBot/1.1; http://www.dotnetdotcom.org/, crawler@dotnetdotcom.org)"
208.115.111.244 - - [05/Aug/2011:18:35:20 -0700] "GET /category/category/category/world-cup-2010/page/category/world-cup-2010/page/category/world-cup-2010/ HTTP/1.1" 200 15468 "-" "Mozilla/5.0 (compatible; DotBot/1.1; http://www.dotnetdotcom.org/, crawler@dotnetdotcom.org)"
208.115.111.244 - - [05/Aug/2011:18:35:25 -0700] "GET /category/sports/category/category/category/category/world-cup-2010/page/category/world-cup-2010/ HTTP/1.1" 200 15470 "-" "Mozilla/5.0 (compatible; DotBot/1.1; http://www.dotnetdotcom.org/, crawler@dotnetdotcom.org)"
208.115.111.244 - - [05/Aug/2011:18:35:30 -0700] "GET /category/sports/category/category/world-cup-2010/page/category/world-cup-2010/page/category/world-cup-2010/ HTTP/1.1" 200 15468 "-" "Mozilla/5.0 (compatible; DotBot/1.1; http://www.dotnetdotcom.org/, crawler@dotnetdotcom.org)"
208.115.111.244 - - [05/Aug/2011:18:35:35 -0700] "GET /category/sports/category/world-cup-2010/page/category/category/world-cup-2010/page/category/world-cup-2010/ HTTP/1.1" 200 15471 "-" "Mozilla/5.0 (compatible; DotBot/1.1; http://www.dotnetdotcom.org/, crawler@dotnetdotcom.org)"
208.115.111.244 - - [05/Aug/2011:18:35:40 -0700] "GET /category/sports/page/category/category/category/world-cup-2010/page/category/world-cup-2010/ HTTP/1.1" 200 15472 "-" "Mozilla/5.0 (compatible; DotBot/1.1; http://www.dotnetdotcom.org/, crawler@dotnetdotcom.org)"
208.115.111.244 - - [05/Aug/2011:18:35:45 -0700] "GET /category/sports/page/category/category/world-cup-2010/page/category/world-cup-2010/page/category/world-cup-2010/ HTTP/1.1" 200 15471 "-" "Mozilla/5.0 (compatible; DotBot/1.1; http://www.dotnetdotcom.org/, crawler@dotnetdotcom.org)"
208.115.111.244 - - [05/Aug/2011:18:35:50 -0700] "GET /category/world-cup-2010/category/world-cup-2010/page/category/world-cup-2010/page/category/world-cup-2010/ HTTP/1.1" 200 15466 "-" "Mozilla/5.0 (compatible; DotBot/1.1; http://www.dotnetdotcom.org/, crawler@dotnetdotcom.org)"
208.115.111.244 - - [05/Aug/2011:18:35:56 -0700] "GET /category/world-cup-2010/page/category/category/world-cup-2010/page/category/world-cup-2010/ HTTP/1.1" 200 15468 "-" "Mozilla/5.0 (compatible; DotBot/1.1; http://www.dotnetdotcom.org/, crawler@dotnetdotcom.org)"
195.43.189.232 - - [05/Aug/2011:18:39:20 -0700] "HEAD /feed/ HTTP/1.1" 200 290 "-" "Mozilla/4.0 (compatible; MSIE 4.0; MSIECrawler; Windows 95)"
87.250.255.242 - - [05/Aug/2011:18:41:46 -0700] "GET /what-are-the-only-days-with-no-nfl-mlb-nhl-or-nba-games-not-what-you-think/ HTTP/1.1" 200 8766 "-" "Mozilla/5.0 (compatible; YandexBot/3.0; +http://yandex.com/bots)"
65.52.110.45 - - [05/Aug/2011:18:42:27 -0700] "GET /robots.txt HTTP/1.1" 200 386 "-" "Mozilla/5.0 (compatible; bingbot/2.0; +http://www.bing.com/bingbot.htm)"
65.52.110.45 - - [05/Aug/2011:18:43:19 -0700] "GET /category/economy/ HTTP/1.1" 200 15410 "-" "Mozilla/5.0 (compatible; bingbot/2.0; +http://www.bing.com/bingbot.htm)"
209.85.238.86 - - [05/Aug/2011:18:46:30 -0700] "GET /feed/ HTTP/1.1" 200 9358 "-" "Feedfetcher-Google; (+http://www.google.com/feedfetcher.html; 12 subscribers; feed-id=11769849069241211122)"
174.36.228.156 - - [05/Aug/2011:18:48:53 -0700] "GET / HTTP/1.1" 200 18209 "-" "Mozilla/5.0 (X11; U; Linux x86_64; en-US; rv:1.9.0.19; aggregator:Spinn3r (Spinn3r 3.1); http://spinn3r.com/robot) Gecko/2010040121 Firefox/3.0.19"
87.250.255.242 - - [05/Aug/2011:18:50:06 -0700] "GET /presidential-quiz/ HTTP/1.1" 200 8150 "-" "Mozilla/5.0 (compatible; YandexBot/3.0; +http://yandex.com/bots)"
209.171.42.71 - - [05/Aug/2011:18:51:05 -0700] "GET /feed HTTP/1.1" 200 439 "-" "Mozilla/5.0 (compatible; BlogScope/1.0; +http://www.blogscope.net/; U of Toronto)"
209.171.42.71 - - [05/Aug/2011:18:51:07 -0700] "GET /feed/ HTTP/1.1" 200 9358 "-" "Mozilla/5.0 (compatible; BlogScope/1.0; +http://www.blogscope.net/; U of Toronto)"
67.202.17.115 - - [05/Aug/2011:18:56:01 -0700] "GET /feed/ HTTP/1.1" 200 35946 "-" "-"
67.202.17.115 - - [05/Aug/2011:18:56:02 -0700] "GET /feed/ HTTP/1.1" 200 9302 "-" "Mozilla/5.0 (X11; U; Linux i686; en-US; aggregator:Outside.in; http://outside.in)"
119.63.196.40 - - [05/Aug/2011:18:56:31 -0700] "GET /?p=95 HTTP/1.1" 301 385 "-" "Mozilla/5.0 (compatible; Baiduspider/2.0; +http://www.baidu.com/search/spider.html)"
69.163.231.33 - - [05/Aug/2011:18:56:32 -0700] "POST /wp-cron.php?doing_wp_cron HTTP/1.0" 200 158 "-" "WordPress/3.1.4; http://www.pacificnorthwestcoastbias.com"
119.63.196.109 - - [05/Aug/2011:18:56:36 -0700] "GET /a-sam-fetchero-economic-indicator/ HTTP/1.1" 200 8751 "-" "Mozilla/5.0 (compatible; Baiduspider/2.0; +http://www.baidu.com/search/spider.html)"
64.134.230.108 - - [05/Aug/2011:18:57:25 -0700] "GET /favicon.ico HTTP/1.1" 200 277 "-" "Mozilla/5.0 (Macintosh; U; Intel Mac OS X 10.6; en-US; rv:1.9.2.19) Gecko/20110707 Firefox/3.6.19"
87.250.255.242 - - [05/Aug/2011:18:58:26 -0700] "GET /thoughts-about-hiring-a-coach/ HTTP/1.1" 200 9692 "-" "Mozilla/5.0 (compatible; YandexBot/3.0; +http://yandex.com/bots)"
94.228.34.229 - - [05/Aug/2011:18:58:46 -0700] "GET /economic-indicator-cargo-ship-containers-and-frequency/feed/ HTTP/1.1" 200 180 "-" "magpie-crawler/1.1 (U; Linux amd64; en-GB; +http://www.brandwatch.net)"
72.21.217.32 - - [05/Aug/2011:19:01:08 -0700] "GET /feed HTTP/1.0" 200 439 "-" "RPT-HTTPClient/0.3-3"
72.21.217.32 - - [05/Aug/2011:19:01:09 -0700] "GET /feed/ HTTP/1.0" 200 35924 "-" "RPT-HTTPClient/0.3-3"
74.110.189.40 - - [05/Aug/2011:19:04:40 -0700] "GET /favicon.ico HTTP/1.1" 200 277 "-" "NetNewsWire/2.0.5 (iPhone; http://newsgator.com/)"
69.163.231.33 - - [05/Aug/2011:19:06:47 -0700] "POST /wp-cron.php?doing_wp_cron HTTP/1.0" 200 158 "-" "WordPress/3.1.4; http://www.pacificnorthwestcoastbias.com"
87.250.255.242 - - [05/Aug/2011:19:06:45 -0700] "GET /category/bellevue/ HTTP/1.1" 200 15495 "-" "Mozilla/5.0 (compatible; YandexBot/3.0; +http://yandex.com/bots)"
66.249.67.216 - - [05/Aug/2011:19:07:15 -0700] "GET /join-my-world-cup-fantasy-league/ HTTP/1.1" 200 8968 "-" "Mozilla/5.0 (compatible; Googlebot/2.1; +http://www.google.com/bot.html)"
67.195.115.58 - - [05/Aug/2011:19:09:22 -0700] "GET /xmlrpc.php HTTP/1.0" 200 244 "-" "Mozilla/5.0 (compatible; Yahoo! Slurp; http://help.yahoo.com/help/us/ysearch/slurp)"
94.228.34.207 - - [05/Aug/2011:19:15:03 -0700] "GET /robots.txt HTTP/1.1" 200 404 "-" "magpie-crawler/1.1 (U; Linux amd64; en-GB; +http://www.brandwatch.net)"
94.228.34.207 - - [05/Aug/2011:19:15:04 -0700] "GET /in-fantasy-football-its-all-about-the-end-of-the-draft/feed/ HTTP/1.1" 200 179 "-" "magpie-crawler/1.1 (U; Linux amd64; en-GB; +http://www.brandwatch.net)"
94.228.34.207 - - [05/Aug/2011:19:15:05 -0700] "GET /whos-most-under-ratedover-rated-in-college-football/feed/ HTTP/1.1" 200 179 "-" "magpie-crawler/1.1 (U; Linux amd64; en-GB; +http://www.brandwatch.net)"
87.250.255.242 - - [05/Aug/2011:19:15:24 -0700] "GET /letters-of-note-missive-from-tanzania/ HTTP/1.1" 200 8829 "-" "Mozilla/5.0 (compatible; YandexBot/3.0; +http://yandex.com/bots)"
173.192.238.48 - - [05/Aug/2011:19:18:59 -0700] "GET / HTTP/1.1" 200 18099 "-" "Mozilla/5.0 (X11; U; Linux x86_64; en-US; rv:1.9.0.19; aggregator:Spinn3r (Spinn3r 3.1); http://spinn3r.com/robot) Gecko/2010040121 Firefox/3.0.19"
128.242.249.9 - - [05/Aug/2011:19:19:01 -0700] "GET /feed/ HTTP/1.1" 200 35946 "-" "TwitterFeed 3"
94.228.34.207 - - [05/Aug/2011:19:21:44 -0700] "GET /blog-home/feed/ HTTP/1.1" 200 180 "-" "magpie-crawler/1.1 (U; Linux amd64; en-GB; +http://www.brandwatch.net)"
119.63.196.118 - - [05/Aug/2011:19:22:39 -0700] "GET /neil-roseman-says-focus-on-the-inputs-not-just-the-outputs/ HTTP/1.1" 200 9238 "-" "Mozilla/5.0 (compatible; Baiduspider/2.0; +http://www.baidu.com/search/spider.html)"
87.250.255.242 - - [05/Aug/2011:19:24:00 -0700] "GET /details-on-the-great-griffey-slumber/ HTTP/1.1" 200 9055 "-" "Mozilla/5.0 (compatible; YandexBot/3.0; +http://yandex.com/bots)"
67.195.115.58 - - [05/Aug/2011:19:24:14 -0700] "GET /twitter-weekly-updates-for-2010-08-08/ HTTP/1.0" 200 8704 "-" "Mozilla/5.0 (compatible; Yahoo! Slurp; http://help.yahoo.com/help/us/ysearch/slurp)"
67.195.115.58 - - [05/Aug/2011:19:24:16 -0700] "GET /wp-content/themes/EmptyCanvas/style.css HTTP/1.0" 304 138 "http://www.pacificnorthwestcoastbias.com/twitter-weekly-updates-for-2010-08-08/" "Mozilla/5.0 (compatible; Yahoo! Slurp; http://help.yahoo.com/help/us/ysearch/slurp)"
67.195.115.58 - - [05/Aug/2011:19:24:17 -0700] "GET /wp-content/themes/EmptyCanvas/reset.css HTTP/1.0" 304 137 "http://www.pacificnorthwestcoastbias.com/wp-content/themes/EmptyCanvas/style.css" "Mozilla/5.0 (compatible; Yahoo! Slurp; http://help.yahoo.com/help/us/ysearch/slurp)"
67.195.115.58 - - [05/Aug/2011:19:24:17 -0700] "GET /wp-content/plugins/sociable/sociable.css?ver=3.1.4 HTTP/1.0" 304 137 "http://www.pacificnorthwestcoastbias.com/twitter-weekly-updates-for-2010-08-08/" "Mozilla/5.0 (compatible; Yahoo! Slurp; http://help.yahoo.com/help/us/ysearch/slurp)"
67.195.115.58 - - [05/Aug/2011:19:24:18 -0700] "GET /wp-content/plugins/subscribe-here-widget/subscribe-here-widget.css HTTP/1.0" 304 137 "http://www.pacificnorthwestcoastbias.com/twitter-weekly-updates-for-2010-08-08/" "Mozilla/5.0 (compatible; Yahoo! Slurp; http://help.yahoo.com/help/us/ysearch/slurp)"
65.52.110.18 - - [05/Aug/2011:19:28:25 -0700] "GET /robots.txt HTTP/1.1" 200 386 "-" "Mozilla/5.0 (compatible; bingbot/2.0; +http://www.bing.com/bingbot.htm)"
50.16.161.71 - - [05/Aug/2011:19:28:39 -0700] "GET /feed/ HTTP/1.1" 200 35965 "-" "Mozilla/5.0 (Macintosh; U; Intel Mac OS X 10_6_6; en-US) AppleWebKit/534.16 (KHTML, like Gecko) Chrome/10.0.648.204 Safari/534.16"
65.52.110.18 - - [05/Aug/2011:19:29:18 -0700] "GET / HTTP/1.1" 200 18136 "-" "Mozilla/5.0 (compatible; bingbot/2.0; +http://www.bing.com/bingbot.htm)"
72.21.217.32 - - [05/Aug/2011:19:31:06 -0700] "GET /feed HTTP/1.0" 200 439 "-" "RPT-HTTPClient/0.3-3"
72.21.217.32 - - [05/Aug/2011:19:31:06 -0700] "GET /feed/ HTTP/1.0" 200 35924 "-" "RPT-HTTPClient/0.3-3"
69.163.231.33 - - [05/Aug/2011:19:32:43 -0700] "POST /wp-cron.php?doing_wp_cron HTTP/1.0" 200 158 "-" "WordPress/3.1.4; http://www.pacificnorthwestcoastbias.com"
61.135.248.210 - - [05/Aug/2011:19:32:43 -0700] "GET / HTTP/1.1" 200 17671 "-" "Mozilla/5.0 (compatible; YodaoBot/1.0; http://www.yodao.com/help/webmaster/spider/; )"
87.250.255.242 - - [05/Aug/2011:19:41:11 -0700] "GET /no-trains-in-our-neighborhood/ HTTP/1.1" 200 8242 "-" "Mozilla/5.0 (compatible; YandexBot/3.0; +http://yandex.com/bots)"
94.23.44.43 - - [05/Aug/2011:19:45:20 -0700] "GET /feed/ HTTP/1.0" 200 16060 "-" "-"
209.85.238.86 - - [05/Aug/2011:19:46:30 -0700] "GET /feed/ HTTP/1.1" 200 9357 "-" "Feedfetcher-Google; (+http://www.google.com/feedfetcher.html; 12 subscribers; feed-id=11769849069241211122)"
69.163.231.33 - - [05/Aug/2011:19:49:08 -0700] "POST /wp-cron.php?doing_wp_cron HTTP/1.0" 200 158 "-" "WordPress/3.1.4; http://www.pacificnorthwestcoastbias.com"
174.37.205.68 - - [05/Aug/2011:19:49:06 -0700] "GET / HTTP/1.1" 200 18099 "-" "Mozilla/5.0 (X11; U; Linux x86_64; en-US; rv:1.9.0.19; aggregator:Spinn3r (Spinn3r 3.1); http://spinn3r.com/robot) Gecko/2010040121 Firefox/3.0.19"
87.250.255.242 - - [05/Aug/2011:19:49:52 -0700] "GET /is-it-too-late-for-tiger/ HTTP/1.1" 200 8642 "-" "Mozilla/5.0 (compatible; YandexBot/3.0; +http://yandex.com/bots)"
75.101.241.81 - - [05/Aug/2011:19:58:22 -0700] "GET /feed/ HTTP/1.1" 200 35946 "-" "-"
75.101.241.81 - - [05/Aug/2011:19:58:23 -0700] "GET /feed/ HTTP/1.1" 200 9301 "-" "Mozilla/5.0 (X11; U; Linux i686; en-US; aggregator:Outside.in; http://outside.in)"
87.250.255.242 - - [05/Aug/2011:19:58:28 -0700] "GET /visitor-from-russia/ HTTP/1.1" 200 8426 "-" "Mozilla/5.0 (compatible; YandexBot/3.0; +http://yandex.com/bots)"
67.195.115.58 - - [05/Aug/2011:20:00:16 -0700] "GET /do-nfl-teams-perform-differently-after-a-bye-week/ HTTP/1.0" 200 9456 "-" "Mozilla/5.0 (compatible; Yahoo! Slurp; http://help.yahoo.com/help/us/ysearch/slurp)"
72.21.217.32 - - [05/Aug/2011:20:01:07 -0700] "GET /feed HTTP/1.0" 200 439 "-" "RPT-HTTPClient/0.3-3"
72.21.217.32 - - [05/Aug/2011:20:01:09 -0700] "GET /feed/ HTTP/1.0" 200 35924 "-" "RPT-HTTPClient/0.3-3"
72.21.217.32 - - [05/Aug/2011:20:01:26 -0700] "GET /feed HTTP/1.1" 200 383 "-" "RPT-HTTPClient/0.3-3"
72.21.217.32 - - [05/Aug/2011:20:01:28 -0700] "GET /feed/ HTTP/1.1" 200 35946 "-" "RPT-HTTPClient/0.3-3"
69.163.231.33 - - [05/Aug/2011:20:01:27 -0700] "POST /wp-cron.php?doing_wp_cron HTTP/1.0" 200 158 "-" "WordPress/3.1.4; http://www.pacificnorthwestcoastbias.com"
95.108.158.245 - - [05/Aug/2011:20:01:30 -0700] "GET /wp-content/uploads/2010/05/Bloomberg-Businessweek.jpg HTTP/1.1" 304 176 "-" "Mozilla/5.0 (compatible; YandexImages/3.0; +http://yandex.com/bots)"
72.21.217.32 - - [05/Aug/2011:20:01:33 -0700] "GET /wp-content/uploads/2011/07/Community-Minded-1024x575.jpg HTTP/1.1" 200 127529 "-" "RPT-HTTPClient/0.3-3"
72.21.217.32 - - [05/Aug/2011:20:01:34 -0700] "GET /wp-content/uploads/2011/07/Innings-Pitched-All-Star-Game.jpg HTTP/1.1" 200 34923 "-" "RPT-HTTPClient/0.3-3"
72.21.217.32 - - [05/Aug/2011:20:01:34 -0700] "GET /wp-content/uploads/2011/07/Amway-Center-Orlando-Florida.jpg HTTP/1.1" 200 50147 "-" "RPT-HTTPClient/0.3-3"
72.21.217.32 - - [05/Aug/2011:20:01:34 -0700] "GET /wp-content/uploads/2011/07/Size-of-Amway-Center-with-Some-Parking.jpg HTTP/1.1" 200 625 "-" "RPT-HTTPClient/0.3-3"
72.21.217.32 - - [05/Aug/2011:20:01:34 -0700] "GET /wp-content/uploads/2011/07/downtown-bellevue-park.jpg HTTP/1.1" 200 136949 "-" "RPT-HTTPClient/0.3-3"
72.21.217.32 - - [05/Aug/2011:20:01:35 -0700] "GET /wp-content/uploads/2011/07/Dodge-Dealership.jpg HTTP/1.1" 200 163525 "-" "RPT-HTTPClient/0.3-3"
72.21.217.32 - - [05/Aug/2011:20:01:35 -0700] "GET /wp-content/uploads/2011/07/Safeway.jpg HTTP/1.1" 200 113322 "-" "RPT-HTTPClient/0.3-3"
72.21.217.32 - - [05/Aug/2011:20:01:35 -0700] "GET /wp-content/uploads/2011/07/NCAA-Win-Percentage.jpg HTTP/1.1" 200 27439 "-" "RPT-HTTPClient/0.3-3"
72.21.217.32 - - [05/Aug/2011:20:01:35 -0700] "GET /wp-content/uploads/2011/07/NCAA-Close-Game-Win-Percentage.jpg HTTP/1.1" 200 30700 "-" "RPT-HTTPClient/0.3-3"
72.21.217.32 - - [05/Aug/2011:20:01:35 -0700] "GET /wp-content/uploads/2011/07/Win-percentage-correlation.jpg HTTP/1.1" 200 28564 "-" "RPT-HTTPClient/0.3-3"
72.21.217.32 - - [05/Aug/2011:20:01:36 -0700] "GET /wp-content/uploads/2011/07/Close-Game-extra-wins.jpg HTTP/1.1" 200 23896 "-" "RPT-HTTPClient/0.3-3"
72.21.217.32 - - [05/Aug/2011:20:01:36 -0700] "GET /wp-content/uploads/2011/07/Close-Game-wins.jpg HTTP/1.1" 200 22396 "-" "RPT-HTTPClient/0.3-3"
72.21.217.32 - - [05/Aug/2011:20:01:36 -0700] "GET /wp-content/uploads/2011/07/Combined-win-percentage.jpg HTTP/1.1" 200 20671 "-" "RPT-HTTPClient/0.3-3"
72.21.217.32 - - [05/Aug/2011:20:01:36 -0700] "GET /wp-content/uploads/2011/07/Marymoor-Park-Sign.jpg HTTP/1.1" 200 353951 "-" "RPT-HTTPClient/0.3-3"
72.21.217.32 - - [05/Aug/2011:20:01:37 -0700] "GET /wp-content/uploads/2011/06/win-percentage.jpg HTTP/1.1" 200 25585 "-" "RPT-HTTPClient/0.3-3"
72.21.217.32 - - [05/Aug/2011:20:01:37 -0700] "GET /wp-content/uploads/2011/06/Adjusted-wins.jpg HTTP/1.1" 200 30873 "-" "RPT-HTTPClient/0.3-3"
72.21.217.32 - - [05/Aug/2011:20:01:37 -0700] "GET /wp-content/uploads/2011/06/mlb-leader-table.jpg HTTP/1.1" 200 26990 "-" "RPT-HTTPClient/0.3-3"
173.53.77.151 - - [05/Aug/2011:20:06:39 -0700] "GET / HTTP/1.1" 200 18212 "-" "Reeder/1.5.0 CFNetwork/485.13.9 Darwin/11.0.0"
173.53.77.151 - - [05/Aug/2011:20:06:41 -0700] "GET /favicon.ico HTTP/1.1" 200 276 "-" "Reeder/1.5.0 CFNetwork/485.13.9 Darwin/11.0.0"
173.53.77.151 - - [05/Aug/2011:20:06:41 -0700] "GET / HTTP/1.1" 200 18247 "-" "Reeder/1.5.0 CFNetwork/485.13.9 Darwin/11.0.0"
173.53.77.151 - - [05/Aug/2011:20:06:42 -0700] "GET /apple-touch-icon.png HTTP/1.1" 200 6620 "-" "Reeder/1.5.0 CFNetwork/485.13.9 Darwin/11.0.0"
173.53.77.151 - - [05/Aug/2011:20:06:44 -0700] "GET /apple-touch-icon-precomposed.png HTTP/1.1" 200 6620 "-" "Reeder/1.5.0 CFNetwork/485.13.9 Darwin/11.0.0"
123.125.71.39 - - [05/Aug/2011:20:06:50 -0700] "GET / HTTP/1.1" 200 18211 "-" "Mozilla/5.0 (compatible; Baiduspider/2.0; +http://www.baidu.com/search/spider.html)"
87.250.255.242 - - [05/Aug/2011:20:07:05 -0700] "GET /baseball-quiz/ HTTP/1.1" 200 8119 "-" "Mozilla/5.0 (compatible; YandexBot/3.0; +http://yandex.com/bots)"
209.171.42.71 - - [05/Aug/2011:20:07:28 -0700] "GET /feed HTTP/1.1" 200 439 "-" "Mozilla/5.0 (compatible; BlogScope/1.0; +http://www.blogscope.net/; U of Toronto)"
209.171.42.71 - - [05/Aug/2011:20:07:30 -0700] "GET /feed/ HTTP/1.1" 200 9357 "-" "Mozilla/5.0 (compatible; BlogScope/1.0; +http://www.blogscope.net/; U of Toronto)"
87.250.255.242 - - [05/Aug/2011:20:16:07 -0700] "GET /free-kindle-to-amazon-prime-subscribers-good-idea-but-will-it-be-profitable/ HTTP/1.1" 200 9472 "-" "Mozilla/5.0 (compatible; YandexBot/3.0; +http://yandex.com/bots)"
174.37.205.68 - - [05/Aug/2011:20:19:15 -0700] "GET / HTTP/1.1" 200 18208 "-" "Mozilla/5.0 (X11; U; Linux x86_64; en-US; rv:1.9.0.19; aggregator:Spinn3r (Spinn3r 3.1); http://spinn3r.com/robot) Gecko/2010040121 Firefox/3.0.19"
128.242.249.13 - - [05/Aug/2011:20:21:22 -0700] "GET /feed/ HTTP/1.1" 200 35946 "-" "TwitterFeed 3"
67.195.115.58 - - [05/Aug/2011:20:21:49 -0700] "GET /seahawks-training-camp-notes/ HTTP/1.0" 200 8721 "http://www.pacificnorthwestcoastbias.com/twitter-weekly-updates-for-2010-08-08/" "Mozilla/5.0 (compatible; Yahoo! Slurp; http://help.yahoo.com/help/us/ysearch/slurp)"
64.134.230.108 - - [05/Aug/2011:20:23:13 -0700] "GET /favicon.ico HTTP/1.1" 200 277 "-" "Mozilla/5.0 (Macintosh; U; Intel Mac OS X 10.6; en-US; rv:1.9.2.19) Gecko/20110707 Firefox/3.6.19"
87.250.255.242 - - [05/Aug/2011:20:25:10 -0700] "GET /category/social-media/ HTTP/1.1" 200 12572 "-" "Mozilla/5.0 (compatible; YandexBot/3.0; +http://yandex.com/bots)"
64.94.66.97 - - [05/Aug/2011:20:26:29 -0700] "GET /comments/feed/ HTTP/1.0" 200 3365 "-" "Moreoverbot/5.1 (+http://w.moreover.com; webmaster@moreover.com) Mozilla/5.0"
72.21.217.32 - - [05/Aug/2011:20:31:06 -0700] "GET /feed HTTP/1.0" 200 439 "-" "RPT-HTTPClient/0.3-3"
72.21.217.32 - - [05/Aug/2011:20:31:07 -0700] "GET /feed/ HTTP/1.0" 200 35924 "-" "RPT-HTTPClient/0.3-3"
209.171.42.71 - - [05/Aug/2011:20:31:09 -0700] "GET /feed HTTP/1.1" 200 439 "-" "Mozilla/5.0 (compatible; BlogScope/1.0; +http://www.blogscope.net/; U of Toronto)"
209.171.42.71 - - [05/Aug/2011:20:31:10 -0700] "GET /feed/ HTTP/1.1" 200 9357 "-" "Mozilla/5.0 (compatible; BlogScope/1.0; +http://www.blogscope.net/; U of Toronto)"
195.43.189.232 - - [05/Aug/2011:20:39:24 -0700] "HEAD /feed/ HTTP/1.1" 200 290 "-" "Mozilla/4.0 (compatible; MSIE 4.0; MSIECrawler; Windows 95)"
69.163.231.33 - - [05/Aug/2011:20:41:12 -0700] "POST /wp-cron.php?doing_wp_cron HTTP/1.0" 200 158 "-" "WordPress/3.1.4; http://www.pacificnorthwestcoastbias.com"
67.195.115.58 - - [05/Aug/2011:20:41:11 -0700] "GET /great-marketing-zeeks-pizza-incorporates-google-maps-on-mailer/ HTTP/1.0" 200 8160 "-" "Mozilla/5.0 (compatible; Yahoo! Slurp; http://help.yahoo.com/help/us/ysearch/slurp)"
209.85.238.86 - - [05/Aug/2011:20:41:20 -0700] "GET /feed/ HTTP/1.1" 200 9357 "-" "Feedfetcher-Google; (+http://www.google.com/feedfetcher.html; 12 subscribers; feed-id=11769849069241211122)"
87.250.255.242 - - [05/Aug/2011:20:43:19 -0700] "GET /hipsters-a-venn-diagram/ HTTP/1.1" 200 9022 "-" "Mozilla/5.0 (compatible; YandexBot/3.0; +http://yandex.com/bots)"
38.101.148.126 - - [05/Aug/2011:20:44:20 -0700] "GET /robots.txt HTTP/1.1" 200 367 "-" "Mozilla/5.0 (compatible; discobot/1.1; +http://discoveryengine.com/discobot.html)"
74.110.189.40 - - [05/Aug/2011:20:44:30 -0700] "GET / HTTP/1.1" 200 18245 "-" "Reeder/1.5.0 CFNetwork/485.13.9 Darwin/11.0.0"
74.110.189.40 - - [05/Aug/2011:20:44:31 -0700] "GET /favicon.ico HTTP/1.1" 200 276 "-" "Reeder/1.5.0 CFNetwork/485.13.9 Darwin/11.0.0"
74.110.189.40 - - [05/Aug/2011:20:44:32 -0700] "GET / HTTP/1.1" 200 18244 "-" "Reeder/1.5.0 CFNetwork/485.13.9 Darwin/11.0.0"
74.110.189.40 - - [05/Aug/2011:20:44:33 -0700] "GET /apple-touch-icon.png HTTP/1.1" 200 6620 "-" "Reeder/1.5.0 CFNetwork/485.13.9 Darwin/11.0.0"
74.110.189.40 - - [05/Aug/2011:20:44:34 -0700] "GET /apple-touch-icon-precomposed.png HTTP/1.1" 200 6620 "-" "Reeder/1.5.0 CFNetwork/485.13.9 Darwin/11.0.0"
173.192.238.48 - - [05/Aug/2011:20:49:23 -0700] "GET / HTTP/1.1" 200 18211 "-" "Mozilla/5.0 (X11; U; Linux x86_64; en-US; rv:1.9.0.19; aggregator:Spinn3r (Spinn3r 3.1); http://spinn3r.com/robot) Gecko/2010040121 Firefox/3.0.19"
1.202.218.3 - - [05/Aug/2011:20:51:17 -0700] "GET /robots.txt HTTP/1.0" 200 317 "-" "Mozilla/5.0 ()"
69.163.231.33 - - [05/Aug/2011:20:51:19 -0700] "POST /wp-cron.php?doing_wp_cron HTTP/1.0" 200 158 "-" "WordPress/3.1.4; http://www.pacificnorthwestcoastbias.com"
188.65.96.106 - - [05/Aug/2011:20:51:53 -0700] "GET /feed/ HTTP/1.1" 200 36006 "-" "-"
87.250.255.242 - - [05/Aug/2011:20:52:19 -0700] "GET /celebrity-apprentice-questions/ HTTP/1.1" 200 8893 "-" "Mozilla/5.0 (compatible; YandexBot/3.0; +http://yandex.com/bots)"
75.101.241.81 - - [05/Aug/2011:20:56:09 -0700] "GET /feed/ HTTP/1.1" 200 35946 "-" "-"
75.101.241.81 - - [05/Aug/2011:20:56:10 -0700] "GET /feed/ HTTP/1.1" 200 9302 "-" "Mozilla/5.0 (X11; U; Linux i686; en-US; aggregator:Outside.in; http://outside.in)"
67.195.115.58 - - [05/Aug/2011:20:56:09 -0700] "GET /lending-club-no-deadbeats-yet/ HTTP/1.0" 200 9224 "-" "Mozilla/5.0 (compatible; Yahoo! Slurp; http://help.yahoo.com/help/us/ysearch/slurp)"
94.23.245.151 - - [05/Aug/2011:21:01:01 -0700] "GET /comments/feed/ HTTP/1.0" 200 12242 "-" "-"
72.21.217.32 - - [05/Aug/2011:21:01:06 -0700] "GET /feed HTTP/1.0" 200 439 "-" "RPT-HTTPClient/0.3-3"
72.21.217.32 - - [05/Aug/2011:21:01:07 -0700] "GET /feed/ HTTP/1.0" 200 35924 "-" "RPT-HTTPClient/0.3-3"
87.250.255.242 - - [05/Aug/2011:21:01:21 -0700] "GET /mlb-how-is-a-baseball-teams-spring-training-record-correlated-with-their-regular-season-finish/ HTTP/1.1" 200 8986 "-" "Mozilla/5.0 (compatible; YandexBot/3.0; +http://yandex.com/bots)"
69.163.231.33 - - [05/Aug/2011:21:01:22 -0700] "POST /wp-cron.php?doing_wp_cron HTTP/1.0" 200 158 "-" "WordPress/3.1.4; http://www.pacificnorthwestcoastbias.com"
72.21.217.64 - - [05/Aug/2011:21:01:30 -0700] "GET /feed HTTP/1.1" 200 383 "-" "RPT-HTTPClient/0.3-3"
72.21.217.64 - - [05/Aug/2011:21:01:31 -0700] "GET /feed/ HTTP/1.1" 200 35946 "-" "RPT-HTTPClient/0.3-3"
72.21.217.65 - - [05/Aug/2011:21:01:35 -0700] "GET /wp-content/uploads/2011/07/Community-Minded-1024x575.jpg HTTP/1.1" 200 127529 "-" "RPT-HTTPClient/0.3-3"
72.21.217.65 - - [05/Aug/2011:21:01:36 -0700] "GET /wp-content/uploads/2011/07/Innings-Pitched-All-Star-Game.jpg HTTP/1.1" 200 34923 "-" "RPT-HTTPClient/0.3-3"
72.21.217.65 - - [05/Aug/2011:21:01:36 -0700] "GET /wp-content/uploads/2011/07/Amway-Center-Orlando-Florida.jpg HTTP/1.1" 200 50147 "-" "RPT-HTTPClient/0.3-3"
72.21.217.65 - - [05/Aug/2011:21:01:36 -0700] "GET /wp-content/uploads/2011/07/Size-of-Amway-Center-with-Some-Parking.jpg HTTP/1.1" 200 625 "-" "RPT-HTTPClient/0.3-3"
72.21.217.65 - - [05/Aug/2011:21:01:36 -0700] "GET /wp-content/uploads/2011/07/downtown-bellevue-park.jpg HTTP/1.1" 200 136949 "-" "RPT-HTTPClient/0.3-3"
72.21.217.65 - - [05/Aug/2011:21:01:37 -0700] "GET /wp-content/uploads/2011/07/Dodge-Dealership.jpg HTTP/1.1" 200 163525 "-" "RPT-HTTPClient/0.3-3"
72.21.217.65 - - [05/Aug/2011:21:01:37 -0700] "GET /wp-content/uploads/2011/07/Safeway.jpg HTTP/1.1" 200 113322 "-" "RPT-HTTPClient/0.3-3"
72.21.217.65 - - [05/Aug/2011:21:01:37 -0700] "GET /wp-content/uploads/2011/07/NCAA-Win-Percentage.jpg HTTP/1.1" 200 27439 "-" "RPT-HTTPClient/0.3-3"
72.21.217.65 - - [05/Aug/2011:21:01:37 -0700] "GET /wp-content/uploads/2011/07/NCAA-Close-Game-Win-Percentage.jpg HTTP/1.1" 200 30700 "-" "RPT-HTTPClient/0.3-3"
72.21.217.65 - - [05/Aug/2011:21:01:37 -0700] "GET /wp-content/uploads/2011/07/Win-percentage-correlation.jpg HTTP/1.1" 200 28564 "-" "RPT-HTTPClient/0.3-3"
72.21.217.65 - - [05/Aug/2011:21:01:37 -0700] "GET /wp-content/uploads/2011/07/Close-Game-extra-wins.jpg HTTP/1.1" 200 23896 "-" "RPT-HTTPClient/0.3-3"
72.21.217.65 - - [05/Aug/2011:21:01:38 -0700] "GET /wp-content/uploads/2011/07/Close-Game-wins.jpg HTTP/1.1" 200 22396 "-" "RPT-HTTPClient/0.3-3"
72.21.217.65 - - [05/Aug/2011:21:01:38 -0700] "GET /wp-content/uploads/2011/07/Combined-win-percentage.jpg HTTP/1.1" 200 20671 "-" "RPT-HTTPClient/0.3-3"
72.21.217.65 - - [05/Aug/2011:21:01:38 -0700] "GET /wp-content/uploads/2011/07/Marymoor-Park-Sign.jpg HTTP/1.1" 200 353951 "-" "RPT-HTTPClient/0.3-3"
72.21.217.65 - - [05/Aug/2011:21:01:38 -0700] "GET /wp-content/uploads/2011/06/win-percentage.jpg HTTP/1.1" 200 25585 "-" "RPT-HTTPClient/0.3-3"
72.21.217.65 - - [05/Aug/2011:21:01:38 -0700] "GET /wp-content/uploads/2011/06/Adjusted-wins.jpg HTTP/1.1" 200 30873 "-" "RPT-HTTPClient/0.3-3"
72.21.217.65 - - [05/Aug/2011:21:01:39 -0700] "GET /wp-content/uploads/2011/06/mlb-leader-table.jpg HTTP/1.1" 200 26990 "-" "RPT-HTTPClient/0.3-3"
110.234.114.49 - - [05/Aug/2011:21:04:16 -0700] "GET /robots.txt HTTP/1.0" 200 367 "-" "quickobot/quickobot-1 (Quicko Labs; http://quicko.co; robot at quicko dot co)"
110.234.114.49 - - [05/Aug/2011:21:04:17 -0700] "GET /initial-thoughts-on-google-buzz/ HTTP/1.0" 200 8543 "-" "quickobot/quickobot-1 (Quicko Labs; http://quicko.co; robot at quicko dot co)"
110.234.114.49 - - [05/Aug/2011:21:04:20 -0700] "GET /sitemap.xml.gz HTTP/1.0" 200 7386 "-" "quickobot/quickobot-1 (Quicko Labs; http://quicko.co; robot at quicko dot co)"
110.234.114.49 - - [05/Aug/2011:21:04:51 -0700] "GET /sitemap.xml HTTP/1.0" 200 55981 "-" "quickobot/quickobot-1 (Quicko Labs; http://quicko.co; robot at quicko dot co)"
94.228.34.229 - - [05/Aug/2011:21:05:02 -0700] "GET /who-is-going-to-make-the-baseball-hall-of-fame-based-on-current-trajectories/feed/ HTTP/1.1" 200 180 "-" "magpie-crawler/1.1 (U; Linux amd64; en-GB; +http://www.brandwatch.net)"
110.234.114.49 - - [05/Aug/2011:21:05:02 -0700] "GET /robots.txt HTTP/1.0" 200 367 "-" "quickobot/quickobot-1 (Quicko Labs; http://quicko.co; robot at quicko dot co)"
110.234.114.49 - - [05/Aug/2011:21:05:03 -0700] "GET /robots.txt HTTP/1.0" 200 367 "-" "quickobot/quickobot-1 (Quicko Labs; http://quicko.co; robot at quicko dot co)"
110.234.114.49 - - [05/Aug/2011:21:05:04 -0700] "GET /robots.txt HTTP/1.0" 200 367 "-" "quickobot/quickobot-1 (Quicko Labs; http://quicko.co; robot at quicko dot co)"
67.195.115.58 - - [05/Aug/2011:21:08:42 -0700] "GET /category/uncategorized/ HTTP/1.0" 200 7665 "-" "Mozilla/5.0 (compatible; Yahoo! Slurp; http://help.yahoo.com/help/us/ysearch/slurp)"
87.250.255.242 - - [05/Aug/2011:21:10:24 -0700] "GET /did-the-world-cup-cause-mls-attendance-to-increase-not-yet/ HTTP/1.1" 200 9489 "-" "Mozilla/5.0 (compatible; YandexBot/3.0; +http://yandex.com/bots)"
87.250.255.242 - - [05/Aug/2011:21:19:25 -0700] "GET /buy-a-share-of-facebook-through-sharespost/ HTTP/1.1" 200 8503 "-" "Mozilla/5.0 (compatible; YandexBot/3.0; +http://yandex.com/bots)"
173.192.238.34 - - [05/Aug/2011:21:19:28 -0700] "GET / HTTP/1.1" 200 18208 "-" "Mozilla/5.0 (X11; U; Linux x86_64; en-US; rv:1.9.0.19; aggregator:Spinn3r (Spinn3r 3.1); http://spinn3r.com/robot) Gecko/2010040121 Firefox/3.0.19"
209.171.42.71 - - [05/Aug/2011:21:19:54 -0700] "GET /feed HTTP/1.1" 200 439 "-" "Mozilla/5.0 (compatible; BlogScope/1.0; +http://www.blogscope.net/; U of Toronto)"
209.171.42.71 - - [05/Aug/2011:21:19:55 -0700] "GET /feed/ HTTP/1.1" 200 9358 "-" "Mozilla/5.0 (compatible; BlogScope/1.0; +http://www.blogscope.net/; U of Toronto)"
173.53.77.151 - - [05/Aug/2011:21:20:18 -0700] "GET / HTTP/1.1" 200 18245 "-" "Reeder/1.5.0 CFNetwork/485.13.9 Darwin/11.0.0"
173.53.77.151 - - [05/Aug/2011:21:20:19 -0700] "GET /favicon.ico HTTP/1.1" 200 277 "-" "Reeder/1.5.0 CFNetwork/485.13.9 Darwin/11.0.0"
173.53.77.151 - - [05/Aug/2011:21:20:19 -0700] "GET / HTTP/1.1" 200 18244 "-" "Reeder/1.5.0 CFNetwork/485.13.9 Darwin/11.0.0"
173.53.77.151 - - [05/Aug/2011:21:20:19 -0700] "GET /apple-touch-icon.png HTTP/1.1" 200 6620 "-" "Reeder/1.5.0 CFNetwork/485.13.9 Darwin/11.0.0"
69.163.231.33 - - [05/Aug/2011:21:20:20 -0700] "POST /wp-cron.php?doing_wp_cron HTTP/1.0" 200 158 "-" "WordPress/3.1.4; http://www.pacificnorthwestcoastbias.com"
173.53.77.151 - - [05/Aug/2011:21:20:21 -0700] "GET /apple-touch-icon-precomposed.png HTTP/1.1" 200 6620 "-" "Reeder/1.5.0 CFNetwork/485.13.9 Darwin/11.0.0"
123.125.71.103 - - [05/Aug/2011:21:22:36 -0700] "GET / HTTP/1.1" 200 16060 "-" "Mozilla/5.0 (compatible; Baiduspider/2.0; +http://www.baidu.com/search/spider.html)"
220.181.108.178 - - [05/Aug/2011:21:22:51 -0700] "GET / HTTP/1.1" 200 16060 "-" "Mozilla/5.0 (compatible; Baiduspider/2.0; +http://www.baidu.com/search/spider.html)"
128.242.249.13 - - [05/Aug/2011:21:26:16 -0700] "GET /feed/ HTTP/1.1" 200 35946 "-" "TwitterFeed 3"
87.250.255.242 - - [05/Aug/2011:21:28:26 -0700] "GET /where-your-tax-dollars-go/ HTTP/1.1" 200 8186 "-" "Mozilla/5.0 (compatible; YandexBot/3.0; +http://yandex.com/bots)"
72.21.217.32 - - [05/Aug/2011:21:31:06 -0700] "GET /feed HTTP/1.0" 200 439 "-" "RPT-HTTPClient/0.3-3"
72.21.217.32 - - [05/Aug/2011:21:31:07 -0700] "GET /feed/ HTTP/1.0" 200 35924 "-" "RPT-HTTPClient/0.3-3"
1.202.218.5 - - [05/Aug/2011:21:34:12 -0700] "GET /robots.txt HTTP/1.0" 200 317 "-" "Mozilla/5.0 ()"
69.163.231.33 - - [05/Aug/2011:21:34:12 -0700] "POST /wp-cron.php?doing_wp_cron HTTP/1.0" 200 158 "-" "WordPress/3.1.4; http://www.pacificnorthwestcoastbias.com"
61.135.249.250 - - [05/Aug/2011:21:36:25 -0700] "GET / HTTP/1.1" 200 18081 "-" "Mozilla/5.0 (compatible; YodaoBot/1.0; http://www.yodao.com/help/webmaster/spider/; )"
209.85.238.86 - - [05/Aug/2011:21:37:00 -0700] "GET /feed/ HTTP/1.1" 200 9358 "-" "Feedfetcher-Google; (+http://www.google.com/feedfetcher.html; 12 subscribers; feed-id=11769849069241211122)"
75.101.247.128 - - [05/Aug/2011:21:39:36 -0700] "GET /feed/ HTTP/1.1" 200 9302 "-" "PostRank/2.0 (postrank.com; 1 subscribers)"
67.23.45.172 - - [05/Aug/2011:21:46:34 -0700] "GET /feed HTTP/1.1" 200 383 "http://pacificnorthwestcoastbias.com/feed" "SimplePie/1.1.3 (Feed Parser; http://simplepie.org; Allow like Gecko) Build/20081219"
