File: /home/samfetchero1/logs/pacificnorthwestcoastbias.com/http.13217231.bak/access.log
72.21.217.32 - - [05/Aug/2011:00:01:07 -0700] "GET /feed HTTP/1.0" 200 439 "-" "RPT-HTTPClient/0.3-3"
72.21.217.32 - - [05/Aug/2011:00:01:08 -0700] "GET /feed/ HTTP/1.0" 200 35924 "-" "RPT-HTTPClient/0.3-3"
72.21.217.96 - - [05/Aug/2011:00:01:33 -0700] "GET /feed HTTP/1.1" 200 383 "-" "RPT-HTTPClient/0.3-3"
72.21.217.96 - - [05/Aug/2011:00:01:36 -0700] "GET /feed/ HTTP/1.1" 200 35946 "-" "RPT-HTTPClient/0.3-3"
69.163.231.33 - - [05/Aug/2011:00:01:35 -0700] "POST /wp-cron.php?doing_wp_cron HTTP/1.0" 200 158 "-" "WordPress/3.1.4; http://www.pacificnorthwestcoastbias.com"
72.21.217.96 - - [05/Aug/2011:00:01:40 -0700] "GET /wp-content/uploads/2011/07/Community-Minded-1024x575.jpg HTTP/1.1" 200 127529 "-" "RPT-HTTPClient/0.3-3"
72.21.217.96 - - [05/Aug/2011:00:01:41 -0700] "GET /wp-content/uploads/2011/07/Innings-Pitched-All-Star-Game.jpg HTTP/1.1" 200 34923 "-" "RPT-HTTPClient/0.3-3"
72.21.217.96 - - [05/Aug/2011:00:01:41 -0700] "GET /wp-content/uploads/2011/07/Amway-Center-Orlando-Florida.jpg HTTP/1.1" 200 50147 "-" "RPT-HTTPClient/0.3-3"
72.21.217.96 - - [05/Aug/2011:00:01:41 -0700] "GET /wp-content/uploads/2011/07/Size-of-Amway-Center-with-Some-Parking.jpg HTTP/1.1" 200 625 "-" "RPT-HTTPClient/0.3-3"
72.21.217.96 - - [05/Aug/2011:00:01:41 -0700] "GET /wp-content/uploads/2011/07/downtown-bellevue-park.jpg HTTP/1.1" 200 136949 "-" "RPT-HTTPClient/0.3-3"
72.21.217.96 - - [05/Aug/2011:00:01:41 -0700] "GET /wp-content/uploads/2011/07/Dodge-Dealership.jpg HTTP/1.1" 200 163525 "-" "RPT-HTTPClient/0.3-3"
72.21.217.96 - - [05/Aug/2011:00:01:41 -0700] "GET /wp-content/uploads/2011/07/Safeway.jpg HTTP/1.1" 200 113322 "-" "RPT-HTTPClient/0.3-3"
72.21.217.96 - - [05/Aug/2011:00:01:42 -0700] "GET /wp-content/uploads/2011/07/NCAA-Win-Percentage.jpg HTTP/1.1" 200 27439 "-" "RPT-HTTPClient/0.3-3"
72.21.217.96 - - [05/Aug/2011:00:01:42 -0700] "GET /wp-content/uploads/2011/07/NCAA-Close-Game-Win-Percentage.jpg HTTP/1.1" 200 30700 "-" "RPT-HTTPClient/0.3-3"
72.21.217.96 - - [05/Aug/2011:00:01:42 -0700] "GET /wp-content/uploads/2011/07/Win-percentage-correlation.jpg HTTP/1.1" 200 28564 "-" "RPT-HTTPClient/0.3-3"
72.21.217.96 - - [05/Aug/2011:00:01:42 -0700] "GET /wp-content/uploads/2011/07/Close-Game-extra-wins.jpg HTTP/1.1" 200 23896 "-" "RPT-HTTPClient/0.3-3"
72.21.217.96 - - [05/Aug/2011:00:01:42 -0700] "GET /wp-content/uploads/2011/07/Close-Game-wins.jpg HTTP/1.1" 200 22396 "-" "RPT-HTTPClient/0.3-3"
72.21.217.96 - - [05/Aug/2011:00:01:42 -0700] "GET /wp-content/uploads/2011/07/Combined-win-percentage.jpg HTTP/1.1" 200 20671 "-" "RPT-HTTPClient/0.3-3"
72.21.217.96 - - [05/Aug/2011:00:01:42 -0700] "GET /wp-content/uploads/2011/07/Marymoor-Park-Sign.jpg HTTP/1.1" 200 353951 "-" "RPT-HTTPClient/0.3-3"
72.21.217.96 - - [05/Aug/2011:00:01:43 -0700] "GET /wp-content/uploads/2011/06/win-percentage.jpg HTTP/1.1" 200 25585 "-" "RPT-HTTPClient/0.3-3"
72.21.217.96 - - [05/Aug/2011:00:01:43 -0700] "GET /wp-content/uploads/2011/06/Adjusted-wins.jpg HTTP/1.1" 200 30873 "-" "RPT-HTTPClient/0.3-3"
72.21.217.96 - - [05/Aug/2011:00:01:43 -0700] "GET /wp-content/uploads/2011/06/mlb-leader-table.jpg HTTP/1.1" 200 26990 "-" "RPT-HTTPClient/0.3-3"
209.171.42.71 - - [05/Aug/2011:00:01:45 -0700] "GET /feed HTTP/1.1" 200 439 "-" "Mozilla/5.0 (compatible; BlogScope/1.0; +http://www.blogscope.net/; U of Toronto)"
209.171.42.71 - - [05/Aug/2011:00:01:46 -0700] "GET /feed/ HTTP/1.1" 200 9359 "-" "Mozilla/5.0 (compatible; BlogScope/1.0; +http://www.blogscope.net/; U of Toronto)"
119.63.196.46 - - [05/Aug/2011:00:05:28 -0700] "GET /robots.txt HTTP/1.1" 200 367 "-" "Baiduspider+(+http://www.baidu.com/search/spider.htm)"
173.192.238.44 - - [05/Aug/2011:00:11:32 -0700] "GET /feed/ HTTP/1.1" 200 9322 "-" "Mozilla/5.0 (X11; U; Linux x86_64; en-US; rv:1.9.0.19; aggregator:Spinn3r (Spinn3r 3.1); http://spinn3r.com/robot) Gecko/2010040121 Firefox/3.0.19"
174.37.205.92 - - [05/Aug/2011:00:13:58 -0700] "GET / HTTP/1.1" 200 18235 "-" "Mozilla/5.0 (X11; U; Linux x86_64; en-US; rv:1.9.0.19; aggregator:Spinn3r (Spinn3r 3.1); http://spinn3r.com/robot) Gecko/2010040121 Firefox/3.0.19"
38.101.148.126 - - [05/Aug/2011:00:21:05 -0700] "GET /wp-content/uploads/2011/03/Spring-Training-win-percentage.jpg HTTP/1.1" 200 29771 "-" "Mozilla/5.0 (compatible; discobot/1.1; +http://discoveryengine.com/discobot.html)"
66.249.67.216 - - [05/Aug/2011:00:26:57 -0700] "GET /hipsters-a-venn-diagram/ HTTP/1.1" 200 9057 "-" "Mozilla/5.0 (compatible; Googlebot/2.1; +http://www.google.com/bot.html)"
67.195.115.58 - - [05/Aug/2011:00:29:05 -0700] "GET /category/world-cup-2010/ HTTP/1.0" 200 15459 "-" "Mozilla/5.0 (compatible; Yahoo! Slurp; http://help.yahoo.com/help/us/ysearch/slurp)"
67.195.115.58 - - [05/Aug/2011:00:29:06 -0700] "GET /wp-content/themes/EmptyCanvas/style.css HTTP/1.0" 200 5899 "http://www.pacificnorthwestcoastbias.com/category/world-cup-2010/" "Mozilla/5.0 (compatible; Yahoo! Slurp; http://help.yahoo.com/help/us/ysearch/slurp)"
209.85.238.86 - - [05/Aug/2011:00:29:34 -0700] "GET /feed/ HTTP/1.1" 200 9359 "-" "Feedfetcher-Google; (+http://www.google.com/feedfetcher.html; 12 subscribers; feed-id=11769849069241211122)"
128.242.249.9 - - [05/Aug/2011:00:30:09 -0700] "GET /feed/ HTTP/1.1" 200 35946 "-" "TwitterFeed 3"
72.21.217.32 - - [05/Aug/2011:00:31:07 -0700] "GET /feed HTTP/1.0" 200 439 "-" "RPT-HTTPClient/0.3-3"
72.21.217.32 - - [05/Aug/2011:00:31:08 -0700] "GET /feed/ HTTP/1.0" 200 35924 "-" "RPT-HTTPClient/0.3-3"
69.163.231.33 - - [05/Aug/2011:00:31:49 -0700] "POST /wp-cron.php?doing_wp_cron HTTP/1.0" 200 158 "-" "WordPress/3.1.4; http://www.pacificnorthwestcoastbias.com"
66.249.67.216 - - [05/Aug/2011:00:31:48 -0700] "GET /category/social-media/page/2/ HTTP/1.1" 200 13064 "-" "Mozilla/5.0 (compatible; Googlebot/2.1; +http://www.google.com/bot.html)"
67.195.115.58 - - [05/Aug/2011:00:34:00 -0700] "GET /twitter-weekly-updates-for-2010-08-01/ HTTP/1.0" 200 8699 "-" "Mozilla/5.0 (compatible; Yahoo! Slurp; http://help.yahoo.com/help/us/ysearch/slurp)"
38.101.148.126 - - [05/Aug/2011:00:37:13 -0700] "GET /wp-content/uploads/2011/03/playoffs.jpg HTTP/1.1" 200 18650 "-" "Mozilla/5.0 (compatible; discobot/1.1; +http://discoveryengine.com/discobot.html)"
94.228.34.207 - - [05/Aug/2011:00:37:24 -0700] "GET /blog-home/feed/ HTTP/1.1" 200 180 "-" "magpie-crawler/1.1 (U; Linux amd64; en-GB; +http://www.brandwatch.net)"
66.249.67.216 - - [05/Aug/2011:00:39:05 -0700] "GET /world-cup-fantasy-league-update/ HTTP/1.1" 200 8606 "-" "Mozilla/5.0 (compatible; Googlebot/2.1; +http://www.google.com/bot.html)"
195.43.189.232 - - [05/Aug/2011:00:40:52 -0700] "HEAD /feed/ HTTP/1.1" 200 290 "-" "Mozilla/4.0 (compatible; MSIE 4.0; MSIECrawler; Windows 95)"
66.249.67.216 - - [05/Aug/2011:00:41:30 -0700] "GET /neil-roseman-says-focus-on-the-inputs-not-just-the-outputs/ HTTP/1.1" 200 9301 "-" "Mozilla/5.0 (compatible; Googlebot/2.1; +http://www.google.com/bot.html)"
174.37.205.92 - - [05/Aug/2011:00:41:39 -0700] "GET /feed/ HTTP/1.1" 200 9322 "-" "Mozilla/5.0 (X11; U; Linux x86_64; en-US; rv:1.9.0.19; aggregator:Spinn3r (Spinn3r 3.1); http://spinn3r.com/robot) Gecko/2010040121 Firefox/3.0.19"
174.37.205.92 - - [05/Aug/2011:00:44:01 -0700] "GET / HTTP/1.1" 200 18127 "-" "Mozilla/5.0 (X11; U; Linux x86_64; en-US; rv:1.9.0.19; aggregator:Spinn3r (Spinn3r 3.1); http://spinn3r.com/robot) Gecko/2010040121 Firefox/3.0.19"
94.228.34.209 - - [05/Aug/2011:00:44:13 -0700] "GET /another-reason-magazine-advertising-is-dying/feed/ HTTP/1.1" 200 180 "-" "magpie-crawler/1.1 (U; Linux amd64; en-GB; +http://www.brandwatch.net)"
94.228.34.209 - - [05/Aug/2011:00:44:14 -0700] "GET /its-el-nino-not-global-warming-driving-warm-weather-in-the-pacific-northwest/feed/ HTTP/1.1" 200 179 "-" "magpie-crawler/1.1 (U; Linux amd64; en-GB; +http://www.brandwatch.net)"
66.249.67.216 - - [05/Aug/2011:00:46:21 -0700] "GET /great-marketing-orbit-makes-me-want-to-buy-more-gum/ HTTP/1.1" 200 8415 "-" "Mozilla/5.0 (compatible; Googlebot/2.1; +http://www.google.com/bot.html)"
66.249.67.180 - - [05/Aug/2011:00:48:47 -0700] "GET /robots.txt HTTP/1.1" 200 404 "-" "Mozilla/5.0 (compatible; Googlebot/2.1; +http://www.google.com/bot.html)"
66.249.67.180 - - [05/Aug/2011:00:48:48 -0700] "GET / HTTP/1.1" 301 387 "-" "Mozilla/5.0 (compatible; Googlebot/2.1; +http://www.google.com/bot.html)"
66.249.67.216 - - [05/Aug/2011:00:48:49 -0700] "GET / HTTP/1.1" 200 18164 "-" "Mozilla/5.0 (compatible; Googlebot/2.1; +http://www.google.com/bot.html)"
66.249.67.216 - - [05/Aug/2011:00:51:13 -0700] "GET /bobby-bonilla-to-rejoin-the-mets-next-season/ HTTP/1.1" 200 8680 "-" "Mozilla/5.0 (compatible; Googlebot/2.1; +http://www.google.com/bot.html)"
67.202.17.115 - - [05/Aug/2011:00:51:14 -0700] "GET /feed/ HTTP/1.1" 200 35946 "-" "-"
67.202.17.115 - - [05/Aug/2011:00:51:15 -0700] "GET /feed/ HTTP/1.1" 200 9303 "-" "Mozilla/5.0 (X11; U; Linux i686; en-US; aggregator:Outside.in; http://outside.in)"
209.171.42.71 - - [05/Aug/2011:00:52:14 -0700] "GET /feed HTTP/1.1" 200 439 "-" "Mozilla/5.0 (compatible; BlogScope/1.0; +http://www.blogscope.net/; U of Toronto)"
209.171.42.71 - - [05/Aug/2011:00:52:15 -0700] "GET /feed/ HTTP/1.1" 200 9359 "-" "Mozilla/5.0 (compatible; BlogScope/1.0; +http://www.blogscope.net/; U of Toronto)"
66.249.67.216 - - [05/Aug/2011:00:53:38 -0700] "GET /twitter-weekly-updates-for-2010-06-06/ HTTP/1.1" 200 8638 "-" "Mozilla/5.0 (compatible; Googlebot/2.1; +http://www.google.com/bot.html)"
69.163.231.33 - - [05/Aug/2011:00:53:38 -0700] "POST /wp-cron.php?doing_wp_cron HTTP/1.0" 200 158 "-" "WordPress/3.1.4; http://www.pacificnorthwestcoastbias.com"
66.249.67.216 - - [05/Aug/2011:00:56:04 -0700] "GET /in-fantasy-football-its-all-about-the-end-of-the-draft/ HTTP/1.1" 200 9099 "-" "Mozilla/5.0 (compatible; Googlebot/2.1; +http://www.google.com/bot.html)"
94.228.34.207 - - [05/Aug/2011:00:59:33 -0700] "GET /in-fantasy-football-its-all-about-the-end-of-the-draft/feed/ HTTP/1.1" 200 180 "-" "magpie-crawler/1.1 (U; Linux amd64; en-GB; +http://www.brandwatch.net)"
94.228.34.207 - - [05/Aug/2011:00:59:34 -0700] "GET /whos-most-under-ratedover-rated-in-college-football/feed/ HTTP/1.1" 200 179 "-" "magpie-crawler/1.1 (U; Linux amd64; en-GB; +http://www.brandwatch.net)"
119.63.196.38 - - [05/Aug/2011:01:00:41 -0700] "GET /are-close-college-football-wins-correlated-with-winning-programs/ HTTP/1.1" 200 9609 "-" "Mozilla/5.0 (compatible; Baiduspider/2.0; +http://www.baidu.com/search/spider.html)"
66.249.67.216 - - [05/Aug/2011:01:00:55 -0700] "GET /nfl-draft-prediction-rankings%22%3E HTTP/1.1" 200 6640 "-" "Mozilla/5.0 (compatible; Googlebot/2.1; +http://www.google.com/bot.html)"
72.21.217.32 - - [05/Aug/2011:01:01:06 -0700] "GET /feed HTTP/1.0" 200 439 "-" "RPT-HTTPClient/0.3-3"
72.21.217.32 - - [05/Aug/2011:01:01:07 -0700] "GET /feed/ HTTP/1.0" 200 35928 "-" "RPT-HTTPClient/0.3-3"
94.228.34.209 - - [05/Aug/2011:01:01:23 -0700] "GET /nfl-draft-prediction-rankings/feed/ HTTP/1.1" 200 180 "-" "magpie-crawler/1.1 (U; Linux amd64; en-GB; +http://www.brandwatch.net)"
72.21.217.64 - - [05/Aug/2011:01:01:25 -0700] "GET /feed HTTP/1.1" 200 383 "-" "RPT-HTTPClient/0.3-3"
72.21.217.64 - - [05/Aug/2011:01:01:25 -0700] "GET /feed/ HTTP/1.1" 200 35946 "-" "RPT-HTTPClient/0.3-3"
72.21.217.64 - - [05/Aug/2011:01:01:30 -0700] "GET /wp-content/uploads/2011/07/Community-Minded-1024x575.jpg HTTP/1.1" 200 127529 "-" "RPT-HTTPClient/0.3-3"
72.21.217.64 - - [05/Aug/2011:01:01:31 -0700] "GET /wp-content/uploads/2011/07/Innings-Pitched-All-Star-Game.jpg HTTP/1.1" 200 34923 "-" "RPT-HTTPClient/0.3-3"
72.21.217.64 - - [05/Aug/2011:01:01:31 -0700] "GET /wp-content/uploads/2011/07/Amway-Center-Orlando-Florida.jpg HTTP/1.1" 200 50147 "-" "RPT-HTTPClient/0.3-3"
72.21.217.64 - - [05/Aug/2011:01:01:31 -0700] "GET /wp-content/uploads/2011/07/Size-of-Amway-Center-with-Some-Parking.jpg HTTP/1.1" 200 625 "-" "RPT-HTTPClient/0.3-3"
72.21.217.64 - - [05/Aug/2011:01:01:31 -0700] "GET /wp-content/uploads/2011/07/downtown-bellevue-park.jpg HTTP/1.1" 200 136949 "-" "RPT-HTTPClient/0.3-3"
72.21.217.64 - - [05/Aug/2011:01:01:31 -0700] "GET /wp-content/uploads/2011/07/Dodge-Dealership.jpg HTTP/1.1" 200 163525 "-" "RPT-HTTPClient/0.3-3"
72.21.217.64 - - [05/Aug/2011:01:01:32 -0700] "GET /wp-content/uploads/2011/07/Safeway.jpg HTTP/1.1" 200 113322 "-" "RPT-HTTPClient/0.3-3"
72.21.217.64 - - [05/Aug/2011:01:01:32 -0700] "GET /wp-content/uploads/2011/07/NCAA-Win-Percentage.jpg HTTP/1.1" 200 27439 "-" "RPT-HTTPClient/0.3-3"
72.21.217.64 - - [05/Aug/2011:01:01:32 -0700] "GET /wp-content/uploads/2011/07/NCAA-Close-Game-Win-Percentage.jpg HTTP/1.1" 200 30700 "-" "RPT-HTTPClient/0.3-3"
72.21.217.64 - - [05/Aug/2011:01:01:32 -0700] "GET /wp-content/uploads/2011/07/Win-percentage-correlation.jpg HTTP/1.1" 200 28564 "-" "RPT-HTTPClient/0.3-3"
72.21.217.64 - - [05/Aug/2011:01:01:32 -0700] "GET /wp-content/uploads/2011/07/Close-Game-extra-wins.jpg HTTP/1.1" 200 23896 "-" "RPT-HTTPClient/0.3-3"
72.21.217.64 - - [05/Aug/2011:01:01:32 -0700] "GET /wp-content/uploads/2011/07/Close-Game-wins.jpg HTTP/1.1" 200 22396 "-" "RPT-HTTPClient/0.3-3"
72.21.217.64 - - [05/Aug/2011:01:01:32 -0700] "GET /wp-content/uploads/2011/07/Combined-win-percentage.jpg HTTP/1.1" 200 20671 "-" "RPT-HTTPClient/0.3-3"
72.21.217.64 - - [05/Aug/2011:01:01:32 -0700] "GET /wp-content/uploads/2011/07/Marymoor-Park-Sign.jpg HTTP/1.1" 200 353951 "-" "RPT-HTTPClient/0.3-3"
72.21.217.64 - - [05/Aug/2011:01:01:33 -0700] "GET /wp-content/uploads/2011/06/win-percentage.jpg HTTP/1.1" 200 25585 "-" "RPT-HTTPClient/0.3-3"
72.21.217.64 - - [05/Aug/2011:01:01:33 -0700] "GET /wp-content/uploads/2011/06/Adjusted-wins.jpg HTTP/1.1" 200 30873 "-" "RPT-HTTPClient/0.3-3"
72.21.217.64 - - [05/Aug/2011:01:01:33 -0700] "GET /wp-content/uploads/2011/06/mlb-leader-table.jpg HTTP/1.1" 200 26990 "-" "RPT-HTTPClient/0.3-3"
207.46.195.225 - - [05/Aug/2011:01:02:36 -0700] "GET /robots.txt HTTP/1.1" 200 386 "-" "Mozilla/5.0 (compatible; bingbot/2.0; +http://www.bing.com/bingbot.htm)"
66.249.67.216 - - [05/Aug/2011:01:03:20 -0700] "GET /what-are-the-chances-of-3-perfect-games-occuring-in-one-season/ HTTP/1.1" 200 8676 "-" "Mozilla/5.0 (compatible; Googlebot/2.1; +http://www.google.com/bot.html)"
207.46.195.225 - - [05/Aug/2011:01:03:25 -0700] "GET /category/sports/ HTTP/1.1" 200 19847 "-" "Mozilla/5.0 (compatible; bingbot/2.0; +http://www.bing.com/bingbot.htm)"
66.249.67.180 - - [05/Aug/2011:01:05:46 -0700] "GET /initial-thoughts-on-greatland HTTP/1.1" 200 418 "-" "Mozilla/5.0 (compatible; Googlebot/2.1; +http://www.google.com/bot.html)"
66.249.67.216 - - [05/Aug/2011:01:05:47 -0700] "GET /initial-thoughts-on-greatland/ HTTP/1.1" 200 10463 "-" "Mozilla/5.0 (compatible; Googlebot/2.1; +http://www.google.com/bot.html)"
85.88.36.4 - - [05/Aug/2011:01:07:55 -0700] "GET /robots.txt HTTP/1.0" 200 367 "-" "Attentio/Nutch-0.9-dev (Attentio's beta blog crawler; www.attentio.com; info@attentio.com)"
85.88.36.4 - - [05/Aug/2011:01:07:57 -0700] "GET /feed HTTP/1.0" 200 429 "-" "Attentio/Nutch-0.9-dev (Attentio's beta blog crawler; www.attentio.com; info@attentio.com)"
67.195.115.58 - - [05/Aug/2011:01:08:17 -0700] "GET /category/quiz/ HTTP/1.0" 200 9166 "-" "Mozilla/5.0 (compatible; Yahoo! Slurp; http://help.yahoo.com/help/us/ysearch/slurp)"
46.251.227.3 - - [05/Aug/2011:01:09:04 -0700] "GET /nfl-draft-prediction-rankings/comment-page-1/ HTTP/1.0" 200 46730 "http://www.pacificnorthwestcoastbias.com/nfl-draft-prediction-rankings/comment-page-1/" "Mozilla/4.0 (compatible; MSIE 6.0; Windows 98; Win 9x 4.90)"
46.251.227.3 - - [05/Aug/2011:01:09:06 -0700] "GET /nfl-draft-prediction-rankings/comment-page-1/ HTTP/1.0" 200 358 "http://pacificnorthwestcoastbias.com/nfl-draft-prediction-rankings/comment-page-1/" "Mozilla/4.0 (compatible; MSIE 6.0; Windows 98; Win 9x 4.90)"
46.251.227.3 - - [05/Aug/2011:01:09:08 -0700] "GET /nfl-draft-prediction-rankings/comment-page-1/index.php HTTP/1.0" 200 46705 "http://www.pacificnorthwestcoastbias.com/nfl-draft-prediction-rankings/comment-page-1/index.php" "Mozilla/4.0 (compatible; MSIE 6.0; Windows 98; Win 9x 4.90)"
46.251.227.3 - - [05/Aug/2011:01:09:09 -0700] "GET /nfl-draft-prediction-rankings/comment-page-1/ HTTP/1.0" 200 46730 "http://www.pacificnorthwestcoastbias.com/nfl-draft-prediction-rankings/comment-page-1/" "Mozilla/4.0 (compatible; MSIE 6.0; Windows 98; Win 9x 4.90)"
69.163.231.33 - - [05/Aug/2011:01:10:37 -0700] "POST /wp-cron.php?doing_wp_cron HTTP/1.0" 200 158 "-" "WordPress/3.1.4; http://www.pacificnorthwestcoastbias.com"
66.249.67.216 - - [05/Aug/2011:01:10:37 -0700] "GET /will-the-rate-of-concussions-increase-if-the-nfl-extends-the-season-to-18-games/ HTTP/1.1" 200 10889 "-" "Mozilla/5.0 (compatible; Googlebot/2.1; +http://www.google.com/bot.html)"
1.202.219.4 - - [05/Aug/2011:01:12:02 -0700] "GET /robots.txt HTTP/1.0" 200 317 "-" "Mozilla/5.0 ()"
174.37.205.92 - - [05/Aug/2011:01:13:12 -0700] "GET /feed/ HTTP/1.1" 200 9319 "-" "Mozilla/5.0 (X11; U; Linux x86_64; en-US; rv:1.9.0.19; aggregator:Spinn3r (Spinn3r 3.1); http://spinn3r.com/robot) Gecko/2010040121 Firefox/3.0.19"
1.202.219.3 - - [05/Aug/2011:01:13:46 -0700] "GET /robots.txt HTTP/1.0" 200 317 "-" "Mozilla/5.0 ()"
173.192.238.48 - - [05/Aug/2011:01:14:10 -0700] "GET / HTTP/1.1" 200 18127 "-" "Mozilla/5.0 (X11; U; Linux x86_64; en-US; rv:1.9.0.19; aggregator:Spinn3r (Spinn3r 3.1); http://spinn3r.com/robot) Gecko/2010040121 Firefox/3.0.19"
94.228.34.229 - - [05/Aug/2011:01:16:18 -0700] "GET /hot-tub-time-machine-64-copies-now-available-at-king-county-libraries/feed/ HTTP/1.1" 200 180 "-" "magpie-crawler/1.1 (U; Linux amd64; en-GB; +http://www.brandwatch.net)"
66.249.67.216 - - [05/Aug/2011:01:17:54 -0700] "GET /hipsters-a-venn-diagram/comment-page-1/ HTTP/1.1" 200 9057 "-" "Mozilla/5.0 (compatible; Googlebot/2.1; +http://www.google.com/bot.html)"
66.249.67.216 - - [05/Aug/2011:01:20:19 -0700] "GET /where-to-build-an-nba-arena-in-bellevue/ HTTP/1.1" 200 10053 "-" "Mozilla/5.0 (compatible; Googlebot/2.1; +http://www.google.com/bot.html)"
209.85.238.86 - - [05/Aug/2011:01:21:05 -0700] "GET /feed/ HTTP/1.1" 200 9356 "-" "Feedfetcher-Google; (+http://www.google.com/feedfetcher.html; 12 subscribers; feed-id=11769849069241211122)"
70.37.130.8 - - [05/Aug/2011:01:22:35 -0700] "GET /wp-content/uploads/2010/03/Hipsters.jpg HTTP/1.1" 200 47961 "-" "-"
209.171.42.71 - - [05/Aug/2011:01:22:39 -0700] "GET /feed HTTP/1.1" 200 439 "-" "Mozilla/5.0 (compatible; BlogScope/1.0; +http://www.blogscope.net/; U of Toronto)"
209.171.42.71 - - [05/Aug/2011:01:22:41 -0700] "GET /feed/ HTTP/1.1" 200 9356 "-" "Mozilla/5.0 (compatible; BlogScope/1.0; +http://www.blogscope.net/; U of Toronto)"
66.249.67.216 - - [05/Aug/2011:01:22:45 -0700] "GET /geography-quiz-time/comment-page-1/ HTTP/1.1" 200 9289 "-" "Mozilla/5.0 (compatible; Googlebot/2.1; +http://www.google.com/bot.html)"
66.249.67.216 - - [05/Aug/2011:01:25:10 -0700] "GET /hitters-called-inconsistant-actually-hit-for-the-bell-curve/ HTTP/1.1" 200 8713 "-" "Mozilla/5.0 (compatible; Googlebot/2.1; +http://www.google.com/bot.html)"
69.163.231.33 - - [05/Aug/2011:01:25:11 -0700] "POST /wp-cron.php?doing_wp_cron HTTP/1.0" 200 158 "-" "WordPress/3.1.4; http://www.pacificnorthwestcoastbias.com"
184.72.185.131 - - [05/Aug/2011:01:29:59 -0700] "GET /feed/ HTTP/1.1" 200 9300 "-" "PostRank/2.0 (postrank.com; 1 subscribers)"
66.249.67.216 - - [05/Aug/2011:01:30:02 -0700] "GET /league-standings-look-a-lot-different-when-normalized-for-1-run-games/ HTTP/1.1" 200 9359 "-" "Mozilla/5.0 (compatible; Googlebot/2.1; +http://www.google.com/bot.html)"
72.21.217.32 - - [05/Aug/2011:01:31:07 -0700] "GET /feed HTTP/1.0" 200 439 "-" "RPT-HTTPClient/0.3-3"
72.21.217.32 - - [05/Aug/2011:01:31:08 -0700] "GET /feed/ HTTP/1.0" 200 35924 "-" "RPT-HTTPClient/0.3-3"
94.23.44.43 - - [05/Aug/2011:01:31:32 -0700] "GET /feed/ HTTP/1.0" 200 16060 "-" "-"
66.249.67.216 - - [05/Aug/2011:01:32:27 -0700] "GET /league-standings-look-a-lot-different-when-normalized-for-1-run-games/comment-page-1/ HTTP/1.1" 200 9359 "-" "Mozilla/5.0 (compatible; Googlebot/2.1; +http://www.google.com/bot.html)"
66.249.67.216 - - [05/Aug/2011:01:34:53 -0700] "GET /for-the-nfl-season-length-expansion-is-nothing-new/ HTTP/1.1" 200 8935 "-" "Mozilla/5.0 (compatible; Googlebot/2.1; +http://www.google.com/bot.html)"
109.230.216.235 - - [05/Aug/2011:01:36:58 -0700] "GET /great-marketing-bloomberg-turns-around-businessweek/ HTTP/1.0" 200 31080 "www.kotlysklep.kartuzy.pl" "Mozilla/5.0 (Windows; U; Windows NT 5.1; de; rv:1.9.1.3) Gecko/20090824 Firefox/3.5.3 (.NET CLR 3.5.30729)"
66.249.67.216 - - [05/Aug/2011:01:37:18 -0700] "GET /ncaa-basketball-when-is-a-lead-safe/comment-page-1/ HTTP/1.1" 200 9564 "-" "Mozilla/5.0 (compatible; Googlebot/2.1; +http://www.google.com/bot.html)"
69.163.231.33 - - [05/Aug/2011:01:37:19 -0700] "POST /wp-cron.php?doing_wp_cron HTTP/1.0" 200 158 "-" "WordPress/3.1.4; http://www.pacificnorthwestcoastbias.com"
109.230.216.235 - - [05/Aug/2011:01:37:40 -0700] "POST /wp-comments-post.php HTTP/1.0" 302 856 "http://www.pacificnorthwestcoastbias.com" "Mozilla/5.0 (Windows; U; Windows NT 5.1; de; rv:1.9.1.3) Gecko/20090824 Firefox/3.5.3 (.NET CLR 3.5.30729)"
66.249.67.216 - - [05/Aug/2011:01:39:44 -0700] "GET /category/uncategorized/ HTTP/1.1" 200 7735 "-" "Mozilla/5.0 (compatible; Googlebot/2.1; +http://www.google.com/bot.html)"
87.250.255.242 - - [05/Aug/2011:01:40:00 -0700] "GET /fort-flagler-is-a-gem/feed/ HTTP/1.1" 200 945 "-" "Mozilla/5.0 (compatible; YandexBot/3.0; +http://yandex.com/bots)"
66.249.67.216 - - [05/Aug/2011:01:42:09 -0700] "GET /paint-color-or-band-name/comment-page-1/ HTTP/1.1" 200 8261 "-" "Mozilla/5.0 (compatible; Googlebot/2.1; +http://www.google.com/bot.html)"
174.37.205.68 - - [05/Aug/2011:01:43:25 -0700] "GET /feed/ HTTP/1.1" 200 9319 "-" "Mozilla/5.0 (X11; U; Linux x86_64; en-US; rv:1.9.0.19; aggregator:Spinn3r (Spinn3r 3.1); http://spinn3r.com/robot) Gecko/2010040121 Firefox/3.0.19"
173.192.238.48 - - [05/Aug/2011:01:44:15 -0700] "GET / HTTP/1.1" 200 18127 "-" "Mozilla/5.0 (X11; U; Linux x86_64; en-US; rv:1.9.0.19; aggregator:Spinn3r (Spinn3r 3.1); http://spinn3r.com/robot) Gecko/2010040121 Firefox/3.0.19"
66.249.67.216 - - [05/Aug/2011:01:44:35 -0700] "GET /soccersuarez-handball-american-football-answer-pass-interference/comment-page-1/ HTTP/1.1" 200 9580 "-" "Mozilla/5.0 (compatible; Googlebot/2.1; +http://www.google.com/bot.html)"
66.249.67.216 - - [05/Aug/2011:01:47:01 -0700] "GET /ncaa-basketball-when-is-a-lead-safe/ HTTP/1.1" 200 9564 "-" "Mozilla/5.0 (compatible; Googlebot/2.1; +http://www.google.com/bot.html)"
174.129.136.158 - - [05/Aug/2011:01:47:13 -0700] "GET /feed/ HTTP/1.1" 200 35946 "-" "-"
174.129.136.158 - - [05/Aug/2011:01:47:14 -0700] "GET /feed/ HTTP/1.1" 200 9300 "-" "Mozilla/5.0 (X11; U; Linux i686; en-US; aggregator:Outside.in; http://outside.in)"
208.115.111.244 - - [05/Aug/2011:01:49:07 -0700] "GET /robots.txt HTTP/1.1" 200 348 "-" "Mozilla/5.0 (compatible; DotBot/1.1; http://www.dotnetdotcom.org/, crawler@dotnetdotcom.org)"
66.249.67.216 - - [05/Aug/2011:01:49:26 -0700] "GET /what%E2%80%99s-the-most-expensive-city-to-live-in-washington/ HTTP/1.1" 200 8754 "-" "Mozilla/5.0 (compatible; Googlebot/2.1; +http://www.google.com/bot.html)"
65.52.110.13 - - [05/Aug/2011:01:51:39 -0700] "GET /robots.txt HTTP/1.1" 200 386 "-" "Mozilla/5.0 (compatible; bingbot/2.0; +http://www.bing.com/bingbot.htm)"
65.52.110.13 - - [05/Aug/2011:01:52:24 -0700] "GET / HTTP/1.1" 200 18164 "-" "Mozilla/5.0 (compatible; bingbot/2.0; +http://www.bing.com/bingbot.htm)"
66.249.67.216 - - [05/Aug/2011:01:54:17 -0700] "GET /soccersuarez-handball-american-football-answer-pass-interference HTTP/1.1" 200 453 "-" "Mozilla/5.0 (compatible; Googlebot/2.1; +http://www.google.com/bot.html)"
66.249.67.216 - - [05/Aug/2011:01:54:18 -0700] "GET /soccersuarez-handball-american-football-answer-pass-interference/ HTTP/1.1" 200 9580 "-" "Mozilla/5.0 (compatible; Googlebot/2.1; +http://www.google.com/bot.html)"
66.249.67.216 - - [05/Aug/2011:01:55:37 -0700] "GET /wp-content/uploads/2010/01/trammell-300x232.jpg HTTP/1.1" 200 8440 "-" "Mozilla/5.0 (compatible; Googlebot/2.1; +http://www.google.com/bot.html)"
66.249.67.216 - - [05/Aug/2011:01:55:37 -0700] "GET /wp-content/uploads/2010/01/Ichiro1-300x231.jpg HTTP/1.1" 200 8414 "-" "Mozilla/5.0 (compatible; Googlebot/2.1; +http://www.google.com/bot.html)"
66.249.67.216 - - [05/Aug/2011:01:56:43 -0700] "GET /paint-color-or-band-name-answers HTTP/1.1" 200 421 "-" "Mozilla/5.0 (compatible; Googlebot/2.1; +http://www.google.com/bot.html)"
66.249.67.216 - - [05/Aug/2011:01:56:44 -0700] "GET /paint-color-or-band-name-answers/ HTTP/1.1" 200 7857 "-" "Mozilla/5.0 (compatible; Googlebot/2.1; +http://www.google.com/bot.html)"
66.249.67.216 - - [05/Aug/2011:01:59:08 -0700] "GET /what-ever-happened-to-starting-pitchers-getting-3-innings-each-in-the-all-star-game/ HTTP/1.1" 200 8004 "-" "Mozilla/5.0 (compatible; Googlebot/2.1; +http://www.google.com/bot.html)"
72.21.217.32 - - [05/Aug/2011:02:01:06 -0700] "GET /feed HTTP/1.0" 200 439 "-" "RPT-HTTPClient/0.3-3"
72.21.217.32 - - [05/Aug/2011:02:01:07 -0700] "GET /feed/ HTTP/1.0" 200 35924 "-" "RPT-HTTPClient/0.3-3"
88.131.106.7 - - [05/Aug/2011:02:01:33 -0700] "GET /robots.txt HTTP/1.0" 200 367 "-" "Mozilla/5.0 (Windows; U; Windows NT 5.1; en-US) Speedy Spider (http://www.entireweb.com/about/search_tech/speedy_spider/)"
69.163.231.33 - - [05/Aug/2011:02:01:34 -0700] "POST /wp-cron.php?doing_wp_cron HTTP/1.0" 200 158 "-" "WordPress/3.1.4; http://www.pacificnorthwestcoastbias.com"
66.249.67.216 - - [05/Aug/2011:02:01:34 -0700] "GET /letters-of-note-missive-from-tanzania/ HTTP/1.1" 200 8856 "-" "Mozilla/5.0 (compatible; Googlebot/2.1; +http://www.google.com/bot.html)"
88.131.106.8 - - [05/Aug/2011:02:01:41 -0700] "GET / HTTP/1.0" 200 18071 "-" "Mozilla/5.0 (Windows; U; Windows NT 5.1; en-US) Speedy Spider (http://www.entireweb.com/about/search_tech/speedy_spider/)"
66.249.67.216 - - [05/Aug/2011:02:04:00 -0700] "GET /the-sporting-news-awards-give-insight-into-who-will-win-the-cy-young/comment-page-1/ HTTP/1.1" 200 9148 "-" "Mozilla/5.0 (compatible; Googlebot/2.1; +http://www.google.com/bot.html)"
208.115.111.68 - - [05/Aug/2011:02:04:38 -0700] "GET /robots.txt HTTP/1.1" 200 330 "-" "Mozilla/5.0 (compatible; Ezooms/1.0; ezooms.bot@gmail.com)"
66.249.67.216 - - [05/Aug/2011:02:06:25 -0700] "GET /category/quiz/ HTTP/1.1" 200 9203 "-" "Mozilla/5.0 (compatible; Googlebot/2.1; +http://www.google.com/bot.html)"
220.181.125.44 - - [05/Aug/2011:02:08:04 -0700] "GET /robots.txt HTTP/1.1" 200 337 "-" "-"
220.181.125.44 - - [05/Aug/2011:02:08:13 -0700] "GET / HTTP/1.1" 200 18127 "-" "Sogou web spider/4.0(+http://www.sogou.com/docs/help/webmasters.htm#07)"
66.249.67.216 - - [05/Aug/2011:02:08:51 -0700] "GET /nfl-draft-prediction-rankings HTTP/1.1" 200 418 "-" "Mozilla/5.0 (compatible; Googlebot/2.1; +http://www.google.com/bot.html)"
66.249.67.216 - - [05/Aug/2011:02:08:52 -0700] "GET /nfl-draft-prediction-rankings/ HTTP/1.1" 200 13191 "-" "Mozilla/5.0 (compatible; Googlebot/2.1; +http://www.google.com/bot.html)"
66.249.67.216 - - [05/Aug/2011:02:11:16 -0700] "GET /paint-color-or-band-name/ HTTP/1.1" 200 8261 "-" "Mozilla/5.0 (compatible; Googlebot/2.1; +http://www.google.com/bot.html)"
188.65.96.106 - - [05/Aug/2011:02:11:30 -0700] "GET /feed/ HTTP/1.1" 200 36006 "-" "-"
209.85.238.86 - - [05/Aug/2011:02:11:44 -0700] "GET /feed/ HTTP/1.1" 200 9358 "-" "Feedfetcher-Google; (+http://www.google.com/feedfetcher.html; 12 subscribers; feed-id=11769849069241211122)"
69.163.231.33 - - [05/Aug/2011:02:12:24 -0700] "POST /wp-cron.php?doing_wp_cron HTTP/1.0" 200 158 "-" "WordPress/3.1.4; http://www.pacificnorthwestcoastbias.com"
208.115.111.244 - - [05/Aug/2011:02:12:23 -0700] "GET /2001-building-to-be-torn-down-due-to-shoddy-construction-whats-next/ HTTP/1.1" 200 8795 "-" "Mozilla/5.0 (compatible; DotBot/1.1; http://www.dotnetdotcom.org/, crawler@dotnetdotcom.org)"
208.115.111.244 - - [05/Aug/2011:02:12:27 -0700] "GET /ban-phone-bans/ HTTP/1.1" 200 8393 "-" "Mozilla/5.0 (compatible; DotBot/1.1; http://www.dotnetdotcom.org/, crawler@dotnetdotcom.org)"
208.115.111.244 - - [05/Aug/2011:02:12:32 -0700] "GET /category/bellevue/page/3/ HTTP/1.1" 200 12106 "-" "Mozilla/5.0 (compatible; DotBot/1.1; http://www.dotnetdotcom.org/, crawler@dotnetdotcom.org)"
208.115.111.244 - - [05/Aug/2011:02:12:44 -0700] "GET /category/world-cup-2010/category/category/world-cup-2010/page/2/ HTTP/1.1" 200 7965 "-" "Mozilla/5.0 (compatible; DotBot/1.1; http://www.dotnetdotcom.org/, crawler@dotnetdotcom.org)"
208.115.111.244 - - [05/Aug/2011:02:12:48 -0700] "GET /category/world-cup-2010/category/world-cup-2010/page/2/ HTTP/1.1" 200 7964 "-" "Mozilla/5.0 (compatible; DotBot/1.1; http://www.dotnetdotcom.org/, crawler@dotnetdotcom.org)"
208.115.111.244 - - [05/Aug/2011:02:12:54 -0700] "GET /floating-bridges-make-for-a-fun-drive-during-a-storm/ HTTP/1.1" 200 8367 "-" "Mozilla/5.0 (compatible; DotBot/1.1; http://www.dotnetdotcom.org/, crawler@dotnetdotcom.org)"
208.115.111.244 - - [05/Aug/2011:02:12:59 -0700] "GET /granite-countertops-21-higher-sales-price/ HTTP/1.1" 200 8336 "-" "Mozilla/5.0 (compatible; DotBot/1.1; http://www.dotnetdotcom.org/, crawler@dotnetdotcom.org)"
208.115.111.244 - - [05/Aug/2011:02:13:04 -0700] "GET /seattle-ites-customize-their-beverages/ HTTP/1.1" 200 8085 "-" "Mozilla/5.0 (compatible; DotBot/1.1; http://www.dotnetdotcom.org/, crawler@dotnetdotcom.org)"
208.115.111.244 - - [05/Aug/2011:02:13:09 -0700] "GET /sunshades-in-the-pnw/ HTTP/1.1" 200 8447 "-" "Mozilla/5.0 (compatible; DotBot/1.1; http://www.dotnetdotcom.org/, crawler@dotnetdotcom.org)"
208.115.111.244 - - [05/Aug/2011:02:13:14 -0700] "GET /the-conversation-gets-it-right/ HTTP/1.1" 200 8294 "-" "Mozilla/5.0 (compatible; DotBot/1.1; http://www.dotnetdotcom.org/, crawler@dotnetdotcom.org)"
173.192.238.34 - - [05/Aug/2011:02:13:31 -0700] "GET /feed/ HTTP/1.1" 200 9321 "-" "Mozilla/5.0 (X11; U; Linux x86_64; en-US; rv:1.9.0.19; aggregator:Spinn3r (Spinn3r 3.1); http://spinn3r.com/robot) Gecko/2010040121 Firefox/3.0.19"
119.63.196.90 - - [05/Aug/2011:02:13:36 -0700] "GET /?p=459 HTTP/1.1" 301 421 "-" "Mozilla/5.0 (compatible; Baiduspider/2.0; +http://www.baidu.com/search/spider.html)"
119.63.196.84 - - [05/Aug/2011:02:13:37 -0700] "GET /league-standings-look-a-lot-different-when-normalized-for-1-run-games/ HTTP/1.1" 200 9322 "-" "Mozilla/5.0 (compatible; Baiduspider/2.0; +http://www.baidu.com/search/spider.html)"
66.249.67.216 - - [05/Aug/2011:02:13:42 -0700] "GET /nfl-draft HTTP/1.1" 200 575 "-" "Mozilla/5.0 (compatible; Googlebot/2.1; +http://www.google.com/bot.html)"
173.192.238.34 - - [05/Aug/2011:02:14:19 -0700] "GET / HTTP/1.1" 200 18127 "-" "Mozilla/5.0 (X11; U; Linux x86_64; en-US; rv:1.9.0.19; aggregator:Spinn3r (Spinn3r 3.1); http://spinn3r.com/robot) Gecko/2010040121 Firefox/3.0.19"
66.249.67.216 - - [05/Aug/2011:02:18:33 -0700] "GET /david-beckhams-1998-world-cup-red-card-vs-argentina HTTP/1.1" 200 440 "-" "Mozilla/5.0 (compatible; Googlebot/2.1; +http://www.google.com/bot.html)"
66.249.67.216 - - [05/Aug/2011:02:18:34 -0700] "GET /david-beckhams-1998-world-cup-red-card-vs-argentina/ HTTP/1.1" 200 8470 "-" "Mozilla/5.0 (compatible; Googlebot/2.1; +http://www.google.com/bot.html)"
66.249.67.216 - - [05/Aug/2011:02:20:59 -0700] "GET /twitter-weekly-updates-for-2011-07-24/ HTTP/1.1" 200 8110 "-" "Mozilla/5.0 (compatible; Googlebot/2.1; +http://www.google.com/bot.html)"
66.249.67.216 - - [05/Aug/2011:02:23:24 -0700] "GET /celebrity-apprentice-questions/comment-page-1/ HTTP/1.1" 200 8930 "-" "Mozilla/5.0 (compatible; Googlebot/2.1; +http://www.google.com/bot.html)"
94.228.34.229 - - [05/Aug/2011:02:23:58 -0700] "GET /economic-indicator-cargo-ship-containers-and-frequency/feed/ HTTP/1.1" 200 180 "-" "magpie-crawler/1.1 (U; Linux amd64; en-GB; +http://www.brandwatch.net)"
66.249.67.216 - - [05/Aug/2011:02:25:50 -0700] "GET /community-minded/ HTTP/1.1" 200 7701 "-" "Mozilla/5.0 (compatible; Googlebot/2.1; +http://www.google.com/bot.html)"
66.249.67.216 - - [05/Aug/2011:02:28:15 -0700] "GET /tunnel-would-cost-9-per-rider HTTP/1.1" 200 418 "-" "Mozilla/5.0 (compatible; Googlebot/2.1; +http://www.google.com/bot.html)"
66.249.67.216 - - [05/Aug/2011:02:28:16 -0700] "GET /tunnel-would-cost-9-per-rider/ HTTP/1.1" 200 8758 "-" "Mozilla/5.0 (compatible; Googlebot/2.1; +http://www.google.com/bot.html)"
88.131.106.22 - - [05/Aug/2011:02:28:50 -0700] "GET /robots.txt HTTP/1.0" 200 367 "-" "Mozilla/5.0 (Windows; U; Windows NT 5.1; en-US) Speedy Spider (http://www.entireweb.com/about/search_tech/speedy_spider/)"
88.131.106.22 - - [05/Aug/2011:02:28:51 -0700] "GET /presidential-quiz/ HTTP/1.0" 200 8145 "-" "Mozilla/5.0 (Windows; U; Windows NT 5.1; en-US) Speedy Spider (http://www.entireweb.com/about/search_tech/speedy_spider/)"
66.249.67.216 - - [05/Aug/2011:02:30:41 -0700] "GET /twitter-weekly-updates-for-2011-07-17/ HTTP/1.1" 200 8365 "-" "Mozilla/5.0 (compatible; Googlebot/2.1; +http://www.google.com/bot.html)"
72.21.217.32 - - [05/Aug/2011:02:31:06 -0700] "GET /feed HTTP/1.0" 200 439 "-" "RPT-HTTPClient/0.3-3"
72.21.217.32 - - [05/Aug/2011:02:31:07 -0700] "GET /feed/ HTTP/1.0" 200 35924 "-" "RPT-HTTPClient/0.3-3"
72.21.217.32 - - [05/Aug/2011:02:31:25 -0700] "GET /feed HTTP/1.1" 200 383 "-" "RPT-HTTPClient/0.3-3"
72.21.217.32 - - [05/Aug/2011:02:31:27 -0700] "GET /feed/ HTTP/1.1" 200 35946 "-" "RPT-HTTPClient/0.3-3"
69.163.231.33 - - [05/Aug/2011:02:31:26 -0700] "POST /wp-cron.php?doing_wp_cron HTTP/1.0" 200 158 "-" "WordPress/3.1.4; http://www.pacificnorthwestcoastbias.com"
72.21.217.32 - - [05/Aug/2011:02:31:31 -0700] "GET /wp-content/uploads/2011/07/Community-Minded-1024x575.jpg HTTP/1.1" 200 127529 "-" "RPT-HTTPClient/0.3-3"
72.21.217.32 - - [05/Aug/2011:02:31:32 -0700] "GET /wp-content/uploads/2011/07/Innings-Pitched-All-Star-Game.jpg HTTP/1.1" 200 34923 "-" "RPT-HTTPClient/0.3-3"
72.21.217.32 - - [05/Aug/2011:02:31:32 -0700] "GET /wp-content/uploads/2011/07/Amway-Center-Orlando-Florida.jpg HTTP/1.1" 200 50147 "-" "RPT-HTTPClient/0.3-3"
72.21.217.32 - - [05/Aug/2011:02:31:32 -0700] "GET /wp-content/uploads/2011/07/Size-of-Amway-Center-with-Some-Parking.jpg HTTP/1.1" 200 625 "-" "RPT-HTTPClient/0.3-3"
72.21.217.32 - - [05/Aug/2011:02:31:32 -0700] "GET /wp-content/uploads/2011/07/downtown-bellevue-park.jpg HTTP/1.1" 200 136949 "-" "RPT-HTTPClient/0.3-3"
72.21.217.32 - - [05/Aug/2011:02:31:33 -0700] "GET /wp-content/uploads/2011/07/Dodge-Dealership.jpg HTTP/1.1" 200 163525 "-" "RPT-HTTPClient/0.3-3"
72.21.217.32 - - [05/Aug/2011:02:31:33 -0700] "GET /wp-content/uploads/2011/07/Safeway.jpg HTTP/1.1" 200 113322 "-" "RPT-HTTPClient/0.3-3"
72.21.217.32 - - [05/Aug/2011:02:31:33 -0700] "GET /wp-content/uploads/2011/07/NCAA-Win-Percentage.jpg HTTP/1.1" 200 27439 "-" "RPT-HTTPClient/0.3-3"
72.21.217.32 - - [05/Aug/2011:02:31:33 -0700] "GET /wp-content/uploads/2011/07/NCAA-Close-Game-Win-Percentage.jpg HTTP/1.1" 200 30700 "-" "RPT-HTTPClient/0.3-3"
72.21.217.32 - - [05/Aug/2011:02:31:33 -0700] "GET /wp-content/uploads/2011/07/Win-percentage-correlation.jpg HTTP/1.1" 200 28564 "-" "RPT-HTTPClient/0.3-3"
72.21.217.32 - - [05/Aug/2011:02:31:34 -0700] "GET /wp-content/uploads/2011/07/Close-Game-extra-wins.jpg HTTP/1.1" 200 23896 "-" "RPT-HTTPClient/0.3-3"
72.21.217.32 - - [05/Aug/2011:02:31:34 -0700] "GET /wp-content/uploads/2011/07/Close-Game-wins.jpg HTTP/1.1" 200 22396 "-" "RPT-HTTPClient/0.3-3"
72.21.217.32 - - [05/Aug/2011:02:31:34 -0700] "GET /wp-content/uploads/2011/07/Combined-win-percentage.jpg HTTP/1.1" 200 20671 "-" "RPT-HTTPClient/0.3-3"
72.21.217.32 - - [05/Aug/2011:02:31:34 -0700] "GET /wp-content/uploads/2011/07/Marymoor-Park-Sign.jpg HTTP/1.1" 200 353951 "-" "RPT-HTTPClient/0.3-3"
72.21.217.32 - - [05/Aug/2011:02:31:34 -0700] "GET /wp-content/uploads/2011/06/win-percentage.jpg HTTP/1.1" 200 25585 "-" "RPT-HTTPClient/0.3-3"
72.21.217.32 - - [05/Aug/2011:02:31:35 -0700] "GET /wp-content/uploads/2011/06/Adjusted-wins.jpg HTTP/1.1" 200 30873 "-" "RPT-HTTPClient/0.3-3"
72.21.217.32 - - [05/Aug/2011:02:31:35 -0700] "GET /wp-content/uploads/2011/06/mlb-leader-table.jpg HTTP/1.1" 200 26990 "-" "RPT-HTTPClient/0.3-3"
66.249.67.216 - - [05/Aug/2011:02:33:06 -0700] "GET /tunnel.. HTTP/1.1" 200 575 "-" "Mozilla/5.0 (compatible; Googlebot/2.1; +http://www.google.com/bot.html)"
128.242.249.13 - - [05/Aug/2011:02:34:00 -0700] "GET /feed/ HTTP/1.1" 200 35946 "-" "TwitterFeed 3"
66.249.67.216 - - [05/Aug/2011:02:35:32 -0700] "GET /buy-a-share-of-facebook-through-sharespost/ HTTP/1.1" 200 8532 "-" "Mozilla/5.0 (compatible; Googlebot/2.1; +http://www.google.com/bot.html)"
195.43.189.232 - - [05/Aug/2011:02:40:12 -0700] "HEAD /feed/ HTTP/1.1" 200 290 "-" "Mozilla/4.0 (compatible; MSIE 4.0; MSIECrawler; Windows 95)"
66.249.67.216 - - [05/Aug/2011:02:40:23 -0700] "GET /one-run-games-are-killing-the-mariners-or-are-they HTTP/1.1" 200 439 "-" "Mozilla/5.0 (compatible; Googlebot/2.1; +http://www.google.com/bot.html)"
66.249.67.216 - - [05/Aug/2011:02:40:25 -0700] "GET /one-run-games-are-killing-the-mariners-or-are-they/ HTTP/1.1" 200 8871 "-" "Mozilla/5.0 (compatible; Googlebot/2.1; +http://www.google.com/bot.html)"
1.202.219.4 - - [05/Aug/2011:02:41:45 -0700] "GET /wp-content/uploads/2011/03/Final-Four-appearances-by-conference2.jpg HTTP/1.0" 200 28002 "-" "gosospider Mozilla/5.0 (compatible; JIKESpider; +http://www.jike.com/spider.html)"
66.249.67.216 - - [05/Aug/2011:02:42:49 -0700] "GET /have-you-filled-in-your-nit-bracket HTTP/1.1" 200 424 "-" "Mozilla/5.0 (compatible; Googlebot/2.1; +http://www.google.com/bot.html)"
66.249.67.216 - - [05/Aug/2011:02:42:50 -0700] "GET /have-you-filled-in-your-nit-bracket/ HTTP/1.1" 200 9109 "-" "Mozilla/5.0 (compatible; Googlebot/2.1; +http://www.google.com/bot.html)"
174.37.205.68 - - [05/Aug/2011:02:43:41 -0700] "GET /feed/ HTTP/1.1" 200 9321 "-" "Mozilla/5.0 (X11; U; Linux x86_64; en-US; rv:1.9.0.19; aggregator:Spinn3r (Spinn3r 3.1); http://spinn3r.com/robot) Gecko/2010040121 Firefox/3.0.19"
38.101.148.126 - - [05/Aug/2011:02:44:05 -0700] "GET /bench-griffey/ HTTP/1.1" 200 8526 "-" "Mozilla/5.0 (compatible; discobot/1.1; +http://discoveryengine.com/discobot.html)"
174.37.205.92 - - [05/Aug/2011:02:44:24 -0700] "GET / HTTP/1.1" 200 18128 "-" "Mozilla/5.0 (X11; U; Linux x86_64; en-US; rv:1.9.0.19; aggregator:Spinn3r (Spinn3r 3.1); http://spinn3r.com/robot) Gecko/2010040121 Firefox/3.0.19"
66.249.67.216 - - [05/Aug/2011:02:45:14 -0700] "GET /contact-me/ HTTP/1.1" 200 7045 "-" "Mozilla/5.0 (compatible; Googlebot/2.1; +http://www.google.com/bot.html)"
66.249.67.216 - - [05/Aug/2011:02:47:40 -0700] "GET /do-nfl-teams-perform-differently-after-a-bye-week/comment-page-1/ HTTP/1.1" 200 9066 "-" "Mozilla/5.0 (compatible; Googlebot/2.1; +http://www.google.com/bot.html)"
94.23.245.151 - - [05/Aug/2011:02:49:09 -0700] "GET /comments/feed/ HTTP/1.0" 200 12242 "-" "-"
209.171.42.71 - - [05/Aug/2011:02:49:28 -0700] "GET /feed HTTP/1.1" 200 439 "-" "Mozilla/5.0 (compatible; BlogScope/1.0; +http://www.blogscope.net/; U of Toronto)"
209.171.42.71 - - [05/Aug/2011:02:49:30 -0700] "GET /feed/ HTTP/1.1" 200 9358 "-" "Mozilla/5.0 (compatible; BlogScope/1.0; +http://www.blogscope.net/; U of Toronto)"
69.163.231.33 - - [05/Aug/2011:02:49:29 -0700] "POST /wp-cron.php?doing_wp_cron HTTP/1.0" 200 158 "-" "WordPress/3.1.4; http://www.pacificnorthwestcoastbias.com"
66.249.67.216 - - [05/Aug/2011:02:50:05 -0700] "GET /the-sporting-news-awards-give-insight-into-who-will-win-the-cy-young/ HTTP/1.1" 200 9149 "-" "Mozilla/5.0 (compatible; Googlebot/2.1; +http://www.google.com/bot.html)"
66.249.67.216 - - [05/Aug/2011:02:52:31 -0700] "GET /anothe.. HTTP/1.1" 200 590 "-" "Mozilla/5.0 (compatible; Googlebot/2.1; +http://www.google.com/bot.html)"
66.249.67.216 - - [05/Aug/2011:02:52:32 -0700] "GET /another-reason-magazine-advertising-is-dying/ HTTP/1.1" 200 8585 "-" "Mozilla/5.0 (compatible; Googlebot/2.1; +http://www.google.com/bot.html)"
75.101.241.81 - - [05/Aug/2011:02:54:45 -0700] "GET /feed/ HTTP/1.1" 200 35946 "-" "-"
75.101.241.81 - - [05/Aug/2011:02:54:46 -0700] "GET /feed/ HTTP/1.1" 200 9302 "-" "Mozilla/5.0 (X11; U; Linux i686; en-US; aggregator:Outside.in; http://outside.in)"
66.249.67.216 - - [05/Aug/2011:02:54:56 -0700] "GET /best-of/ HTTP/1.1" 200 7606 "-" "Mozilla/5.0 (compatible; Googlebot/2.1; +http://www.google.com/bot.html)"
66.249.67.216 - - [05/Aug/2011:02:57:22 -0700] "GET /a HTTP/1.1" 200 593 "-" "Mozilla/5.0 (compatible; Googlebot/2.1; +http://www.google.com/bot.html)"
66.249.67.216 - - [05/Aug/2011:02:57:23 -0700] "GET /a-pac-12-playoff-would-have-been-lame-this-year/ HTTP/1.1" 200 8422 "-" "Mozilla/5.0 (compatible; Googlebot/2.1; +http://www.google.com/bot.html)"
123.125.71.55 - - [05/Aug/2011:02:59:00 -0700] "GET /tunnel-would-cost-9-per-rider/ HTTP/1.1" 200 8721 "-" "Mozilla/5.0 (compatible; Baiduspider/2.0; +http://www.baidu.com/search/spider.html)"
66.249.67.216 - - [05/Aug/2011:02:59:48 -0700] "GET /about/ HTTP/1.1" 200 7393 "-" "Mozilla/5.0 (compatible; Googlebot/2.1; +http://www.google.com/bot.html)"
67.195.115.58 - - [05/Aug/2011:03:00:53 -0700] "GET /new-month-time-to-check-your-credit-score/ HTTP/1.0" 200 8341 "-" "Mozilla/5.0 (compatible; Yahoo! Slurp; http://help.yahoo.com/help/us/ysearch/slurp)"
67.195.115.58 - - [05/Aug/2011:03:00:55 -0700] "GET /wp-content/themes/EmptyCanvas/style.css HTTP/1.0" 304 138 "http://www.pacificnorthwestcoastbias.com/new-month-time-to-check-your-credit-score/" "Mozilla/5.0 (compatible; Yahoo! Slurp; http://help.yahoo.com/help/us/ysearch/slurp)"
67.195.115.58 - - [05/Aug/2011:03:00:55 -0700] "GET /wp-content/themes/EmptyCanvas/reset.css HTTP/1.0" 304 137 "http://www.pacificnorthwestcoastbias.com/wp-content/themes/EmptyCanvas/style.css" "Mozilla/5.0 (compatible; Yahoo! Slurp; http://help.yahoo.com/help/us/ysearch/slurp)"
67.195.115.58 - - [05/Aug/2011:03:00:56 -0700] "GET /wp-content/plugins/sociable/sociable.css?ver=3.1.4 HTTP/1.0" 304 137 "http://www.pacificnorthwestcoastbias.com/new-month-time-to-check-your-credit-score/" "Mozilla/5.0 (compatible; Yahoo! Slurp; http://help.yahoo.com/help/us/ysearch/slurp)"
67.195.115.58 - - [05/Aug/2011:03:00:57 -0700] "GET /wp-content/plugins/subscribe-here-widget/subscribe-here-widget.css HTTP/1.0" 304 137 "http://www.pacificnorthwestcoastbias.com/new-month-time-to-check-your-credit-score/" "Mozilla/5.0 (compatible; Yahoo! Slurp; http://help.yahoo.com/help/us/ysearch/slurp)"
72.21.217.32 - - [05/Aug/2011:03:01:08 -0700] "GET /feed HTTP/1.0" 200 439 "-" "RPT-HTTPClient/0.3-3"
72.21.217.32 - - [05/Aug/2011:03:01:08 -0700] "GET /feed/ HTTP/1.0" 200 35924 "-" "RPT-HTTPClient/0.3-3"
69.163.231.33 - - [05/Aug/2011:03:02:15 -0700] "POST /wp-cron.php?doing_wp_cron HTTP/1.0" 200 158 "-" "WordPress/3.1.4; http://www.pacificnorthwestcoastbias.com"
66.249.67.216 - - [05/Aug/2011:03:02:13 -0700] "GET /blog-home/ HTTP/1.1" 200 6888 "-" "Mozilla/5.0 (compatible; Googlebot/2.1; +http://www.google.com/bot.html)"
38.101.148.126 - - [05/Aug/2011:03:02:36 -0700] "GET /wp-content/uploads/2010/06/Seattle-weather.jpg HTTP/1.1" 200 41333 "-" "Mozilla/5.0 (compatible; discobot/1.1; +http://discoveryengine.com/discobot.html)"
66.249.67.216 - - [05/Aug/2011:03:04:39 -0700] "GET /passive-aggressive-seattle-signs/ HTTP/1.1" 200 7824 "-" "Mozilla/5.0 (compatible; Googlebot/2.1; +http://www.google.com/bot.html)"
66.249.67.216 - - [05/Aug/2011:03:09:30 -0700] "GET /are-close-college-football-wins-correlated-with-winning-programs/ HTTP/1.1" 200 9646 "-" "Mozilla/5.0 (compatible; Googlebot/2.1; +http://www.google.com/bot.html)"
88.131.106.8 - - [05/Aug/2011:03:12:25 -0700] "GET /draft-texas-for-the-pac-10/ HTTP/1.0" 200 8959 "-" "Mozilla/5.0 (Windows; U; Windows NT 5.1; en-US) Speedy Spider (http://www.entireweb.com/about/search_tech/speedy_spider/)"
173.192.238.48 - - [05/Aug/2011:03:13:50 -0700] "GET /feed/ HTTP/1.1" 200 9321 "-" "Mozilla/5.0 (X11; U; Linux x86_64; en-US; rv:1.9.0.19; aggregator:Spinn3r (Spinn3r 3.1); http://spinn3r.com/robot) Gecko/2010040121 Firefox/3.0.19"
174.37.205.92 - - [05/Aug/2011:03:14:29 -0700] "GET / HTTP/1.1" 200 18128 "-" "Mozilla/5.0 (X11; U; Linux x86_64; en-US; rv:1.9.0.19; aggregator:Spinn3r (Spinn3r 3.1); http://spinn3r.com/robot) Gecko/2010040121 Firefox/3.0.19"
209.85.238.86 - - [05/Aug/2011:03:15:34 -0700] "GET /feed/ HTTP/1.1" 200 9358 "-" "Feedfetcher-Google; (+http://www.google.com/feedfetcher.html; 12 subscribers; feed-id=11769849069241211122)"
88.131.106.5 - - [05/Aug/2011:03:16:11 -0700] "GET /library-blockbuster/comment-page-1/ HTTP/1.0" 200 9037 "-" "Mozilla/5.0 (Windows; U; Windows NT 5.1; en-US) Speedy Spider (http://www.entireweb.com/about/search_tech/speedy_spider/)"
66.249.67.216 - - [05/Aug/2011:03:16:47 -0700] "GET /economic-indicator-cargo-ship-containers-and-frequency/ HTTP/1.1" 200 8367 "-" "Mozilla/5.0 (compatible; Googlebot/2.1; +http://www.google.com/bot.html)"
94.228.34.209 - - [05/Aug/2011:03:17:23 -0700] "GET /feed/ HTTP/1.1" 200 9358 "-" "magpie-crawler/1.1 (U; Linux amd64; en-GB; +http://www.brandwatch.net)"
207.244.223.66 - - [05/Aug/2011:03:22:32 -0700] "GET /feed/ HTTP/1.1" 200 9321 "-" "BlogSearch/2 +http://www.icerocket.com/"
66.249.67.216 - - [05/Aug/2011:03:24:03 -0700] "GET /may-was-a-cold-wet-month-in-seattle/ HTTP/1.1" 200 8299 "-" "Mozilla/5.0 (compatible; Googlebot/2.1; +http://www.google.com/bot.html)"
209.171.42.71 - - [05/Aug/2011:03:25:42 -0700] "GET /feed HTTP/1.1" 200 439 "-" "Mozilla/5.0 (compatible; BlogScope/1.0; +http://www.blogscope.net/; U of Toronto)"
209.171.42.71 - - [05/Aug/2011:03:25:43 -0700] "GET /feed/ HTTP/1.1" 200 9358 "-" "Mozilla/5.0 (compatible; BlogScope/1.0; +http://www.blogscope.net/; U of Toronto)"
69.163.231.33 - - [05/Aug/2011:03:26:29 -0700] "POST /wp-cron.php?doing_wp_cron HTTP/1.0" 200 158 "-" "WordPress/3.1.4; http://www.pacificnorthwestcoastbias.com"
66.249.67.216 - - [05/Aug/2011:03:26:29 -0700] "GET /mlb-how-is-a-baseball-teams-spring-training-record-correlated-with-their-regular-season-finish/ HTTP/1.1" 200 9018 "-" "Mozilla/5.0 (compatible; Googlebot/2.1; +http://www.google.com/bot.html)"
119.63.196.119 - - [05/Aug/2011:03:26:44 -0700] "GET /ncaa-basketball-when-is-a-lead-safe/ HTTP/1.1" 200 9525 "-" "Mozilla/5.0 (compatible; Baiduspider/2.0; +http://www.baidu.com/search/spider.html)"
1.202.219.3 - - [05/Aug/2011:03:29:41 -0700] "GET /robots.txt HTTP/1.0" 200 317 "-" "Mozilla/5.0 ()"
72.21.217.32 - - [05/Aug/2011:03:31:04 -0700] "GET /feed HTTP/1.0" 200 439 "-" "RPT-HTTPClient/0.3-3"
72.21.217.32 - - [05/Aug/2011:03:31:09 -0700] "GET /feed/ HTTP/1.0" 200 35928 "-" "RPT-HTTPClient/0.3-3"
66.249.67.216 - - [05/Aug/2011:03:31:20 -0700] "GET /which-bellevue-restaurant-is-the-most-popular/ HTTP/1.1" 200 9361 "-" "Mozilla/5.0 (compatible; Googlebot/2.1; +http://www.google.com/bot.html)"
72.21.217.32 - - [05/Aug/2011:03:31:31 -0700] "GET /feed HTTP/1.1" 200 383 "-" "RPT-HTTPClient/0.3-3"
72.21.217.32 - - [05/Aug/2011:03:31:32 -0700] "GET /feed/ HTTP/1.1" 200 35946 "-" "RPT-HTTPClient/0.3-3"
72.21.217.32 - - [05/Aug/2011:03:31:36 -0700] "GET /wp-content/uploads/2011/07/Community-Minded-1024x575.jpg HTTP/1.1" 200 127529 "-" "RPT-HTTPClient/0.3-3"
72.21.217.32 - - [05/Aug/2011:03:31:37 -0700] "GET /wp-content/uploads/2011/07/Innings-Pitched-All-Star-Game.jpg HTTP/1.1" 200 34923 "-" "RPT-HTTPClient/0.3-3"
72.21.217.32 - - [05/Aug/2011:03:31:37 -0700] "GET /wp-content/uploads/2011/07/Amway-Center-Orlando-Florida.jpg HTTP/1.1" 200 50147 "-" "RPT-HTTPClient/0.3-3"
72.21.217.32 - - [05/Aug/2011:03:31:37 -0700] "GET /wp-content/uploads/2011/07/Size-of-Amway-Center-with-Some-Parking.jpg HTTP/1.1" 200 625 "-" "RPT-HTTPClient/0.3-3"
72.21.217.32 - - [05/Aug/2011:03:31:37 -0700] "GET /wp-content/uploads/2011/07/downtown-bellevue-park.jpg HTTP/1.1" 200 136949 "-" "RPT-HTTPClient/0.3-3"
72.21.217.32 - - [05/Aug/2011:03:31:38 -0700] "GET /wp-content/uploads/2011/07/Dodge-Dealership.jpg HTTP/1.1" 200 163525 "-" "RPT-HTTPClient/0.3-3"
72.21.217.32 - - [05/Aug/2011:03:31:38 -0700] "GET /wp-content/uploads/2011/07/Safeway.jpg HTTP/1.1" 200 113322 "-" "RPT-HTTPClient/0.3-3"
72.21.217.32 - - [05/Aug/2011:03:31:38 -0700] "GET /wp-content/uploads/2011/07/NCAA-Win-Percentage.jpg HTTP/1.1" 200 27439 "-" "RPT-HTTPClient/0.3-3"
72.21.217.32 - - [05/Aug/2011:03:31:38 -0700] "GET /wp-content/uploads/2011/07/NCAA-Close-Game-Win-Percentage.jpg HTTP/1.1" 200 30700 "-" "RPT-HTTPClient/0.3-3"
72.21.217.32 - - [05/Aug/2011:03:31:38 -0700] "GET /wp-content/uploads/2011/07/Win-percentage-correlation.jpg HTTP/1.1" 200 28564 "-" "RPT-HTTPClient/0.3-3"
72.21.217.32 - - [05/Aug/2011:03:31:38 -0700] "GET /wp-content/uploads/2011/07/Close-Game-extra-wins.jpg HTTP/1.1" 200 23896 "-" "RPT-HTTPClient/0.3-3"
72.21.217.32 - - [05/Aug/2011:03:31:39 -0700] "GET /wp-content/uploads/2011/07/Close-Game-wins.jpg HTTP/1.1" 200 22396 "-" "RPT-HTTPClient/0.3-3"
72.21.217.32 - - [05/Aug/2011:03:31:39 -0700] "GET /wp-content/uploads/2011/07/Combined-win-percentage.jpg HTTP/1.1" 200 20671 "-" "RPT-HTTPClient/0.3-3"
72.21.217.32 - - [05/Aug/2011:03:31:39 -0700] "GET /wp-content/uploads/2011/07/Marymoor-Park-Sign.jpg HTTP/1.1" 200 353951 "-" "RPT-HTTPClient/0.3-3"
72.21.217.32 - - [05/Aug/2011:03:31:39 -0700] "GET /wp-content/uploads/2011/06/win-percentage.jpg HTTP/1.1" 200 25585 "-" "RPT-HTTPClient/0.3-3"
72.21.217.32 - - [05/Aug/2011:03:31:39 -0700] "GET /wp-content/uploads/2011/06/Adjusted-wins.jpg HTTP/1.1" 200 30873 "-" "RPT-HTTPClient/0.3-3"
72.21.217.32 - - [05/Aug/2011:03:31:40 -0700] "GET /wp-content/uploads/2011/06/mlb-leader-table.jpg HTTP/1.1" 200 26990 "-" "RPT-HTTPClient/0.3-3"
66.249.67.216 - - [05/Aug/2011:03:33:46 -0700] "GET /is-google-reader-being-phased-out/ HTTP/1.1" 200 8180 "-" "Mozilla/5.0 (compatible; Googlebot/2.1; +http://www.google.com/bot.html)"
