72.21.217.32 - - [04/Aug/2011:04:31:09 -0700] "GET /feed/ HTTP/1.0" 200 35924 "-" "RPT-HTTPClient/0.3-3"
72.21.217.96 - - [04/Aug/2011:04:31:23 -0700] "GET /feed HTTP/1.1" 200 383 "-" "RPT-HTTPClient/0.3-3"
72.21.217.96 - - [04/Aug/2011:04:31:24 -0700] "GET /feed/ HTTP/1.1" 200 35946 "-" "RPT-HTTPClient/0.3-3"
69.163.231.33 - - [04/Aug/2011:04:31:23 -0700] "POST /wp-cron.php?doing_wp_cron HTTP/1.0" 200 158 "-" "WordPress/3.1.4; http://www.pacificnorthwestcoastbias.com"
72.21.217.96 - - [04/Aug/2011:04:31:28 -0700] "GET /wp-content/uploads/2011/07/Community-Minded-1024x575.jpg HTTP/1.1" 200 127529 "-" "RPT-HTTPClient/0.3-3"
72.21.217.96 - - [04/Aug/2011:04:31:29 -0700] "GET /wp-content/uploads/2011/07/Innings-Pitched-All-Star-Game.jpg HTTP/1.1" 200 34923 "-" "RPT-HTTPClient/0.3-3"
72.21.217.96 - - [04/Aug/2011:04:31:29 -0700] "GET /wp-content/uploads/2011/07/Amway-Center-Orlando-Florida.jpg HTTP/1.1" 200 50147 "-" "RPT-HTTPClient/0.3-3"
72.21.217.96 - - [04/Aug/2011:04:31:29 -0700] "GET /wp-content/uploads/2011/07/Size-of-Amway-Center-with-Some-Parking.jpg HTTP/1.1" 200 625 "-" "RPT-HTTPClient/0.3-3"
72.21.217.96 - - [04/Aug/2011:04:31:29 -0700] "GET /wp-content/uploads/2011/07/downtown-bellevue-park.jpg HTTP/1.1" 200 136949 "-" "RPT-HTTPClient/0.3-3"
72.21.217.96 - - [04/Aug/2011:04:31:29 -0700] "GET /wp-content/uploads/2011/07/Dodge-Dealership.jpg HTTP/1.1" 200 163525 "-" "RPT-HTTPClient/0.3-3"
72.21.217.96 - - [04/Aug/2011:04:31:30 -0700] "GET /wp-content/uploads/2011/07/Safeway.jpg HTTP/1.1" 200 113322 "-" "RPT-HTTPClient/0.3-3"
72.21.217.96 - - [04/Aug/2011:04:31:30 -0700] "GET /wp-content/uploads/2011/07/NCAA-Win-Percentage.jpg HTTP/1.1" 200 27439 "-" "RPT-HTTPClient/0.3-3"
72.21.217.96 - - [04/Aug/2011:04:31:30 -0700] "GET /wp-content/uploads/2011/07/NCAA-Close-Game-Win-Percentage.jpg HTTP/1.1" 200 30700 "-" "RPT-HTTPClient/0.3-3"
72.21.217.96 - - [04/Aug/2011:04:31:30 -0700] "GET /wp-content/uploads/2011/07/Win-percentage-correlation.jpg HTTP/1.1" 200 28564 "-" "RPT-HTTPClient/0.3-3"
72.21.217.96 - - [04/Aug/2011:04:31:30 -0700] "GET /wp-content/uploads/2011/07/Close-Game-extra-wins.jpg HTTP/1.1" 200 23896 "-" "RPT-HTTPClient/0.3-3"
72.21.217.96 - - [04/Aug/2011:04:31:30 -0700] "GET /wp-content/uploads/2011/07/Close-Game-wins.jpg HTTP/1.1" 200 22396 "-" "RPT-HTTPClient/0.3-3"
72.21.217.96 - - [04/Aug/2011:04:31:30 -0700] "GET /wp-content/uploads/2011/07/Combined-win-percentage.jpg HTTP/1.1" 200 20671 "-" "RPT-HTTPClient/0.3-3"
72.21.217.96 - - [04/Aug/2011:04:31:30 -0700] "GET /wp-content/uploads/2011/07/Marymoor-Park-Sign.jpg HTTP/1.1" 200 353951 "-" "RPT-HTTPClient/0.3-3"
72.21.217.96 - - [04/Aug/2011:04:31:31 -0700] "GET /wp-content/uploads/2011/06/win-percentage.jpg HTTP/1.1" 200 25585 "-" "RPT-HTTPClient/0.3-3"
72.21.217.96 - - [04/Aug/2011:04:31:31 -0700] "GET /wp-content/uploads/2011/06/Adjusted-wins.jpg HTTP/1.1" 200 30873 "-" "RPT-HTTPClient/0.3-3"
72.21.217.96 - - [04/Aug/2011:04:31:31 -0700] "GET /wp-content/uploads/2011/06/mlb-leader-table.jpg HTTP/1.1" 200 26990 "-" "RPT-HTTPClient/0.3-3"
128.242.249.11 - - [04/Aug/2011:04:32:39 -0700] "GET /feed/ HTTP/1.1" 200 35946 "-" "TwitterFeed 3"
58.22.101.247 - - [04/Aug/2011:04:36:07 -0700] "GET /blog-home/ HTTP/1.0" 200 25230 "http://www.pacificnorthwestcoastbias.com/blog-home/" "Opera/8.00 (Windows NT 5.1; U; en)"
173.192.238.44 - - [04/Aug/2011:04:36:48 -0700] "GET /feed/ HTTP/1.1" 200 9321 "-" "Mozilla/5.0 (X11; U; Linux x86_64; en-US; rv:1.9.0.19; aggregator:Spinn3r (Spinn3r 3.1); http://spinn3r.com/robot) Gecko/2010040121 Firefox/3.0.19"
66.249.67.216 - - [04/Aug/2011:04:36:47 -0700] "GET /page/2/ HTTP/1.1" 200 17243 "-" "Mozilla/5.0 (compatible; Googlebot/2.1; +http://www.google.com/bot.html)"
173.192.238.34 - - [04/Aug/2011:04:38:03 -0700] "GET / HTTP/1.1" 200 18167 "-" "Mozilla/5.0 (X11; U; Linux x86_64; en-US; rv:1.9.0.19; aggregator:Spinn3r (Spinn3r 3.1); http://spinn3r.com/robot) Gecko/2010040121 Firefox/3.0.19"
85.88.36.4 - - [04/Aug/2011:04:38:15 -0700] "GET /robots.txt HTTP/1.0" 200 367 "-" "Attentio/Nutch-0.9-dev (Attentio's beta blog crawler; www.attentio.com; info@attentio.com)"
85.88.36.4 - - [04/Aug/2011:04:38:15 -0700] "GET /feed HTTP/1.0" 200 429 "-" "Attentio/Nutch-0.9-dev (Attentio's beta blog crawler; www.attentio.com; info@attentio.com)"
87.250.255.242 - - [04/Aug/2011:04:39:33 -0700] "GET /category/world-cup-2010/page/category/category/category/world-cup-2010/ HTTP/1.1" 200 15484 "-" "Mozilla/5.0 (compatible; YandexBot/3.0; +http://yandex.com/bots)"
195.43.189.232 - - [04/Aug/2011:04:40:12 -0700] "HEAD /feed/ HTTP/1.1" 200 290 "-" "Mozilla/4.0 (compatible; MSIE 4.0; MSIECrawler; Windows 95)"
66.249.67.216 - - [04/Aug/2011:04:44:53 -0700] "GET /category/economy/ HTTP/1.1" 200 15367 "-" "Mozilla/5.0 (compatible; Googlebot/2.1; +http://www.google.com/bot.html)"
208.115.111.244 - - [04/Aug/2011:04:53:17 -0700] "GET /robots.txt HTTP/1.1" 200 348 "-" "Mozilla/5.0 (compatible; DotBot/1.1; http://www.dotnetdotcom.org/, crawler@dotnetdotcom.org)"
174.129.114.17 - - [04/Aug/2011:04:53:48 -0700] "GET /feed/ HTTP/1.1" 200 35946 "-" "-"
174.129.114.17 - - [04/Aug/2011:04:53:48 -0700] "GET /feed/ HTTP/1.1" 200 9302 "-" "Mozilla/5.0 (X11; U; Linux i686; en-US; aggregator:Outside.in; http://outside.in)"
72.21.217.32 - - [04/Aug/2011:05:01:08 -0700] "GET /feed HTTP/1.0" 200 439 "-" "RPT-HTTPClient/0.3-3"
72.21.217.32 - - [04/Aug/2011:05:01:08 -0700] "GET /feed/ HTTP/1.0" 200 35924 "-" "RPT-HTTPClient/0.3-3"
198.228.195.33 - - [04/Aug/2011:05:06:02 -0700] "GET /favicon.ico HTTP/1.1" 200 277 "-" "Reeder/2.3 CFNetwork/485.2 Darwin/10.3.1"
174.37.205.92 - - [04/Aug/2011:05:06:55 -0700] "GET /feed/ HTTP/1.1" 200 9321 "-" "Mozilla/5.0 (X11; U; Linux x86_64; en-US; rv:1.9.0.19; aggregator:Spinn3r (Spinn3r 3.1); http://spinn3r.com/robot) Gecko/2010040121 Firefox/3.0.19"
173.192.238.34 - - [04/Aug/2011:05:08:13 -0700] "GET / HTTP/1.1" 200 18167 "-" "Mozilla/5.0 (X11; U; Linux x86_64; en-US; rv:1.9.0.19; aggregator:Spinn3r (Spinn3r 3.1); http://spinn3r.com/robot) Gecko/2010040121 Firefox/3.0.19"
67.195.115.58 - - [04/Aug/2011:05:10:33 -0700] "GET /robots.txt HTTP/1.0" 200 367 "-" "Mozilla/5.0 (compatible; Yahoo! Slurp; http://help.yahoo.com/help/us/ysearch/slurp)"
69.163.231.33 - - [04/Aug/2011:05:10:34 -0700] "POST /wp-cron.php?doing_wp_cron HTTP/1.0" 200 158 "-" "WordPress/3.1.4; http://www.pacificnorthwestcoastbias.com"
67.195.115.58 - - [04/Aug/2011:05:10:35 -0700] "GET /one-run-games-are-killing-the-mariners-or-are-they HTTP/1.0" 200 402 "-" "Mozilla/5.0 (compatible; Yahoo! Slurp; http://help.yahoo.com/help/us/ysearch/slurp)"
67.195.115.58 - - [04/Aug/2011:05:10:37 -0700] "GET /one-run-games-are-killing-the-mariners-or-are-they/ HTTP/1.0" 200 8762 "-" "Mozilla/5.0 (compatible; Yahoo! Slurp; http://help.yahoo.com/help/us/ysearch/slurp)"
67.195.115.58 - - [04/Aug/2011:05:10:39 -0700] "GET /wp-content/themes/EmptyCanvas/style.css HTTP/1.0" 304 138 "http://www.pacificnorthwestcoastbias.com/one-run-games-are-killing-the-mariners-or-are-they/" "Mozilla/5.0 (compatible; Yahoo! Slurp; http://help.yahoo.com/help/us/ysearch/slurp)"
67.195.115.58 - - [04/Aug/2011:05:10:39 -0700] "GET /wp-content/themes/EmptyCanvas/reset.css HTTP/1.0" 304 137 "http://www.pacificnorthwestcoastbias.com/wp-content/themes/EmptyCanvas/style.css" "Mozilla/5.0 (compatible; Yahoo! Slurp; http://help.yahoo.com/help/us/ysearch/slurp)"
67.195.115.58 - - [04/Aug/2011:05:10:39 -0700] "GET /wp-content/plugins/sociable/sociable.css?ver=3.1.4 HTTP/1.0" 304 137 "http://www.pacificnorthwestcoastbias.com/one-run-games-are-killing-the-mariners-or-are-they/" "Mozilla/5.0 (compatible; Yahoo! Slurp; http://help.yahoo.com/help/us/ysearch/slurp)"
67.195.115.58 - - [04/Aug/2011:05:10:40 -0700] "GET /wp-content/plugins/subscribe-here-widget/subscribe-here-widget.css HTTP/1.0" 304 137 "http://www.pacificnorthwestcoastbias.com/one-run-games-are-killing-the-mariners-or-are-they/" "Mozilla/5.0 (compatible; Yahoo! Slurp; http://help.yahoo.com/help/us/ysearch/slurp)"
209.171.42.71 - - [04/Aug/2011:05:11:04 -0700] "GET /feed HTTP/1.1" 200 439 "-" "Mozilla/5.0 (compatible; BlogScope/1.0; +http://www.blogscope.net/; U of Toronto)"
209.171.42.71 - - [04/Aug/2011:05:11:05 -0700] "GET /feed/ HTTP/1.1" 200 9362 "-" "Mozilla/5.0 (compatible; BlogScope/1.0; +http://www.blogscope.net/; U of Toronto)"
65.52.110.13 - - [04/Aug/2011:05:12:08 -0700] "GET /robots.txt HTTP/1.1" 200 386 "-" "Mozilla/5.0 (compatible; bingbot/2.0; +http://www.bing.com/bingbot.htm)"
65.52.110.13 - - [04/Aug/2011:05:12:48 -0700] "GET / HTTP/1.1" 200 18097 "-" "Mozilla/5.0 (compatible; bingbot/2.0; +http://www.bing.com/bingbot.htm)"
67.202.27.153 - - [04/Aug/2011:05:16:29 -0700] "HEAD /feed/ HTTP/1.1" 200 346 "-" "curl/7.20.0 (i386-apple-darwin9.8.0) libcurl/7.20.0 OpenSSL/0.9.8m zlib/1.2.3 libidn/1.16"
67.202.27.153 - - [04/Aug/2011:05:16:29 -0700] "GET /feed/ HTTP/1.1" 200 9357 "-" "curl/7.20.0 (i386-apple-darwin9.8.0) libcurl/7.20.0 OpenSSL/0.9.8m zlib/1.2.3 libidn/1.16"
119.63.196.22 - - [04/Aug/2011:05:17:28 -0700] "GET /?p=459 HTTP/1.1" 301 421 "-" "Mozilla/5.0 (compatible; Baiduspider/2.0; +http://www.baidu.com/search/spider.html)"
119.63.196.38 - - [04/Aug/2011:05:17:29 -0700] "GET /league-standings-look-a-lot-different-when-normalized-for-1-run-games/ HTTP/1.1" 200 9251 "-" "Mozilla/5.0 (compatible; Baiduspider/2.0; +http://www.baidu.com/search/spider.html)"
66.249.67.180 - - [04/Aug/2011:05:18:54 -0700] "GET /initial-thoughts-on-greatland HTTP/1.1" 200 418 "-" "Mozilla/5.0 (compatible; Googlebot/2.1; +http://www.google.com/bot.html)"
208.115.111.244 - - [04/Aug/2011:05:22:29 -0700] "GET /category/category/category/category/category/category/category/world-cup-2010/ HTTP/1.1" 200 15427 "-" "Mozilla/5.0 (compatible; DotBot/1.1; http://www.dotnetdotcom.org/, crawler@dotnetdotcom.org)"
208.115.111.244 - - [04/Aug/2011:05:22:33 -0700] "GET /category/category/category/category/category/category/world-cup-2010/page/2/ HTTP/1.1" 200 7892 "-" "Mozilla/5.0 (compatible; DotBot/1.1; http://www.dotnetdotcom.org/, crawler@dotnetdotcom.org)"
208.115.111.244 - - [04/Aug/2011:05:22:38 -0700] "GET /category/category/world-cup-2010/page/category/category/category/category/world-cup-2010/ HTTP/1.1" 200 15429 "-" "Mozilla/5.0 (compatible; DotBot/1.1; http://www.dotnetdotcom.org/, crawler@dotnetdotcom.org)"
208.115.111.244 - - [04/Aug/2011:05:22:42 -0700] "GET /category/category/world-cup-2010/page/category/category/category/world-cup-2010/page/2/ HTTP/1.1" 200 7897 "-" "Mozilla/5.0 (compatible; DotBot/1.1; http://www.dotnetdotcom.org/, crawler@dotnetdotcom.org)"
67.202.24.102 - - [04/Aug/2011:05:22:44 -0700] "GET /feed/ HTTP/1.1" 200 9302 "-" "PostRank/2.0 (postrank.com; 1 subscribers)"
208.115.111.244 - - [04/Aug/2011:05:22:47 -0700] "GET /category/sports/category/category/category/category/category/category/world-cup-2010/ HTTP/1.1" 200 15429 "-" "Mozilla/5.0 (compatible; DotBot/1.1; http://www.dotnetdotcom.org/, crawler@dotnetdotcom.org)"
208.115.111.244 - - [04/Aug/2011:05:22:53 -0700] "GET /category/sports/category/category/category/category/category/world-cup-2010/page/2/ HTTP/1.1" 200 7895 "-" "Mozilla/5.0 (compatible; DotBot/1.1; http://www.dotnetdotcom.org/, crawler@dotnetdotcom.org)"
208.115.111.244 - - [04/Aug/2011:05:22:58 -0700] "GET /category/sports/category/world-cup-2010/page/category/category/category/category/world-cup-2010/ HTTP/1.1" 200 15431 "-" "Mozilla/5.0 (compatible; DotBot/1.1; http://www.dotnetdotcom.org/, crawler@dotnetdotcom.org)"
208.115.111.244 - - [04/Aug/2011:05:23:03 -0700] "GET /category/sports/category/world-cup-2010/page/category/category/category/world-cup-2010/page/2/ HTTP/1.1" 200 7900 "-" "Mozilla/5.0 (compatible; DotBot/1.1; http://www.dotnetdotcom.org/, crawler@dotnetdotcom.org)"
208.115.111.244 - - [04/Aug/2011:05:23:08 -0700] "GET /category/sports/page/category/category/category/category/category/world-cup-2010/ HTTP/1.1" 200 15431 "-" "Mozilla/5.0 (compatible; DotBot/1.1; http://www.dotnetdotcom.org/, crawler@dotnetdotcom.org)"
208.115.111.244 - - [04/Aug/2011:05:23:13 -0700] "GET /category/sports/page/category/category/category/category/world-cup-2010/page/2/ HTTP/1.1" 200 7897 "-" "Mozilla/5.0 (compatible; DotBot/1.1; http://www.dotnetdotcom.org/, crawler@dotnetdotcom.org)"
67.195.115.58 - - [04/Aug/2011:05:23:37 -0700] "GET /league-standings-look-a-lot-different-when-normalized-for-1-run-games/ HTTP/1.0" 200 9251 "-" "Mozilla/5.0 (compatible; Yahoo! Slurp; http://help.yahoo.com/help/us/ysearch/slurp)"
72.21.217.32 - - [04/Aug/2011:05:31:06 -0700] "GET /feed HTTP/1.0" 200 439 "-" "RPT-HTTPClient/0.3-3"
72.21.217.32 - - [04/Aug/2011:05:31:06 -0700] "GET /feed/ HTTP/1.0" 200 35924 "-" "RPT-HTTPClient/0.3-3"
72.21.217.64 - - [04/Aug/2011:05:31:35 -0700] "GET /feed HTTP/1.1" 200 383 "-" "RPT-HTTPClient/0.3-3"
72.21.217.64 - - [04/Aug/2011:05:31:38 -0700] "GET /feed/ HTTP/1.1" 200 35946 "-" "RPT-HTTPClient/0.3-3"
69.163.231.33 - - [04/Aug/2011:05:31:37 -0700] "POST /wp-cron.php?doing_wp_cron HTTP/1.0" 200 158 "-" "WordPress/3.1.4; http://www.pacificnorthwestcoastbias.com"
72.21.217.64 - - [04/Aug/2011:05:31:42 -0700] "GET /wp-content/uploads/2011/07/Community-Minded-1024x575.jpg HTTP/1.1" 200 127529 "-" "RPT-HTTPClient/0.3-3"
72.21.217.64 - - [04/Aug/2011:05:31:43 -0700] "GET /wp-content/uploads/2011/07/Innings-Pitched-All-Star-Game.jpg HTTP/1.1" 200 34923 "-" "RPT-HTTPClient/0.3-3"
72.21.217.64 - - [04/Aug/2011:05:31:43 -0700] "GET /wp-content/uploads/2011/07/Amway-Center-Orlando-Florida.jpg HTTP/1.1" 200 50147 "-" "RPT-HTTPClient/0.3-3"
72.21.217.64 - - [04/Aug/2011:05:31:43 -0700] "GET /wp-content/uploads/2011/07/Size-of-Amway-Center-with-Some-Parking.jpg HTTP/1.1" 200 625 "-" "RPT-HTTPClient/0.3-3"
72.21.217.64 - - [04/Aug/2011:05:31:43 -0700] "GET /wp-content/uploads/2011/07/downtown-bellevue-park.jpg HTTP/1.1" 200 136949 "-" "RPT-HTTPClient/0.3-3"
72.21.217.64 - - [04/Aug/2011:05:31:43 -0700] "GET /wp-content/uploads/2011/07/Dodge-Dealership.jpg HTTP/1.1" 200 163525 "-" "RPT-HTTPClient/0.3-3"
72.21.217.64 - - [04/Aug/2011:05:31:43 -0700] "GET /wp-content/uploads/2011/07/Safeway.jpg HTTP/1.1" 200 113322 "-" "RPT-HTTPClient/0.3-3"
72.21.217.64 - - [04/Aug/2011:05:31:44 -0700] "GET /wp-content/uploads/2011/07/NCAA-Win-Percentage.jpg HTTP/1.1" 200 27439 "-" "RPT-HTTPClient/0.3-3"
72.21.217.64 - - [04/Aug/2011:05:31:44 -0700] "GET /wp-content/uploads/2011/07/NCAA-Close-Game-Win-Percentage.jpg HTTP/1.1" 200 30700 "-" "RPT-HTTPClient/0.3-3"
72.21.217.64 - - [04/Aug/2011:05:31:44 -0700] "GET /wp-content/uploads/2011/07/Win-percentage-correlation.jpg HTTP/1.1" 200 28564 "-" "RPT-HTTPClient/0.3-3"
72.21.217.64 - - [04/Aug/2011:05:31:44 -0700] "GET /wp-content/uploads/2011/07/Close-Game-extra-wins.jpg HTTP/1.1" 200 23896 "-" "RPT-HTTPClient/0.3-3"
72.21.217.64 - - [04/Aug/2011:05:31:44 -0700] "GET /wp-content/uploads/2011/07/Close-Game-wins.jpg HTTP/1.1" 200 22396 "-" "RPT-HTTPClient/0.3-3"
72.21.217.64 - - [04/Aug/2011:05:31:44 -0700] "GET /wp-content/uploads/2011/07/Combined-win-percentage.jpg HTTP/1.1" 200 20671 "-" "RPT-HTTPClient/0.3-3"
72.21.217.64 - - [04/Aug/2011:05:31:44 -0700] "GET /wp-content/uploads/2011/07/Marymoor-Park-Sign.jpg HTTP/1.1" 200 353951 "-" "RPT-HTTPClient/0.3-3"
72.21.217.64 - - [04/Aug/2011:05:31:45 -0700] "GET /wp-content/uploads/2011/06/win-percentage.jpg HTTP/1.1" 200 25585 "-" "RPT-HTTPClient/0.3-3"
72.21.217.64 - - [04/Aug/2011:05:31:45 -0700] "GET /wp-content/uploads/2011/06/Adjusted-wins.jpg HTTP/1.1" 200 30873 "-" "RPT-HTTPClient/0.3-3"
72.21.217.64 - - [04/Aug/2011:05:31:45 -0700] "GET /wp-content/uploads/2011/06/mlb-leader-table.jpg HTTP/1.1" 200 26990 "-" "RPT-HTTPClient/0.3-3"
67.195.115.58 - - [04/Aug/2011:05:35:29 -0700] "GET /visitor-from-russia/ HTTP/1.0" 200 8349 "-" "Mozilla/5.0 (compatible; Yahoo! Slurp; http://help.yahoo.com/help/us/ysearch/slurp)"
128.242.249.13 - - [04/Aug/2011:05:35:50 -0700] "GET /feed/ HTTP/1.1" 200 35946 "-" "TwitterFeed 3"
174.36.228.156 - - [04/Aug/2011:05:36:59 -0700] "GET /feed/ HTTP/1.1" 200 9321 "-" "Mozilla/5.0 (X11; U; Linux x86_64; en-US; rv:1.9.0.19; aggregator:Spinn3r (Spinn3r 3.1); http://spinn3r.com/robot) Gecko/2010040121 Firefox/3.0.19"
173.192.238.34 - - [04/Aug/2011:05:38:17 -0700] "GET / HTTP/1.1" 200 18060 "-" "Mozilla/5.0 (X11; U; Linux x86_64; en-US; rv:1.9.0.19; aggregator:Spinn3r (Spinn3r 3.1); http://spinn3r.com/robot) Gecko/2010040121 Firefox/3.0.19"
94.23.198.123 - - [04/Aug/2011:05:39:07 -0700] "GET /comments/feed/ HTTP/1.0" 200 12242 "-" "-"
208.66.67.15 - - [04/Aug/2011:05:42:20 -0700] "GET /robots.txt HTTP/1.1" 200 356 "-" "Python-urllib/2.5"
208.66.67.15 - - [04/Aug/2011:05:42:21 -0700] "HEAD /feed HTTP/1.1" 200 409 "-" "Technoratibot/8.1"
208.66.67.15 - - [04/Aug/2011:05:42:22 -0700] "HEAD /feed/ HTTP/1.1" 200 353 "-" "Technoratibot/8.1"
208.66.67.15 - - [04/Aug/2011:05:42:22 -0700] "GET /feed HTTP/1.1" 200 429 "-" "Technoratibot/8.1"
208.66.67.15 - - [04/Aug/2011:05:42:23 -0700] "GET /feed/ HTTP/1.1" 200 9321 "-" "Technoratibot/8.1"
69.163.231.33 - - [04/Aug/2011:05:43:12 -0700] "POST /wp-cron.php?doing_wp_cron HTTP/1.0" 200 158 "-" "WordPress/3.1.4; http://www.pacificnorthwestcoastbias.com"
66.249.67.216 - - [04/Aug/2011:05:43:11 -0700] "GET /category/social-media/ HTTP/1.1" 200 12523 "-" "Mozilla/5.0 (compatible; Googlebot/2.1; +http://www.google.com/bot.html)"
207.34.25.76 - - [04/Aug/2011:05:43:46 -0700] "GET /robots.txt HTTP/1.1" 200 348 "-" "radian6_default_(www.radian6.com/crawler)"
207.34.25.76 - - [04/Aug/2011:05:43:46 -0700] "GET /feed/ HTTP/1.1" 200 9302 "-" "R6_FeedFetcher(www.radian6.com/crawler)"
67.195.115.58 - - [04/Aug/2011:05:48:45 -0700] "GET /passive-aggressive-seattle-signs/ HTTP/1.0" 200 7714 "http://www.pacificnorthwestcoastbias.com/league-standings-look-a-lot-different-when-normalized-for-1-run-games/" "Mozilla/5.0 (compatible; Yahoo! Slurp; http://help.yahoo.com/help/us/ysearch/slurp)"
174.129.136.158 - - [04/Aug/2011:05:59:45 -0700] "GET /feed/ HTTP/1.1" 200 35946 "-" "-"
174.129.136.158 - - [04/Aug/2011:05:59:45 -0700] "GET /feed/ HTTP/1.1" 200 9302 "-" "Mozilla/5.0 (X11; U; Linux i686; en-US; aggregator:Outside.in; http://outside.in)"
72.21.217.33 - - [04/Aug/2011:06:01:08 -0700] "GET /feed HTTP/1.0" 200 439 "-" "RPT-HTTPClient/0.3-3"
72.21.217.33 - - [04/Aug/2011:06:01:10 -0700] "GET /feed/ HTTP/1.0" 200 35924 "-" "RPT-HTTPClient/0.3-3"
38.99.97.213 - - [04/Aug/2011:06:03:33 -0700] "GET /robots.txt HTTP/1.1" 200 374 "-" "Mozilla/5.0 (compatible; ScoutJet; +http://www.scoutjet.com/)"
69.163.231.33 - - [04/Aug/2011:06:03:35 -0700] "POST /wp-cron.php?doing_wp_cron HTTP/1.0" 200 158 "-" "WordPress/3.1.4; http://www.pacificnorthwestcoastbias.com"
38.99.97.213 - - [04/Aug/2011:06:03:36 -0700] "GET / HTTP/1.1" 200 18135 "-" "Mozilla/5.0 (compatible; ScoutJet; +http://www.scoutjet.com/)"
67.195.115.58 - - [04/Aug/2011:06:06:54 -0700] "GET /the-sporting-news-awards-give-insight-into-who-will-win-the-cy-young/comment-page-1/ HTTP/1.0" 200 9009 "-" "Mozilla/5.0 (compatible; Yahoo! Slurp; http://help.yahoo.com/help/us/ysearch/slurp)"
174.36.228.156 - - [04/Aug/2011:06:07:02 -0700] "GET /feed/ HTTP/1.1" 200 9321 "-" "Mozilla/5.0 (X11; U; Linux x86_64; en-US; rv:1.9.0.19; aggregator:Spinn3r (Spinn3r 3.1); http://spinn3r.com/robot) Gecko/2010040121 Firefox/3.0.19"
208.115.111.68 - - [04/Aug/2011:06:07:18 -0700] "GET /robots.txt HTTP/1.1" 200 330 "-" "Mozilla/5.0 (compatible; Ezooms/1.0; ezooms.bot@gmail.com)"
173.192.238.48 - - [04/Aug/2011:06:08:27 -0700] "GET / HTTP/1.1" 200 18167 "-" "Mozilla/5.0 (X11; U; Linux x86_64; en-US; rv:1.9.0.19; aggregator:Spinn3r (Spinn3r 3.1); http://spinn3r.com/robot) Gecko/2010040121 Firefox/3.0.19"
94.228.34.209 - - [04/Aug/2011:06:09:11 -0700] "GET /feed/ HTTP/1.1" 200 9358 "-" "magpie-crawler/1.1 (U; Linux amd64; en-GB; +http://www.brandwatch.net)"
64.94.66.97 - - [04/Aug/2011:06:12:47 -0700] "GET /comments/feed/ HTTP/1.0" 200 3444 "-" "Moreoverbot/5.1 (+http://w.moreover.com; webmaster@moreover.com) Mozilla/5.0"
72.21.217.32 - - [04/Aug/2011:06:31:08 -0700] "GET /feed HTTP/1.0" 200 439 "-" "RPT-HTTPClient/0.3-3"
72.21.217.32 - - [04/Aug/2011:06:31:09 -0700] "GET /feed/ HTTP/1.0" 200 35924 "-" "RPT-HTTPClient/0.3-3"
166.137.143.62 - - [04/Aug/2011:06:33:02 -0700] "GET /favicon.ico HTTP/1.1" 200 277 "-" "Reeder/2.5.0 CFNetwork/485.13.9 Darwin/11.0.0"
174.36.228.156 - - [04/Aug/2011:06:37:04 -0700] "GET /feed/ HTTP/1.1" 200 9321 "-" "Mozilla/5.0 (X11; U; Linux x86_64; en-US; rv:1.9.0.19; aggregator:Spinn3r (Spinn3r 3.1); http://spinn3r.com/robot) Gecko/2010040121 Firefox/3.0.19"
173.192.238.44 - - [04/Aug/2011:06:38:38 -0700] "GET / HTTP/1.1" 200 18168 "-" "Mozilla/5.0 (X11; U; Linux x86_64; en-US; rv:1.9.0.19; aggregator:Spinn3r (Spinn3r 3.1); http://spinn3r.com/robot) Gecko/2010040121 Firefox/3.0.19"
128.242.249.11 - - [04/Aug/2011:06:39:46 -0700] "GET /feed/ HTTP/1.1" 200 35946 "-" "TwitterFeed 3"
195.43.189.232 - - [04/Aug/2011:06:41:11 -0700] "HEAD /feed/ HTTP/1.1" 200 290 "-" "Mozilla/4.0 (compatible; MSIE 4.0; MSIECrawler; Windows 95)"
94.228.34.229 - - [04/Aug/2011:06:45:28 -0700] "GET /hot-tub-time-machine-64-copies-now-available-at-king-county-libraries/feed/ HTTP/1.1" 200 180 "-" "magpie-crawler/1.1 (U; Linux amd64; en-GB; +http://www.brandwatch.net)"
69.163.231.33 - - [04/Aug/2011:06:45:29 -0700] "POST /wp-cron.php?doing_wp_cron HTTP/1.0" 200 158 "-" "WordPress/3.1.4; http://www.pacificnorthwestcoastbias.com"
173.242.125.191 - - [04/Aug/2011:06:50:38 -0700] "GET /robots.txt HTTP/1.0" 200 310 "-" "Mozilla/5.0 (compatible; MJ12bot/v1.4.0; http://www.majestic12.co.uk/bot.php?+)"
173.242.125.191 - - [04/Aug/2011:06:50:41 -0700] "GET / HTTP/1.0" 301 351 "-" "Mozilla/5.0 (compatible; MJ12bot/v1.4.0; http://www.majestic12.co.uk/bot.php?+)"
173.242.125.191 - - [04/Aug/2011:06:50:43 -0700] "GET /robots.txt HTTP/1.0" 200 310 "-" "Mozilla/5.0 (compatible; MJ12bot/v1.4.0; http://www.majestic12.co.uk/bot.php?+)"
173.242.125.191 - - [04/Aug/2011:06:50:45 -0700] "GET / HTTP/1.0" 200 114360 "-" "Mozilla/5.0 (compatible; MJ12bot/v1.4.0; http://www.majestic12.co.uk/bot.php?+)"
173.242.125.191 - - [04/Aug/2011:06:50:47 -0700] "GET / HTTP/1.0" 200 18111 "-" "Mozilla/5.0 (compatible; MJ12bot/v1.4.0; http://www.majestic12.co.uk/bot.php?+)"
209.85.238.86 - - [04/Aug/2011:06:55:25 -0700] "GET /feed/ HTTP/1.1" 200 9362 "-" "Feedfetcher-Google; (+http://www.google.com/feedfetcher.html; 12 subscribers; feed-id=11769849069241211122)"
88.131.106.1 - - [04/Aug/2011:06:56:49 -0700] "GET /robots.txt HTTP/1.0" 200 367 "-" "Mozilla/5.0 (Windows; U; Windows NT 5.1; en-US) Speedy Spider (http://www.entireweb.com/about/search_tech/speedy_spider/)"
69.163.231.33 - - [04/Aug/2011:06:56:51 -0700] "POST /wp-cron.php?doing_wp_cron HTTP/1.0" 200 158 "-" "WordPress/3.1.4; http://www.pacificnorthwestcoastbias.com"
88.131.106.8 - - [04/Aug/2011:06:56:53 -0700] "GET /category/other/ HTTP/1.0" 200 13962 "-" "Mozilla/5.0 (Windows; U; Windows NT 5.1; en-US) Speedy Spider (http://www.entireweb.com/about/search_tech/speedy_spider/)"
72.21.217.32 - - [04/Aug/2011:07:01:07 -0700] "GET /feed HTTP/1.0" 200 439 "-" "RPT-HTTPClient/0.3-3"
72.21.217.32 - - [04/Aug/2011:07:01:08 -0700] "GET /feed/ HTTP/1.0" 200 35924 "-" "RPT-HTTPClient/0.3-3"
67.202.17.115 - - [04/Aug/2011:07:01:10 -0700] "GET /feed/ HTTP/1.1" 200 35946 "-" "-"
67.202.17.115 - - [04/Aug/2011:07:01:10 -0700] "GET /feed/ HTTP/1.1" 200 9302 "-" "Mozilla/5.0 (X11; U; Linux i686; en-US; aggregator:Outside.in; http://outside.in)"
207.171.180.101 - - [04/Aug/2011:07:01:26 -0700] "GET /feed HTTP/1.1" 200 383 "-" "RPT-HTTPClient/0.3-3"
207.171.180.101 - - [04/Aug/2011:07:01:27 -0700] "GET /feed/ HTTP/1.1" 200 35946 "-" "RPT-HTTPClient/0.3-3"
207.171.180.101 - - [04/Aug/2011:07:01:31 -0700] "GET /wp-content/uploads/2011/07/Community-Minded-1024x575.jpg HTTP/1.1" 200 127529 "-" "RPT-HTTPClient/0.3-3"
207.171.180.101 - - [04/Aug/2011:07:01:31 -0700] "GET /wp-content/uploads/2011/07/Innings-Pitched-All-Star-Game.jpg HTTP/1.1" 200 34923 "-" "RPT-HTTPClient/0.3-3"
207.171.180.101 - - [04/Aug/2011:07:01:31 -0700] "GET /wp-content/uploads/2011/07/Amway-Center-Orlando-Florida.jpg HTTP/1.1" 200 50147 "-" "RPT-HTTPClient/0.3-3"
207.171.180.101 - - [04/Aug/2011:07:01:31 -0700] "GET /wp-content/uploads/2011/07/Size-of-Amway-Center-with-Some-Parking.jpg HTTP/1.1" 200 625 "-" "RPT-HTTPClient/0.3-3"
207.171.180.101 - - [04/Aug/2011:07:01:32 -0700] "GET /wp-content/uploads/2011/07/downtown-bellevue-park.jpg HTTP/1.1" 200 136949 "-" "RPT-HTTPClient/0.3-3"
207.171.180.101 - - [04/Aug/2011:07:01:32 -0700] "GET /wp-content/uploads/2011/07/Dodge-Dealership.jpg HTTP/1.1" 200 163525 "-" "RPT-HTTPClient/0.3-3"
207.171.180.101 - - [04/Aug/2011:07:01:32 -0700] "GET /wp-content/uploads/2011/07/Safeway.jpg HTTP/1.1" 200 113322 "-" "RPT-HTTPClient/0.3-3"
207.171.180.101 - - [04/Aug/2011:07:01:32 -0700] "GET /wp-content/uploads/2011/07/NCAA-Win-Percentage.jpg HTTP/1.1" 200 27439 "-" "RPT-HTTPClient/0.3-3"
207.171.180.101 - - [04/Aug/2011:07:01:32 -0700] "GET /wp-content/uploads/2011/07/NCAA-Close-Game-Win-Percentage.jpg HTTP/1.1" 200 30700 "-" "RPT-HTTPClient/0.3-3"
207.171.180.101 - - [04/Aug/2011:07:01:32 -0700] "GET /wp-content/uploads/2011/07/Win-percentage-correlation.jpg HTTP/1.1" 200 28564 "-" "RPT-HTTPClient/0.3-3"
207.171.180.101 - - [04/Aug/2011:07:01:32 -0700] "GET /wp-content/uploads/2011/07/Close-Game-extra-wins.jpg HTTP/1.1" 200 23896 "-" "RPT-HTTPClient/0.3-3"
207.171.180.101 - - [04/Aug/2011:07:01:32 -0700] "GET /wp-content/uploads/2011/07/Close-Game-wins.jpg HTTP/1.1" 200 22396 "-" "RPT-HTTPClient/0.3-3"
207.171.180.101 - - [04/Aug/2011:07:01:32 -0700] "GET /wp-content/uploads/2011/07/Combined-win-percentage.jpg HTTP/1.1" 200 20671 "-" "RPT-HTTPClient/0.3-3"
207.171.180.101 - - [04/Aug/2011:07:01:32 -0700] "GET /wp-content/uploads/2011/07/Marymoor-Park-Sign.jpg HTTP/1.1" 200 353951 "-" "RPT-HTTPClient/0.3-3"
207.171.180.101 - - [04/Aug/2011:07:01:33 -0700] "GET /wp-content/uploads/2011/06/win-percentage.jpg HTTP/1.1" 200 25585 "-" "RPT-HTTPClient/0.3-3"
207.171.180.101 - - [04/Aug/2011:07:01:33 -0700] "GET /wp-content/uploads/2011/06/Adjusted-wins.jpg HTTP/1.1" 200 30873 "-" "RPT-HTTPClient/0.3-3"
207.171.180.101 - - [04/Aug/2011:07:01:33 -0700] "GET /wp-content/uploads/2011/06/mlb-leader-table.jpg HTTP/1.1" 200 26990 "-" "RPT-HTTPClient/0.3-3"
174.36.228.156 - - [04/Aug/2011:07:07:07 -0700] "GET /feed/ HTTP/1.1" 200 9321 "-" "Mozilla/5.0 (X11; U; Linux x86_64; en-US; rv:1.9.0.19; aggregator:Spinn3r (Spinn3r 3.1); http://spinn3r.com/robot) Gecko/2010040121 Firefox/3.0.19"
180.183.147.205 - - [04/Aug/2011:07:07:32 -0700] "GET /wp-content/uploads/2010/08/NFL-head-coaching-experience-1.jpg HTTP/1.1" 200 16736 "http://kellerrelayforlife.org/inclination-eminem-off-the-wall/" "Mozilla/5.0 (Windows NT 5.1; rv:5.0.1) Gecko/20100101 Firefox/5.0.1"
24.19.168.94 - - [04/Aug/2011:07:07:43 -0700] "GET /wp-content/uploads/2011/07/Community-Minded-1024x575.jpg HTTP/1.1" 304 176 "-" "Mozilla/5.0 (Macintosh; U; Intel Mac OS X 10_5_8; en-us) AppleWebKit/533.19.4 (KHTML, like Gecko) Version/5.0.3 Safari/533.19.4"
174.36.228.156 - - [04/Aug/2011:07:08:43 -0700] "GET / HTTP/1.1" 200 18167 "-" "Mozilla/5.0 (X11; U; Linux x86_64; en-US; rv:1.9.0.19; aggregator:Spinn3r (Spinn3r 3.1); http://spinn3r.com/robot) Gecko/2010040121 Firefox/3.0.19"
119.63.196.17 - - [04/Aug/2011:07:09:56 -0700] "GET /ban-phone-bans/ HTTP/1.1" 200 8347 "-" "Mozilla/5.0 (compatible; Baiduspider/2.0; +http://www.baidu.com/search/spider.html)"
209.171.42.71 - - [04/Aug/2011:07:12:02 -0700] "GET /feed HTTP/1.1" 200 439 "-" "Mozilla/5.0 (compatible; BlogScope/1.0; +http://www.blogscope.net/; U of Toronto)"
209.171.42.71 - - [04/Aug/2011:07:12:04 -0700] "GET /feed/ HTTP/1.1" 200 9358 "-" "Mozilla/5.0 (compatible; BlogScope/1.0; +http://www.blogscope.net/; U of Toronto)"
94.23.44.43 - - [04/Aug/2011:07:26:00 -0700] "GET /feed/ HTTP/1.0" 200 16060 "-" "-"
69.163.231.33 - - [04/Aug/2011:07:28:49 -0700] "POST /wp-cron.php?doing_wp_cron HTTP/1.0" 200 158 "-" "WordPress/3.1.4; http://www.pacificnorthwestcoastbias.com"
109.230.245.232 - - [04/Aug/2011:07:28:47 -0700] "GET /nfl-draft-prediction-rankings/comment-page-1/ HTTP/1.0" 200 46565 "http://www.pacificnorthwestcoastbias.com/nfl-draft-prediction-rankings/comment-page-1/#comment-2084" "Opera/7.11 (Windows NT 5.1; U) [en]"
109.230.245.232 - - [04/Aug/2011:07:28:52 -0700] "POST /wp-comments-post.php HTTP/1.0" 302 809 "http://www.pacificnorthwestcoastbias.com/nfl-draft-prediction-rankings/comment-page-1/#comment-2084" "Opera/7.11 (Windows NT 5.1; U) [en]"
109.230.245.232 - - [04/Aug/2011:07:28:56 -0700] "GET /nfl-draft-prediction-rankings/comment-page-1/ HTTP/1.0" 200 46599 "http://www.pacificnorthwestcoastbias.com/nfl-draft-prediction-rankings/comment-page-1/#comment-2426" "Opera/7.11 (Windows NT 5.1; U) [en]"
198.228.195.3 - - [04/Aug/2011:07:29:49 -0700] "GET /favicon.ico HTTP/1.1" 200 277 "-" "Reeder/2.3 CFNetwork/485.2 Darwin/10.3.1"
113.142.19.26 - - [04/Aug/2011:07:30:10 -0700] "GET /wp-content/uploads/2010/08/Seahawks-coach-pete-carroll.jpg HTTP/1.1" 200 505576 "http://image.soso.com/" "Sosoimagespider+(+http://help.soso.com/soso-image-spider.htm)"
72.21.217.32 - - [04/Aug/2011:07:31:06 -0700] "GET /feed HTTP/1.0" 200 439 "-" "RPT-HTTPClient/0.3-3"
72.21.217.32 - - [04/Aug/2011:07:31:07 -0700] "GET /feed/ HTTP/1.0" 200 35924 "-" "RPT-HTTPClient/0.3-3"
173.192.238.48 - - [04/Aug/2011:07:37:13 -0700] "GET /feed/ HTTP/1.1" 200 9321 "-" "Mozilla/5.0 (X11; U; Linux x86_64; en-US; rv:1.9.0.19; aggregator:Spinn3r (Spinn3r 3.1); http://spinn3r.com/robot) Gecko/2010040121 Firefox/3.0.19"
173.192.238.34 - - [04/Aug/2011:07:38:51 -0700] "GET / HTTP/1.1" 200 18060 "-" "Mozilla/5.0 (X11; U; Linux x86_64; en-US; rv:1.9.0.19; aggregator:Spinn3r (Spinn3r 3.1); http://spinn3r.com/robot) Gecko/2010040121 Firefox/3.0.19"
95.108.158.245 - - [04/Aug/2011:07:41:20 -0700] "GET /robots.txt HTTP/1.1" 200 386 "-" "Mozilla/5.0 (compatible; YandexImages/3.0; +http://yandex.com/bots)"
128.242.249.13 - - [04/Aug/2011:07:42:28 -0700] "GET /feed/ HTTP/1.1" 200 35946 "-" "TwitterFeed 3"
188.65.96.106 - - [04/Aug/2011:07:43:20 -0700] "GET /feed/ HTTP/1.1" 200 36002 "-" "-"
209.85.224.98 - - [04/Aug/2011:07:46:26 -0700] "GET /wp-content/uploads/2010/04/Average-number-NFL-Draft-picks-off2.jpg HTTP/1.1" 200 43175 "-" "Mozilla/5.0 (compatible) Feedfetcher-Google; (+http://www.google.com/feedfetcher.html)"
209.85.238.86 - - [04/Aug/2011:07:55:34 -0700] "GET /feed/ HTTP/1.1" 200 9358 "-" "Feedfetcher-Google; (+http://www.google.com/feedfetcher.html; 12 subscribers; feed-id=11769849069241211122)"
198.228.195.3 - - [04/Aug/2011:07:56:43 -0700] "GET /favicon.ico HTTP/1.1" 200 277 "-" "Reeder/2.3 CFNetwork/485.2 Darwin/10.3.1"
94.228.34.229 - - [04/Aug/2011:07:56:54 -0700] "GET /economic-indicator-cargo-ship-containers-and-frequency/feed/ HTTP/1.1" 200 180 "-" "magpie-crawler/1.1 (U; Linux amd64; en-GB; +http://www.brandwatch.net)"
117.21.224.227 - - [04/Aug/2011:07:57:51 -0700] "GET /nfl-draft-prediction-rankings/comment-page-1/ HTTP/1.0" 200 46565 "http://www.pacificnorthwestcoastbias.com/nfl-draft-prediction-rankings/comment-page-1/#comment-2037" "Mozilla/4.0 (compatible; MSIE 6.0; Windows NT 5.1; SV1; FunWebProducts; .NET CLR 1.1.4322; PeoplePal 6.2)"
117.21.224.227 - - [04/Aug/2011:07:57:53 -0700] "POST /wp-comments-post.php HTTP/1.0" 302 844 "http://www.pacificnorthwestcoastbias.com/nfl-draft-prediction-rankings/comment-page-1/#comment-2037" "Mozilla/4.0 (compatible; MSIE 6.0; Windows NT 5.1; SV1; FunWebProducts; .NET CLR 1.1.4322; PeoplePal 6.2)"
117.21.224.227 - - [04/Aug/2011:07:57:54 -0700] "GET /nfl-draft-prediction-rankings/comment-page-1/ HTTP/1.0" 200 46633 "http://www.pacificnorthwestcoastbias.com/nfl-draft-prediction-rankings/comment-page-1/#comment-2427" "Mozilla/4.0 (compatible; MSIE 6.0; Windows NT 5.1; SV1; FunWebProducts; .NET CLR 1.1.4322; PeoplePal 6.2)"
94.228.34.207 - - [04/Aug/2011:08:00:03 -0700] "GET /blog-home/feed/ HTTP/1.1" 200 180 "-" "magpie-crawler/1.1 (U; Linux amd64; en-GB; +http://www.brandwatch.net)"
69.163.231.33 - - [04/Aug/2011:08:00:04 -0700] "POST /wp-cron.php?doing_wp_cron HTTP/1.0" 200 158 "-" "WordPress/3.1.4; http://www.pacificnorthwestcoastbias.com"
72.21.217.33 - - [04/Aug/2011:08:01:08 -0700] "GET /feed HTTP/1.0" 200 439 "-" "RPT-HTTPClient/0.3-3"
72.21.217.33 - - [04/Aug/2011:08:01:09 -0700] "GET /feed/ HTTP/1.0" 200 35928 "-" "RPT-HTTPClient/0.3-3"
72.21.217.96 - - [04/Aug/2011:08:01:30 -0700] "GET /feed HTTP/1.1" 200 383 "-" "RPT-HTTPClient/0.3-3"
72.21.217.96 - - [04/Aug/2011:08:01:31 -0700] "GET /feed/ HTTP/1.1" 200 35946 "-" "RPT-HTTPClient/0.3-3"
72.21.217.97 - - [04/Aug/2011:08:01:34 -0700] "GET /wp-content/uploads/2011/07/Community-Minded-1024x575.jpg HTTP/1.1" 200 127529 "-" "RPT-HTTPClient/0.3-3"
72.21.217.97 - - [04/Aug/2011:08:01:35 -0700] "GET /wp-content/uploads/2011/07/Innings-Pitched-All-Star-Game.jpg HTTP/1.1" 200 34923 "-" "RPT-HTTPClient/0.3-3"
72.21.217.97 - - [04/Aug/2011:08:01:35 -0700] "GET /wp-content/uploads/2011/07/Amway-Center-Orlando-Florida.jpg HTTP/1.1" 200 50147 "-" "RPT-HTTPClient/0.3-3"
72.21.217.97 - - [04/Aug/2011:08:01:35 -0700] "GET /wp-content/uploads/2011/07/Size-of-Amway-Center-with-Some-Parking.jpg HTTP/1.1" 200 625 "-" "RPT-HTTPClient/0.3-3"
72.21.217.97 - - [04/Aug/2011:08:01:35 -0700] "GET /wp-content/uploads/2011/07/downtown-bellevue-park.jpg HTTP/1.1" 200 136949 "-" "RPT-HTTPClient/0.3-3"
72.21.217.97 - - [04/Aug/2011:08:01:36 -0700] "GET /wp-content/uploads/2011/07/Dodge-Dealership.jpg HTTP/1.1" 200 163525 "-" "RPT-HTTPClient/0.3-3"
72.21.217.97 - - [04/Aug/2011:08:01:36 -0700] "GET /wp-content/uploads/2011/07/Safeway.jpg HTTP/1.1" 200 113322 "-" "RPT-HTTPClient/0.3-3"
72.21.217.97 - - [04/Aug/2011:08:01:36 -0700] "GET /wp-content/uploads/2011/07/NCAA-Win-Percentage.jpg HTTP/1.1" 200 27439 "-" "RPT-HTTPClient/0.3-3"
72.21.217.97 - - [04/Aug/2011:08:01:36 -0700] "GET /wp-content/uploads/2011/07/NCAA-Close-Game-Win-Percentage.jpg HTTP/1.1" 200 30700 "-" "RPT-HTTPClient/0.3-3"
72.21.217.97 - - [04/Aug/2011:08:01:36 -0700] "GET /wp-content/uploads/2011/07/Win-percentage-correlation.jpg HTTP/1.1" 200 28564 "-" "RPT-HTTPClient/0.3-3"
72.21.217.97 - - [04/Aug/2011:08:01:36 -0700] "GET /wp-content/uploads/2011/07/Close-Game-extra-wins.jpg HTTP/1.1" 200 23896 "-" "RPT-HTTPClient/0.3-3"
72.21.217.97 - - [04/Aug/2011:08:01:36 -0700] "GET /wp-content/uploads/2011/07/Close-Game-wins.jpg HTTP/1.1" 200 22396 "-" "RPT-HTTPClient/0.3-3"
72.21.217.97 - - [04/Aug/2011:08:01:37 -0700] "GET /wp-content/uploads/2011/07/Combined-win-percentage.jpg HTTP/1.1" 200 20671 "-" "RPT-HTTPClient/0.3-3"
72.21.217.97 - - [04/Aug/2011:08:01:37 -0700] "GET /wp-content/uploads/2011/07/Marymoor-Park-Sign.jpg HTTP/1.1" 200 353951 "-" "RPT-HTTPClient/0.3-3"
72.21.217.97 - - [04/Aug/2011:08:01:37 -0700] "GET /wp-content/uploads/2011/06/win-percentage.jpg HTTP/1.1" 200 25585 "-" "RPT-HTTPClient/0.3-3"
72.21.217.97 - - [04/Aug/2011:08:01:37 -0700] "GET /wp-content/uploads/2011/06/Adjusted-wins.jpg HTTP/1.1" 200 30873 "-" "RPT-HTTPClient/0.3-3"
72.21.217.97 - - [04/Aug/2011:08:01:37 -0700] "GET /wp-content/uploads/2011/06/mlb-leader-table.jpg HTTP/1.1" 200 26990 "-" "RPT-HTTPClient/0.3-3"
67.195.115.58 - - [04/Aug/2011:08:02:32 -0700] "GET /twitter-weekly-updates-for-2011-06-12/ HTTP/1.0" 200 7762 "-" "Mozilla/5.0 (compatible; Yahoo! Slurp; http://help.yahoo.com/help/us/ysearch/slurp)"
67.195.115.58 - - [04/Aug/2011:08:02:35 -0700] "GET /wp-content/themes/EmptyCanvas/style.css HTTP/1.0" 304 138 "http://www.pacificnorthwestcoastbias.com/twitter-weekly-updates-for-2011-06-12/" "Mozilla/5.0 (compatible; Yahoo! Slurp; http://help.yahoo.com/help/us/ysearch/slurp)"
67.195.115.58 - - [04/Aug/2011:08:02:36 -0700] "GET /wp-content/themes/EmptyCanvas/reset.css HTTP/1.0" 304 137 "http://www.pacificnorthwestcoastbias.com/wp-content/themes/EmptyCanvas/style.css" "Mozilla/5.0 (compatible; Yahoo! Slurp; http://help.yahoo.com/help/us/ysearch/slurp)"
67.195.115.58 - - [04/Aug/2011:08:02:36 -0700] "GET /wp-content/plugins/sociable/sociable.css?ver=3.1.4 HTTP/1.0" 304 137 "http://www.pacificnorthwestcoastbias.com/twitter-weekly-updates-for-2011-06-12/" "Mozilla/5.0 (compatible; Yahoo! Slurp; http://help.yahoo.com/help/us/ysearch/slurp)"
67.195.115.58 - - [04/Aug/2011:08:02:37 -0700] "GET /wp-content/plugins/subscribe-here-widget/subscribe-here-widget.css HTTP/1.0" 304 137 "http://www.pacificnorthwestcoastbias.com/twitter-weekly-updates-for-2011-06-12/" "Mozilla/5.0 (compatible; Yahoo! Slurp; http://help.yahoo.com/help/us/ysearch/slurp)"
109.107.36.71 - - [04/Aug/2011:08:03:49 -0700] "GET /robots.txt HTTP/1.0" 200 310 "-" "Mozilla/5.0 (compatible; MJ12bot/v1.4.0; http://www.majestic12.co.uk/bot.php?+)"
109.107.36.71 - - [04/Aug/2011:08:03:55 -0700] "GET /twitter-weekly-updates-for-2011-04-10 HTTP/1.0" 200 389 "-" "Mozilla/5.0 (compatible; MJ12bot/v1.4.0; http://www.majestic12.co.uk/bot.php?+)"
109.107.36.71 - - [04/Aug/2011:08:04:00 -0700] "GET /twitter-weekly-updates-for-2011-04-10/ HTTP/1.0" 200 31493 "-" "Mozilla/5.0 (compatible; MJ12bot/v1.4.0; http://www.majestic12.co.uk/bot.php?+)"
109.107.36.71 - - [04/Aug/2011:08:04:07 -0700] "GET /twitter-weekly-updates-for-2011-04-17 HTTP/1.0" 200 389 "-" "Mozilla/5.0 (compatible; MJ12bot/v1.4.0; http://www.majestic12.co.uk/bot.php?+)"
109.107.36.71 - - [04/Aug/2011:08:04:09 -0700] "GET /twitter-weekly-updates-for-2011-04-17/ HTTP/1.0" 200 29402 "-" "Mozilla/5.0 (compatible; MJ12bot/v1.4.0; http://www.majestic12.co.uk/bot.php?+)"
109.107.36.71 - - [04/Aug/2011:08:04:14 -0700] "GET /what%E2%80%99s-the-most-expensive-city-to-live-in-washington HTTP/1.0" 200 412 "-" "Mozilla/5.0 (compatible; MJ12bot/v1.4.0; http://www.majestic12.co.uk/bot.php?+)"
109.107.36.71 - - [04/Aug/2011:08:04:19 -0700] "GET /what%E2%80%99s-the-most-expensive-city-to-live-in-washington/ HTTP/1.0" 200 32231 "-" "Mozilla/5.0 (compatible; MJ12bot/v1.4.0; http://www.majestic12.co.uk/bot.php?+)"
173.192.238.48 - - [04/Aug/2011:08:07:17 -0700] "GET /feed/ HTTP/1.1" 200 9322 "-" "Mozilla/5.0 (X11; U; Linux x86_64; en-US; rv:1.9.0.19; aggregator:Spinn3r (Spinn3r 3.1); http://spinn3r.com/robot) Gecko/2010040121 Firefox/3.0.19"
173.192.238.34 - - [04/Aug/2011:08:08:59 -0700] "GET / HTTP/1.1" 200 18060 "-" "Mozilla/5.0 (X11; U; Linux x86_64; en-US; rv:1.9.0.19; aggregator:Spinn3r (Spinn3r 3.1); http://spinn3r.com/robot) Gecko/2010040121 Firefox/3.0.19"
198.228.195.3 - - [04/Aug/2011:08:13:24 -0700] "GET /favicon.ico HTTP/1.1" 200 277 "-" "Reeder/2.3 CFNetwork/485.2 Darwin/10.3.1"
209.171.42.71 - - [04/Aug/2011:08:17:18 -0700] "GET /feed HTTP/1.1" 200 439 "-" "Mozilla/5.0 (compatible; BlogScope/1.0; +http://www.blogscope.net/; U of Toronto)"
209.171.42.71 - - [04/Aug/2011:08:17:20 -0700] "GET /feed/ HTTP/1.1" 200 9359 "-" "Mozilla/5.0 (compatible; BlogScope/1.0; +http://www.blogscope.net/; U of Toronto)"
174.129.136.158 - - [04/Aug/2011:08:17:34 -0700] "GET /feed/ HTTP/1.1" 200 35946 "-" "-"
174.129.136.158 - - [04/Aug/2011:08:17:34 -0700] "GET /feed/ HTTP/1.1" 200 9303 "-" "Mozilla/5.0 (X11; U; Linux i686; en-US; aggregator:Outside.in; http://outside.in)"
69.163.231.33 - - [04/Aug/2011:08:18:07 -0700] "POST /wp-cron.php?doing_wp_cron HTTP/1.0" 200 158 "-" "WordPress/3.1.4; http://www.pacificnorthwestcoastbias.com"
69.197.28.104 - - [04/Aug/2011:08:18:05 -0700] "GET /which-bellevue-restaurant-is-the-most-popular/ HTTP/1.0" 200 33006 "http://www.pacificnorthwestcoastbias.com/which-bellevue-restaurant-is-the-most-popular/" "Mozilla/6.0 (compatible; MSIE 7.0a1; Windows NT 5.2; SV1)"
69.197.28.104 - - [04/Aug/2011:08:18:10 -0700] "POST /wp-comments-post.php HTTP/1.0" 302 874 "http://www.pacificnorthwestcoastbias.com/which-bellevue-restaurant-is-the-most-popular/" "Mozilla/6.0 (compatible; MSIE 7.0a1; Windows NT 5.2; SV1)"
69.197.28.104 - - [04/Aug/2011:08:18:11 -0700] "GET /which-bellevue-restaurant-is-the-most-popular/comment-page-1/ HTTP/1.0" 200 33090 "http://www.pacificnorthwestcoastbias.com/which-bellevue-restaurant-is-the-most-popular/comment-page-1/#comment-2428" "Mozilla/6.0 (compatible; MSIE 7.0a1; Windows NT 5.2; SV1)"
66.249.67.216 - - [04/Aug/2011:08:25:55 -0700] "GET /sitemap.xml.gz HTTP/1.1" 200 7423 "-" "Mozilla/5.0 (compatible; Googlebot/2.1; +http://www.google.com/bot.html)"
66.249.67.216 - - [04/Aug/2011:08:29:59 -0700] "GET /twitter-weekly-updates-for-2010-05-16/ HTTP/1.1" 200 8937 "-" "Mozilla/5.0 (compatible; Googlebot/2.1; +http://www.google.com/bot.html)"
72.21.217.32 - - [04/Aug/2011:08:31:06 -0700] "GET /feed HTTP/1.0" 200 439 "-" "RPT-HTTPClient/0.3-3"
72.21.217.32 - - [04/Aug/2011:08:31:08 -0700] "GET /feed/ HTTP/1.0" 200 35924 "-" "RPT-HTTPClient/0.3-3"
38.101.148.126 - - [04/Aug/2011:08:33:56 -0700] "GET /robots.txt HTTP/1.1" 200 367 "-" "Mozilla/5.0 (compatible; discobot/1.1; +http://discoveryengine.com/discobot.html)"
69.163.231.33 - - [04/Aug/2011:08:33:58 -0700] "POST /wp-cron.php?doing_wp_cron HTTP/1.0" 200 158 "-" "WordPress/3.1.4; http://www.pacificnorthwestcoastbias.com"
94.228.34.207 - - [04/Aug/2011:08:35:00 -0700] "GET /in-fantasy-football-its-all-about-the-end-of-the-draft/feed/ HTTP/1.1" 200 180 "-" "magpie-crawler/1.1 (U; Linux amd64; en-GB; +http://www.brandwatch.net)"
94.228.34.207 - - [04/Aug/2011:08:36:09 -0700] "GET /whos-most-under-ratedover-rated-in-college-football/feed/ HTTP/1.1" 200 180 "-" "magpie-crawler/1.1 (U; Linux amd64; en-GB; +http://www.brandwatch.net)"
174.37.205.92 - - [04/Aug/2011:08:37:20 -0700] "GET /feed/ HTTP/1.1" 200 9322 "-" "Mozilla/5.0 (X11; U; Linux x86_64; en-US; rv:1.9.0.19; aggregator:Spinn3r (Spinn3r 3.1); http://spinn3r.com/robot) Gecko/2010040121 Firefox/3.0.19"
119.63.196.75 - - [04/Aug/2011:08:38:16 -0700] "GET /community-minded/ HTTP/1.1" 200 7591 "-" "Mozilla/5.0 (compatible; Baiduspider/2.0; +http://www.baidu.com/search/spider.html)"
173.192.238.44 - - [04/Aug/2011:08:39:06 -0700] "GET / HTTP/1.1" 200 18060 "-" "Mozilla/5.0 (X11; U; Linux x86_64; en-US; rv:1.9.0.19; aggregator:Spinn3r (Spinn3r 3.1); http://spinn3r.com/robot) Gecko/2010040121 Firefox/3.0.19"
94.23.198.123 - - [04/Aug/2011:08:40:31 -0700] "GET /comments/feed/ HTTP/1.0" 200 12242 "-" "-"
195.43.189.232 - - [04/Aug/2011:08:40:49 -0700] "HEAD /feed/ HTTP/1.1" 200 290 "-" "Mozilla/4.0 (compatible; MSIE 4.0; MSIECrawler; Windows 95)"
74.94.215.114 - - [04/Aug/2011:08:44:25 -0700] "GET / HTTP/1.1" 200 18170 "-" "Reeder/1.4.1 CFNetwork/485.13.9 Darwin/11.0.0"
74.94.215.114 - - [04/Aug/2011:08:44:27 -0700] "GET /favicon.ico HTTP/1.1" 200 276 "-" "Reeder/1.4.1 CFNetwork/485.13.9 Darwin/11.0.0"
74.94.215.114 - - [04/Aug/2011:08:44:27 -0700] "GET / HTTP/1.1" 200 18203 "-" "Reeder/1.4.1 CFNetwork/485.13.9 Darwin/11.0.0"
74.94.215.114 - - [04/Aug/2011:08:44:27 -0700] "GET /apple-touch-icon.png HTTP/1.1" 200 6580 "-" "Reeder/1.4.1 CFNetwork/485.13.9 Darwin/11.0.0"
74.94.215.114 - - [04/Aug/2011:08:44:29 -0700] "GET /apple-touch-icon-precomposed.png HTTP/1.1" 200 6580 "-" "Reeder/1.4.1 CFNetwork/485.13.9 Darwin/11.0.0"
128.242.249.14 - - [04/Aug/2011:08:45:50 -0700] "GET /feed/ HTTP/1.1" 200 35946 "-" "TwitterFeed 3"
207.244.223.66 - - [04/Aug/2011:08:56:34 -0700] "GET /feed/ HTTP/1.1" 200 9322 "-" "BlogSearch/2 +http://www.icerocket.com/"
209.85.238.86 - - [04/Aug/2011:08:56:34 -0700] "GET /feed/ HTTP/1.1" 200 9359 "-" "Feedfetcher-Google; (+http://www.google.com/feedfetcher.html; 12 subscribers; feed-id=11769849069241211122)"
72.21.217.32 - - [04/Aug/2011:09:01:06 -0700] "GET /feed HTTP/1.0" 200 439 "-" "RPT-HTTPClient/0.3-3"
72.21.217.32 - - [04/Aug/2011:09:01:13 -0700] "GET /feed/ HTTP/1.0" 200 35924 "-" "RPT-HTTPClient/0.3-3"
69.163.231.33 - - [04/Aug/2011:09:01:11 -0700] "POST /wp-cron.php?doing_wp_cron HTTP/1.0" 200 158 "-" "WordPress/3.1.4; http://www.pacificnorthwestcoastbias.com"
74.94.215.114 - - [04/Aug/2011:09:02:14 -0700] "GET / HTTP/1.1" 200 18201 "-" "Reeder/1.4.1 CFNetwork/485.13.9 Darwin/11.0.0"
74.94.215.114 - - [04/Aug/2011:09:02:14 -0700] "GET /favicon.ico HTTP/1.1" 200 276 "-" "Reeder/1.4.1 CFNetwork/485.13.9 Darwin/11.0.0"
74.94.215.114 - - [04/Aug/2011:09:02:15 -0700] "GET / HTTP/1.1" 200 18205 "-" "Reeder/1.4.1 CFNetwork/485.13.9 Darwin/11.0.0"
74.94.215.114 - - [04/Aug/2011:09:02:15 -0700] "GET /apple-touch-icon.png HTTP/1.1" 200 6580 "-" "Reeder/1.4.1 CFNetwork/485.13.9 Darwin/11.0.0"
74.94.215.114 - - [04/Aug/2011:09:02:17 -0700] "GET /apple-touch-icon-precomposed.png HTTP/1.1" 200 6580 "-" "Reeder/1.4.1 CFNetwork/485.13.9 Darwin/11.0.0"
123.125.71.50 - - [04/Aug/2011:09:03:15 -0700] "GET /wp-content/plugins/subscribe-here-widget/subscribe-here-widget.css HTTP/1.1" 200 1420 "-" "Mozilla/5.0 (compatible; Baiduspider/2.0; +http://www.baidu.com/search/spider.html)"
173.192.238.48 - - [04/Aug/2011:09:07:25 -0700] "GET /feed/ HTTP/1.1" 200 143 "-" "Mozilla/5.0 (X11; U; Linux x86_64; en-US; rv:1.9.0.19; aggregator:Spinn3r (Spinn3r 3.1); http://spinn3r.com/robot) Gecko/2010040121 Firefox/3.0.19"
109.230.245.232 - - [04/Aug/2011:09:08:11 -0700] "GET /twitter-weekly-updates-for-2010-09-19/comment-page-1/ HTTP/1.0" 200 30108 "http://www.pacificnorthwestcoastbias.com/twitter-weekly-updates-for-2010-09-19/comment-page-1/#comment-2065" "Mozilla/4.0 (compatible; MSIE 6.0; Windows NT 5.2; Win64; AMD64)"
109.230.245.232 - - [04/Aug/2011:09:08:25 -0700] "POST /wp-comments-post.php HTTP/1.0" 302 847 "http://www.pacificnorthwestcoastbias.com/twitter-weekly-updates-for-2010-09-19/comment-page-1/#comment-2065" "Mozilla/4.0 (compatible; MSIE 6.0; Windows NT 5.2; Win64; AMD64)"
109.230.245.232 - - [04/Aug/2011:09:08:33 -0700] "GET /twitter-weekly-updates-for-2010-09-19/comment-page-1/ HTTP/1.0" 200 30171 "http://www.pacificnorthwestcoastbias.com/twitter-weekly-updates-for-2010-09-19/comment-page-1/#comment-2429" "Mozilla/4.0 (compatible; MSIE 6.0; Windows NT 5.2; Win64; AMD64)"
173.192.238.48 - - [04/Aug/2011:09:09:13 -0700] "GET / HTTP/1.1" 200 18167 "-" "Mozilla/5.0 (X11; U; Linux x86_64; en-US; rv:1.9.0.19; aggregator:Spinn3r (Spinn3r 3.1); http://spinn3r.com/robot) Gecko/2010040121 Firefox/3.0.19"
208.115.111.244 - - [04/Aug/2011:09:09:31 -0700] "GET /robots.txt HTTP/1.1" 200 348 "-" "Mozilla/5.0 (compatible; DotBot/1.1; http://www.dotnetdotcom.org/, crawler@dotnetdotcom.org)"
74.94.215.114 - - [04/Aug/2011:09:11:58 -0700] "GET / HTTP/1.1" 200 18206 "-" "Reeder/1.5.0 CFNetwork/485.13.9 Darwin/11.0.0"
74.94.215.114 - - [04/Aug/2011:09:11:58 -0700] "GET /favicon.ico HTTP/1.1" 200 276 "-" "Reeder/1.5.0 CFNetwork/485.13.9 Darwin/11.0.0"
74.94.215.114 - - [04/Aug/2011:09:11:58 -0700] "GET / HTTP/1.1" 200 18205 "-" "Reeder/1.5.0 CFNetwork/485.13.9 Darwin/11.0.0"
74.94.215.114 - - [04/Aug/2011:09:11:59 -0700] "GET /apple-touch-icon.png HTTP/1.1" 200 6580 "-" "Reeder/1.5.0 CFNetwork/485.13.9 Darwin/11.0.0"
74.94.215.114 - - [04/Aug/2011:09:12:03 -0700] "GET /apple-touch-icon-precomposed.png HTTP/1.1" 200 6581 "-" "Reeder/1.5.0 CFNetwork/485.13.9 Darwin/11.0.0"
209.171.42.71 - - [04/Aug/2011:09:17:05 -0700] "GET /feed HTTP/1.1" 200 439 "-" "Mozilla/5.0 (compatible; BlogScope/1.0; +http://www.blogscope.net/; U of Toronto)"
69.163.231.33 - - [04/Aug/2011:09:17:06 -0700] "POST /wp-cron.php?doing_wp_cron HTTP/1.0" 200 158 "-" "WordPress/3.1.4; http://www.pacificnorthwestcoastbias.com"
209.171.42.71 - - [04/Aug/2011:09:17:08 -0700] "GET /feed/ HTTP/1.1" 200 9359 "-" "Mozilla/5.0 (compatible; BlogScope/1.0; +http://www.blogscope.net/; U of Toronto)"
74.94.215.114 - - [04/Aug/2011:09:22:57 -0700] "GET / HTTP/1.1" 200 18206 "-" "Reeder/1.4.1 CFNetwork/485.13.9 Darwin/11.0.0"
74.94.215.114 - - [04/Aug/2011:09:22:57 -0700] "GET /favicon.ico HTTP/1.1" 200 276 "-" "Reeder/1.4.1 CFNetwork/485.13.9 Darwin/11.0.0"
74.94.215.114 - - [04/Aug/2011:09:22:57 -0700] "GET / HTTP/1.1" 200 18203 "-" "Reeder/1.4.1 CFNetwork/485.13.9 Darwin/11.0.0"
74.94.215.114 - - [04/Aug/2011:09:22:58 -0700] "GET /apple-touch-icon.png HTTP/1.1" 200 6580 "-" "Reeder/1.4.1 CFNetwork/485.13.9 Darwin/11.0.0"
74.94.215.114 - - [04/Aug/2011:09:23:00 -0700] "GET /apple-touch-icon-precomposed.png HTTP/1.1" 200 6580 "-" "Reeder/1.4.1 CFNetwork/485.13.9 Darwin/11.0.0"
174.129.136.171 - - [04/Aug/2011:09:23:23 -0700] "GET /feed/ HTTP/1.1" 200 9299 "-" "PostRank/2.0 (postrank.com; 1 subscribers)"
67.202.17.115 - - [04/Aug/2011:09:27:24 -0700] "GET /feed/ HTTP/1.1" 200 35946 "-" "-"
67.202.17.115 - - [04/Aug/2011:09:27:24 -0700] "GET /feed/ HTTP/1.1" 200 9299 "-" "Mozilla/5.0 (X11; U; Linux i686; en-US; aggregator:Outside.in; http://outside.in)"
69.163.231.33 - - [04/Aug/2011:09:30:03 -0700] "POST /wp-cron.php?doing_wp_cron HTTP/1.0" 200 158 "-" "WordPress/3.1.4; http://www.pacificnorthwestcoastbias.com"
208.115.111.244 - - [04/Aug/2011:09:30:01 -0700] "GET /category/category/world-cup-2010/page/category/world-cup-2010/page/category/category/world-cup-2010/ HTTP/1.1" 200 15429 "-" "Mozilla/5.0 (compatible; DotBot/1.1; http://www.dotnetdotcom.org/, crawler@dotnetdotcom.org)"
208.115.111.244 - - [04/Aug/2011:09:30:05 -0700] "GET /category/category/world-cup-2010/page/category/world-cup-2010/page/category/world-cup-2010/page/2/ HTTP/1.1" 200 7896 "-" "Mozilla/5.0 (compatible; DotBot/1.1; http://www.dotnetdotcom.org/, crawler@dotnetdotcom.org)"
208.115.111.244 - - [04/Aug/2011:09:30:15 -0700] "GET /category/sports/category/category/category/world-cup-2010/page/category/category/world-cup-2010/ HTTP/1.1" 200 15431 "-" "Mozilla/5.0 (compatible; DotBot/1.1; http://www.dotnetdotcom.org/, crawler@dotnetdotcom.org)"
208.115.111.244 - - [04/Aug/2011:09:30:23 -0700] "GET /category/sports/category/category/category/world-cup-2010/page/category/world-cup-2010/page/2/ HTTP/1.1" 200 7900 "-" "Mozilla/5.0 (compatible; DotBot/1.1; http://www.dotnetdotcom.org/, crawler@dotnetdotcom.org)"
