98.145.88.246 - - [04/Aug/2011:20:19:14 -0700] "GET /wp-content/uploads/2010/07/nfl-schedule.jpg HTTP/1.1" 200 11602 "http://www.pacificnorthwestcoastbias.com/category/sports/page/4/" "Mozilla/5.0 (Windows NT 6.1) AppleWebKit/534.30 (KHTML, like Gecko) Chrome/12.0.742.122 Safari/534.30"
98.145.88.246 - - [04/Aug/2011:20:19:14 -0700] "GET /wp-content/uploads/2010/07/MLS-attendance.jpg HTTP/1.1" 200 16927 "http://www.pacificnorthwestcoastbias.com/category/sports/page/4/" "Mozilla/5.0 (Windows NT 6.1) AppleWebKit/534.30 (KHTML, like Gecko) Chrome/12.0.742.122 Safari/534.30"
98.145.88.246 - - [04/Aug/2011:20:19:14 -0700] "GET /wp-content/uploads/2010/07/visitor-attendance.jpg HTTP/1.1" 200 34393 "http://www.pacificnorthwestcoastbias.com/category/sports/page/4/" "Mozilla/5.0 (Windows NT 6.1) AppleWebKit/534.30 (KHTML, like Gecko) Chrome/12.0.742.122 Safari/534.30"
98.145.88.246 - - [04/Aug/2011:20:19:14 -0700] "GET /wp-content/uploads/2010/07/adjused-for-visitor.jpg HTTP/1.1" 200 16061 "http://www.pacificnorthwestcoastbias.com/category/sports/page/4/" "Mozilla/5.0 (Windows NT 6.1) AppleWebKit/534.30 (KHTML, like Gecko) Chrome/12.0.742.122 Safari/534.30"
98.145.88.246 - - [04/Aug/2011:20:19:14 -0700] "GET /wp-content/uploads/2010/06/WC-Ratings-2.jpg HTTP/1.1" 200 31411 "http://www.pacificnorthwestcoastbias.com/category/sports/page/4/" "Mozilla/5.0 (Windows NT 6.1) AppleWebKit/534.30 (KHTML, like Gecko) Chrome/12.0.742.122 Safari/534.30"
98.145.88.246 - - [04/Aug/2011:20:19:15 -0700] "GET /wp-content/plugins/wp-followme/icons/3.png HTTP/1.1" 200 1516 "http://www.pacificnorthwestcoastbias.com/wp-content/plugins/wp-followme/flash/wp_followme.swf" "Mozilla/5.0 (Windows NT 6.1) AppleWebKit/534.30 (KHTML, like Gecko) Chrome/12.0.742.122 Safari/534.30"
98.145.88.246 - - [04/Aug/2011:20:19:15 -0700] "GET /wp-content/uploads/2010/06/WC-Ratings-1.jpg HTTP/1.1" 200 29094 "http://www.pacificnorthwestcoastbias.com/category/sports/page/4/" "Mozilla/5.0 (Windows NT 6.1) AppleWebKit/534.30 (KHTML, like Gecko) Chrome/12.0.742.122 Safari/534.30"
98.145.88.246 - - [04/Aug/2011:20:19:15 -0700] "GET /wp-content/plugins/subscription-options/images/feed_icon_12.png HTTP/1.1" 200 6459 "http://www.pacificnorthwestcoastbias.com/category/sports/page/4/" "Mozilla/5.0 (Windows NT 6.1) AppleWebKit/534.30 (KHTML, like Gecko) Chrome/12.0.742.122 Safari/534.30"
128.242.249.9 - - [04/Aug/2011:20:19:17 -0700] "GET /feed/ HTTP/1.1" 200 138 "-" "TwitterFeed 3"
209.85.238.86 - - [04/Aug/2011:20:28:34 -0700] "GET /feed/ HTTP/1.1" 200 194 "-" "Feedfetcher-Google; (+http://www.google.com/feedfetcher.html; 12 subscribers; feed-id=11769849069241211122)"
69.163.231.33 - - [04/Aug/2011:20:28:36 -0700] "POST /wp-cron.php?doing_wp_cron HTTP/1.0" 200 158 "-" "WordPress/3.1.4; http://www.pacificnorthwestcoastbias.com"
72.21.217.32 - - [04/Aug/2011:20:31:08 -0700] "GET /feed HTTP/1.0" 200 439 "-" "RPT-HTTPClient/0.3-3"
72.21.217.32 - - [04/Aug/2011:20:31:09 -0700] "GET /feed/ HTTP/1.0" 200 35928 "-" "RPT-HTTPClient/0.3-3"
72.21.217.96 - - [04/Aug/2011:20:31:35 -0700] "GET /feed HTTP/1.1" 200 383 "-" "RPT-HTTPClient/0.3-3"
69.163.231.33 - - [04/Aug/2011:20:31:35 -0700] "POST /wp-cron.php?doing_wp_cron HTTP/1.0" 200 158 "-" "WordPress/3.1.4; http://www.pacificnorthwestcoastbias.com"
72.21.217.96 - - [04/Aug/2011:20:31:37 -0700] "GET /feed/ HTTP/1.1" 200 35946 "-" "RPT-HTTPClient/0.3-3"
72.21.217.96 - - [04/Aug/2011:20:31:42 -0700] "GET /wp-content/uploads/2011/07/Community-Minded-1024x575.jpg HTTP/1.1" 200 127529 "-" "RPT-HTTPClient/0.3-3"
72.21.217.96 - - [04/Aug/2011:20:31:42 -0700] "GET /wp-content/uploads/2011/07/Innings-Pitched-All-Star-Game.jpg HTTP/1.1" 200 34923 "-" "RPT-HTTPClient/0.3-3"
72.21.217.96 - - [04/Aug/2011:20:31:42 -0700] "GET /wp-content/uploads/2011/07/Amway-Center-Orlando-Florida.jpg HTTP/1.1" 200 50147 "-" "RPT-HTTPClient/0.3-3"
72.21.217.96 - - [04/Aug/2011:20:31:43 -0700] "GET /wp-content/uploads/2011/07/Size-of-Amway-Center-with-Some-Parking.jpg HTTP/1.1" 200 625 "-" "RPT-HTTPClient/0.3-3"
72.21.217.96 - - [04/Aug/2011:20:31:43 -0700] "GET /wp-content/uploads/2011/07/downtown-bellevue-park.jpg HTTP/1.1" 200 136949 "-" "RPT-HTTPClient/0.3-3"
72.21.217.96 - - [04/Aug/2011:20:31:43 -0700] "GET /wp-content/uploads/2011/07/Dodge-Dealership.jpg HTTP/1.1" 200 163525 "-" "RPT-HTTPClient/0.3-3"
72.21.217.96 - - [04/Aug/2011:20:31:43 -0700] "GET /wp-content/uploads/2011/07/Safeway.jpg HTTP/1.1" 200 113322 "-" "RPT-HTTPClient/0.3-3"
72.21.217.96 - - [04/Aug/2011:20:31:43 -0700] "GET /wp-content/uploads/2011/07/NCAA-Win-Percentage.jpg HTTP/1.1" 200 27439 "-" "RPT-HTTPClient/0.3-3"
72.21.217.96 - - [04/Aug/2011:20:31:44 -0700] "GET /wp-content/uploads/2011/07/NCAA-Close-Game-Win-Percentage.jpg HTTP/1.1" 200 30700 "-" "RPT-HTTPClient/0.3-3"
72.21.217.96 - - [04/Aug/2011:20:31:44 -0700] "GET /wp-content/uploads/2011/07/Win-percentage-correlation.jpg HTTP/1.1" 200 28564 "-" "RPT-HTTPClient/0.3-3"
72.21.217.96 - - [04/Aug/2011:20:31:44 -0700] "GET /wp-content/uploads/2011/07/Close-Game-extra-wins.jpg HTTP/1.1" 200 23896 "-" "RPT-HTTPClient/0.3-3"
72.21.217.96 - - [04/Aug/2011:20:31:44 -0700] "GET /wp-content/uploads/2011/07/Close-Game-wins.jpg HTTP/1.1" 200 22396 "-" "RPT-HTTPClient/0.3-3"
72.21.217.96 - - [04/Aug/2011:20:31:44 -0700] "GET /wp-content/uploads/2011/07/Combined-win-percentage.jpg HTTP/1.1" 200 20671 "-" "RPT-HTTPClient/0.3-3"
72.21.217.96 - - [04/Aug/2011:20:31:45 -0700] "GET /wp-content/uploads/2011/07/Marymoor-Park-Sign.jpg HTTP/1.1" 200 353951 "-" "RPT-HTTPClient/0.3-3"
72.21.217.96 - - [04/Aug/2011:20:31:45 -0700] "GET /wp-content/uploads/2011/06/win-percentage.jpg HTTP/1.1" 200 25585 "-" "RPT-HTTPClient/0.3-3"
72.21.217.96 - - [04/Aug/2011:20:31:45 -0700] "GET /wp-content/uploads/2011/06/Adjusted-wins.jpg HTTP/1.1" 200 30873 "-" "RPT-HTTPClient/0.3-3"
72.21.217.96 - - [04/Aug/2011:20:31:45 -0700] "GET /wp-content/uploads/2011/06/mlb-leader-table.jpg HTTP/1.1" 200 26990 "-" "RPT-HTTPClient/0.3-3"
209.171.42.71 - - [04/Aug/2011:20:34:03 -0700] "GET /feed HTTP/1.1" 200 439 "-" "Mozilla/5.0 (compatible; BlogScope/1.0; +http://www.blogscope.net/; U of Toronto)"
209.171.42.71 - - [04/Aug/2011:20:34:04 -0700] "GET /feed/ HTTP/1.1" 200 9357 "-" "Mozilla/5.0 (compatible; BlogScope/1.0; +http://www.blogscope.net/; U of Toronto)"
173.192.238.48 - - [04/Aug/2011:20:39:47 -0700] "GET /feed/ HTTP/1.1" 200 9320 "-" "Mozilla/5.0 (X11; U; Linux x86_64; en-US; rv:1.9.0.19; aggregator:Spinn3r (Spinn3r 3.1); http://spinn3r.com/robot) Gecko/2010040121 Firefox/3.0.19"
195.43.189.232 - - [04/Aug/2011:20:39:48 -0700] "HEAD /feed/ HTTP/1.1" 200 290 "-" "Mozilla/4.0 (compatible; MSIE 4.0; MSIECrawler; Windows 95)"
173.192.238.44 - - [04/Aug/2011:20:43:06 -0700] "GET / HTTP/1.1" 200 18129 "-" "Mozilla/5.0 (X11; U; Linux x86_64; en-US; rv:1.9.0.19; aggregator:Spinn3r (Spinn3r 3.1); http://spinn3r.com/robot) Gecko/2010040121 Firefox/3.0.19"
174.129.136.158 - - [04/Aug/2011:20:43:38 -0700] "GET /feed/ HTTP/1.1" 200 35946 "-" "-"
174.129.136.158 - - [04/Aug/2011:20:43:38 -0700] "GET /feed/ HTTP/1.1" 200 9301 "-" "Mozilla/5.0 (X11; U; Linux i686; en-US; aggregator:Outside.in; http://outside.in)"
38.101.148.126 - - [04/Aug/2011:20:46:47 -0700] "GET /wp-content/uploads/2011/02/NFL-Concussions-by-Position.jpg HTTP/1.1" 200 23589 "-" "Mozilla/5.0 (compatible; discobot/1.1; +http://discoveryengine.com/discobot.html)"
94.23.44.43 - - [04/Aug/2011:20:48:13 -0700] "GET /comments/feed/ HTTP/1.0" 200 12242 "-" "-"
69.163.231.33 - - [04/Aug/2011:20:59:52 -0700] "POST /wp-cron.php?doing_wp_cron HTTP/1.0" 200 158 "-" "WordPress/3.1.4; http://www.pacificnorthwestcoastbias.com"
123.125.71.54 - - [04/Aug/2011:20:59:52 -0700] "GET /another-reason-magazine-advertising-is-dying/ HTTP/1.1" 200 8550 "-" "Mozilla/5.0 (compatible; Baiduspider/2.0; +http://www.baidu.com/search/spider.html)"
166.137.140.85 - - [04/Aug/2011:21:00:51 -0700] "GET /favicon.ico HTTP/1.1" 200 277 "-" "Reeder/2.5.0 CFNetwork/485.13.9 Darwin/11.0.0"
72.21.217.33 - - [04/Aug/2011:21:01:06 -0700] "GET /feed HTTP/1.0" 200 439 "-" "RPT-HTTPClient/0.3-3"
72.21.217.33 - - [04/Aug/2011:21:01:07 -0700] "GET /feed/ HTTP/1.0" 200 35924 "-" "RPT-HTTPClient/0.3-3"
94.228.34.209 - - [04/Aug/2011:21:04:49 -0700] "GET /feed/ HTTP/1.1" 200 9357 "-" "magpie-crawler/1.1 (U; Linux amd64; en-GB; +http://www.brandwatch.net)"
69.163.231.33 - - [04/Aug/2011:21:05:28 -0700] "POST /wp-cron.php?doing_wp_cron HTTP/1.0" 200 158 "-" "WordPress/3.1.4; http://www.pacificnorthwestcoastbias.com"
109.230.245.232 - - [04/Aug/2011:21:05:26 -0700] "GET /twitter-weekly-updates-for-2010-09-19/comment-page-1/ HTTP/1.0" 200 30273 "http://www.pacificnorthwestcoastbias.com/twitter-weekly-updates-for-2010-09-19/comment-page-1/#comment-2065" "Mozilla/4.0 (compatible; MSIE 6.0; Windows NT 5.1)"
109.230.245.232 - - [04/Aug/2011:21:05:32 -0700] "POST /wp-comments-post.php HTTP/1.0" 302 901 "http://www.pacificnorthwestcoastbias.com/twitter-weekly-updates-for-2010-09-19/comment-page-1/#comment-2065" "Mozilla/4.0 (compatible; MSIE 6.0; Windows NT 5.1)"
109.230.245.232 - - [04/Aug/2011:21:05:38 -0700] "GET /twitter-weekly-updates-for-2010-09-19/comment-page-1/ HTTP/1.0" 200 30390 "http://www.pacificnorthwestcoastbias.com/twitter-weekly-updates-for-2010-09-19/comment-page-1/#comment-2436" "Mozilla/4.0 (compatible; MSIE 6.0; Windows NT 5.1)"
61.247.221.87 - - [04/Aug/2011:21:05:48 -0700] "GET /robots.txt HTTP/1.1" 200 330 "-" "Mozilla/4.0 (compatible; NaverBot/1.0; http://help.naver.com/customer_webtxt_02.jsp)"
61.247.221.87 - - [04/Aug/2011:21:05:50 -0700] "GET /tunnel-would-cost-9-per-rider HTTP/1.1" 200 317 "-" "Mozilla/4.0 (compatible; NaverBot/1.0; http://help.naver.com/customer_webtxt_02.jsp)"
61.247.221.87 - - [04/Aug/2011:21:05:50 -0700] "GET /tunnel-would-cost-9-per-rider/ HTTP/1.1" 200 31636 "-" "Mozilla/4.0 (compatible; NaverBot/1.0; http://help.naver.com/customer_webtxt_02.jsp)"
173.192.238.48 - - [04/Aug/2011:21:09:52 -0700] "GET /feed/ HTTP/1.1" 200 9320 "-" "Mozilla/5.0 (X11; U; Linux x86_64; en-US; rv:1.9.0.19; aggregator:Spinn3r (Spinn3r 3.1); http://spinn3r.com/robot) Gecko/2010040121 Firefox/3.0.19"
174.37.205.92 - - [04/Aug/2011:21:13:15 -0700] "GET / HTTP/1.1" 200 18129 "-" "Mozilla/5.0 (X11; U; Linux x86_64; en-US; rv:1.9.0.19; aggregator:Spinn3r (Spinn3r 3.1); http://spinn3r.com/robot) Gecko/2010040121 Firefox/3.0.19"
128.242.249.11 - - [04/Aug/2011:21:21:56 -0700] "GET /feed/ HTTP/1.1" 200 35946 "-" "TwitterFeed 3"
184.72.185.131 - - [04/Aug/2011:21:29:20 -0700] "GET /feed/ HTTP/1.1" 200 9301 "-" "PostRank/2.0 (postrank.com; 1 subscribers)"
207.34.25.76 - - [04/Aug/2011:21:29:58 -0700] "GET /robots.txt HTTP/1.1" 200 348 "-" "radian6_default_(www.radian6.com/crawler)"
207.34.25.76 - - [04/Aug/2011:21:29:59 -0700] "GET /feed/ HTTP/1.1" 200 9301 "-" "R6_FeedFetcher(www.radian6.com/crawler)"
209.171.42.71 - - [04/Aug/2011:21:30:23 -0700] "GET /feed HTTP/1.1" 200 439 "-" "Mozilla/5.0 (compatible; BlogScope/1.0; +http://www.blogscope.net/; U of Toronto)"
209.171.42.71 - - [04/Aug/2011:21:30:24 -0700] "GET /feed/ HTTP/1.1" 200 9357 "-" "Mozilla/5.0 (compatible; BlogScope/1.0; +http://www.blogscope.net/; U of Toronto)"
72.21.217.32 - - [04/Aug/2011:21:31:07 -0700] "GET /feed HTTP/1.0" 200 439 "-" "RPT-HTTPClient/0.3-3"
72.21.217.32 - - [04/Aug/2011:21:31:08 -0700] "GET /feed/ HTTP/1.0" 200 35924 "-" "RPT-HTTPClient/0.3-3"
69.163.231.33 - - [04/Aug/2011:21:31:07 -0700] "POST /wp-cron.php?doing_wp_cron HTTP/1.0" 200 158 "-" "WordPress/3.1.4; http://www.pacificnorthwestcoastbias.com"
208.115.111.244 - - [04/Aug/2011:21:36:56 -0700] "GET /robots.txt HTTP/1.1" 200 348 "-" "Mozilla/5.0 (compatible; DotBot/1.1; http://www.dotnetdotcom.org/, crawler@dotnetdotcom.org)"
209.85.238.86 - - [04/Aug/2011:21:37:34 -0700] "GET /feed/ HTTP/1.1" 200 9357 "-" "Feedfetcher-Google; (+http://www.google.com/feedfetcher.html; 12 subscribers; feed-id=11769849069241211122)"
88.131.106.8 - - [04/Aug/2011:21:38:09 -0700] "GET /robots.txt HTTP/1.0" 200 367 "-" "Mozilla/5.0 (Windows; U; Windows NT 5.1; en-US) Speedy Spider (http://www.entireweb.com/about/search_tech/speedy_spider/)"
88.131.106.1 - - [04/Aug/2011:21:38:13 -0700] "GET / HTTP/1.0" 200 18074 "-" "Mozilla/5.0 (Windows; U; Windows NT 5.1; en-US) Speedy Spider (http://www.entireweb.com/about/search_tech/speedy_spider/)"
87.250.255.242 - - [04/Aug/2011:21:38:19 -0700] "GET /community-minded/ HTTP/1.1" 200 7703 "-" "Mozilla/5.0 (compatible; YandexBot/3.0; +http://yandex.com/bots)"
173.192.238.48 - - [04/Aug/2011:21:39:57 -0700] "GET /feed/ HTTP/1.1" 200 9320 "-" "Mozilla/5.0 (X11; U; Linux x86_64; en-US; rv:1.9.0.19; aggregator:Spinn3r (Spinn3r 3.1); http://spinn3r.com/robot) Gecko/2010040121 Firefox/3.0.19"
174.129.114.17 - - [04/Aug/2011:21:42:16 -0700] "GET /feed/ HTTP/1.1" 200 35946 "-" "-"
174.129.114.17 - - [04/Aug/2011:21:42:17 -0700] "GET /feed/ HTTP/1.1" 200 9301 "-" "Mozilla/5.0 (X11; U; Linux i686; en-US; aggregator:Outside.in; http://outside.in)"
174.37.205.68 - - [04/Aug/2011:21:43:24 -0700] "GET / HTTP/1.1" 200 18130 "-" "Mozilla/5.0 (X11; U; Linux x86_64; en-US; rv:1.9.0.19; aggregator:Spinn3r (Spinn3r 3.1); http://spinn3r.com/robot) Gecko/2010040121 Firefox/3.0.19"
67.195.115.58 - - [04/Aug/2011:21:52:45 -0700] "GET /what-a-bill-simmons-tweet-will-do-to-your-website/ HTTP/1.0" 200 9730 "-" "Mozilla/5.0 (compatible; Yahoo! Slurp; http://help.yahoo.com/help/us/ysearch/slurp)"
67.195.115.58 - - [04/Aug/2011:21:52:47 -0700] "GET /wp-content/themes/EmptyCanvas/style.css HTTP/1.0" 304 138 "http://www.pacificnorthwestcoastbias.com/what-a-bill-simmons-tweet-will-do-to-your-website/" "Mozilla/5.0 (compatible; Yahoo! Slurp; http://help.yahoo.com/help/us/ysearch/slurp)"
67.195.115.58 - - [04/Aug/2011:21:52:47 -0700] "GET /wp-content/themes/EmptyCanvas/reset.css HTTP/1.0" 304 137 "http://www.pacificnorthwestcoastbias.com/wp-content/themes/EmptyCanvas/style.css" "Mozilla/5.0 (compatible; Yahoo! Slurp; http://help.yahoo.com/help/us/ysearch/slurp)"
67.195.115.58 - - [04/Aug/2011:21:52:47 -0700] "GET /wp-content/plugins/sociable/sociable.css?ver=3.1.4 HTTP/1.0" 304 137 "http://www.pacificnorthwestcoastbias.com/what-a-bill-simmons-tweet-will-do-to-your-website/" "Mozilla/5.0 (compatible; Yahoo! Slurp; http://help.yahoo.com/help/us/ysearch/slurp)"
67.195.115.58 - - [04/Aug/2011:21:52:48 -0700] "GET /wp-content/plugins/subscribe-here-widget/subscribe-here-widget.css HTTP/1.0" 304 137 "http://www.pacificnorthwestcoastbias.com/what-a-bill-simmons-tweet-will-do-to-your-website/" "Mozilla/5.0 (compatible; Yahoo! Slurp; http://help.yahoo.com/help/us/ysearch/slurp)"
72.21.217.33 - - [04/Aug/2011:22:01:06 -0700] "GET /feed HTTP/1.0" 200 439 "-" "RPT-HTTPClient/0.3-3"
72.21.217.33 - - [04/Aug/2011:22:01:07 -0700] "GET /feed/ HTTP/1.0" 200 35924 "-" "RPT-HTTPClient/0.3-3"
69.163.231.33 - - [04/Aug/2011:22:01:59 -0700] "POST /wp-cron.php?doing_wp_cron HTTP/1.0" 200 158 "-" "WordPress/3.1.4; http://www.pacificnorthwestcoastbias.com"
208.115.111.244 - - [04/Aug/2011:22:01:58 -0700] "GET /category/category/category/category/category/world-cup-2010/page/2/ HTTP/1.1" 200 7966 "-" "Mozilla/5.0 (compatible; DotBot/1.1; http://www.dotnetdotcom.org/, crawler@dotnetdotcom.org)"
208.115.111.244 - - [04/Aug/2011:22:02:02 -0700] "GET /category/category/category/category/world-cup-2010/page/2/ HTTP/1.1" 200 7966 "-" "Mozilla/5.0 (compatible; DotBot/1.1; http://www.dotnetdotcom.org/, crawler@dotnetdotcom.org)"
208.115.111.244 - - [04/Aug/2011:22:02:08 -0700] "GET /category/category/category/world-cup-2010/page/2/ HTTP/1.1" 200 7965 "-" "Mozilla/5.0 (compatible; DotBot/1.1; http://www.dotnetdotcom.org/, crawler@dotnetdotcom.org)"
208.115.111.244 - - [04/Aug/2011:22:02:13 -0700] "GET /category/category/world-cup-2010/page/category/category/world-cup-2010/page/2/ HTTP/1.1" 200 7968 "-" "Mozilla/5.0 (compatible; DotBot/1.1; http://www.dotnetdotcom.org/, crawler@dotnetdotcom.org)"
208.115.111.244 - - [04/Aug/2011:22:02:18 -0700] "GET /category/sports/category/category/category/category/world-cup-2010/page/2/ HTTP/1.1" 200 7968 "-" "Mozilla/5.0 (compatible; DotBot/1.1; http://www.dotnetdotcom.org/, crawler@dotnetdotcom.org)"
208.115.111.244 - - [04/Aug/2011:22:02:23 -0700] "GET /category/sports/category/category/category/world-cup-2010/page/2/ HTTP/1.1" 200 7968 "-" "Mozilla/5.0 (compatible; DotBot/1.1; http://www.dotnetdotcom.org/, crawler@dotnetdotcom.org)"
208.115.111.244 - - [04/Aug/2011:22:02:28 -0700] "GET /category/sports/category/category/world-cup-2010/page/2/ HTTP/1.1" 200 7966 "-" "Mozilla/5.0 (compatible; DotBot/1.1; http://www.dotnetdotcom.org/, crawler@dotnetdotcom.org)"
208.115.111.244 - - [04/Aug/2011:22:02:34 -0700] "GET /category/sports/category/world-cup-2010/page/category/category/world-cup-2010/page/2/ HTTP/1.1" 200 7971 "-" "Mozilla/5.0 (compatible; DotBot/1.1; http://www.dotnetdotcom.org/, crawler@dotnetdotcom.org)"
208.115.111.244 - - [04/Aug/2011:22:02:39 -0700] "GET /category/sports/page/category/category/category/world-cup-2010/page/2/ HTTP/1.1" 200 7970 "-" "Mozilla/5.0 (compatible; DotBot/1.1; http://www.dotnetdotcom.org/, crawler@dotnetdotcom.org)"
208.115.111.244 - - [04/Aug/2011:22:02:44 -0700] "GET /category/world-cup-2010/page/category/category/world-cup-2010/page/2/ HTTP/1.1" 200 7968 "-" "Mozilla/5.0 (compatible; DotBot/1.1; http://www.dotnetdotcom.org/, crawler@dotnetdotcom.org)"
173.192.238.48 - - [04/Aug/2011:22:10:06 -0700] "GET /feed/ HTTP/1.1" 200 143 "-" "Mozilla/5.0 (X11; U; Linux x86_64; en-US; rv:1.9.0.19; aggregator:Spinn3r (Spinn3r 3.1); http://spinn3r.com/robot) Gecko/2010040121 Firefox/3.0.19"
124.115.4.196 - - [04/Aug/2011:22:11:12 -0700] "GET / HTTP/1.1" 200 18164 "-" "Sosospider+(+http://help.soso.com/webspider.htm)"
124.115.4.196 - - [04/Aug/2011:22:11:25 -0700] "GET /wp-content/themes/EmptyCanvas/style.css HTTP/1.1" 200 5936 "http://www.pacificnorthwestcoastbias.com/" "Sosospider+(+http://help.soso.com/webspider.htm)"
87.250.255.242 - - [04/Aug/2011:22:12:51 -0700] "GET /baseball-quiz/feed/ HTTP/1.1" 200 935 "-" "Mozilla/5.0 (compatible; YandexBot/3.0; +http://yandex.com/bots)"
69.163.231.33 - - [04/Aug/2011:22:12:52 -0700] "POST /wp-cron.php?doing_wp_cron HTTP/1.0" 200 158 "-" "WordPress/3.1.4; http://www.pacificnorthwestcoastbias.com"
174.37.205.92 - - [04/Aug/2011:22:13:29 -0700] "GET / HTTP/1.1" 200 18127 "-" "Mozilla/5.0 (X11; U; Linux x86_64; en-US; rv:1.9.0.19; aggregator:Spinn3r (Spinn3r 3.1); http://spinn3r.com/robot) Gecko/2010040121 Firefox/3.0.19"
67.195.115.58 - - [04/Aug/2011:22:14:55 -0700] "GET /television-quiz/ HTTP/1.0" 200 7919 "http://www.pacificnorthwestcoastbias.com/what-a-bill-simmons-tweet-will-do-to-your-website/" "Mozilla/5.0 (compatible; Yahoo! Slurp; http://help.yahoo.com/help/us/ysearch/slurp)"
128.242.249.11 - - [04/Aug/2011:22:25:14 -0700] "GET /feed/ HTTP/1.1" 200 138 "-" "TwitterFeed 3"
209.171.42.71 - - [04/Aug/2011:22:26:43 -0700] "GET /feed HTTP/1.1" 200 439 "-" "Mozilla/5.0 (compatible; BlogScope/1.0; +http://www.blogscope.net/; U of Toronto)"
69.163.231.33 - - [04/Aug/2011:22:26:43 -0700] "POST /wp-cron.php?doing_wp_cron HTTP/1.0" 200 158 "-" "WordPress/3.1.4; http://www.pacificnorthwestcoastbias.com"
209.171.42.71 - - [04/Aug/2011:22:26:45 -0700] "GET /feed/ HTTP/1.1" 200 9362 "-" "Mozilla/5.0 (compatible; BlogScope/1.0; +http://www.blogscope.net/; U of Toronto)"
98.158.20.234 - - [04/Aug/2011:22:28:07 -0700] "GET /feed/ HTTP/1.1" 200 9358 "-" "Mozilla/5.0 (Windows; U; Windows NT 5.1; nl-NL; rv:1.7.5) Gecko/20041202 Firefox/1.0"
209.85.238.86 - - [04/Aug/2011:22:28:24 -0700] "GET /feed/ HTTP/1.1" 200 9358 "-" "Feedfetcher-Google; (+http://www.google.com/feedfetcher.html; 12 subscribers; feed-id=11769849069241211122)"
72.21.217.32 - - [04/Aug/2011:22:31:06 -0700] "GET /feed HTTP/1.0" 200 439 "-" "RPT-HTTPClient/0.3-3"
72.21.217.32 - - [04/Aug/2011:22:31:08 -0700] "GET /feed/ HTTP/1.0" 200 35924 "-" "RPT-HTTPClient/0.3-3"
94.23.44.43 - - [04/Aug/2011:22:31:15 -0700] "GET /feed/ HTTP/1.0" 200 16060 "-" "-"
72.21.217.0 - - [04/Aug/2011:22:31:41 -0700] "GET /feed HTTP/1.1" 200 383 "-" "RPT-HTTPClient/0.3-3"
72.21.217.0 - - [04/Aug/2011:22:31:42 -0700] "GET /feed/ HTTP/1.1" 200 35946 "-" "RPT-HTTPClient/0.3-3"
72.21.217.1 - - [04/Aug/2011:22:31:46 -0700] "GET /wp-content/uploads/2011/07/Community-Minded-1024x575.jpg HTTP/1.1" 200 127529 "-" "RPT-HTTPClient/0.3-3"
72.21.217.1 - - [04/Aug/2011:22:31:47 -0700] "GET /wp-content/uploads/2011/07/Innings-Pitched-All-Star-Game.jpg HTTP/1.1" 200 34923 "-" "RPT-HTTPClient/0.3-3"
72.21.217.1 - - [04/Aug/2011:22:31:47 -0700] "GET /wp-content/uploads/2011/07/Amway-Center-Orlando-Florida.jpg HTTP/1.1" 200 50147 "-" "RPT-HTTPClient/0.3-3"
72.21.217.1 - - [04/Aug/2011:22:31:47 -0700] "GET /wp-content/uploads/2011/07/Size-of-Amway-Center-with-Some-Parking.jpg HTTP/1.1" 200 625 "-" "RPT-HTTPClient/0.3-3"
72.21.217.1 - - [04/Aug/2011:22:31:47 -0700] "GET /wp-content/uploads/2011/07/downtown-bellevue-park.jpg HTTP/1.1" 200 136949 "-" "RPT-HTTPClient/0.3-3"
72.21.217.1 - - [04/Aug/2011:22:31:47 -0700] "GET /wp-content/uploads/2011/07/Dodge-Dealership.jpg HTTP/1.1" 200 163525 "-" "RPT-HTTPClient/0.3-3"
72.21.217.1 - - [04/Aug/2011:22:31:48 -0700] "GET /wp-content/uploads/2011/07/Safeway.jpg HTTP/1.1" 200 113322 "-" "RPT-HTTPClient/0.3-3"
72.21.217.1 - - [04/Aug/2011:22:31:48 -0700] "GET /wp-content/uploads/2011/07/NCAA-Win-Percentage.jpg HTTP/1.1" 200 27439 "-" "RPT-HTTPClient/0.3-3"
72.21.217.1 - - [04/Aug/2011:22:31:48 -0700] "GET /wp-content/uploads/2011/07/NCAA-Close-Game-Win-Percentage.jpg HTTP/1.1" 200 30700 "-" "RPT-HTTPClient/0.3-3"
72.21.217.1 - - [04/Aug/2011:22:31:48 -0700] "GET /wp-content/uploads/2011/07/Win-percentage-correlation.jpg HTTP/1.1" 200 28564 "-" "RPT-HTTPClient/0.3-3"
72.21.217.1 - - [04/Aug/2011:22:31:48 -0700] "GET /wp-content/uploads/2011/07/Close-Game-extra-wins.jpg HTTP/1.1" 200 23896 "-" "RPT-HTTPClient/0.3-3"
72.21.217.1 - - [04/Aug/2011:22:31:49 -0700] "GET /wp-content/uploads/2011/07/Close-Game-wins.jpg HTTP/1.1" 200 22396 "-" "RPT-HTTPClient/0.3-3"
72.21.217.1 - - [04/Aug/2011:22:31:49 -0700] "GET /wp-content/uploads/2011/07/Combined-win-percentage.jpg HTTP/1.1" 200 20671 "-" "RPT-HTTPClient/0.3-3"
72.21.217.1 - - [04/Aug/2011:22:31:49 -0700] "GET /wp-content/uploads/2011/07/Marymoor-Park-Sign.jpg HTTP/1.1" 200 353951 "-" "RPT-HTTPClient/0.3-3"
72.21.217.1 - - [04/Aug/2011:22:31:49 -0700] "GET /wp-content/uploads/2011/06/win-percentage.jpg HTTP/1.1" 200 25585 "-" "RPT-HTTPClient/0.3-3"
72.21.217.1 - - [04/Aug/2011:22:31:49 -0700] "GET /wp-content/uploads/2011/06/Adjusted-wins.jpg HTTP/1.1" 200 30873 "-" "RPT-HTTPClient/0.3-3"
72.21.217.1 - - [04/Aug/2011:22:31:50 -0700] "GET /wp-content/uploads/2011/06/mlb-leader-table.jpg HTTP/1.1" 200 26990 "-" "RPT-HTTPClient/0.3-3"
119.63.196.120 - - [04/Aug/2011:22:36:08 -0700] "GET / HTTP/1.1" 200 18127 "-" "Mozilla/5.0 (compatible; Baiduspider/2.0; +http://www.baidu.com/search/spider.html)"
67.195.115.58 - - [04/Aug/2011:22:38:49 -0700] "GET /ncaa-basketball-when-is-a-lead-safe/ HTTP/1.0" 200 9479 "-" "Mozilla/5.0 (compatible; Yahoo! Slurp; http://help.yahoo.com/help/us/ysearch/slurp)"
173.192.238.34 - - [04/Aug/2011:22:40:14 -0700] "GET /feed/ HTTP/1.1" 200 9321 "-" "Mozilla/5.0 (X11; U; Linux x86_64; en-US; rv:1.9.0.19; aggregator:Spinn3r (Spinn3r 3.1); http://spinn3r.com/robot) Gecko/2010040121 Firefox/3.0.19"
119.63.196.22 - - [04/Aug/2011:22:41:28 -0700] "GET /a-sam-fetchero-economic-indicator/ HTTP/1.1" 200 8779 "-" "Mozilla/5.0 (compatible; Baiduspider/2.0; +http://www.baidu.com/search/spider.html)"
174.37.205.68 - - [04/Aug/2011:22:43:39 -0700] "GET / HTTP/1.1" 200 18127 "-" "Mozilla/5.0 (X11; U; Linux x86_64; en-US; rv:1.9.0.19; aggregator:Spinn3r (Spinn3r 3.1); http://spinn3r.com/robot) Gecko/2010040121 Firefox/3.0.19"
75.101.241.81 - - [04/Aug/2011:22:51:17 -0700] "GET /feed/ HTTP/1.1" 200 35946 "-" "-"
75.101.241.81 - - [04/Aug/2011:22:51:17 -0700] "GET /feed/ HTTP/1.1" 200 9302 "-" "Mozilla/5.0 (X11; U; Linux i686; en-US; aggregator:Outside.in; http://outside.in)"
88.131.106.6 - - [04/Aug/2011:22:56:05 -0700] "GET /robots.txt HTTP/1.0" 200 367 "-" "Mozilla/5.0 (Windows; U; Windows NT 5.1; en-US) Speedy Spider (http://www.entireweb.com/about/search_tech/speedy_spider/)"
88.131.106.8 - - [04/Aug/2011:22:56:07 -0700] "GET /details-on-the-great-griffey-slumber/ HTTP/1.0" 200 9052 "-" "Mozilla/5.0 (Windows; U; Windows NT 5.1; en-US) Speedy Spider (http://www.entireweb.com/about/search_tech/speedy_spider/)"
88.131.106.1 - - [04/Aug/2011:22:57:21 -0700] "GET /category/world-cup-2010/ HTTP/1.0" 200 15459 "-" "Mozilla/5.0 (Windows; U; Windows NT 5.1; en-US) Speedy Spider (http://www.entireweb.com/about/search_tech/speedy_spider/)"
72.21.217.32 - - [04/Aug/2011:23:01:07 -0700] "GET /feed HTTP/1.0" 200 439 "-" "RPT-HTTPClient/0.3-3"
72.21.217.32 - - [04/Aug/2011:23:01:10 -0700] "GET /feed/ HTTP/1.0" 200 35924 "-" "RPT-HTTPClient/0.3-3"
38.101.148.126 - - [04/Aug/2011:23:02:56 -0700] "GET /wp-content/uploads/2011/03/Spring-Training-win-percentage-regular-season.jpg HTTP/1.1" 200 42551 "-" "Mozilla/5.0 (compatible; discobot/1.1; +http://discoveryengine.com/discobot.html)"
69.163.231.33 - - [04/Aug/2011:23:05:24 -0700] "POST /wp-cron.php?doing_wp_cron HTTP/1.0" 200 158 "-" "WordPress/3.1.4; http://www.pacificnorthwestcoastbias.com"
208.80.194.30 - - [04/Aug/2011:23:05:23 -0700] "GET / HTTP/1.0" 200 114478 "-" "Mozilla/4.0 (compatible; MSIE 6.0; Windows NT 5.1; {9BF0AC15-E3E7-4D60-A63D-071E328E0308}; SV1; FunWebProducts; (R1 1.5); .NET CLR 1.1.4322)"
38.99.97.213 - - [04/Aug/2011:23:07:28 -0700] "GET /robots.txt HTTP/1.1" 200 374 "-" "Mozilla/5.0 (compatible; ScoutJet; +http://www.scoutjet.com/)"
38.99.97.213 - - [04/Aug/2011:23:07:33 -0700] "GET / HTTP/1.1" 200 18237 "-" "Mozilla/5.0 (compatible; ScoutJet; +http://www.scoutjet.com/)"
173.192.238.34 - - [04/Aug/2011:23:11:16 -0700] "GET /feed/ HTTP/1.1" 200 9321 "-" "Mozilla/5.0 (X11; U; Linux x86_64; en-US; rv:1.9.0.19; aggregator:Spinn3r (Spinn3r 3.1); http://spinn3r.com/robot) Gecko/2010040121 Firefox/3.0.19"
174.36.228.156 - - [04/Aug/2011:23:13:46 -0700] "GET / HTTP/1.1" 200 18235 "-" "Mozilla/5.0 (X11; U; Linux x86_64; en-US; rv:1.9.0.19; aggregator:Spinn3r (Spinn3r 3.1); http://spinn3r.com/robot) Gecko/2010040121 Firefox/3.0.19"
87.250.255.242 - - [04/Aug/2011:23:21:56 -0700] "GET /people-of-walmart/feed/ HTTP/1.1" 200 938 "-" "Mozilla/5.0 (compatible; YandexBot/3.0; +http://yandex.com/bots)"
67.164.106.85 - - [04/Aug/2011:23:23:09 -0700] "GET /wp-content/uploads/2010/04/US-Map.jpg HTTP/1.1" 200 41765 "http://www.google.com/imgres?q=international+date+line+map&hl=en&sa=X&rlz=1C1CHFX_enUS370US372&biw=1280&bih=899&tbm=isch&prmd=ivns&tbnid=WQea0B5w914r-M:&imgrefurl=http://www.pacificnorthwestcoastbias.com/geography-quiz-time/&docid=IZTsfYu871yoCM&w=427&h=312&ei=Low7Tp6CPeXbiALmicX0Cw&zoom=1&iact=hc&vpx=366&vpy=559&dur=645&hovh=192&hovw=263&tx=199&ty=143&page=1&tbnh=129&tbnw=177&start=0&ndsp=31&ved=1t:429,r:26,s:0" "Mozilla/5.0 (Windows NT 6.1) AppleWebKit/535.1 (KHTML, like Gecko) Chrome/13.0.782.107 Safari/535.1"
67.164.106.85 - - [04/Aug/2011:23:23:11 -0700] "GET /favicon.ico HTTP/1.1" 200 276 "-" "Mozilla/5.0 (Windows NT 6.1) AppleWebKit/535.1 (KHTML, like Gecko) Chrome/13.0.782.107 Safari/535.1"
67.164.106.85 - - [04/Aug/2011:23:23:09 -0700] "GET /geography-quiz-time/ HTTP/1.1" 200 9361 "http://www.google.com/imgres?q=international+date+line+map&hl=en&sa=X&rlz=1C1CHFX_enUS370US372&biw=1280&bih=899&tbm=isch&prmd=ivns&tbnid=WQea0B5w914r-M:&imgrefurl=http://www.pacificnorthwestcoastbias.com/geography-quiz-time/&docid=IZTsfYu871yoCM&w=427&h=312&ei=Low7Tp6CPeXbiALmicX0Cw&zoom=1&iact=hc&vpx=366&vpy=559&dur=645&hovh=192&hovw=263&tx=199&ty=143&page=1&tbnh=129&tbnw=177&start=0&ndsp=31&ved=1t:429,r:26,s:0" "Mozilla/5.0 (Windows NT 6.1) AppleWebKit/535.1 (KHTML, like Gecko) Chrome/13.0.782.107 Safari/535.1"
67.164.106.85 - - [04/Aug/2011:23:23:15 -0700] "GET /geography-quiz-time/ HTTP/1.1" 200 9362 "http://www.google.com/imgres?q=international+date+line+map&hl=en&sa=X&rlz=1C1CHFX_enUS370US372&biw=1280&bih=899&tbm=isch&prmd=ivns&tbnid=WQea0B5w914r-M:&imgrefurl=http://www.pacificnorthwestcoastbias.com/geography-quiz-time/&docid=IZTsfYu871yoCM&w=427&h=312&ei=Low7Tp6CPeXbiALmicX0Cw&zoom=1&iact=hc&vpx=366&vpy=559&dur=645&hovh=192&hovw=263&tx=199&ty=143&page=1&tbnh=129&tbnw=177&start=0&ndsp=31&ved=1t:429,r:26,s:0" "Mozilla/5.0 (Windows NT 6.1) AppleWebKit/535.1 (KHTML, like Gecko) Chrome/13.0.782.107 Safari/535.1"
67.164.106.85 - - [04/Aug/2011:23:23:16 -0700] "GET /wp-content/themes/EmptyCanvas/style.css HTTP/1.1" 200 5936 "http://www.pacificnorthwestcoastbias.com/geography-quiz-time/" "Mozilla/5.0 (Windows NT 6.1) AppleWebKit/535.1 (KHTML, like Gecko) Chrome/13.0.782.107 Safari/535.1"
67.164.106.85 - - [04/Aug/2011:23:23:16 -0700] "GET /wp-includes/js/l10n.js?ver=20101110 HTTP/1.1" 200 599 "http://www.pacificnorthwestcoastbias.com/geography-quiz-time/" "Mozilla/5.0 (Windows NT 6.1) AppleWebKit/535.1 (KHTML, like Gecko) Chrome/13.0.782.107 Safari/535.1"
67.164.106.85 - - [04/Aug/2011:23:23:16 -0700] "GET /wp-content/plugins/sociable/sociable.css?ver=3.1.4 HTTP/1.1" 200 1129 "http://www.pacificnorthwestcoastbias.com/geography-quiz-time/" "Mozilla/5.0 (Windows NT 6.1) AppleWebKit/535.1 (KHTML, like Gecko) Chrome/13.0.782.107 Safari/535.1"
67.164.106.85 - - [04/Aug/2011:23:23:16 -0700] "GET /wp-includes/js/tw-sack.js?ver=1.6.1 HTTP/1.1" 200 3911 "http://www.pacificnorthwestcoastbias.com/geography-quiz-time/" "Mozilla/5.0 (Windows NT 6.1) AppleWebKit/535.1 (KHTML, like Gecko) Chrome/13.0.782.107 Safari/535.1"
67.164.106.85 - - [04/Aug/2011:23:23:16 -0700] "GET /wp-content/plugins/google-analyticator/external-tracking.min.js?ver=6.1.3 HTTP/1.1" 200 1216 "http://www.pacificnorthwestcoastbias.com/geography-quiz-time/" "Mozilla/5.0 (Windows NT 6.1) AppleWebKit/535.1 (KHTML, like Gecko) Chrome/13.0.782.107 Safari/535.1"
67.164.106.85 - - [04/Aug/2011:23:23:16 -0700] "GET /wp-content/plugins/subscribe-here-widget/subscribe-here-widget.css HTTP/1.1" 200 1456 "http://www.pacificnorthwestcoastbias.com/geography-quiz-time/" "Mozilla/5.0 (Windows NT 6.1) AppleWebKit/535.1 (KHTML, like Gecko) Chrome/13.0.782.107 Safari/535.1"
67.164.106.85 - - [04/Aug/2011:23:23:16 -0700] "GET /wp-includes/js/wp-ajax-response.js?ver=20091119 HTTP/1.1" 200 2443 "http://www.pacificnorthwestcoastbias.com/geography-quiz-time/" "Mozilla/5.0 (Windows NT 6.1) AppleWebKit/535.1 (KHTML, like Gecko) Chrome/13.0.782.107 Safari/535.1"
67.164.106.85 - - [04/Aug/2011:23:23:16 -0700] "GET /wp-includes/js/wp-lists.js?ver=20101222 HTTP/1.1" 200 8211 "http://www.pacificnorthwestcoastbias.com/geography-quiz-time/" "Mozilla/5.0 (Windows NT 6.1) AppleWebKit/535.1 (KHTML, like Gecko) Chrome/13.0.782.107 Safari/535.1"
67.164.106.85 - - [04/Aug/2011:23:23:16 -0700] "GET /wp-content/themes/EmptyCanvas/reset.css HTTP/1.1" 200 1250 "http://www.pacificnorthwestcoastbias.com/geography-quiz-time/" "Mozilla/5.0 (Windows NT 6.1) AppleWebKit/535.1 (KHTML, like Gecko) Chrome/13.0.782.107 Safari/535.1"
67.164.106.85 - - [04/Aug/2011:23:23:16 -0700] "GET /wp-includes/js/jquery/jquery.js?ver=1.4.4 HTTP/1.1" 200 78915 "http://www.pacificnorthwestcoastbias.com/geography-quiz-time/" "Mozilla/5.0 (Windows NT 6.1) AppleWebKit/535.1 (KHTML, like Gecko) Chrome/13.0.782.107 Safari/535.1"
128.242.249.9 - - [04/Aug/2011:23:27:40 -0700] "GET /feed/ HTTP/1.1" 200 35946 "-" "TwitterFeed 3"
209.85.238.86 - - [04/Aug/2011:23:30:14 -0700] "GET /feed/ HTTP/1.1" 200 9358 "-" "Feedfetcher-Google; (+http://www.google.com/feedfetcher.html; 12 subscribers; feed-id=11769849069241211122)"
72.21.217.32 - - [04/Aug/2011:23:31:07 -0700] "GET /feed HTTP/1.0" 200 439 "-" "RPT-HTTPClient/0.3-3"
72.21.217.32 - - [04/Aug/2011:23:31:09 -0700] "GET /feed/ HTTP/1.0" 200 35924 "-" "RPT-HTTPClient/0.3-3"
69.163.231.33 - - [04/Aug/2011:23:31:08 -0700] "POST /wp-cron.php?doing_wp_cron HTTP/1.0" 200 158 "-" "WordPress/3.1.4; http://www.pacificnorthwestcoastbias.com"
209.171.42.71 - - [04/Aug/2011:23:32:46 -0700] "GET /feed HTTP/1.1" 200 439 "-" "Mozilla/5.0 (compatible; BlogScope/1.0; +http://www.blogscope.net/; U of Toronto)"
209.171.42.71 - - [04/Aug/2011:23:32:47 -0700] "GET /feed/ HTTP/1.1" 200 9363 "-" "Mozilla/5.0 (compatible; BlogScope/1.0; +http://www.blogscope.net/; U of Toronto)"
67.195.115.58 - - [04/Aug/2011:23:34:13 -0700] "GET /foursquare-i-dont-get-it/ HTTP/1.0" 200 9012 "-" "Mozilla/5.0 (compatible; Yahoo! Slurp; http://help.yahoo.com/help/us/ysearch/slurp)"
174.37.205.68 - - [04/Aug/2011:23:41:29 -0700] "GET /feed/ HTTP/1.1" 200 9322 "-" "Mozilla/5.0 (X11; U; Linux x86_64; en-US; rv:1.9.0.19; aggregator:Spinn3r (Spinn3r 3.1); http://spinn3r.com/robot) Gecko/2010040121 Firefox/3.0.19"
71.93.150.232 - - [04/Aug/2011:23:43:47 -0700] "GET /feed/ HTTP/1.1" 200 9359 "-" "Windows-RSS-Platform/2.0 (MSIE 9.0; Windows NT 6.1)"
173.192.238.48 - - [04/Aug/2011:23:43:48 -0700] "GET / HTTP/1.1" 200 18237 "-" "Mozilla/5.0 (X11; U; Linux x86_64; en-US; rv:1.9.0.19; aggregator:Spinn3r (Spinn3r 3.1); http://spinn3r.com/robot) Gecko/2010040121 Firefox/3.0.19"
67.202.17.115 - - [04/Aug/2011:23:46:43 -0700] "GET /feed/ HTTP/1.1" 200 35946 "-" "-"
67.202.17.115 - - [04/Aug/2011:23:46:43 -0700] "GET /feed/ HTTP/1.1" 200 9303 "-" "Mozilla/5.0 (X11; U; Linux i686; en-US; aggregator:Outside.in; http://outside.in)"
94.23.195.135 - - [04/Aug/2011:23:48:28 -0700] "GET /comments/feed/ HTTP/1.0" 200 12242 "-" "-"
119.63.196.103 - - [04/Aug/2011:23:50:15 -0700] "GET /?p=164 HTTP/1.1" 301 402 "-" "Mozilla/5.0 (compatible; Baiduspider/2.0; +http://www.baidu.com/search/spider.html)"
69.163.231.33 - - [04/Aug/2011:23:50:15 -0700] "POST /wp-cron.php?doing_wp_cron HTTP/1.0" 200 158 "-" "WordPress/3.1.4; http://www.pacificnorthwestcoastbias.com"
119.63.196.104 - - [04/Aug/2011:23:50:16 -0700] "GET /one-run-games-are-killing-the-mariners-or-are-they/ HTTP/1.1" 200 8833 "-" "Mozilla/5.0 (compatible; Baiduspider/2.0; +http://www.baidu.com/search/spider.html)"
64.94.66.97 - - [04/Aug/2011:23:51:54 -0700] "GET /comments/feed/ HTTP/1.0" 200 3440 "-" "Moreoverbot/5.1 (+http://w.moreover.com; webmaster@moreover.com) Mozilla/5.0"
67.195.115.58 - - [04/Aug/2011:23:53:48 -0700] "GET /should-insures-use-credit-scores/ HTTP/1.0" 200 8620 "-" "Mozilla/5.0 (compatible; Yahoo! Slurp; http://help.yahoo.com/help/us/ysearch/slurp)"
67.195.115.58 - - [04/Aug/2011:23:53:49 -0700] "GET /wp-content/themes/EmptyCanvas/style.css HTTP/1.0" 304 138 "http://www.pacificnorthwestcoastbias.com/should-insures-use-credit-scores/" "Mozilla/5.0 (compatible; Yahoo! Slurp; http://help.yahoo.com/help/us/ysearch/slurp)"
67.195.115.58 - - [04/Aug/2011:23:53:49 -0700] "GET /wp-content/themes/EmptyCanvas/reset.css HTTP/1.0" 304 137 "http://www.pacificnorthwestcoastbias.com/wp-content/themes/EmptyCanvas/style.css" "Mozilla/5.0 (compatible; Yahoo! Slurp; http://help.yahoo.com/help/us/ysearch/slurp)"
67.195.115.58 - - [04/Aug/2011:23:53:49 -0700] "GET /wp-content/plugins/sociable/sociable.css?ver=3.1.4 HTTP/1.0" 304 137 "http://www.pacificnorthwestcoastbias.com/should-insures-use-credit-scores/" "Mozilla/5.0 (compatible; Yahoo! Slurp; http://help.yahoo.com/help/us/ysearch/slurp)"
67.195.115.58 - - [04/Aug/2011:23:53:49 -0700] "GET /wp-content/plugins/subscribe-here-widget/subscribe-here-widget.css HTTP/1.0" 304 137 "http://www.pacificnorthwestcoastbias.com/should-insures-use-credit-scores/" "Mozilla/5.0 (compatible; Yahoo! Slurp; http://help.yahoo.com/help/us/ysearch/slurp)"
123.125.71.43 - - [04/Aug/2011:23:59:25 -0700] "GET / HTTP/1.1" 200 18237 "-" "Mozilla/5.0 (compatible; Baiduspider/2.0; +http://www.baidu.com/search/spider.html)"
123.125.71.60 - - [04/Aug/2011:23:59:38 -0700] "GET /xmlrpc.php HTTP/1.1" 200 244 "-" "Mozilla/5.0 (compatible; Baiduspider/2.0; +http://www.baidu.com/search/spider.html)"
123.125.71.42 - - [04/Aug/2011:23:59:40 -0700] "GET /comments/feed/ HTTP/1.1" 200 3440 "-" "Mozilla/5.0 (compatible; Baiduspider/2.0; +http://www.baidu.com/search/spider.html)"
123.125.71.49 - - [04/Aug/2011:23:59:43 -0700] "GET /category/sports/ HTTP/1.1" 200 19810 "-" "Mozilla/5.0 (compatible; Baiduspider/2.0; +http://www.baidu.com/search/spider.html)"
123.125.71.56 - - [04/Aug/2011:23:59:45 -0700] "GET /category/tech/ HTTP/1.1" 200 12900 "-" "Mozilla/5.0 (compatible; Baiduspider/2.0; +http://www.baidu.com/search/spider.html)"
123.125.71.57 - - [04/Aug/2011:23:59:47 -0700] "GET /archive/ HTTP/1.1" 200 271 "-" "Mozilla/5.0 (compatible; Baiduspider/2.0; +http://www.baidu.com/search/spider.html)"
123.125.71.45 - - [04/Aug/2011:23:59:49 -0700] "GET / HTTP/1.1" 200 18235 "-" "Mozilla/5.0 (compatible; Baiduspider/2.0; +http://www.baidu.com/search/spider.html)"
123.125.71.48 - - [04/Aug/2011:23:59:49 -0700] "GET /category/quiz/ HTTP/1.1" 200 9166 "-" "Mozilla/5.0 (compatible; Baiduspider/2.0; +http://www.baidu.com/search/spider.html)"