208.115.111.244 - - [04/Aug/2011:09:30:28 -0700] "GET /category/sports/category/world-cup-2010/page/category/world-cup-2010/page/2/ HTTP/1.1" 200 7896 "-" "Mozilla/5.0 (compatible; DotBot/1.1; http://www.dotnetdotcom.org/, crawler@dotnetdotcom.org)"
208.115.111.244 - - [04/Aug/2011:09:30:33 -0700] "GET /category/sports/category/world-cup-2010/page/category/world-cup-2010/page/category/category/world-cup-2010/ HTTP/1.1" 200 15430 "-" "Mozilla/5.0 (compatible; DotBot/1.1; http://www.dotnetdotcom.org/, crawler@dotnetdotcom.org)"
208.115.111.244 - - [04/Aug/2011:09:30:38 -0700] "GET /category/sports/category/world-cup-2010/page/category/world-cup-2010/page/category/world-cup-2010/page/2/ HTTP/1.1" 200 7897 "-" "Mozilla/5.0 (compatible; DotBot/1.1; http://www.dotnetdotcom.org/, crawler@dotnetdotcom.org)"
208.115.111.244 - - [04/Aug/2011:09:30:43 -0700] "GET /category/sports/page/category/world-cup-2010/page/2/ HTTP/1.1" 200 7893 "-" "Mozilla/5.0 (compatible; DotBot/1.1; http://www.dotnetdotcom.org/, crawler@dotnetdotcom.org)"
208.115.111.244 - - [04/Aug/2011:09:30:48 -0700] "GET /category/sports/page/category/world-cup-2010/page/category/world-cup-2010/page/2/ HTTP/1.1" 200 7897 "-" "Mozilla/5.0 (compatible; DotBot/1.1; http://www.dotnetdotcom.org/, crawler@dotnetdotcom.org)"
208.115.111.244 - - [04/Aug/2011:09:30:53 -0700] "GET /page/7/ HTTP/1.1" 200 19661 "-" "Mozilla/5.0 (compatible; DotBot/1.1; http://www.dotnetdotcom.org/, crawler@dotnetdotcom.org)"
72.21.217.32 - - [04/Aug/2011:09:31:06 -0700] "GET /feed HTTP/1.0" 200 439 "-" "RPT-HTTPClient/0.3-3"
72.21.217.32 - - [04/Aug/2011:09:31:07 -0700] "GET /feed/ HTTP/1.0" 200 35924 "-" "RPT-HTTPClient/0.3-3"
72.21.217.96 - - [04/Aug/2011:09:31:25 -0700] "GET /feed HTTP/1.1" 200 383 "-" "RPT-HTTPClient/0.3-3"
72.21.217.96 - - [04/Aug/2011:09:31:27 -0700] "GET /feed/ HTTP/1.1" 200 35946 "-" "RPT-HTTPClient/0.3-3"
72.21.217.96 - - [04/Aug/2011:09:31:31 -0700] "GET /wp-content/uploads/2011/07/Community-Minded-1024x575.jpg HTTP/1.1" 200 127529 "-" "RPT-HTTPClient/0.3-3"
72.21.217.96 - - [04/Aug/2011:09:31:32 -0700] "GET /wp-content/uploads/2011/07/Innings-Pitched-All-Star-Game.jpg HTTP/1.1" 200 34923 "-" "RPT-HTTPClient/0.3-3"
72.21.217.96 - - [04/Aug/2011:09:31:32 -0700] "GET /wp-content/uploads/2011/07/Amway-Center-Orlando-Florida.jpg HTTP/1.1" 200 50147 "-" "RPT-HTTPClient/0.3-3"
72.21.217.96 - - [04/Aug/2011:09:31:32 -0700] "GET /wp-content/uploads/2011/07/Size-of-Amway-Center-with-Some-Parking.jpg HTTP/1.1" 200 625 "-" "RPT-HTTPClient/0.3-3"
72.21.217.96 - - [04/Aug/2011:09:31:32 -0700] "GET /wp-content/uploads/2011/07/downtown-bellevue-park.jpg HTTP/1.1" 200 136949 "-" "RPT-HTTPClient/0.3-3"
72.21.217.96 - - [04/Aug/2011:09:31:32 -0700] "GET /wp-content/uploads/2011/07/Dodge-Dealership.jpg HTTP/1.1" 200 163525 "-" "RPT-HTTPClient/0.3-3"
72.21.217.96 - - [04/Aug/2011:09:31:32 -0700] "GET /wp-content/uploads/2011/07/Safeway.jpg HTTP/1.1" 200 113322 "-" "RPT-HTTPClient/0.3-3"
72.21.217.96 - - [04/Aug/2011:09:31:33 -0700] "GET /wp-content/uploads/2011/07/NCAA-Win-Percentage.jpg HTTP/1.1" 200 27439 "-" "RPT-HTTPClient/0.3-3"
72.21.217.96 - - [04/Aug/2011:09:31:33 -0700] "GET /wp-content/uploads/2011/07/NCAA-Close-Game-Win-Percentage.jpg HTTP/1.1" 200 30700 "-" "RPT-HTTPClient/0.3-3"
72.21.217.96 - - [04/Aug/2011:09:31:33 -0700] "GET /wp-content/uploads/2011/07/Win-percentage-correlation.jpg HTTP/1.1" 200 28564 "-" "RPT-HTTPClient/0.3-3"
72.21.217.96 - - [04/Aug/2011:09:31:33 -0700] "GET /wp-content/uploads/2011/07/Close-Game-extra-wins.jpg HTTP/1.1" 200 23896 "-" "RPT-HTTPClient/0.3-3"
72.21.217.96 - - [04/Aug/2011:09:31:33 -0700] "GET /wp-content/uploads/2011/07/Close-Game-wins.jpg HTTP/1.1" 200 22396 "-" "RPT-HTTPClient/0.3-3"
72.21.217.96 - - [04/Aug/2011:09:31:33 -0700] "GET /wp-content/uploads/2011/07/Combined-win-percentage.jpg HTTP/1.1" 200 20671 "-" "RPT-HTTPClient/0.3-3"
72.21.217.96 - - [04/Aug/2011:09:31:34 -0700] "GET /wp-content/uploads/2011/07/Marymoor-Park-Sign.jpg HTTP/1.1" 200 353951 "-" "RPT-HTTPClient/0.3-3"
72.21.217.96 - - [04/Aug/2011:09:31:34 -0700] "GET /wp-content/uploads/2011/06/win-percentage.jpg HTTP/1.1" 200 25585 "-" "RPT-HTTPClient/0.3-3"
72.21.217.96 - - [04/Aug/2011:09:31:35 -0700] "GET /wp-content/uploads/2011/06/Adjusted-wins.jpg HTTP/1.1" 200 30873 "-" "RPT-HTTPClient/0.3-3"
72.21.217.96 - - [04/Aug/2011:09:31:35 -0700] "GET /wp-content/uploads/2011/06/mlb-leader-table.jpg HTTP/1.1" 200 26990 "-" "RPT-HTTPClient/0.3-3"
208.110.86.138 - - [04/Aug/2011:09:33:56 -0700] "GET /will-the-rate-of-concussions-increase-if-the-nfl-extends-the-season-to-18-games HTTP/1.0" 200 393 "http://www.availhosting.com/vps-hosting/virtual-private-server-plans.html" "Opera/9.64(Windows NT 5.1; U; en) Presto/2.1.1"
208.110.86.138 - - [04/Aug/2011:09:33:58 -0700] "GET /will-the-rate-of-concussions-increase-if-the-nfl-extends-the-season-to-18-games/ HTTP/1.0" 200 38330 "http://www.availhosting.com/vps-hosting/virtual-private-server-plans.html" "Opera/9.64(Windows NT 5.1; U; en) Presto/2.1.1"
208.110.86.138 - - [04/Aug/2011:09:34:02 -0700] "POST /wp-comments-post.php HTTP/1.0" 302 938 "http://www.pacificnorthwestcoastbias.com" "Opera/9.64(Windows NT 5.1; U; en) Presto/2.1.1"
174.37.205.68 - - [04/Aug/2011:09:37:35 -0700] "GET /feed/ HTTP/1.1" 200 9318 "-" "Mozilla/5.0 (X11; U; Linux x86_64; en-US; rv:1.9.0.19; aggregator:Spinn3r (Spinn3r 3.1); http://spinn3r.com/robot) Gecko/2010040121 Firefox/3.0.19"
174.37.205.68 - - [04/Aug/2011:09:39:22 -0700] "GET / HTTP/1.1" 200 18169 "-" "Mozilla/5.0 (X11; U; Linux x86_64; en-US; rv:1.9.0.19; aggregator:Spinn3r (Spinn3r 3.1); http://spinn3r.com/robot) Gecko/2010040121 Firefox/3.0.19"
69.163.231.33 - - [04/Aug/2011:09:42:45 -0700] "POST /wp-cron.php?doing_wp_cron HTTP/1.0" 200 158 "-" "WordPress/3.1.4; http://www.pacificnorthwestcoastbias.com"
66.249.67.216 - - [04/Aug/2011:09:42:43 -0700] "GET /ncaa-basketball-when-is-a-lead-safe/ HTTP/1.1" 200 9472 "-" "Mozilla/5.0 (compatible; Googlebot/2.1; +http://www.google.com/bot.html)"
128.242.249.9 - - [04/Aug/2011:09:48:04 -0700] "GET /feed/ HTTP/1.1" 200 35946 "-" "TwitterFeed 3"
124.115.6.13 - - [04/Aug/2011:09:48:08 -0700] "GET /robots.txt HTTP/1.1" 200 404 "-" "Sosospider+(+http://help.soso.com/webspider.htm)"
65.52.110.49 - - [04/Aug/2011:09:54:54 -0700] "GET /robots.txt HTTP/1.1" 200 386 "-" "Mozilla/5.0 (compatible; bingbot/2.0; +http://www.bing.com/bingbot.htm)"
85.88.36.4 - - [04/Aug/2011:09:56:24 -0700] "GET /robots.txt HTTP/1.0" 200 367 "-" "Attentio/Nutch-0.9-dev (Attentio's beta blog crawler; www.attentio.com; info@attentio.com)"
85.88.36.4 - - [04/Aug/2011:09:56:26 -0700] "GET /feed HTTP/1.0" 200 429 "-" "Attentio/Nutch-0.9-dev (Attentio's beta blog crawler; www.attentio.com; info@attentio.com)"
65.52.110.49 - - [04/Aug/2011:09:56:51 -0700] "GET /did-the-world-cup-cause-mls-attendance-to-increase-not-yet/ HTTP/1.1" 200 9413 "-" "Mozilla/5.0 (compatible; bingbot/2.0; +http://www.bing.com/bingbot.htm)"
119.63.196.27 - - [04/Aug/2011:10:00:07 -0700] "GET /paint-color-or-band-name-answers HTTP/1.1" 200 384 "-" "Mozilla/5.0 (compatible; Baiduspider/2.0; +http://www.baidu.com/search/spider.html)"
119.63.196.22 - - [04/Aug/2011:10:00:10 -0700] "GET /paint-color-or-band-name-answers/ HTTP/1.1" 200 7746 "-" "Mozilla/5.0 (compatible; Baiduspider/2.0; +http://www.baidu.com/search/spider.html)"
72.21.217.32 - - [04/Aug/2011:10:01:08 -0700] "GET /feed HTTP/1.0" 200 439 "-" "RPT-HTTPClient/0.3-3"
72.21.217.32 - - [04/Aug/2011:10:01:09 -0700] "GET /feed/ HTTP/1.0" 200 35924 "-" "RPT-HTTPClient/0.3-3"
98.158.20.237 - - [04/Aug/2011:10:04:13 -0700] "GET /feed/ HTTP/1.1" 200 9355 "-" "Mozilla/4.0 (compatible; MSIE 7.0; Windows NT 6.0)"
209.85.238.86 - - [04/Aug/2011:10:04:45 -0700] "GET /feed/ HTTP/1.1" 200 9355 "-" "Feedfetcher-Google; (+http://www.google.com/feedfetcher.html; 12 subscribers; feed-id=11769849069241211122)"
174.36.228.156 - - [04/Aug/2011:10:07:40 -0700] "GET /feed/ HTTP/1.1" 200 9318 "-" "Mozilla/5.0 (X11; U; Linux x86_64; en-US; rv:1.9.0.19; aggregator:Spinn3r (Spinn3r 3.1); http://spinn3r.com/robot) Gecko/2010040121 Firefox/3.0.19"
174.36.228.156 - - [04/Aug/2011:10:09:27 -0700] "GET / HTTP/1.1" 200 18167 "-" "Mozilla/5.0 (X11; U; Linux x86_64; en-US; rv:1.9.0.19; aggregator:Spinn3r (Spinn3r 3.1); http://spinn3r.com/robot) Gecko/2010040121 Firefox/3.0.19"
166.137.143.62 - - [04/Aug/2011:10:12:42 -0700] "GET /favicon.ico HTTP/1.1" 200 277 "-" "Reeder/2.5.0 CFNetwork/485.13.9 Darwin/11.0.0"
198.228.195.3 - - [04/Aug/2011:10:12:45 -0700] "GET /favicon.ico HTTP/1.1" 200 277 "-" "Reeder/2.3 CFNetwork/485.2 Darwin/10.3.1"
208.115.111.68 - - [04/Aug/2011:10:14:06 -0700] "GET /robots.txt HTTP/1.1" 200 330 "-" "Mozilla/5.0 (compatible; Ezooms/1.0; ezooms.bot@gmail.com)"
69.163.231.33 - - [04/Aug/2011:10:14:08 -0700] "POST /wp-cron.php?doing_wp_cron HTTP/1.0" 200 158 "-" "WordPress/3.1.4; http://www.pacificnorthwestcoastbias.com"
209.171.42.71 - - [04/Aug/2011:10:14:33 -0700] "GET /feed HTTP/1.1" 200 439 "-" "Mozilla/5.0 (compatible; BlogScope/1.0; +http://www.blogscope.net/; U of Toronto)"
209.171.42.71 - - [04/Aug/2011:10:14:35 -0700] "GET /feed/ HTTP/1.1" 200 9355 "-" "Mozilla/5.0 (compatible; BlogScope/1.0; +http://www.blogscope.net/; U of Toronto)"
69.163.231.33 - - [04/Aug/2011:10:15:17 -0700] "POST /wp-cron.php?doing_wp_cron HTTP/1.0" 200 158 "-" "WordPress/3.1.4; http://www.pacificnorthwestcoastbias.com"
88.131.106.4 - - [04/Aug/2011:10:15:16 -0700] "GET /robots.txt HTTP/1.0" 200 367 "-" "Mozilla/5.0 (Windows; U; Windows NT 5.1; en-US) Speedy Spider (http://www.entireweb.com/about/search_tech/speedy_spider/)"
88.131.106.2 - - [04/Aug/2011:10:15:22 -0700] "GET /initial-thoughts-on-google-buzz/ HTTP/1.0" 200 8504 "-" "Mozilla/5.0 (Windows; U; Windows NT 5.1; en-US) Speedy Spider (http://www.entireweb.com/about/search_tech/speedy_spider/)"
88.131.106.6 - - [04/Aug/2011:10:17:22 -0700] "GET /category/social-media/ HTTP/1.0" 200 12438 "-" "Mozilla/5.0 (Windows; U; Windows NT 5.1; en-US) Speedy Spider (http://www.entireweb.com/about/search_tech/speedy_spider/)"
198.228.195.3 - - [04/Aug/2011:10:26:12 -0700] "GET /favicon.ico HTTP/1.1" 200 277 "-" "Reeder/2.3 CFNetwork/485.2 Darwin/10.3.1"
94.23.198.123 - - [04/Aug/2011:10:26:28 -0700] "GET /feed/ HTTP/1.0" 200 16060 "-" "-"
50.23.254.99 - - [04/Aug/2011:10:28:07 -0700] "GET / HTTP/1.1" 200 114350 "-" "Mozilla/4.0 (compatible; MSIE 8.0; Windows NT 5.1; Trident/4.0;"
72.21.217.32 - - [04/Aug/2011:10:31:05 -0700] "GET /feed HTTP/1.0" 200 439 "-" "RPT-HTTPClient/0.3-3"
72.21.217.32 - - [04/Aug/2011:10:31:08 -0700] "GET /feed/ HTTP/1.0" 200 35924 "-" "RPT-HTTPClient/0.3-3"
69.163.231.33 - - [04/Aug/2011:10:31:06 -0700] "POST /wp-cron.php?doing_wp_cron HTTP/1.0" 200 158 "-" "WordPress/3.1.4; http://www.pacificnorthwestcoastbias.com"
174.37.205.92 - - [04/Aug/2011:10:37:47 -0700] "GET /feed/ HTTP/1.1" 200 143 "-" "Mozilla/5.0 (X11; U; Linux x86_64; en-US; rv:1.9.0.19; aggregator:Spinn3r (Spinn3r 3.1); http://spinn3r.com/robot) Gecko/2010040121 Firefox/3.0.19"
94.228.34.229 - - [04/Aug/2011:10:38:12 -0700] "GET /who-is-going-to-make-the-baseball-hall-of-fame-based-on-current-trajectories/feed/ HTTP/1.1" 200 180 "-" "magpie-crawler/1.1 (U; Linux amd64; en-GB; +http://www.brandwatch.net)"
75.101.241.81 - - [04/Aug/2011:10:38:27 -0700] "GET /feed/ HTTP/1.1" 200 35950 "-" "-"
75.101.241.81 - - [04/Aug/2011:10:38:28 -0700] "GET /feed/ HTTP/1.1" 200 9302 "-" "Mozilla/5.0 (X11; U; Linux i686; en-US; aggregator:Outside.in; http://outside.in)"
174.37.205.92 - - [04/Aug/2011:10:39:33 -0700] "GET / HTTP/1.1" 200 18166 "-" "Mozilla/5.0 (X11; U; Linux x86_64; en-US; rv:1.9.0.19; aggregator:Spinn3r (Spinn3r 3.1); http://spinn3r.com/robot) Gecko/2010040121 Firefox/3.0.19"
69.163.231.33 - - [04/Aug/2011:10:40:08 -0700] "POST /wp-cron.php?doing_wp_cron HTTP/1.0" 200 158 "-" "WordPress/3.1.4; http://www.pacificnorthwestcoastbias.com"
64.94.66.97 - - [04/Aug/2011:10:40:07 -0700] "GET /comments/feed/ HTTP/1.0" 200 3365 "-" "Moreoverbot/5.1 (+http://w.moreover.com; webmaster@moreover.com) Mozilla/5.0"
195.43.189.232 - - [04/Aug/2011:10:41:12 -0700] "HEAD /feed/ HTTP/1.1" 200 290 "-" "Mozilla/4.0 (compatible; MSIE 4.0; MSIECrawler; Windows 95)"
94.228.34.209 - - [04/Aug/2011:10:44:49 -0700] "GET /its-el-nino-not-global-warming-driving-warm-weather-in-the-pacific-northwest/feed/ HTTP/1.1" 200 180 "-" "magpie-crawler/1.1 (U; Linux amd64; en-GB; +http://www.brandwatch.net)"
94.228.34.209 - - [04/Aug/2011:10:44:51 -0700] "GET /nfl-draft-prediction-rankings/feed/ HTTP/1.1" 200 179 "-" "magpie-crawler/1.1 (U; Linux amd64; en-GB; +http://www.brandwatch.net)"
128.242.249.13 - - [04/Aug/2011:10:52:22 -0700] "GET /feed/ HTTP/1.1" 200 35946 "-" "TwitterFeed 3"
198.228.195.3 - - [04/Aug/2011:10:54:52 -0700] "GET /favicon.ico HTTP/1.1" 200 277 "-" "Reeder/2.3 CFNetwork/485.2 Darwin/10.3.1"
67.195.115.58 - - [04/Aug/2011:10:58:58 -0700] "GET /twitter-weekly-updates-for-2010-05-23/ HTTP/1.0" 200 8644 "-" "Mozilla/5.0 (compatible; Yahoo! Slurp; http://help.yahoo.com/help/us/ysearch/slurp)"
67.195.115.58 - - [04/Aug/2011:10:59:03 -0700] "GET /wp-content/themes/EmptyCanvas/style.css HTTP/1.0" 200 5899 "http://www.pacificnorthwestcoastbias.com/twitter-weekly-updates-for-2010-05-23/" "Mozilla/5.0 (compatible; Yahoo! Slurp; http://help.yahoo.com/help/us/ysearch/slurp)"
67.195.115.58 - - [04/Aug/2011:10:59:03 -0700] "GET /wp-content/themes/EmptyCanvas/reset.css HTTP/1.0" 304 137 "http://www.pacificnorthwestcoastbias.com/wp-content/themes/EmptyCanvas/style.css" "Mozilla/5.0 (compatible; Yahoo! Slurp; http://help.yahoo.com/help/us/ysearch/slurp)"
67.195.115.58 - - [04/Aug/2011:10:59:03 -0700] "GET /wp-content/plugins/sociable/sociable.css?ver=3.1.4 HTTP/1.0" 304 137 "http://www.pacificnorthwestcoastbias.com/twitter-weekly-updates-for-2010-05-23/" "Mozilla/5.0 (compatible; Yahoo! Slurp; http://help.yahoo.com/help/us/ysearch/slurp)"
67.195.115.58 - - [04/Aug/2011:10:59:04 -0700] "GET /wp-content/plugins/subscribe-here-widget/subscribe-here-widget.css HTTP/1.0" 304 137 "http://www.pacificnorthwestcoastbias.com/twitter-weekly-updates-for-2010-05-23/" "Mozilla/5.0 (compatible; Yahoo! Slurp; http://help.yahoo.com/help/us/ysearch/slurp)"
72.21.217.32 - - [04/Aug/2011:11:01:06 -0700] "GET /feed HTTP/1.0" 200 439 "-" "RPT-HTTPClient/0.3-3"
72.21.217.32 - - [04/Aug/2011:11:01:12 -0700] "GET /feed/ HTTP/1.0" 200 35924 "-" "RPT-HTTPClient/0.3-3"
72.21.217.64 - - [04/Aug/2011:11:01:23 -0700] "GET /feed HTTP/1.1" 200 383 "-" "RPT-HTTPClient/0.3-3"
72.21.217.64 - - [04/Aug/2011:11:01:26 -0700] "GET /feed/ HTTP/1.1" 200 35946 "-" "RPT-HTTPClient/0.3-3"
69.163.231.33 - - [04/Aug/2011:11:01:24 -0700] "POST /wp-cron.php?doing_wp_cron HTTP/1.0" 200 158 "-" "WordPress/3.1.4; http://www.pacificnorthwestcoastbias.com"
72.21.217.64 - - [04/Aug/2011:11:01:31 -0700] "GET /wp-content/uploads/2011/07/Community-Minded-1024x575.jpg HTTP/1.1" 200 127529 "-" "RPT-HTTPClient/0.3-3"
72.21.217.64 - - [04/Aug/2011:11:01:32 -0700] "GET /wp-content/uploads/2011/07/Innings-Pitched-All-Star-Game.jpg HTTP/1.1" 200 34923 "-" "RPT-HTTPClient/0.3-3"
72.21.217.64 - - [04/Aug/2011:11:01:32 -0700] "GET /wp-content/uploads/2011/07/Amway-Center-Orlando-Florida.jpg HTTP/1.1" 200 50147 "-" "RPT-HTTPClient/0.3-3"
72.21.217.64 - - [04/Aug/2011:11:01:32 -0700] "GET /wp-content/uploads/2011/07/Size-of-Amway-Center-with-Some-Parking.jpg HTTP/1.1" 200 625 "-" "RPT-HTTPClient/0.3-3"
72.21.217.64 - - [04/Aug/2011:11:01:32 -0700] "GET /wp-content/uploads/2011/07/downtown-bellevue-park.jpg HTTP/1.1" 200 136949 "-" "RPT-HTTPClient/0.3-3"
72.21.217.64 - - [04/Aug/2011:11:01:32 -0700] "GET /wp-content/uploads/2011/07/Dodge-Dealership.jpg HTTP/1.1" 200 163525 "-" "RPT-HTTPClient/0.3-3"
72.21.217.64 - - [04/Aug/2011:11:01:33 -0700] "GET /wp-content/uploads/2011/07/Safeway.jpg HTTP/1.1" 200 113322 "-" "RPT-HTTPClient/0.3-3"
72.21.217.64 - - [04/Aug/2011:11:01:33 -0700] "GET /wp-content/uploads/2011/07/NCAA-Win-Percentage.jpg HTTP/1.1" 200 27439 "-" "RPT-HTTPClient/0.3-3"
72.21.217.64 - - [04/Aug/2011:11:01:33 -0700] "GET /wp-content/uploads/2011/07/NCAA-Close-Game-Win-Percentage.jpg HTTP/1.1" 200 30700 "-" "RPT-HTTPClient/0.3-3"
72.21.217.64 - - [04/Aug/2011:11:01:34 -0700] "GET /wp-content/uploads/2011/07/Win-percentage-correlation.jpg HTTP/1.1" 200 28564 "-" "RPT-HTTPClient/0.3-3"
72.21.217.64 - - [04/Aug/2011:11:01:34 -0700] "GET /wp-content/uploads/2011/07/Close-Game-extra-wins.jpg HTTP/1.1" 200 23896 "-" "RPT-HTTPClient/0.3-3"
72.21.217.64 - - [04/Aug/2011:11:01:34 -0700] "GET /wp-content/uploads/2011/07/Close-Game-wins.jpg HTTP/1.1" 200 22396 "-" "RPT-HTTPClient/0.3-3"
72.21.217.64 - - [04/Aug/2011:11:01:34 -0700] "GET /wp-content/uploads/2011/07/Combined-win-percentage.jpg HTTP/1.1" 200 20671 "-" "RPT-HTTPClient/0.3-3"
72.21.217.64 - - [04/Aug/2011:11:01:34 -0700] "GET /wp-content/uploads/2011/07/Marymoor-Park-Sign.jpg HTTP/1.1" 200 353951 "-" "RPT-HTTPClient/0.3-3"
72.21.217.64 - - [04/Aug/2011:11:01:35 -0700] "GET /wp-content/uploads/2011/06/win-percentage.jpg HTTP/1.1" 200 25585 "-" "RPT-HTTPClient/0.3-3"
72.21.217.64 - - [04/Aug/2011:11:01:35 -0700] "GET /wp-content/uploads/2011/06/Adjusted-wins.jpg HTTP/1.1" 200 30873 "-" "RPT-HTTPClient/0.3-3"
72.21.217.64 - - [04/Aug/2011:11:01:35 -0700] "GET /wp-content/uploads/2011/06/mlb-leader-table.jpg HTTP/1.1" 200 26990 "-" "RPT-HTTPClient/0.3-3"
174.36.228.156 - - [04/Aug/2011:11:07:57 -0700] "GET /feed/ HTTP/1.1" 200 9321 "-" "Mozilla/5.0 (X11; U; Linux x86_64; en-US; rv:1.9.0.19; aggregator:Spinn3r (Spinn3r 3.1); http://spinn3r.com/robot) Gecko/2010040121 Firefox/3.0.19"
209.85.238.86 - - [04/Aug/2011:11:08:15 -0700] "GET /feed/ HTTP/1.1" 200 9358 "-" "Feedfetcher-Google; (+http://www.google.com/feedfetcher.html; 12 subscribers; feed-id=11769849069241211122)"
173.192.238.34 - - [04/Aug/2011:11:09:40 -0700] "GET / HTTP/1.1" 200 18166 "-" "Mozilla/5.0 (X11; U; Linux x86_64; en-US; rv:1.9.0.19; aggregator:Spinn3r (Spinn3r 3.1); http://spinn3r.com/robot) Gecko/2010040121 Firefox/3.0.19"
94.228.34.209 - - [04/Aug/2011:11:15:45 -0700] "GET /another-reason-magazine-advertising-is-dying/feed/ HTTP/1.1" 200 180 "-" "magpie-crawler/1.1 (U; Linux amd64; en-GB; +http://www.brandwatch.net)"
220.181.125.44 - - [04/Aug/2011:11:22:45 -0700] "GET /robots.txt HTTP/1.1" 200 337 "-" "-"
220.181.125.44 - - [04/Aug/2011:11:22:59 -0700] "GET /is-mel-kiper-jr-working-for-a-sports-agent/ HTTP/1.1" 200 9497 "-" "Sogou web spider/4.0(+http://www.sogou.com/docs/help/webmasters.htm#07)"
69.163.231.33 - - [04/Aug/2011:11:23:01 -0700] "POST /wp-cron.php?doing_wp_cron HTTP/1.0" 200 158 "-" "WordPress/3.1.4; http://www.pacificnorthwestcoastbias.com"
87.250.255.242 - - [04/Aug/2011:11:25:35 -0700] "GET /robots.txt HTTP/1.1" 200 386 "-" "Mozilla/5.0 (compatible; YandexBot/3.0; +http://yandex.com/bots)"
119.63.196.56 - - [04/Aug/2011:11:25:42 -0700] "GET /library-blockbuster/%20\xe2\x80\x8e HTTP/1.1" 200 6537 "-" "Mozilla/5.0 (compatible; Baiduspider/2.0; +http://www.baidu.com/search/spider.html)"
209.171.42.71 - - [04/Aug/2011:11:26:27 -0700] "GET /feed HTTP/1.1" 200 439 "-" "Mozilla/5.0 (compatible; BlogScope/1.0; +http://www.blogscope.net/; U of Toronto)"
209.171.42.71 - - [04/Aug/2011:11:26:30 -0700] "GET /feed/ HTTP/1.1" 200 9358 "-" "Mozilla/5.0 (compatible; BlogScope/1.0; +http://www.blogscope.net/; U of Toronto)"
72.21.217.32 - - [04/Aug/2011:11:31:08 -0700] "GET /feed HTTP/1.0" 200 439 "-" "RPT-HTTPClient/0.3-3"
72.21.217.32 - - [04/Aug/2011:11:31:10 -0700] "GET /feed/ HTTP/1.0" 200 35924 "-" "RPT-HTTPClient/0.3-3"
95.108.158.245 - - [04/Aug/2011:11:32:30 -0700] "GET /wp-content/plugins/sociable/images/services-sprite.gif HTTP/1.1" 304 173 "-" "Mozilla/5.0 (compatible; YandexImages/3.0; +http://yandex.com/bots)"
174.37.205.92 - - [04/Aug/2011:11:38:03 -0700] "GET /feed/ HTTP/1.1" 200 9321 "-" "Mozilla/5.0 (X11; U; Linux x86_64; en-US; rv:1.9.0.19; aggregator:Spinn3r (Spinn3r 3.1); http://spinn3r.com/robot) Gecko/2010040121 Firefox/3.0.19"
174.36.228.156 - - [04/Aug/2011:11:39:44 -0700] "GET / HTTP/1.1" 200 18169 "-" "Mozilla/5.0 (X11; U; Linux x86_64; en-US; rv:1.9.0.19; aggregator:Spinn3r (Spinn3r 3.1); http://spinn3r.com/robot) Gecko/2010040121 Firefox/3.0.19"
75.101.241.81 - - [04/Aug/2011:11:41:41 -0700] "GET /feed/ HTTP/1.1" 200 35946 "-" "-"
75.101.241.81 - - [04/Aug/2011:11:41:41 -0700] "GET /feed/ HTTP/1.1" 200 9302 "-" "Mozilla/5.0 (X11; U; Linux i686; en-US; aggregator:Outside.in; http://outside.in)"
94.23.195.135 - - [04/Aug/2011:11:42:03 -0700] "GET /comments/feed/ HTTP/1.0" 200 12242 "-" "-"
66.249.67.216 - - [04/Aug/2011:11:48:12 -0700] "GET /wp-content/uploads/2011/02/NFL-Concussions-by-Position.jpg HTTP/1.1" 200 23626 "-" "Mozilla/5.0 (compatible; Googlebot/2.1; +http://www.google.com/bot.html)"
66.249.67.216 - - [04/Aug/2011:11:48:13 -0700] "GET /wp-content/uploads/2011/02/Concussions-by-year.jpg HTTP/1.1" 200 10401 "-" "Mozilla/5.0 (compatible; Googlebot/2.1; +http://www.google.com/bot.html)"
66.249.67.216 - - [04/Aug/2011:11:48:13 -0700] "GET /wp-content/uploads/2011/02/Concussions-by-week.jpg HTTP/1.1" 200 22313 "-" "Mozilla/5.0 (compatible; Googlebot/2.1; +http://www.google.com/bot.html)"
66.249.67.216 - - [04/Aug/2011:11:48:14 -0700] "GET /wp-content/uploads/2011/02/Neck-back-and-concussions.jpg HTTP/1.1" 200 15163 "-" "Mozilla/5.0 (compatible; Googlebot/2.1; +http://www.google.com/bot.html)"
66.249.67.216 - - [04/Aug/2011:11:48:14 -0700] "GET /wp-content/uploads/2011/02/Concussions-by-week-2.jpg HTTP/1.1" 200 24346 "-" "Mozilla/5.0 (compatible; Googlebot/2.1; +http://www.google.com/bot.html)"
66.249.67.216 - - [04/Aug/2011:11:48:14 -0700] "GET /wp-content/uploads/2011/02/NFL-injuries-by-type-2.jpg HTTP/1.1" 200 29282 "-" "Mozilla/5.0 (compatible; Googlebot/2.1; +http://www.google.com/bot.html)"
74.125.114.86 - - [04/Aug/2011:11:48:22 -0700] "GET /feed/ HTTP/1.1" 200 9302 "-" "Feedfetcher-Google; (+http://www.google.com/feedfetcher.html; feed-id=11769849069241211122)"
128.242.249.9 - - [04/Aug/2011:11:55:18 -0700] "GET /feed/ HTTP/1.1" 200 35946 "-" "TwitterFeed 3"
220.181.125.44 - - [04/Aug/2011:11:56:36 -0700] "GET /presidential-quiz/ HTTP/1.1" 200 8073 "-" "Sogou web spider/4.0(+http://www.sogou.com/docs/help/webmasters.htm#07)"
69.163.231.33 - - [04/Aug/2011:11:56:37 -0700] "POST /wp-cron.php?doing_wp_cron HTTP/1.0" 200 158 "-" "WordPress/3.1.4; http://www.pacificnorthwestcoastbias.com"
209.85.238.86 - - [04/Aug/2011:11:58:34 -0700] "GET /feed/ HTTP/1.1" 200 194 "-" "Feedfetcher-Google; (+http://www.google.com/feedfetcher.html; 12 subscribers; feed-id=11769849069241211122)"
72.21.217.32 - - [04/Aug/2011:12:01:06 -0700] "GET /feed HTTP/1.0" 200 439 "-" "RPT-HTTPClient/0.3-3"
69.163.231.33 - - [04/Aug/2011:12:01:08 -0700] "POST /wp-cron.php?doing_wp_cron HTTP/1.0" 200 158 "-" "WordPress/3.1.4; http://www.pacificnorthwestcoastbias.com"
72.21.217.32 - - [04/Aug/2011:12:01:10 -0700] "GET /feed/ HTTP/1.0" 200 35928 "-" "RPT-HTTPClient/0.3-3"
72.21.217.96 - - [04/Aug/2011:12:01:36 -0700] "GET /feed HTTP/1.1" 200 383 "-" "RPT-HTTPClient/0.3-3"
72.21.217.96 - - [04/Aug/2011:12:01:37 -0700] "GET /feed/ HTTP/1.1" 200 35946 "-" "RPT-HTTPClient/0.3-3"
72.21.217.96 - - [04/Aug/2011:12:01:41 -0700] "GET /wp-content/uploads/2011/07/Community-Minded-1024x575.jpg HTTP/1.1" 200 127529 "-" "RPT-HTTPClient/0.3-3"
72.21.217.96 - - [04/Aug/2011:12:01:41 -0700] "GET /wp-content/uploads/2011/07/Innings-Pitched-All-Star-Game.jpg HTTP/1.1" 200 34923 "-" "RPT-HTTPClient/0.3-3"
72.21.217.96 - - [04/Aug/2011:12:01:41 -0700] "GET /wp-content/uploads/2011/07/Amway-Center-Orlando-Florida.jpg HTTP/1.1" 200 50147 "-" "RPT-HTTPClient/0.3-3"
72.21.217.96 - - [04/Aug/2011:12:01:42 -0700] "GET /wp-content/uploads/2011/07/Size-of-Amway-Center-with-Some-Parking.jpg HTTP/1.1" 200 625 "-" "RPT-HTTPClient/0.3-3"
72.21.217.96 - - [04/Aug/2011:12:01:42 -0700] "GET /wp-content/uploads/2011/07/downtown-bellevue-park.jpg HTTP/1.1" 200 136949 "-" "RPT-HTTPClient/0.3-3"
72.21.217.96 - - [04/Aug/2011:12:01:42 -0700] "GET /wp-content/uploads/2011/07/Dodge-Dealership.jpg HTTP/1.1" 200 163525 "-" "RPT-HTTPClient/0.3-3"
72.21.217.96 - - [04/Aug/2011:12:01:42 -0700] "GET /wp-content/uploads/2011/07/Safeway.jpg HTTP/1.1" 200 113322 "-" "RPT-HTTPClient/0.3-3"
72.21.217.96 - - [04/Aug/2011:12:01:42 -0700] "GET /wp-content/uploads/2011/07/NCAA-Win-Percentage.jpg HTTP/1.1" 200 27439 "-" "RPT-HTTPClient/0.3-3"
72.21.217.96 - - [04/Aug/2011:12:01:42 -0700] "GET /wp-content/uploads/2011/07/NCAA-Close-Game-Win-Percentage.jpg HTTP/1.1" 200 30700 "-" "RPT-HTTPClient/0.3-3"
72.21.217.96 - - [04/Aug/2011:12:01:43 -0700] "GET /wp-content/uploads/2011/07/Win-percentage-correlation.jpg HTTP/1.1" 200 28564 "-" "RPT-HTTPClient/0.3-3"
72.21.217.96 - - [04/Aug/2011:12:01:43 -0700] "GET /wp-content/uploads/2011/07/Close-Game-extra-wins.jpg HTTP/1.1" 200 23896 "-" "RPT-HTTPClient/0.3-3"
72.21.217.96 - - [04/Aug/2011:12:01:43 -0700] "GET /wp-content/uploads/2011/07/Close-Game-wins.jpg HTTP/1.1" 200 22396 "-" "RPT-HTTPClient/0.3-3"
72.21.217.96 - - [04/Aug/2011:12:01:43 -0700] "GET /wp-content/uploads/2011/07/Combined-win-percentage.jpg HTTP/1.1" 200 20671 "-" "RPT-HTTPClient/0.3-3"
72.21.217.96 - - [04/Aug/2011:12:01:43 -0700] "GET /wp-content/uploads/2011/07/Marymoor-Park-Sign.jpg HTTP/1.1" 200 353951 "-" "RPT-HTTPClient/0.3-3"
72.21.217.96 - - [04/Aug/2011:12:01:43 -0700] "GET /wp-content/uploads/2011/06/win-percentage.jpg HTTP/1.1" 200 25585 "-" "RPT-HTTPClient/0.3-3"
72.21.217.96 - - [04/Aug/2011:12:01:43 -0700] "GET /wp-content/uploads/2011/06/Adjusted-wins.jpg HTTP/1.1" 200 30873 "-" "RPT-HTTPClient/0.3-3"
72.21.217.96 - - [04/Aug/2011:12:01:44 -0700] "GET /wp-content/uploads/2011/06/mlb-leader-table.jpg HTTP/1.1" 200 26990 "-" "RPT-HTTPClient/0.3-3"
67.195.115.58 - - [04/Aug/2011:12:04:31 -0700] "GET /twitter-weekly-updates-for-2010-09-26/ HTTP/1.0" 200 8260 "-" "Mozilla/5.0 (compatible; Yahoo! Slurp; http://help.yahoo.com/help/us/ysearch/slurp)"
173.192.238.44 - - [04/Aug/2011:12:08:12 -0700] "GET /feed/ HTTP/1.1" 200 9321 "-" "Mozilla/5.0 (X11; U; Linux x86_64; en-US; rv:1.9.0.19; aggregator:Spinn3r (Spinn3r 3.1); http://spinn3r.com/robot) Gecko/2010040121 Firefox/3.0.19"
174.36.228.156 - - [04/Aug/2011:12:09:50 -0700] "GET / HTTP/1.1" 200 18060 "-" "Mozilla/5.0 (X11; U; Linux x86_64; en-US; rv:1.9.0.19; aggregator:Spinn3r (Spinn3r 3.1); http://spinn3r.com/robot) Gecko/2010040121 Firefox/3.0.19"
209.85.224.86 - - [04/Aug/2011:12:14:03 -0700] "GET /wp-content/uploads/2010/04/correct-NFL-Draft-picks1.jpg HTTP/1.1" 200 40949 "-" "Mozilla/5.0 (compatible) Feedfetcher-Google; (+http://www.google.com/feedfetcher.html)"
209.85.224.82 - - [04/Aug/2011:12:14:03 -0700] "GET /wp-content/uploads/2010/04/Average-number-NFL-Draft-picks-off2.jpg HTTP/1.1" 200 43175 "-" "Mozilla/5.0 (compatible) Feedfetcher-Google; (+http://www.google.com/feedfetcher.html)"
209.85.224.96 - - [04/Aug/2011:12:14:03 -0700] "GET /wp-content/uploads/2010/04/Std-Dev-Matrix1.jpg HTTP/1.1" 200 51991 "-" "Mozilla/5.0 (compatible) Feedfetcher-Google; (+http://www.google.com/feedfetcher.html)"
209.171.42.71 - - [04/Aug/2011:12:14:16 -0700] "GET /feed HTTP/1.1" 200 439 "-" "Mozilla/5.0 (compatible; BlogScope/1.0; +http://www.blogscope.net/; U of Toronto)"
209.171.42.71 - - [04/Aug/2011:12:14:18 -0700] "GET /feed/ HTTP/1.1" 200 9358 "-" "Mozilla/5.0 (compatible; BlogScope/1.0; +http://www.blogscope.net/; U of Toronto)"
69.163.231.33 - - [04/Aug/2011:12:18:27 -0700] "POST /wp-cron.php?doing_wp_cron HTTP/1.0" 200 158 "-" "WordPress/3.1.4; http://www.pacificnorthwestcoastbias.com"
67.195.115.58 - - [04/Aug/2011:12:18:24 -0700] "GET /twitter-weekly-updates-for-2010-05-16/ HTTP/1.0" 200 8900 "-" "Mozilla/5.0 (compatible; Yahoo! Slurp; http://help.yahoo.com/help/us/ysearch/slurp)"
207.34.25.76 - - [04/Aug/2011:12:25:14 -0700] "GET /robots.txt HTTP/1.1" 200 348 "-" "radian6_default_(www.radian6.com/crawler)"
207.34.25.76 - - [04/Aug/2011:12:25:17 -0700] "GET /feed/ HTTP/1.1" 200 9302 "-" "R6_FeedFetcher(www.radian6.com/crawler)"
174.129.109.56 - - [04/Aug/2011:12:30:46 -0700] "GET /category/bellevue HTTP/1.0" 200 413 "-" "linkdex.com/v2.0"
174.129.109.56 - - [04/Aug/2011:12:30:48 -0700] "GET /category/bellevue/ HTTP/1.0" 200 15438 "-" "linkdex.com/v2.0"
72.21.217.32 - - [04/Aug/2011:12:31:07 -0700] "GET /feed HTTP/1.0" 200 439 "-" "RPT-HTTPClient/0.3-3"
72.21.217.32 - - [04/Aug/2011:12:31:09 -0700] "GET /feed/ HTTP/1.0" 200 35924 "-" "RPT-HTTPClient/0.3-3"
69.163.231.33 - - [04/Aug/2011:12:31:08 -0700] "POST /wp-cron.php?doing_wp_cron HTTP/1.0" 200 158 "-" "WordPress/3.1.4; http://www.pacificnorthwestcoastbias.com"
174.129.109.56 - - [04/Aug/2011:12:32:10 -0700] "GET /category/economy HTTP/1.0" 200 412 "-" "linkdex.com/v2.0"
174.129.109.56 - - [04/Aug/2011:12:32:11 -0700] "GET /category/economy/ HTTP/1.0" 200 15351 "-" "linkdex.com/v2.0"
107.20.33.37 - - [04/Aug/2011:12:32:32 -0700] "GET /feed HTTP/1.0" 200 439 "-" "linkdex.com/v2.0"
107.20.33.37 - - [04/Aug/2011:12:32:33 -0700] "GET /feed/ HTTP/1.0" 200 9357 "-" "linkdex.com/v2.0"
174.129.109.56 - - [04/Aug/2011:12:32:41 -0700] "GET /which-bellevue-restaurant-is-the-most-popular HTTP/1.0" 200 441 "-" "linkdex.com/v2.0"
174.129.109.56 - - [04/Aug/2011:12:32:42 -0700] "GET /which-bellevue-restaurant-is-the-most-popular/ HTTP/1.0" 200 9276 "-" "linkdex.com/v2.0"
174.129.109.56 - - [04/Aug/2011:12:33:08 -0700] "GET /page/2 HTTP/1.0" 200 402 "-" "linkdex.com/v2.0"
174.129.109.56 - - [04/Aug/2011:12:33:09 -0700] "GET /page/2/ HTTP/1.0" 200 17231 "-" "linkdex.com/v2.0"
173.192.238.34 - - [04/Aug/2011:12:38:19 -0700] "GET /feed/ HTTP/1.1" 200 9321 "-" "Mozilla/5.0 (X11; U; Linux x86_64; en-US; rv:1.9.0.19; aggregator:Spinn3r (Spinn3r 3.1); http://spinn3r.com/robot) Gecko/2010040121 Firefox/3.0.19"
173.192.238.48 - - [04/Aug/2011:12:39:59 -0700] "GET / HTTP/1.1" 200 18060 "-" "Mozilla/5.0 (X11; U; Linux x86_64; en-US; rv:1.9.0.19; aggregator:Spinn3r (Spinn3r 3.1); http://spinn3r.com/robot) Gecko/2010040121 Firefox/3.0.19"
195.43.189.232 - - [04/Aug/2011:12:41:16 -0700] "HEAD /feed/ HTTP/1.1" 200 290 "-" "Mozilla/4.0 (compatible; MSIE 4.0; MSIECrawler; Windows 95)"
117.21.224.227 - - [04/Aug/2011:12:41:17 -0700] "GET /nfl-draft-prediction-rankings/comment-page-1/ HTTP/1.0" 200 46565 "http://www.pacificnorthwestcoastbias.com/nfl-draft-prediction-rankings/comment-page-1/#comment-2037" "Mozilla/4.0 (compatible; MSIE 6.0; Windows 98; Win 9x 4.90)"
117.21.224.227 - - [04/Aug/2011:12:41:21 -0700] "POST /wp-comments-post.php HTTP/1.0" 302 840 "http://www.pacificnorthwestcoastbias.com/nfl-draft-prediction-rankings/comment-page-1/#comment-2037" "Mozilla/4.0 (compatible; MSIE 6.0; Windows 98; Win 9x 4.90)"
117.21.224.227 - - [04/Aug/2011:12:41:23 -0700] "GET /nfl-draft-prediction-rankings/comment-page-1/ HTTP/1.0" 200 46629 "http://www.pacificnorthwestcoastbias.com/nfl-draft-prediction-rankings/comment-page-1/#comment-2431" "Mozilla/4.0 (compatible; MSIE 6.0; Windows 98; Win 9x 4.90)"
119.63.196.79 - - [04/Aug/2011:12:41:52 -0700] "GET /?p=397 HTTP/1.1" 301 387 "-" "Mozilla/5.0 (compatible; Baiduspider/2.0; +http://www.baidu.com/search/spider.html)"
69.163.231.33 - - [04/Aug/2011:12:41:53 -0700] "POST /wp-cron.php?doing_wp_cron HTTP/1.0" 200 158 "-" "WordPress/3.1.4; http://www.pacificnorthwestcoastbias.com"
119.63.196.109 - - [04/Aug/2011:12:41:54 -0700] "GET /ncaa-basketball-when-is-a-lead-safe/ HTTP/1.1" 200 9435 "-" "Mozilla/5.0 (compatible; Baiduspider/2.0; +http://www.baidu.com/search/spider.html)"
117.21.224.227 - - [04/Aug/2011:12:43:37 -0700] "GET /nfl-draft-prediction-rankings/comment-page-1/ HTTP/1.0" 200 46565 "http://www.pacificnorthwestcoastbias.com/nfl-draft-prediction-rankings/comment-page-1/#comment-2084" "Mozilla/4.0 (compatible; MSIE 6.0; Windows NT 5.0; APC; .NET CLR 1.0.3705; .NET CLR 1.1.4322; .NET CLR 2.0.50215; InfoPath.1)"
117.21.224.227 - - [04/Aug/2011:12:43:40 -0700] "POST /wp-comments-post.php HTTP/1.0" 302 899 "http://www.pacificnorthwestcoastbias.com/nfl-draft-prediction-rankings/comment-page-1/#comment-2084" "Mozilla/4.0 (compatible; MSIE 6.0; Windows NT 5.0; APC; .NET CLR 1.0.3705; .NET CLR 1.1.4322; .NET CLR 2.0.50215; InfoPath.1)"
117.21.224.227 - - [04/Aug/2011:12:43:42 -0700] "GET /nfl-draft-prediction-rankings/comment-page-1/ HTTP/1.0" 200 46688 "http://www.pacificnorthwestcoastbias.com/nfl-draft-prediction-rankings/comment-page-1/#comment-2432" "Mozilla/4.0 (compatible; MSIE 6.0; Windows NT 5.0; APC; .NET CLR 1.0.3705; .NET CLR 1.1.4322; .NET CLR 2.0.50215; InfoPath.1)"
198.228.195.3 - - [04/Aug/2011:12:46:34 -0700] "GET /favicon.ico HTTP/1.1" 200 277 "-" "Reeder/2.3 CFNetwork/485.2 Darwin/10.3.1"
124.115.4.196 - - [04/Aug/2011:12:46:34 -0700] "GET / HTTP/1.1" 200 18097 "-" "Sosospider+(+http://help.soso.com/webspider.htm)"
75.101.241.81 - - [04/Aug/2011:12:46:49 -0700] "GET /feed/ HTTP/1.1" 200 35946 "-" "-"
75.101.241.81 - - [04/Aug/2011:12:46:49 -0700] "GET /feed/ HTTP/1.1" 200 9302 "-" "Mozilla/5.0 (X11; U; Linux i686; en-US; aggregator:Outside.in; http://outside.in)"
209.85.238.86 - - [04/Aug/2011:12:50:04 -0700] "GET /feed/ HTTP/1.1" 200 9358 "-" "Feedfetcher-Google; (+http://www.google.com/feedfetcher.html; 12 subscribers; feed-id=11769849069241211122)"
198.228.195.66 - - [04/Aug/2011:12:57:13 -0700] "GET /favicon.ico HTTP/1.1" 200 277 "-" "Reeder/2.5.0 CFNetwork/485.13.9 Darwin/11.0.0"
128.242.249.13 - - [04/Aug/2011:12:58:18 -0700] "GET /feed/ HTTP/1.1" 200 35946 "-" "TwitterFeed 3"
124.115.5.240 - - [04/Aug/2011:12:59:00 -0700] "GET /wp-content/uploads/2010/11/Oregon-Scoring-by-Half.jpg HTTP/1.0" 200 10264 "-" "Mozilla/5.0 (Windows; U; Windows NT 6.0; zh-CN; rv:1.9.1.8) Gecko/20100202 Firefox/3.5.8 (.NET CLR 3.5.30729)"
38.101.148.126 - - [04/Aug/2011:12:59:05 -0700] "GET /robots.txt HTTP/1.1" 200 367 "-" "Mozilla/5.0 (compatible; discobot/1.1; +http://discoveryengine.com/discobot.html)"
72.21.217.32 - - [04/Aug/2011:13:01:06 -0700] "GET /feed HTTP/1.0" 200 439 "-" "RPT-HTTPClient/0.3-3"
72.21.217.32 - - [04/Aug/2011:13:01:08 -0700] "GET /feed/ HTTP/1.0" 200 35924 "-" "RPT-HTTPClient/0.3-3"
173.192.238.44 - - [04/Aug/2011:13:08:30 -0700] "GET /feed/ HTTP/1.1" 200 9321 "-" "Mozilla/5.0 (X11; U; Linux x86_64; en-US; rv:1.9.0.19; aggregator:Spinn3r (Spinn3r 3.1); http://spinn3r.com/robot) Gecko/2010040121 Firefox/3.0.19"
69.163.231.33 - - [04/Aug/2011:13:10:25 -0700] "POST /wp-cron.php?doing_wp_cron HTTP/1.0" 200 158 "-" "WordPress/3.1.4; http://www.pacificnorthwestcoastbias.com"
173.192.238.48 - - [04/Aug/2011:13:10:21 -0700] "GET / HTTP/1.1" 200 18058 "-" "Mozilla/5.0 (X11; U; Linux x86_64; en-US; rv:1.9.0.19; aggregator:Spinn3r (Spinn3r 3.1); http://spinn3r.com/robot) Gecko/2010040121 Firefox/3.0.19"
209.171.42.71 - - [04/Aug/2011:13:24:06 -0700] "GET /feed HTTP/1.1" 200 439 "-" "Mozilla/5.0 (compatible; BlogScope/1.0; +http://www.blogscope.net/; U of Toronto)"
209.171.42.71 - - [04/Aug/2011:13:24:09 -0700] "GET /feed/ HTTP/1.1" 200 9360 "-" "Mozilla/5.0 (compatible; BlogScope/1.0; +http://www.blogscope.net/; U of Toronto)"
208.115.111.244 - - [04/Aug/2011:13:26:18 -0700] "GET /robots.txt HTTP/1.1" 200 348 "-" "Mozilla/5.0 (compatible; DotBot/1.1; http://www.dotnetdotcom.org/, crawler@dotnetdotcom.org)"
69.163.231.33 - - [04/Aug/2011:13:26:18 -0700] "POST /wp-cron.php?doing_wp_cron HTTP/1.0" 200 158 "-" "WordPress/3.1.4; http://www.pacificnorthwestcoastbias.com"
75.101.247.128 - - [04/Aug/2011:13:27:40 -0700] "GET /feed/ HTTP/1.1" 200 9300 "-" "PostRank/2.0 (postrank.com; 1 subscribers)"
94.23.195.135 - - [04/Aug/2011:13:29:06 -0700] "GET /feed/ HTTP/1.0" 200 16060 "-" "-"
158.130.42.4 - - [04/Aug/2011:13:29:13 -0700] "GET /hipsters-a-venn-diagram/ HTTP/1.1" 200 9082 "http://www.google.com/url?sa=t&source=web&cd=5&ved=0CDUQFjAE&url=http%3A%2F%2Fwww.pacificnorthwestcoastbias.com%2Fhipsters-a-venn-diagram%2F&rct=j&q=venn%20diagram%20%2B%20hipster&ei=qQA7Toskg8C2B5L8xIcD&usg=AFQjCNFQ8GL08vxCLZb9B9-KAJ7grm8iPw&sig2=TZohaoCw9YQBJNCmTQg-wg" "Mozilla/5.0 (Windows NT 6.1; WOW64; rv:5.0) Gecko/20100101 Firefox/5.0"
158.130.42.4 - - [04/Aug/2011:13:29:15 -0700] "GET /wp-includes/js/tw-sack.js?ver=1.6.1 HTTP/1.1" 200 3910 "http://www.pacificnorthwestcoastbias.com/hipsters-a-venn-diagram/" "Mozilla/5.0 (Windows NT 6.1; WOW64; rv:5.0) Gecko/20100101 Firefox/5.0"
158.130.42.4 - - [04/Aug/2011:13:29:15 -0700] "GET /wp-includes/js/l10n.js?ver=20101110 HTTP/1.1" 200 599 "http://www.pacificnorthwestcoastbias.com/hipsters-a-venn-diagram/" "Mozilla/5.0 (Windows NT 6.1; WOW64; rv:5.0) Gecko/20100101 Firefox/5.0"
158.130.42.4 - - [04/Aug/2011:13:29:15 -0700] "GET /wp-content/themes/EmptyCanvas/style.css HTTP/1.1" 200 5936 "http://www.pacificnorthwestcoastbias.com/hipsters-a-venn-diagram/" "Mozilla/5.0 (Windows NT 6.1; WOW64; rv:5.0) Gecko/20100101 Firefox/5.0"
158.130.42.4 - - [04/Aug/2011:13:29:15 -0700] "GET /wp-content/plugins/sociable/sociable.css?ver=3.1.4 HTTP/1.1" 200 1129 "http://www.pacificnorthwestcoastbias.com/hipsters-a-venn-diagram/" "Mozilla/5.0 (Windows NT 6.1; WOW64; rv:5.0) Gecko/20100101 Firefox/5.0"
158.130.42.4 - - [04/Aug/2011:13:29:15 -0700] "GET /wp-content/plugins/google-analyticator/external-tracking.min.js?ver=6.1.3 HTTP/1.1" 200 1217 "http://www.pacificnorthwestcoastbias.com/hipsters-a-venn-diagram/" "Mozilla/5.0 (Windows NT 6.1; WOW64; rv:5.0) Gecko/20100101 Firefox/5.0"
158.130.42.4 - - [04/Aug/2011:13:29:15 -0700] "GET /wp-content/plugins/subscribe-here-widget/subscribe-here-widget.css HTTP/1.1" 200 1456 "http://www.pacificnorthwestcoastbias.com/hipsters-a-venn-diagram/" "Mozilla/5.0 (Windows NT 6.1; WOW64; rv:5.0) Gecko/20100101 Firefox/5.0"
158.130.42.4 - - [04/Aug/2011:13:29:15 -0700] "GET /wp-includes/js/wp-ajax-response.js?ver=20091119 HTTP/1.1" 200 2443 "http://www.pacificnorthwestcoastbias.com/hipsters-a-venn-diagram/" "Mozilla/5.0 (Windows NT 6.1; WOW64; rv:5.0) Gecko/20100101 Firefox/5.0"
158.130.42.4 - - [04/Aug/2011:13:29:15 -0700] "GET /wp-includes/js/wp-lists.js?ver=20101222 HTTP/1.1" 200 8211 "http://www.pacificnorthwestcoastbias.com/hipsters-a-venn-diagram/" "Mozilla/5.0 (Windows NT 6.1; WOW64; rv:5.0) Gecko/20100101 Firefox/5.0"
158.130.42.4 - - [04/Aug/2011:13:29:15 -0700] "GET /wp-content/plugins/sociable/images/services-sprite.gif HTTP/1.1" 200 330 "http://www.pacificnorthwestcoastbias.com/hipsters-a-venn-diagram/" "Mozilla/5.0 (Windows NT 6.1; WOW64; rv:5.0) Gecko/20100101 Firefox/5.0"
158.130.42.4 - - [04/Aug/2011:13:29:15 -0700] "GET /wp-content/themes/EmptyCanvas/reset.css HTTP/1.1" 200 1250 "http://www.pacificnorthwestcoastbias.com/wp-content/themes/EmptyCanvas/style.css" "Mozilla/5.0 (Windows NT 6.1; WOW64; rv:5.0) Gecko/20100101 Firefox/5.0"
158.130.42.4 - - [04/Aug/2011:13:29:15 -0700] "GET /wp-content/plugins/subscription-options/images/feed_icon_12.png HTTP/1.1" 200 6459 "http://www.pacificnorthwestcoastbias.com/hipsters-a-venn-diagram/" "Mozilla/5.0 (Windows NT 6.1; WOW64; rv:5.0) Gecko/20100101 Firefox/5.0"
158.130.42.4 - - [04/Aug/2011:13:29:15 -0700] "GET /wp-includes/js/jquery/jquery.js?ver=1.4.4 HTTP/1.1" 200 78915 "http://www.pacificnorthwestcoastbias.com/hipsters-a-venn-diagram/" "Mozilla/5.0 (Windows NT 6.1; WOW64; rv:5.0) Gecko/20100101 Firefox/5.0"
158.130.42.4 - - [04/Aug/2011:13:29:15 -0700] "GET /wp-content/uploads/2010/03/Hipsters.jpg HTTP/1.1" 200 47960 "http://www.pacificnorthwestcoastbias.com/hipsters-a-venn-diagram/" "Mozilla/5.0 (Windows NT 6.1; WOW64; rv:5.0) Gecko/20100101 Firefox/5.0"
158.130.42.4 - - [04/Aug/2011:13:29:16 -0700] "GET /wp-content/plugins/wp-followme/flash/wp_followme.swf HTTP/1.1" 200 28638 "http://www.pacificnorthwestcoastbias.com/hipsters-a-venn-diagram/" "Mozilla/5.0 (Windows NT 6.1; WOW64; rv:5.0) Gecko/20100101 Firefox/5.0"
158.130.42.4 - - [04/Aug/2011:13:29:16 -0700] "GET /wp-content/plugins/sociable/images/services-sprite.png HTTP/1.1" 200 50931 "http://www.pacificnorthwestcoastbias.com/hipsters-a-venn-diagram/" "Mozilla/5.0 (Windows NT 6.1; WOW64; rv:5.0) Gecko/20100101 Firefox/5.0"
158.130.42.4 - - [04/Aug/2011:13:29:17 -0700] "GET /favicon.ico HTTP/1.1" 200 276 "-" "Mozilla/5.0 (Windows NT 6.1; WOW64; rv:5.0) Gecko/20100101 Firefox/5.0"
158.130.42.4 - - [04/Aug/2011:13:29:17 -0700] "GET /wp-content/plugins/wp-followme/icons/3.png HTTP/1.1" 200 1516 "-" "Mozilla/5.0 (Windows NT 6.1; WOW64; rv:5.0) Gecko/20100101 Firefox/5.0"
158.130.42.4 - - [04/Aug/2011:13:29:17 -0700] "GET /celebrity-apprentice-questions/ HTTP/1.1" 200 8929 "http://www.pacificnorthwestcoastbias.com/hipsters-a-venn-diagram/" "Mozilla/5.0 (Windows NT 6.1; WOW64; rv:5.0) Gecko/20100101 Firefox/5.0"
72.21.217.33 - - [04/Aug/2011:13:31:05 -0700] "GET /feed HTTP/1.0" 200 439 "-" "RPT-HTTPClient/0.3-3"
72.21.217.33 - - [04/Aug/2011:13:31:06 -0700] "GET /feed/ HTTP/1.0" 200 35924 "-" "RPT-HTTPClient/0.3-3"
72.21.217.96 - - [04/Aug/2011:13:31:21 -0700] "GET /feed HTTP/1.1" 200 383 "-" "RPT-HTTPClient/0.3-3"
72.21.217.96 - - [04/Aug/2011:13:31:22 -0700] "GET /feed/ HTTP/1.1" 200 35946 "-" "RPT-HTTPClient/0.3-3"
72.21.217.96 - - [04/Aug/2011:13:31:27 -0700] "GET /wp-content/uploads/2011/07/Community-Minded-1024x575.jpg HTTP/1.1" 200 127529 "-" "RPT-HTTPClient/0.3-3"
72.21.217.96 - - [04/Aug/2011:13:31:27 -0700] "GET /wp-content/uploads/2011/07/Innings-Pitched-All-Star-Game.jpg HTTP/1.1" 200 34923 "-" "RPT-HTTPClient/0.3-3"
72.21.217.96 - - [04/Aug/2011:13:31:27 -0700] "GET /wp-content/uploads/2011/07/Amway-Center-Orlando-Florida.jpg HTTP/1.1" 200 50147 "-" "RPT-HTTPClient/0.3-3"
72.21.217.96 - - [04/Aug/2011:13:31:27 -0700] "GET /wp-content/uploads/2011/07/Size-of-Amway-Center-with-Some-Parking.jpg HTTP/1.1" 200 625 "-" "RPT-HTTPClient/0.3-3"
72.21.217.96 - - [04/Aug/2011:13:31:28 -0700] "GET /wp-content/uploads/2011/07/downtown-bellevue-park.jpg HTTP/1.1" 200 136949 "-" "RPT-HTTPClient/0.3-3"
72.21.217.96 - - [04/Aug/2011:13:31:28 -0700] "GET /wp-content/uploads/2011/07/Dodge-Dealership.jpg HTTP/1.1" 200 163525 "-" "RPT-HTTPClient/0.3-3"
72.21.217.96 - - [04/Aug/2011:13:31:28 -0700] "GET /wp-content/uploads/2011/07/Safeway.jpg HTTP/1.1" 200 113322 "-" "RPT-HTTPClient/0.3-3"
72.21.217.96 - - [04/Aug/2011:13:31:28 -0700] "GET /wp-content/uploads/2011/07/NCAA-Win-Percentage.jpg HTTP/1.1" 200 27439 "-" "RPT-HTTPClient/0.3-3"
72.21.217.96 - - [04/Aug/2011:13:31:28 -0700] "GET /wp-content/uploads/2011/07/NCAA-Close-Game-Win-Percentage.jpg HTTP/1.1" 200 30700 "-" "RPT-HTTPClient/0.3-3"
72.21.217.96 - - [04/Aug/2011:13:31:29 -0700] "GET /wp-content/uploads/2011/07/Win-percentage-correlation.jpg HTTP/1.1" 200 28564 "-" "RPT-HTTPClient/0.3-3"
72.21.217.96 - - [04/Aug/2011:13:31:29 -0700] "GET /wp-content/uploads/2011/07/Close-Game-extra-wins.jpg HTTP/1.1" 200 23896 "-" "RPT-HTTPClient/0.3-3"
72.21.217.96 - - [04/Aug/2011:13:31:29 -0700] "GET /wp-content/uploads/2011/07/Close-Game-wins.jpg HTTP/1.1" 200 22396 "-" "RPT-HTTPClient/0.3-3"
72.21.217.96 - - [04/Aug/2011:13:31:29 -0700] "GET /wp-content/uploads/2011/07/Combined-win-percentage.jpg HTTP/1.1" 200 20671 "-" "RPT-HTTPClient/0.3-3"
72.21.217.96 - - [04/Aug/2011:13:31:29 -0700] "GET /wp-content/uploads/2011/07/Marymoor-Park-Sign.jpg HTTP/1.1" 200 353951 "-" "RPT-HTTPClient/0.3-3"
72.21.217.96 - - [04/Aug/2011:13:31:30 -0700] "GET /wp-content/uploads/2011/06/win-percentage.jpg HTTP/1.1" 200 25585 "-" "RPT-HTTPClient/0.3-3"
72.21.217.96 - - [04/Aug/2011:13:31:30 -0700] "GET /wp-content/uploads/2011/06/Adjusted-wins.jpg HTTP/1.1" 200 30873 "-" "RPT-HTTPClient/0.3-3"
72.21.217.96 - - [04/Aug/2011:13:31:30 -0700] "GET /wp-content/uploads/2011/06/mlb-leader-table.jpg HTTP/1.1" 200 26990 "-" "RPT-HTTPClient/0.3-3"
173.192.238.44 - - [04/Aug/2011:13:38:38 -0700] "GET /feed/ HTTP/1.1" 200 9319 "-" "Mozilla/5.0 (X11; U; Linux x86_64; en-US; rv:1.9.0.19; aggregator:Spinn3r (Spinn3r 3.1); http://spinn3r.com/robot) Gecko/2010040121 Firefox/3.0.19"
174.37.205.92 - - [04/Aug/2011:13:41:06 -0700] "GET / HTTP/1.1" 200 18058 "-" "Mozilla/5.0 (X11; U; Linux x86_64; en-US; rv:1.9.0.19; aggregator:Spinn3r (Spinn3r 3.1); http://spinn3r.com/robot) Gecko/2010040121 Firefox/3.0.19"
208.115.111.244 - - [04/Aug/2011:13:45:22 -0700] "GET /category/category/category/category/world-cup-2010/page/category/category/world-cup-2010/ HTTP/1.1" 200 15426 "-" "Mozilla/5.0 (compatible; DotBot/1.1; http://www.dotnetdotcom.org/, crawler@dotnetdotcom.org)"
208.115.111.244 - - [04/Aug/2011:13:45:26 -0700] "GET /category/category/category/category/world-cup-2010/page/category/world-cup-2010/page/2/ HTTP/1.1" 200 7896 "-" "Mozilla/5.0 (compatible; DotBot/1.1; http://www.dotnetdotcom.org/, crawler@dotnetdotcom.org)"
208.115.111.244 - - [04/Aug/2011:13:45:31 -0700] "GET /category/category/category/world-cup-2010/page/category/world-cup-2010/page/2/ HTTP/1.1" 200 7895 "-" "Mozilla/5.0 (compatible; DotBot/1.1; http://www.dotnetdotcom.org/, crawler@dotnetdotcom.org)"
208.115.111.244 - - [04/Aug/2011:13:45:35 -0700] "GET /category/category/world-cup-2010/page/category/world-cup-2010/page/2/ HTTP/1.1" 200 7892 "-" "Mozilla/5.0 (compatible; DotBot/1.1; http://www.dotnetdotcom.org/, crawler@dotnetdotcom.org)"
208.115.111.244 - - [04/Aug/2011:13:45:40 -0700] "GET /category/sports/page/category/category/world-cup-2010/page/category/category/world-cup-2010/ HTTP/1.1" 200 15427 "-" "Mozilla/5.0 (compatible; DotBot/1.1; http://www.dotnetdotcom.org/, crawler@dotnetdotcom.org)"
208.115.111.244 - - [04/Aug/2011:13:45:45 -0700] "GET /category/sports/page/category/category/world-cup-2010/page/category/world-cup-2010/page/2/ HTTP/1.1" 200 7898 "-" "Mozilla/5.0 (compatible; DotBot/1.1; http://www.dotnetdotcom.org/, crawler@dotnetdotcom.org)"
208.115.111.244 - - [04/Aug/2011:13:45:50 -0700] "GET /category/world-cup-2010/category/world-cup-2010/page/category/category/world-cup-2010/ HTTP/1.1" 200 15427 "-" "Mozilla/5.0 (compatible; DotBot/1.1; http://www.dotnetdotcom.org/, crawler@dotnetdotcom.org)"
208.115.111.244 - - [04/Aug/2011:13:45:55 -0700] "GET /category/world-cup-2010/category/world-cup-2010/page/category/world-cup-2010/page/2/ HTTP/1.1" 200 7893 "-" "Mozilla/5.0 (compatible; DotBot/1.1; http://www.dotnetdotcom.org/, crawler@dotnetdotcom.org)"
208.115.111.244 - - [04/Aug/2011:13:46:00 -0700] "GET /category/world-cup-2010/page/category/world-cup-2010/page/category/category/world-cup-2010/ HTTP/1.1" 200 15425 "-" "Mozilla/5.0 (compatible; DotBot/1.1; http://www.dotnetdotcom.org/, crawler@dotnetdotcom.org)"
208.115.111.244 - - [04/Aug/2011:13:46:05 -0700] "GET /category/world-cup-2010/page/category/world-cup-2010/page/category/world-cup-2010/page/2/ HTTP/1.1" 200 7891 "-" "Mozilla/5.0 (compatible; DotBot/1.1; http://www.dotnetdotcom.org/, crawler@dotnetdotcom.org)"
94.228.34.209 - - [04/Aug/2011:13:50:05 -0700] "GET /feed/ HTTP/1.1" 200 9356 "-" "magpie-crawler/1.1 (U; Linux amd64; en-GB; +http://www.brandwatch.net)"
67.210.218.121 - - [04/Aug/2011:13:50:04 -0700] "GET /comments/feed HTTP/1.1" 200 448 "-" "Rome Client (http://tinyurl.com/64t5n) Ver: 0.9"
67.210.218.121 - - [04/Aug/2011:13:50:08 -0700] "GET /comments/feed/ HTTP/1.1" 200 3484 "-" "Rome Client (http://tinyurl.com/64t5n) Ver: 0.9"
209.85.238.86 - - [04/Aug/2011:13:52:45 -0700] "GET /feed/ HTTP/1.1" 200 9356 "-" "Feedfetcher-Google; (+http://www.google.com/feedfetcher.html; 12 subscribers; feed-id=11769849069241211122)"
128.242.249.13 - - [04/Aug/2011:14:00:01 -0700] "GET /feed/ HTTP/1.1" 200 35946 "-" "TwitterFeed 3"
94.228.34.207 - - [04/Aug/2011:14:00:20 -0700] "GET /blog-home/feed/ HTTP/1.1" 200 180 "-" "magpie-crawler/1.1 (U; Linux amd64; en-GB; +http://www.brandwatch.net)"
69.163.231.33 - - [04/Aug/2011:14:00:21 -0700] "POST /wp-cron.php?doing_wp_cron HTTP/1.0" 200 158 "-" "WordPress/3.1.4; http://www.pacificnorthwestcoastbias.com"
72.21.217.32 - - [04/Aug/2011:14:01:04 -0700] "GET /feed HTTP/1.0" 200 439 "-" "RPT-HTTPClient/0.3-3"
72.21.217.32 - - [04/Aug/2011:14:01:07 -0700] "GET /feed/ HTTP/1.0" 200 35924 "-" "RPT-HTTPClient/0.3-3"
119.63.196.103 - - [04/Aug/2011:14:07:12 -0700] "GET /?p=299 HTTP/1.1" 301 420 "-" "Mozilla/5.0 (compatible; Baiduspider/2.0; +http://www.baidu.com/search/spider.html)"
69.163.231.33 - - [04/Aug/2011:14:07:14 -0700] "POST /wp-cron.php?doing_wp_cron HTTP/1.0" 200 158 "-" "WordPress/3.1.4; http://www.pacificnorthwestcoastbias.com"
119.63.196.82 - - [04/Aug/2011:14:07:17 -0700] "GET /the-sporting-news-awards-give-insight-into-who-will-win-the-cy-young/ HTTP/1.1" 200 9006 "-" "Mozilla/5.0 (compatible; Baiduspider/2.0; +http://www.baidu.com/search/spider.html)"
174.37.205.92 - - [04/Aug/2011:14:08:47 -0700] "GET /feed/ HTTP/1.1" 200 9319 "-" "Mozilla/5.0 (X11; U; Linux x86_64; en-US; rv:1.9.0.19; aggregator:Spinn3r (Spinn3r 3.1); http://spinn3r.com/robot) Gecko/2010040121 Firefox/3.0.19"
88.131.106.3 - - [04/Aug/2011:14:10:54 -0700] "GET /robots.txt HTTP/1.0" 200 367 "-" "Mozilla/5.0 (Windows; U; Windows NT 5.1; en-US) Speedy Spider (http://www.entireweb.com/about/search_tech/speedy_spider/)"
88.131.106.2 - - [04/Aug/2011:14:10:56 -0700] "GET /a-sam-fetchero-economic-indicator/ HTTP/1.0" 200 8707 "-" "Mozilla/5.0 (Windows; U; Windows NT 5.1; en-US) Speedy Spider (http://www.entireweb.com/about/search_tech/speedy_spider/)"
88.131.106.5 - - [04/Aug/2011:14:11:09 -0700] "GET /blog-home/ HTTP/1.0" 200 6771 "-" "Mozilla/5.0 (Windows; U; Windows NT 5.1; en-US) Speedy Spider (http://www.entireweb.com/about/search_tech/speedy_spider/)"
174.37.205.68 - - [04/Aug/2011:14:11:15 -0700] "GET / HTTP/1.1" 200 18058 "-" "Mozilla/5.0 (X11; U; Linux x86_64; en-US; rv:1.9.0.19; aggregator:Spinn3r (Spinn3r 3.1); http://spinn3r.com/robot) Gecko/2010040121 Firefox/3.0.19"
88.131.106.3 - - [04/Aug/2011:14:14:09 -0700] "GET /category/quiz/ HTTP/1.0" 200 9079 "-" "Mozilla/5.0 (Windows; U; Windows NT 5.1; en-US) Speedy Spider (http://www.entireweb.com/about/search_tech/speedy_spider/)"
174.129.136.158 - - [04/Aug/2011:14:15:26 -0700] "GET /feed/ HTTP/1.1" 200 35946 "-" "-"
