File: /home/samfetchero1/logs/pacificnorthwestcoastbias.com/http.13217231.bak/access.log.0
66.249.67.216 - - [04/Aug/2011:00:53:19 -0700] "GET /great-marketing-zeeks-pizza-incorporates-google-maps-on-mailer/ HTTP/1.1" 200 8157 "-" "Mozilla/5.0 (compatible; Googlebot/2.1; +http://www.google.com/bot.html)"
66.249.67.216 - - [04/Aug/2011:00:54:56 -0700] "GET /the-conversation-gets-it-right/ HTTP/1.1" 200 8280 "-" "Mozilla/5.0 (compatible; Googlebot/2.1; +http://www.google.com/bot.html)"
208.115.111.244 - - [04/Aug/2011:00:57:44 -0700] "GET /category/category/category/world-cup-2010/page/category/category/category/world-cup-2010/ HTTP/1.1" 200 15429 "-" "Mozilla/5.0 (compatible; DotBot/1.1; http://www.dotnetdotcom.org/, crawler@dotnetdotcom.org)"
208.115.111.244 - - [04/Aug/2011:00:57:48 -0700] "GET /category/category/category/world-cup-2010/page/category/category/world-cup-2010/page/2/ HTTP/1.1" 200 7898 "-" "Mozilla/5.0 (compatible; DotBot/1.1; http://www.dotnetdotcom.org/, crawler@dotnetdotcom.org)"
208.115.111.244 - - [04/Aug/2011:00:57:52 -0700] "GET /category/category/world-cup-2010/page/category/category/world-cup-2010/page/category/world-cup-2010/page/2/ HTTP/1.1" 200 7897 "-" "Mozilla/5.0 (compatible; DotBot/1.1; http://www.dotnetdotcom.org/, crawler@dotnetdotcom.org)"
208.115.111.244 - - [04/Aug/2011:00:57:57 -0700] "GET /category/sports/category/category/world-cup-2010/page/category/category/category/world-cup-2010/ HTTP/1.1" 200 15431 "-" "Mozilla/5.0 (compatible; DotBot/1.1; http://www.dotnetdotcom.org/, crawler@dotnetdotcom.org)"
208.115.111.244 - - [04/Aug/2011:00:58:02 -0700] "GET /category/sports/category/category/world-cup-2010/page/category/category/world-cup-2010/page/2/ HTTP/1.1" 200 7899 "-" "Mozilla/5.0 (compatible; DotBot/1.1; http://www.dotnetdotcom.org/, crawler@dotnetdotcom.org)"
208.115.111.244 - - [04/Aug/2011:00:58:07 -0700] "GET /category/sports/page/category/world-cup-2010/page/category/category/category/world-cup-2010/ HTTP/1.1" 200 15431 "-" "Mozilla/5.0 (compatible; DotBot/1.1; http://www.dotnetdotcom.org/, crawler@dotnetdotcom.org)"
66.249.67.216 - - [04/Aug/2011:00:58:11 -0700] "GET /twitter-weekly-updates-for-2010-05-23/ HTTP/1.1" 200 8681 "-" "Mozilla/5.0 (compatible; Googlebot/2.1; +http://www.google.com/bot.html)"
208.115.111.244 - - [04/Aug/2011:00:58:12 -0700] "GET /category/sports/page/category/world-cup-2010/page/category/category/world-cup-2010/page/2/ HTTP/1.1" 200 7898 "-" "Mozilla/5.0 (compatible; DotBot/1.1; http://www.dotnetdotcom.org/, crawler@dotnetdotcom.org)"
208.115.111.244 - - [04/Aug/2011:00:58:17 -0700] "GET /category/world-cup-2010/category/category/world-cup-2010/page/category/category/world-cup-2010/ HTTP/1.1" 200 15429 "-" "Mozilla/5.0 (compatible; DotBot/1.1; http://www.dotnetdotcom.org/, crawler@dotnetdotcom.org)"
208.115.111.244 - - [04/Aug/2011:00:58:22 -0700] "GET /category/world-cup-2010/category/category/world-cup-2010/page/category/world-cup-2010/page/2/ HTTP/1.1" 200 7897 "-" "Mozilla/5.0 (compatible; DotBot/1.1; http://www.dotnetdotcom.org/, crawler@dotnetdotcom.org)"
208.115.111.244 - - [04/Aug/2011:00:58:27 -0700] "GET /page/6/ HTTP/1.1" 200 20172 "-" "Mozilla/5.0 (compatible; DotBot/1.1; http://www.dotnetdotcom.org/, crawler@dotnetdotcom.org)"
207.46.199.37 - - [04/Aug/2011:00:59:33 -0700] "GET /robots.txt HTTP/1.1" 200 386 "-" "Mozilla/5.0 (compatible; bingbot/2.0; +http://www.bing.com/bingbot.htm)"
207.46.199.37 - - [04/Aug/2011:01:00:25 -0700] "GET /soccersuarez-handball-american-football-answer-pass-interference/ HTTP/1.1" 200 9513 "-" "Mozilla/5.0 (compatible; bingbot/2.0; +http://www.bing.com/bingbot.htm)"
72.21.217.32 - - [04/Aug/2011:01:01:07 -0700] "GET /feed HTTP/1.0" 200 439 "-" "RPT-HTTPClient/0.3-3"
72.21.217.32 - - [04/Aug/2011:01:01:08 -0700] "GET /feed/ HTTP/1.0" 200 35924 "-" "RPT-HTTPClient/0.3-3"
69.163.231.33 - - [04/Aug/2011:01:01:26 -0700] "POST /wp-cron.php?doing_wp_cron HTTP/1.0" 200 158 "-" "WordPress/3.1.4; http://www.pacificnorthwestcoastbias.com"
66.249.67.216 - - [04/Aug/2011:01:01:25 -0700] "GET /join-my-world-cup-fantasy-league/ HTTP/1.1" 200 8924 "-" "Mozilla/5.0 (compatible; Googlebot/2.1; +http://www.google.com/bot.html)"
67.195.115.58 - - [04/Aug/2011:01:02:41 -0700] "GET /great-local-beer-mannys/feed/ HTTP/1.0" 200 921 "-" "Mozilla/5.0 (compatible; Yahoo! Slurp; http://help.yahoo.com/help/us/ysearch/slurp)"
66.249.67.216 - - [04/Aug/2011:01:03:02 -0700] "GET /twitter-weekly-updates-for-2010-05-30/ HTTP/1.1" 200 8687 "-" "Mozilla/5.0 (compatible; Googlebot/2.1; +http://www.google.com/bot.html)"
66.249.67.216 - - [04/Aug/2011:01:06:02 -0700] "GET /wp-content/uploads/2010/05/zeeks-300x261.jpg HTTP/1.1" 200 30565 "-" "Mozilla/5.0 (compatible; Googlebot/2.1; +http://www.google.com/bot.html)"
174.37.205.92 - - [04/Aug/2011:01:06:03 -0700] "GET /feed/ HTTP/1.1" 200 143 "-" "Mozilla/5.0 (X11; U; Linux x86_64; en-US; rv:1.9.0.19; aggregator:Spinn3r (Spinn3r 3.1); http://spinn3r.com/robot) Gecko/2010040121 Firefox/3.0.19"
66.249.67.216 - - [04/Aug/2011:01:06:17 -0700] "GET /what-to-make-of-last-minute-additions-subtractions-from-world-cup-rosters/ HTTP/1.1" 200 8988 "-" "Mozilla/5.0 (compatible; Googlebot/2.1; +http://www.google.com/bot.html)"
174.37.205.92 - - [04/Aug/2011:01:07:15 -0700] "GET / HTTP/1.1" 200 18060 "-" "Mozilla/5.0 (X11; U; Linux x86_64; en-US; rv:1.9.0.19; aggregator:Spinn3r (Spinn3r 3.1); http://spinn3r.com/robot) Gecko/2010040121 Firefox/3.0.19"
66.249.67.216 - - [04/Aug/2011:01:07:54 -0700] "GET /category/world-cup-2010/page/2/ HTTP/1.1" 200 7943 "-" "Mozilla/5.0 (compatible; Googlebot/2.1; +http://www.google.com/bot.html)"
66.249.67.216 - - [04/Aug/2011:01:09:31 -0700] "GET /seahawks-training-camp-notes/ HTTP/1.1" 200 8714 "-" "Mozilla/5.0 (compatible; Googlebot/2.1; +http://www.google.com/bot.html)"
94.228.34.229 - - [04/Aug/2011:01:12:57 -0700] "GET /who-is-going-to-make-the-baseball-hall-of-fame-based-on-current-trajectories/feed/ HTTP/1.1" 200 180 "-" "magpie-crawler/1.1 (U; Linux amd64; en-GB; +http://www.brandwatch.net)"
209.171.42.71 - - [04/Aug/2011:01:13:39 -0700] "GET /feed HTTP/1.1" 200 439 "-" "Mozilla/5.0 (compatible; BlogScope/1.0; +http://www.blogscope.net/; U of Toronto)"
209.171.42.71 - - [04/Aug/2011:01:13:41 -0700] "GET /feed/ HTTP/1.1" 200 9362 "-" "Mozilla/5.0 (compatible; BlogScope/1.0; +http://www.blogscope.net/; U of Toronto)"
66.249.67.180 - - [04/Aug/2011:01:14:49 -0700] "GET /robots.txt HTTP/1.1" 200 404 "-" "Mozilla/5.0 (compatible; Googlebot/2.1; +http://www.google.com/bot.html)"
69.163.231.33 - - [04/Aug/2011:01:14:50 -0700] "POST /wp-cron.php?doing_wp_cron HTTP/1.0" 200 158 "-" "WordPress/3.1.4; http://www.pacificnorthwestcoastbias.com"
66.249.67.180 - - [04/Aug/2011:01:14:51 -0700] "GET / HTTP/1.1" 301 387 "-" "Mozilla/5.0 (compatible; Googlebot/2.1; +http://www.google.com/bot.html)"
66.249.67.216 - - [04/Aug/2011:01:14:52 -0700] "GET / HTTP/1.1" 200 18097 "-" "Mozilla/5.0 (compatible; Googlebot/2.1; +http://www.google.com/bot.html)"
66.249.67.216 - - [04/Aug/2011:01:17:36 -0700] "GET /where-sports-and-politics-intersect/ HTTP/1.1" 200 8341 "-" "Mozilla/5.0 (compatible; Googlebot/2.1; +http://www.google.com/bot.html)"
66.249.67.216 - - [04/Aug/2011:01:18:15 -0700] "GET /nfl-draft-prediction-rankings%22%3E HTTP/1.1" 200 6574 "-" "Mozilla/5.0 (compatible; Googlebot/2.1; +http://www.google.com/bot.html)"
88.131.106.4 - - [04/Aug/2011:01:19:05 -0700] "GET /robots.txt HTTP/1.0" 200 367 "-" "Mozilla/5.0 (Windows; U; Windows NT 5.1; en-US) Speedy Spider (http://www.entireweb.com/about/search_tech/speedy_spider/)"
88.131.106.3 - - [04/Aug/2011:01:19:11 -0700] "GET /category/uncategorized/ HTTP/1.0" 200 7625 "-" "Mozilla/5.0 (Windows; U; Windows NT 5.1; en-US) Speedy Spider (http://www.entireweb.com/about/search_tech/speedy_spider/)"
75.101.247.128 - - [04/Aug/2011:01:21:58 -0700] "GET /feed/ HTTP/1.1" 200 9302 "-" "PostRank/2.0 (postrank.com; 1 subscribers)"
66.249.67.216 - - [04/Aug/2011:01:24:05 -0700] "GET /what-does-the-looming-2011-nfl-players-strikelockout-mean-for-rising-juniors-in-college-football/ HTTP/1.1" 200 9487 "-" "Mozilla/5.0 (compatible; Googlebot/2.1; +http://www.google.com/bot.html)"
128.242.249.9 - - [04/Aug/2011:01:24:23 -0700] "GET /feed/ HTTP/1.1" 200 35946 "-" "TwitterFeed 3"
94.23.198.123 - - [04/Aug/2011:01:24:37 -0700] "GET /feed/ HTTP/1.0" 200 16060 "-" "-"
66.249.67.216 - - [04/Aug/2011:01:25:42 -0700] "GET /hipsters-a-venn-diagram/comment-page-1/ HTTP/1.1" 200 8973 "-" "Mozilla/5.0 (compatible; Googlebot/2.1; +http://www.google.com/bot.html)"
66.249.67.216 - - [04/Aug/2011:01:27:19 -0700] "GET /about/ HTTP/1.1" 200 7319 "-" "Mozilla/5.0 (compatible; Googlebot/2.1; +http://www.google.com/bot.html)"
209.85.238.86 - - [04/Aug/2011:01:28:25 -0700] "GET /feed/ HTTP/1.1" 200 9358 "-" "Feedfetcher-Google; (+http://www.google.com/feedfetcher.html; 12 subscribers; feed-id=11769849069241211122)"
66.249.67.216 - - [04/Aug/2011:01:28:56 -0700] "GET /geography-quiz-time/comment-page-1/ HTTP/1.1" 200 9224 "-" "Mozilla/5.0 (compatible; Googlebot/2.1; +http://www.google.com/bot.html)"
66.249.67.216 - - [04/Aug/2011:01:30:33 -0700] "GET /passive-aggressive-seattle-signs/ HTTP/1.1" 200 7751 "-" "Mozilla/5.0 (compatible; Googlebot/2.1; +http://www.google.com/bot.html)"
72.21.217.32 - - [04/Aug/2011:01:31:09 -0700] "GET /feed HTTP/1.0" 200 439 "-" "RPT-HTTPClient/0.3-3"
72.21.217.32 - - [04/Aug/2011:01:31:10 -0700] "GET /feed/ HTTP/1.0" 200 35924 "-" "RPT-HTTPClient/0.3-3"
72.21.217.32 - - [04/Aug/2011:01:31:27 -0700] "GET /feed HTTP/1.1" 200 383 "-" "RPT-HTTPClient/0.3-3"
72.21.217.32 - - [04/Aug/2011:01:31:29 -0700] "GET /feed/ HTTP/1.1" 200 35946 "-" "RPT-HTTPClient/0.3-3"
69.163.231.33 - - [04/Aug/2011:01:31:28 -0700] "POST /wp-cron.php?doing_wp_cron HTTP/1.0" 200 158 "-" "WordPress/3.1.4; http://www.pacificnorthwestcoastbias.com"
72.21.217.32 - - [04/Aug/2011:01:31:33 -0700] "GET /wp-content/uploads/2011/07/Community-Minded-1024x575.jpg HTTP/1.1" 200 127529 "-" "RPT-HTTPClient/0.3-3"
72.21.217.32 - - [04/Aug/2011:01:31:34 -0700] "GET /wp-content/uploads/2011/07/Innings-Pitched-All-Star-Game.jpg HTTP/1.1" 200 34923 "-" "RPT-HTTPClient/0.3-3"
72.21.217.32 - - [04/Aug/2011:01:31:34 -0700] "GET /wp-content/uploads/2011/07/Amway-Center-Orlando-Florida.jpg HTTP/1.1" 200 50147 "-" "RPT-HTTPClient/0.3-3"
72.21.217.32 - - [04/Aug/2011:01:31:34 -0700] "GET /wp-content/uploads/2011/07/Size-of-Amway-Center-with-Some-Parking.jpg HTTP/1.1" 200 625 "-" "RPT-HTTPClient/0.3-3"
72.21.217.32 - - [04/Aug/2011:01:31:34 -0700] "GET /wp-content/uploads/2011/07/downtown-bellevue-park.jpg HTTP/1.1" 200 136949 "-" "RPT-HTTPClient/0.3-3"
72.21.217.32 - - [04/Aug/2011:01:31:34 -0700] "GET /wp-content/uploads/2011/07/Dodge-Dealership.jpg HTTP/1.1" 200 163525 "-" "RPT-HTTPClient/0.3-3"
72.21.217.32 - - [04/Aug/2011:01:31:35 -0700] "GET /wp-content/uploads/2011/07/Safeway.jpg HTTP/1.1" 200 113322 "-" "RPT-HTTPClient/0.3-3"
72.21.217.32 - - [04/Aug/2011:01:31:35 -0700] "GET /wp-content/uploads/2011/07/NCAA-Win-Percentage.jpg HTTP/1.1" 200 27439 "-" "RPT-HTTPClient/0.3-3"
72.21.217.32 - - [04/Aug/2011:01:31:35 -0700] "GET /wp-content/uploads/2011/07/NCAA-Close-Game-Win-Percentage.jpg HTTP/1.1" 200 30700 "-" "RPT-HTTPClient/0.3-3"
72.21.217.32 - - [04/Aug/2011:01:31:35 -0700] "GET /wp-content/uploads/2011/07/Win-percentage-correlation.jpg HTTP/1.1" 200 28564 "-" "RPT-HTTPClient/0.3-3"
72.21.217.32 - - [04/Aug/2011:01:31:35 -0700] "GET /wp-content/uploads/2011/07/Close-Game-extra-wins.jpg HTTP/1.1" 200 23896 "-" "RPT-HTTPClient/0.3-3"
72.21.217.32 - - [04/Aug/2011:01:31:35 -0700] "GET /wp-content/uploads/2011/07/Close-Game-wins.jpg HTTP/1.1" 200 22396 "-" "RPT-HTTPClient/0.3-3"
72.21.217.32 - - [04/Aug/2011:01:31:36 -0700] "GET /wp-content/uploads/2011/07/Combined-win-percentage.jpg HTTP/1.1" 200 20671 "-" "RPT-HTTPClient/0.3-3"
72.21.217.32 - - [04/Aug/2011:01:31:36 -0700] "GET /wp-content/uploads/2011/07/Marymoor-Park-Sign.jpg HTTP/1.1" 200 353951 "-" "RPT-HTTPClient/0.3-3"
72.21.217.32 - - [04/Aug/2011:01:31:36 -0700] "GET /wp-content/uploads/2011/06/win-percentage.jpg HTTP/1.1" 200 25585 "-" "RPT-HTTPClient/0.3-3"
72.21.217.32 - - [04/Aug/2011:01:31:36 -0700] "GET /wp-content/uploads/2011/06/Adjusted-wins.jpg HTTP/1.1" 200 30873 "-" "RPT-HTTPClient/0.3-3"
72.21.217.32 - - [04/Aug/2011:01:31:36 -0700] "GET /wp-content/uploads/2011/06/mlb-leader-table.jpg HTTP/1.1" 200 26990 "-" "RPT-HTTPClient/0.3-3"
66.249.67.216 - - [04/Aug/2011:01:32:11 -0700] "GET /league-standings-look-a-lot-different-when-normalized-for-1-run-games/comment-page-1/ HTTP/1.1" 200 9290 "-" "Mozilla/5.0 (compatible; Googlebot/2.1; +http://www.google.com/bot.html)"
68.8.14.154 - - [04/Aug/2011:01:34:27 -0700] "GET /wp-content/uploads/2010/03/Hipsters.jpg HTTP/1.1" 200 47961 "http://www.google.com/imgres?q=hipsters&um=1&hl=en&client=safari&sa=N&rls=en&biw=1440&bih=693&tbm=isch&tbnid=GTGwG1LiMmXIrM:&imgrefurl=http://www.pacificnorthwestcoastbias.com/hipsters-a-venn-diagram/&docid=Tks2kqGcbMy0iM&w=566&h=421&ei=71g6TuKUI8KSgQfO5c3OBg&zoom=1" "Mozilla/5.0 (Macintosh; U; Intel Mac OS X 10_6_7; en-us) AppleWebKit/533.20.25 (KHTML, like Gecko) Version/5.0.4 Safari/533.20.27"
68.8.14.154 - - [04/Aug/2011:01:34:27 -0700] "GET /hipsters-a-venn-diagram/ HTTP/1.1" 200 9084 "http://www.google.com/imgres?q=hipsters&um=1&hl=en&client=safari&sa=N&rls=en&biw=1440&bih=693&tbm=isch&tbnid=GTGwG1LiMmXIrM:&imgrefurl=http://www.pacificnorthwestcoastbias.com/hipsters-a-venn-diagram/&docid=Tks2kqGcbMy0iM&w=566&h=421&ei=71g6TuKUI8KSgQfO5c3OBg&zoom=1" "Mozilla/5.0 (Macintosh; U; Intel Mac OS X 10_6_7; en-us) AppleWebKit/533.20.25 (KHTML, like Gecko) Version/5.0.4 Safari/533.20.27"
68.8.14.154 - - [04/Aug/2011:01:34:28 -0700] "GET /wp-content/plugins/sociable/sociable.css?ver=3.1.4 HTTP/1.1" 200 1129 "http://www.pacificnorthwestcoastbias.com/hipsters-a-venn-diagram/" "Mozilla/5.0 (Macintosh; U; Intel Mac OS X 10_6_7; en-us) AppleWebKit/533.20.25 (KHTML, like Gecko) Version/5.0.4 Safari/533.20.27"
68.8.14.154 - - [04/Aug/2011:01:34:28 -0700] "GET /wp-content/plugins/google-analyticator/external-tracking.min.js?ver=6.1.3 HTTP/1.1" 200 1217 "http://www.pacificnorthwestcoastbias.com/hipsters-a-venn-diagram/" "Mozilla/5.0 (Macintosh; U; Intel Mac OS X 10_6_7; en-us) AppleWebKit/533.20.25 (KHTML, like Gecko) Version/5.0.4 Safari/533.20.27"
68.8.14.154 - - [04/Aug/2011:01:34:28 -0700] "GET /wp-content/themes/EmptyCanvas/style.css HTTP/1.1" 200 5936 "http://www.pacificnorthwestcoastbias.com/hipsters-a-venn-diagram/" "Mozilla/5.0 (Macintosh; U; Intel Mac OS X 10_6_7; en-us) AppleWebKit/533.20.25 (KHTML, like Gecko) Version/5.0.4 Safari/533.20.27"
68.8.14.154 - - [04/Aug/2011:01:34:28 -0700] "GET /wp-includes/js/l10n.js?ver=20101110 HTTP/1.1" 200 599 "http://www.pacificnorthwestcoastbias.com/hipsters-a-venn-diagram/" "Mozilla/5.0 (Macintosh; U; Intel Mac OS X 10_6_7; en-us) AppleWebKit/533.20.25 (KHTML, like Gecko) Version/5.0.4 Safari/533.20.27"
68.8.14.154 - - [04/Aug/2011:01:34:28 -0700] "GET /wp-includes/js/tw-sack.js?ver=1.6.1 HTTP/1.1" 200 3911 "http://www.pacificnorthwestcoastbias.com/hipsters-a-venn-diagram/" "Mozilla/5.0 (Macintosh; U; Intel Mac OS X 10_6_7; en-us) AppleWebKit/533.20.25 (KHTML, like Gecko) Version/5.0.4 Safari/533.20.27"
68.8.14.154 - - [04/Aug/2011:01:34:28 -0700] "GET /wp-content/plugins/subscribe-here-widget/subscribe-here-widget.css HTTP/1.1" 200 1457 "http://www.pacificnorthwestcoastbias.com/hipsters-a-venn-diagram/" "Mozilla/5.0 (Macintosh; U; Intel Mac OS X 10_6_7; en-us) AppleWebKit/533.20.25 (KHTML, like Gecko) Version/5.0.4 Safari/533.20.27"
68.8.14.154 - - [04/Aug/2011:01:34:28 -0700] "GET /wp-content/themes/EmptyCanvas/reset.css HTTP/1.1" 200 1251 "http://www.pacificnorthwestcoastbias.com/hipsters-a-venn-diagram/" "Mozilla/5.0 (Macintosh; U; Intel Mac OS X 10_6_7; en-us) AppleWebKit/533.20.25 (KHTML, like Gecko) Version/5.0.4 Safari/533.20.27"
68.8.14.154 - - [04/Aug/2011:01:34:28 -0700] "GET /wp-includes/js/jquery/jquery.js?ver=1.4.4 HTTP/1.1" 200 78915 "http://www.pacificnorthwestcoastbias.com/hipsters-a-venn-diagram/" "Mozilla/5.0 (Macintosh; U; Intel Mac OS X 10_6_7; en-us) AppleWebKit/533.20.25 (KHTML, like Gecko) Version/5.0.4 Safari/533.20.27"
68.8.14.154 - - [04/Aug/2011:01:34:29 -0700] "GET /wp-content/plugins/subscription-options/images/feed_icon_12.png HTTP/1.1" 200 6460 "http://www.pacificnorthwestcoastbias.com/hipsters-a-venn-diagram/" "Mozilla/5.0 (Macintosh; U; Intel Mac OS X 10_6_7; en-us) AppleWebKit/533.20.25 (KHTML, like Gecko) Version/5.0.4 Safari/533.20.27"
68.8.14.154 - - [04/Aug/2011:01:34:29 -0700] "GET /wp-content/plugins/wp-followme/flash/wp_followme.swf HTTP/1.1" 200 28639 "http://www.pacificnorthwestcoastbias.com/hipsters-a-venn-diagram/" "Mozilla/5.0 (Macintosh; U; Intel Mac OS X 10_6_7; en-us) AppleWebKit/533.20.25 (KHTML, like Gecko) Version/5.0.4 Safari/533.20.27"
68.8.14.154 - - [04/Aug/2011:01:34:29 -0700] "GET /wp-includes/js/wp-lists.js?ver=20101222 HTTP/1.1" 200 8212 "http://www.pacificnorthwestcoastbias.com/hipsters-a-venn-diagram/" "Mozilla/5.0 (Macintosh; U; Intel Mac OS X 10_6_7; en-us) AppleWebKit/533.20.25 (KHTML, like Gecko) Version/5.0.4 Safari/533.20.27"
68.8.14.154 - - [04/Aug/2011:01:34:29 -0700] "GET /wp-content/plugins/sociable/images/services-sprite.gif HTTP/1.1" 200 331 "http://www.pacificnorthwestcoastbias.com/hipsters-a-venn-diagram/" "Mozilla/5.0 (Macintosh; U; Intel Mac OS X 10_6_7; en-us) AppleWebKit/533.20.25 (KHTML, like Gecko) Version/5.0.4 Safari/533.20.27"
68.8.14.154 - - [04/Aug/2011:01:34:29 -0700] "GET /wp-includes/js/wp-ajax-response.js?ver=20091119 HTTP/1.1" 200 2444 "http://www.pacificnorthwestcoastbias.com/hipsters-a-venn-diagram/" "Mozilla/5.0 (Macintosh; U; Intel Mac OS X 10_6_7; en-us) AppleWebKit/533.20.25 (KHTML, like Gecko) Version/5.0.4 Safari/533.20.27"
68.8.14.154 - - [04/Aug/2011:01:34:29 -0700] "GET /wp-content/plugins/sociable/images/services-sprite.png HTTP/1.1" 200 50932 "http://www.pacificnorthwestcoastbias.com/hipsters-a-venn-diagram/" "Mozilla/5.0 (Macintosh; U; Intel Mac OS X 10_6_7; en-us) AppleWebKit/533.20.25 (KHTML, like Gecko) Version/5.0.4 Safari/533.20.27"
68.8.14.154 - - [04/Aug/2011:01:34:30 -0700] "GET /wp-content/plugins/wp-followme/icons/3.png HTTP/1.1" 200 1517 "http://www.pacificnorthwestcoastbias.com/hipsters-a-venn-diagram/" "Mozilla/5.0 (Macintosh; U; Intel Mac OS X 10_6_7; en-us) AppleWebKit/533.20.25 (KHTML, like Gecko) Version/5.0.4 Safari/533.20.27"
66.249.67.216 - - [04/Aug/2011:01:35:25 -0700] "GET /nfl-draft-prediction-rankings/ HTTP/1.1" 200 13126 "-" "Mozilla/5.0 (compatible; Googlebot/2.1; +http://www.google.com/bot.html)"
174.37.205.68 - - [04/Aug/2011:01:36:12 -0700] "GET /feed/ HTTP/1.1" 200 9321 "-" "Mozilla/5.0 (X11; U; Linux x86_64; en-US; rv:1.9.0.19; aggregator:Spinn3r (Spinn3r 3.1); http://spinn3r.com/robot) Gecko/2010040121 Firefox/3.0.19"
173.192.238.34 - - [04/Aug/2011:01:37:17 -0700] "GET / HTTP/1.1" 200 18060 "-" "Mozilla/5.0 (X11; U; Linux x86_64; en-US; rv:1.9.0.19; aggregator:Spinn3r (Spinn3r 3.1); http://spinn3r.com/robot) Gecko/2010040121 Firefox/3.0.19"
66.249.67.216 - - [04/Aug/2011:01:38:39 -0700] "GET /ncaa-basketball-when-is-a-lead-safe/comment-page-1/ HTTP/1.1" 200 9472 "-" "Mozilla/5.0 (compatible; Googlebot/2.1; +http://www.google.com/bot.html)"
66.249.67.216 - - [04/Aug/2011:01:40:16 -0700] "GET /economic-indicator-cargo-ship-containers-and-frequency/ HTTP/1.1" 200 8299 "-" "Mozilla/5.0 (compatible; Googlebot/2.1; +http://www.google.com/bot.html)"
119.63.196.19 - - [04/Aug/2011:01:41:32 -0700] "GET /?p=55 HTTP/1.1" 301 414 "-" "Mozilla/5.0 (compatible; Baiduspider/2.0; +http://www.baidu.com/search/spider.html)"
119.63.196.18 - - [04/Aug/2011:01:41:34 -0700] "GET /obamas-foreclosure-ban-proposal-will-just-delay-the-inevitable/ HTTP/1.1" 200 8569 "-" "Mozilla/5.0 (compatible; Baiduspider/2.0; +http://www.baidu.com/search/spider.html)"
66.249.67.216 - - [04/Aug/2011:01:41:54 -0700] "GET /category/sports/page/category/world-cup-2010/ HTTP/1.1" 200 15482 "-" "Mozilla/5.0 (compatible; Googlebot/2.1; +http://www.google.com/bot.html)"
67.195.115.58 - - [04/Aug/2011:01:41:54 -0700] "GET /great-marketing-zeeks-pizza-incorporates-google-maps-on-mailer/ HTTP/1.0" 200 8120 "-" "Mozilla/5.0 (compatible; Yahoo! Slurp; http://help.yahoo.com/help/us/ysearch/slurp)"
67.195.115.58 - - [04/Aug/2011:01:41:56 -0700] "GET /wp-content/themes/EmptyCanvas/style.css HTTP/1.0" 304 138 "http://www.pacificnorthwestcoastbias.com/great-marketing-zeeks-pizza-incorporates-google-maps-on-mailer/" "Mozilla/5.0 (compatible; Yahoo! Slurp; http://help.yahoo.com/help/us/ysearch/slurp)"
67.195.115.58 - - [04/Aug/2011:01:41:56 -0700] "GET /wp-content/themes/EmptyCanvas/reset.css HTTP/1.0" 304 137 "http://www.pacificnorthwestcoastbias.com/wp-content/themes/EmptyCanvas/style.css" "Mozilla/5.0 (compatible; Yahoo! Slurp; http://help.yahoo.com/help/us/ysearch/slurp)"
67.195.115.58 - - [04/Aug/2011:01:41:56 -0700] "GET /wp-content/plugins/sociable/sociable.css?ver=3.1.4 HTTP/1.0" 304 137 "http://www.pacificnorthwestcoastbias.com/great-marketing-zeeks-pizza-incorporates-google-maps-on-mailer/" "Mozilla/5.0 (compatible; Yahoo! Slurp; http://help.yahoo.com/help/us/ysearch/slurp)"
67.195.115.58 - - [04/Aug/2011:01:41:56 -0700] "GET /wp-content/plugins/subscribe-here-widget/subscribe-here-widget.css HTTP/1.0" 304 137 "http://www.pacificnorthwestcoastbias.com/great-marketing-zeeks-pizza-incorporates-google-maps-on-mailer/" "Mozilla/5.0 (compatible; Yahoo! Slurp; http://help.yahoo.com/help/us/ysearch/slurp)"
66.249.67.216 - - [04/Aug/2011:01:43:31 -0700] "GET /may-was-a-cold-wet-month-in-seattle/ HTTP/1.1" 200 8226 "-" "Mozilla/5.0 (compatible; Googlebot/2.1; +http://www.google.com/bot.html)"
208.80.194.26 - - [04/Aug/2011:01:43:57 -0700] "GET / HTTP/1.0" 200 114313 "-" "Mozilla/4.0 (compatible; MSIE 6.0; Windows 98; videotron; iebar; acc=none; .NET CLR 1.1.4322)"
66.249.67.216 - - [04/Aug/2011:01:45:08 -0700] "GET /paint-color-or-band-name/comment-page-1/ HTTP/1.1" 200 8188 "-" "Mozilla/5.0 (compatible; Googlebot/2.1; +http://www.google.com/bot.html)"
69.163.231.33 - - [04/Aug/2011:01:45:09 -0700] "POST /wp-cron.php?doing_wp_cron HTTP/1.0" 200 158 "-" "WordPress/3.1.4; http://www.pacificnorthwestcoastbias.com"
124.115.0.138 - - [04/Aug/2011:01:47:34 -0700] "GET /candidate-for-senate-from-washington-state-goodspaceguy/ HTTP/1.1" 200 8164 "-" "Sosospider+(+http://help.soso.com/webspider.htm)"
66.249.67.216 - - [04/Aug/2011:01:48:22 -0700] "GET /which-bellevue-restaurant-is-the-most-popular/ HTTP/1.1" 200 9285 "-" "Mozilla/5.0 (compatible; Googlebot/2.1; +http://www.google.com/bot.html)"
66.249.67.216 - - [04/Aug/2011:01:51:37 -0700] "GET /paint-color-or-band-name-answers HTTP/1.1" 200 421 "-" "Mozilla/5.0 (compatible; Googlebot/2.1; +http://www.google.com/bot.html)"
66.249.67.216 - - [04/Aug/2011:01:53:14 -0700] "GET /people-of-walmart/ HTTP/1.1" 200 8004 "-" "Mozilla/5.0 (compatible; Googlebot/2.1; +http://www.google.com/bot.html)"
66.249.67.216 - - [04/Aug/2011:01:54:51 -0700] "GET /the-sporting-news-awards-give-insight-into-who-will-win-the-cy-young/comment-page-1/ HTTP/1.1" 200 9044 "-" "Mozilla/5.0 (compatible; Googlebot/2.1; +http://www.google.com/bot.html)"
66.249.67.216 - - [04/Aug/2011:01:56:28 -0700] "GET /soccersuarez-handball-american-football-answer-pass-interference/comment-page-1/ HTTP/1.1" 200 9513 "-" "Mozilla/5.0 (compatible; Googlebot/2.1; +http://www.google.com/bot.html)"
66.249.67.216 - - [04/Aug/2011:01:58:05 -0700] "GET /mlb-how-is-a-baseball-teams-spring-training-record-correlated-with-their-regular-season-finish/ HTTP/1.1" 200 8941 "-" "Mozilla/5.0 (compatible; Googlebot/2.1; +http://www.google.com/bot.html)"
66.249.67.216 - - [04/Aug/2011:01:59:48 -0700] "GET /is-google-reader-being-phased-out/ HTTP/1.1" 200 8106 "-" "Mozilla/5.0 (compatible; Googlebot/2.1; +http://www.google.com/bot.html)"
208.115.111.68 - - [04/Aug/2011:01:59:50 -0700] "GET /robots.txt HTTP/1.1" 200 330 "-" "Mozilla/5.0 (compatible; Ezooms/1.0; ezooms.bot@gmail.com)"
72.21.217.32 - - [04/Aug/2011:02:01:06 -0700] "GET /feed HTTP/1.0" 200 439 "-" "RPT-HTTPClient/0.3-3"
72.21.217.32 - - [04/Aug/2011:02:01:07 -0700] "GET /feed/ HTTP/1.0" 200 35924 "-" "RPT-HTTPClient/0.3-3"
66.249.67.216 - - [04/Aug/2011:02:01:20 -0700] "GET /soccersuarez-handball-american-football-answer-pass-interference HTTP/1.1" 200 453 "-" "Mozilla/5.0 (compatible; Googlebot/2.1; +http://www.google.com/bot.html)"
69.163.231.33 - - [04/Aug/2011:02:01:20 -0700] "POST /wp-cron.php?doing_wp_cron HTTP/1.0" 200 158 "-" "WordPress/3.1.4; http://www.pacificnorthwestcoastbias.com"
64.94.66.97 - - [04/Aug/2011:02:01:40 -0700] "GET /comments/feed/ HTTP/1.0" 200 3365 "-" "Moreoverbot/5.1 (+http://w.moreover.com; webmaster@moreover.com) Mozilla/5.0"
66.249.67.216 - - [04/Aug/2011:02:02:57 -0700] "GET /nfl-draft-prediction-rankings HTTP/1.1" 200 418 "-" "Mozilla/5.0 (compatible; Googlebot/2.1; +http://www.google.com/bot.html)"
66.249.67.216 - - [04/Aug/2011:02:04:34 -0700] "GET /twitter-weekly-updates-for-2011-07-24/ HTTP/1.1" 200 8042 "-" "Mozilla/5.0 (compatible; Googlebot/2.1; +http://www.google.com/bot.html)"
66.249.67.216 - - [04/Aug/2011:02:06:11 -0700] "GET /final-four-efficiency-vcu-and-butler-prove-mid-majors-deserve-more-ncaa-tournament-bids/ HTTP/1.1" 200 9304 "-" "Mozilla/5.0 (compatible; Googlebot/2.1; +http://www.google.com/bot.html)"
174.37.205.92 - - [04/Aug/2011:02:06:19 -0700] "GET /feed/ HTTP/1.1" 200 9321 "-" "Mozilla/5.0 (X11; U; Linux x86_64; en-US; rv:1.9.0.19; aggregator:Spinn3r (Spinn3r 3.1); http://spinn3r.com/robot) Gecko/2010040121 Firefox/3.0.19"
173.192.238.48 - - [04/Aug/2011:02:07:29 -0700] "GET / HTTP/1.1" 200 18169 "-" "Mozilla/5.0 (X11; U; Linux x86_64; en-US; rv:1.9.0.19; aggregator:Spinn3r (Spinn3r 3.1); http://spinn3r.com/robot) Gecko/2010040121 Firefox/3.0.19"
66.249.67.216 - - [04/Aug/2011:02:07:48 -0700] "GET /nfl-draft HTTP/1.1" 200 575 "-" "Mozilla/5.0 (compatible; Googlebot/2.1; +http://www.google.com/bot.html)"
66.249.67.216 - - [04/Aug/2011:02:09:25 -0700] "GET /david-beckhams-1998-world-cup-red-card-vs-argentina HTTP/1.1" 200 440 "-" "Mozilla/5.0 (compatible; Googlebot/2.1; +http://www.google.com/bot.html)"
66.249.67.216 - - [04/Aug/2011:02:09:26 -0700] "GET /david-beckhams-1998-world-cup-red-card-vs-argentina/ HTTP/1.1" 200 8395 "-" "Mozilla/5.0 (compatible; Googlebot/2.1; +http://www.google.com/bot.html)"
66.249.67.216 - - [04/Aug/2011:02:15:47 -0700] "GET /initial-thoughts-on-greatland/ HTTP/1.1" 200 10396 "-" "Mozilla/5.0 (compatible; Googlebot/2.1; +http://www.google.com/bot.html)"
66.249.67.216 - - [04/Aug/2011:02:17:31 -0700] "GET /celebrity-apprentice-questions/comment-page-1/ HTTP/1.1" 200 8852 "-" "Mozilla/5.0 (compatible; Googlebot/2.1; +http://www.google.com/bot.html)"
66.249.67.216 - - [04/Aug/2011:02:19:08 -0700] "GET /tunnel-would-cost-9-per-rider HTTP/1.1" 200 418 "-" "Mozilla/5.0 (compatible; Googlebot/2.1; +http://www.google.com/bot.html)"
66.249.67.216 - - [04/Aug/2011:02:19:09 -0700] "GET /tunnel-would-cost-9-per-rider/ HTTP/1.1" 200 8687 "-" "Mozilla/5.0 (compatible; Googlebot/2.1; +http://www.google.com/bot.html)"
66.249.67.216 - - [04/Aug/2011:02:19:28 -0700] "GET /who-is-going-to-make-the-baseball-hall-of-fame-based-on-current-trajectories/ HTTP/1.1" 200 9791 "-" "Mozilla/5.0 (compatible; Googlebot/2.1; +http://www.google.com/bot.html)"
66.249.67.216 - - [04/Aug/2011:02:21:05 -0700] "GET /grading-nate-silvers-election-predictions/ HTTP/1.1" 200 9329 "-" "Mozilla/5.0 (compatible; Googlebot/2.1; +http://www.google.com/bot.html)"
123.125.71.57 - - [04/Aug/2011:02:21:25 -0700] "GET /for-the-nfl-season-length-expansion-is-nothing-new/ HTTP/1.1" 200 8824 "-" "Mozilla/5.0 (compatible; Baiduspider/2.0; +http://www.baidu.com/search/spider.html)"
66.249.67.216 - - [04/Aug/2011:02:22:22 -0700] "GET /tunnel.. HTTP/1.1" 200 575 "-" "Mozilla/5.0 (compatible; Googlebot/2.1; +http://www.google.com/bot.html)"
66.249.67.216 - - [04/Aug/2011:02:25:36 -0700] "GET /do-nfl-teams-perform-differently-after-a-bye-week/comment-page-1/ HTTP/1.1" 200 9471 "-" "Mozilla/5.0 (compatible; Googlebot/2.1; +http://www.google.com/bot.html)"
128.242.249.14 - - [04/Aug/2011:02:26:09 -0700] "GET /feed/ HTTP/1.1" 200 35946 "-" "TwitterFeed 3"
209.85.238.86 - - [04/Aug/2011:02:26:25 -0700] "GET /feed/ HTTP/1.1" 200 9358 "-" "Feedfetcher-Google; (+http://www.google.com/feedfetcher.html; 12 subscribers; feed-id=11769849069241211122)"
66.249.67.216 - - [04/Aug/2011:02:27:14 -0700] "GET /what-happens-if-you-dont-get-on-the-second-leg-of-a-flight-nothing/ HTTP/1.1" 200 8242 "-" "Mozilla/5.0 (compatible; Googlebot/2.1; +http://www.google.com/bot.html)"
66.249.67.216 - - [04/Aug/2011:02:28:51 -0700] "GET /have-you-filled-in-your-nit-bracket HTTP/1.1" 200 424 "-" "Mozilla/5.0 (compatible; Googlebot/2.1; +http://www.google.com/bot.html)"
66.249.67.216 - - [04/Aug/2011:02:28:52 -0700] "GET /have-you-filled-in-your-nit-bracket/ HTTP/1.1" 200 9029 "-" "Mozilla/5.0 (compatible; Googlebot/2.1; +http://www.google.com/bot.html)"
66.249.67.216 - - [04/Aug/2011:02:30:28 -0700] "GET /one-run-games-are-killing-the-mariners-or-are-they HTTP/1.1" 200 439 "-" "Mozilla/5.0 (compatible; Googlebot/2.1; +http://www.google.com/bot.html)"
66.249.67.216 - - [04/Aug/2011:02:30:29 -0700] "GET /one-run-games-are-killing-the-mariners-or-are-they/ HTTP/1.1" 200 8798 "-" "Mozilla/5.0 (compatible; Googlebot/2.1; +http://www.google.com/bot.html)"
72.21.217.32 - - [04/Aug/2011:02:31:07 -0700] "GET /feed HTTP/1.0" 200 439 "-" "RPT-HTTPClient/0.3-3"
72.21.217.32 - - [04/Aug/2011:02:31:08 -0700] "GET /feed/ HTTP/1.0" 200 35924 "-" "RPT-HTTPClient/0.3-3"
66.249.67.216 - - [04/Aug/2011:02:33:42 -0700] "GET /celebrity-apprentice-questions/ HTTP/1.1" 200 8852 "-" "Mozilla/5.0 (compatible; Googlebot/2.1; +http://www.google.com/bot.html)"
69.163.231.33 - - [04/Aug/2011:02:33:43 -0700] "POST /wp-cron.php?doing_wp_cron HTTP/1.0" 200 158 "-" "WordPress/3.1.4; http://www.pacificnorthwestcoastbias.com"
66.249.67.216 - - [04/Aug/2011:02:35:19 -0700] "GET /anothe.. HTTP/1.1" 200 590 "-" "Mozilla/5.0 (compatible; Googlebot/2.1; +http://www.google.com/bot.html)"
66.249.67.216 - - [04/Aug/2011:02:35:20 -0700] "GET /another-reason-magazine-advertising-is-dying/ HTTP/1.1" 200 8516 "-" "Mozilla/5.0 (compatible; Googlebot/2.1; +http://www.google.com/bot.html)"
174.37.205.68 - - [04/Aug/2011:02:36:24 -0700] "GET /feed/ HTTP/1.1" 200 143 "-" "Mozilla/5.0 (X11; U; Linux x86_64; en-US; rv:1.9.0.19; aggregator:Spinn3r (Spinn3r 3.1); http://spinn3r.com/robot) Gecko/2010040121 Firefox/3.0.19"
174.37.205.92 - - [04/Aug/2011:02:37:37 -0700] "GET / HTTP/1.1" 200 18167 "-" "Mozilla/5.0 (X11; U; Linux x86_64; en-US; rv:1.9.0.19; aggregator:Spinn3r (Spinn3r 3.1); http://spinn3r.com/robot) Gecko/2010040121 Firefox/3.0.19"
94.23.245.151 - - [04/Aug/2011:02:38:25 -0700] "GET /comments/feed/ HTTP/1.0" 200 12242 "-" "-"
209.171.42.71 - - [04/Aug/2011:02:38:26 -0700] "GET /feed HTTP/1.1" 200 439 "-" "Mozilla/5.0 (compatible; BlogScope/1.0; +http://www.blogscope.net/; U of Toronto)"
209.171.42.71 - - [04/Aug/2011:02:38:27 -0700] "GET /feed/ HTTP/1.1" 200 9362 "-" "Mozilla/5.0 (compatible; BlogScope/1.0; +http://www.blogscope.net/; U of Toronto)"
66.249.67.216 - - [04/Aug/2011:02:38:34 -0700] "GET /a HTTP/1.1" 200 593 "-" "Mozilla/5.0 (compatible; Googlebot/2.1; +http://www.google.com/bot.html)"
66.249.67.216 - - [04/Aug/2011:02:38:35 -0700] "GET /a-pac-12-playoff-would-have-been-lame-this-year/ HTTP/1.1" 200 8351 "-" "Mozilla/5.0 (compatible; Googlebot/2.1; +http://www.google.com/bot.html)"
195.43.189.232 - - [04/Aug/2011:02:39:55 -0700] "HEAD /feed/ HTTP/1.1" 200 290 "-" "Mozilla/4.0 (compatible; MSIE 4.0; MSIECrawler; Windows 95)"
66.249.67.216 - - [04/Aug/2011:02:40:11 -0700] "GET /sears-recommendations/ HTTP/1.1" 200 8151 "-" "Mozilla/5.0 (compatible; Googlebot/2.1; +http://www.google.com/bot.html)"
66.249.67.216 - - [04/Aug/2011:02:43:25 -0700] "GET /candidate-for-senate-from-washington-state-goodspaceguy/ HTTP/1.1" 200 8164 "-" "Mozilla/5.0 (compatible; Googlebot/2.1; +http://www.google.com/bot.html)"
174.129.114.17 - - [04/Aug/2011:02:44:43 -0700] "GET /feed/ HTTP/1.1" 200 35946 "-" "-"
174.129.114.17 - - [04/Aug/2011:02:44:43 -0700] "GET /feed/ HTTP/1.1" 200 9302 "-" "Mozilla/5.0 (X11; U; Linux i686; en-US; aggregator:Outside.in; http://outside.in)"
66.249.67.216 - - [04/Aug/2011:02:45:03 -0700] "GET /community-minded/ HTTP/1.1" 200 7627 "-" "Mozilla/5.0 (compatible; Googlebot/2.1; +http://www.google.com/bot.html)"
66.249.67.216 - - [04/Aug/2011:02:46:39 -0700] "GET /west-coast-basketball-fans-catch-a-break-with-ncaa-basketball-scheduling/ HTTP/1.1" 200 8416 "-" "Mozilla/5.0 (compatible; Googlebot/2.1; +http://www.google.com/bot.html)"
66.249.67.216 - - [04/Aug/2011:02:48:17 -0700] "GET /archive/ HTTP/1.1" 200 308 "-" "Mozilla/5.0 (compatible; Googlebot/2.1; +http://www.google.com/bot.html)"
88.131.106.4 - - [04/Aug/2011:02:49:40 -0700] "GET /robots.txt HTTP/1.0" 200 367 "-" "Mozilla/5.0 (Windows; U; Windows NT 5.1; en-US) Speedy Spider (http://www.entireweb.com/about/search_tech/speedy_spider/)"
88.131.106.8 - - [04/Aug/2011:02:49:42 -0700] "GET /page/2/ HTTP/1.0" 200 17150 "-" "Mozilla/5.0 (Windows; U; Windows NT 5.1; en-US) Speedy Spider (http://www.entireweb.com/about/search_tech/speedy_spider/)"
88.131.106.7 - - [04/Aug/2011:02:49:57 -0700] "GET /contact-me/ HTTP/1.0" 200 6932 "-" "Mozilla/5.0 (Windows; U; Windows NT 5.1; en-US) Speedy Spider (http://www.entireweb.com/about/search_tech/speedy_spider/)"
66.249.67.216 - - [04/Aug/2011:02:51:31 -0700] "GET /category/category/category/world-cup-2010/ HTTP/1.1" 200 15482 "-" "Mozilla/5.0 (compatible; Googlebot/2.1; +http://www.google.com/bot.html)"
207.46.92.18 - - [04/Aug/2011:02:53:08 -0700] "GET /wp-content/uploads/2011/02/Concussions-by-week.jpg HTTP/1.1" 200 22313 "-" "-"
66.249.67.216 - - [04/Aug/2011:02:53:08 -0700] "GET /tunnel-would-cost-9-per-rider/ HTTP/1.1" 200 8688 "-" "Mozilla/5.0 (compatible; Googlebot/2.1; +http://www.google.com/bot.html)"
66.249.67.216 - - [04/Aug/2011:02:58:00 -0700] "GET /category/category/world-cup-2010/ HTTP/1.1" 200 15480 "-" "Mozilla/5.0 (compatible; Googlebot/2.1; +http://www.google.com/bot.html)"
72.21.217.32 - - [04/Aug/2011:03:01:06 -0700] "GET /feed HTTP/1.0" 200 439 "-" "RPT-HTTPClient/0.3-3"
72.21.217.32 - - [04/Aug/2011:03:01:07 -0700] "GET /feed/ HTTP/1.0" 200 35924 "-" "RPT-HTTPClient/0.3-3"
94.228.34.209 - - [04/Aug/2011:03:01:29 -0700] "GET /its-el-nino-not-global-warming-driving-warm-weather-in-the-pacific-northwest/feed/ HTTP/1.1" 200 180 "-" "magpie-crawler/1.1 (U; Linux amd64; en-GB; +http://www.brandwatch.net)"
69.163.231.33 - - [04/Aug/2011:03:01:30 -0700] "POST /wp-cron.php?doing_wp_cron HTTP/1.0" 200 158 "-" "WordPress/3.1.4; http://www.pacificnorthwestcoastbias.com"
94.228.34.209 - - [04/Aug/2011:03:01:31 -0700] "GET /nfl-draft-prediction-rankings/feed/ HTTP/1.1" 200 179 "-" "magpie-crawler/1.1 (U; Linux amd64; en-GB; +http://www.brandwatch.net)"
72.21.217.96 - - [04/Aug/2011:03:01:32 -0700] "GET /feed HTTP/1.1" 200 383 "-" "RPT-HTTPClient/0.3-3"
72.21.217.96 - - [04/Aug/2011:03:01:33 -0700] "GET /feed/ HTTP/1.1" 200 35946 "-" "RPT-HTTPClient/0.3-3"
72.21.217.96 - - [04/Aug/2011:03:01:37 -0700] "GET /wp-content/uploads/2011/07/Community-Minded-1024x575.jpg HTTP/1.1" 200 127529 "-" "RPT-HTTPClient/0.3-3"
72.21.217.96 - - [04/Aug/2011:03:01:37 -0700] "GET /wp-content/uploads/2011/07/Innings-Pitched-All-Star-Game.jpg HTTP/1.1" 200 34923 "-" "RPT-HTTPClient/0.3-3"
72.21.217.96 - - [04/Aug/2011:03:01:38 -0700] "GET /wp-content/uploads/2011/07/Amway-Center-Orlando-Florida.jpg HTTP/1.1" 200 50147 "-" "RPT-HTTPClient/0.3-3"
72.21.217.96 - - [04/Aug/2011:03:01:38 -0700] "GET /wp-content/uploads/2011/07/Size-of-Amway-Center-with-Some-Parking.jpg HTTP/1.1" 200 625 "-" "RPT-HTTPClient/0.3-3"
72.21.217.96 - - [04/Aug/2011:03:01:38 -0700] "GET /wp-content/uploads/2011/07/downtown-bellevue-park.jpg HTTP/1.1" 200 136949 "-" "RPT-HTTPClient/0.3-3"
72.21.217.96 - - [04/Aug/2011:03:01:38 -0700] "GET /wp-content/uploads/2011/07/Dodge-Dealership.jpg HTTP/1.1" 200 163525 "-" "RPT-HTTPClient/0.3-3"
72.21.217.96 - - [04/Aug/2011:03:01:38 -0700] "GET /wp-content/uploads/2011/07/Safeway.jpg HTTP/1.1" 200 113322 "-" "RPT-HTTPClient/0.3-3"
72.21.217.96 - - [04/Aug/2011:03:01:39 -0700] "GET /wp-content/uploads/2011/07/NCAA-Win-Percentage.jpg HTTP/1.1" 200 27439 "-" "RPT-HTTPClient/0.3-3"
72.21.217.96 - - [04/Aug/2011:03:01:39 -0700] "GET /wp-content/uploads/2011/07/NCAA-Close-Game-Win-Percentage.jpg HTTP/1.1" 200 30700 "-" "RPT-HTTPClient/0.3-3"
72.21.217.96 - - [04/Aug/2011:03:01:39 -0700] "GET /wp-content/uploads/2011/07/Win-percentage-correlation.jpg HTTP/1.1" 200 28564 "-" "RPT-HTTPClient/0.3-3"
72.21.217.96 - - [04/Aug/2011:03:01:39 -0700] "GET /wp-content/uploads/2011/07/Close-Game-extra-wins.jpg HTTP/1.1" 200 23896 "-" "RPT-HTTPClient/0.3-3"
72.21.217.96 - - [04/Aug/2011:03:01:39 -0700] "GET /wp-content/uploads/2011/07/Close-Game-wins.jpg HTTP/1.1" 200 22396 "-" "RPT-HTTPClient/0.3-3"
72.21.217.96 - - [04/Aug/2011:03:01:39 -0700] "GET /wp-content/uploads/2011/07/Combined-win-percentage.jpg HTTP/1.1" 200 20671 "-" "RPT-HTTPClient/0.3-3"
72.21.217.96 - - [04/Aug/2011:03:01:39 -0700] "GET /wp-content/uploads/2011/07/Marymoor-Park-Sign.jpg HTTP/1.1" 200 353951 "-" "RPT-HTTPClient/0.3-3"
72.21.217.96 - - [04/Aug/2011:03:01:40 -0700] "GET /wp-content/uploads/2011/06/win-percentage.jpg HTTP/1.1" 200 25585 "-" "RPT-HTTPClient/0.3-3"
72.21.217.96 - - [04/Aug/2011:03:01:40 -0700] "GET /wp-content/uploads/2011/06/Adjusted-wins.jpg HTTP/1.1" 200 30873 "-" "RPT-HTTPClient/0.3-3"
72.21.217.96 - - [04/Aug/2011:03:01:40 -0700] "GET /wp-content/uploads/2011/06/mlb-leader-table.jpg HTTP/1.1" 200 26990 "-" "RPT-HTTPClient/0.3-3"
66.249.67.216 - - [04/Aug/2011:03:02:51 -0700] "GET /where-your-tax-dollars-go/ HTTP/1.1" 200 8143 "-" "Mozilla/5.0 (compatible; Googlebot/2.1; +http://www.google.com/bot.html)"
117.21.224.227 - - [04/Aug/2011:03:03:53 -0700] "GET /nfl-draft-prediction-rankings/comment-page-1/ HTTP/1.0" 200 46565 "http://www.pacificnorthwestcoastbias.com/nfl-draft-prediction-rankings/comment-page-1/#comment-2233" "Mozilla/4.0 (compatible; MSIE 6.0; Windows NT 5.0; T312461)"
117.21.224.227 - - [04/Aug/2011:03:04:04 -0700] "POST /wp-comments-post.php HTTP/1.0" 302 815 "http://www.pacificnorthwestcoastbias.com/nfl-draft-prediction-rankings/comment-page-1/#comment-2233" "Mozilla/4.0 (compatible; MSIE 6.0; Windows NT 5.0; T312461)"
117.21.224.227 - - [04/Aug/2011:03:04:09 -0700] "GET /nfl-draft-prediction-rankings/comment-page-1/ HTTP/1.0" 200 46605 "http://www.pacificnorthwestcoastbias.com/nfl-draft-prediction-rankings/comment-page-1/#comment-2424" "Mozilla/4.0 (compatible; MSIE 6.0; Windows NT 5.0; T312461)"
66.249.67.216 - - [04/Aug/2011:03:04:28 -0700] "GET /brilliant-lowes-email/ HTTP/1.1" 200 7873 "-" "Mozilla/5.0 (compatible; Googlebot/2.1; +http://www.google.com/bot.html)"
66.249.67.216 - - [04/Aug/2011:03:06:06 -0700] "GET /twitter-weekly-updates-for-2011-07-03/ HTTP/1.1" 200 8203 "-" "Mozilla/5.0 (compatible; Googlebot/2.1; +http://www.google.com/bot.html)"
174.36.228.156 - - [04/Aug/2011:03:06:27 -0700] "GET /feed/ HTTP/1.1" 200 9321 "-" "Mozilla/5.0 (X11; U; Linux x86_64; en-US; rv:1.9.0.19; aggregator:Spinn3r (Spinn3r 3.1); http://spinn3r.com/robot) Gecko/2010040121 Firefox/3.0.19"
174.37.205.92 - - [04/Aug/2011:03:07:44 -0700] "GET / HTTP/1.1" 200 18060 "-" "Mozilla/5.0 (X11; U; Linux x86_64; en-US; rv:1.9.0.19; aggregator:Spinn3r (Spinn3r 3.1); http://spinn3r.com/robot) Gecko/2010040121 Firefox/3.0.19"
66.249.67.216 - - [04/Aug/2011:03:09:20 -0700] "GET /do-nfl-teams-perform-differently-after-a-bye-week/ HTTP/1.1" 200 9471 "-" "Mozilla/5.0 (compatible; Googlebot/2.1; +http://www.google.com/bot.html)"
1.202.218.5 - - [04/Aug/2011:03:09:50 -0700] "GET /robots.txt HTTP/1.0" 200 317 "-" "Mozilla/5.0 ()"
66.249.67.216 - - [04/Aug/2011:03:10:57 -0700] "GET /winning-restaurant-concept-sardines-grilled-cheese-and-pbj/ HTTP/1.1" 200 8685 "-" "Mozilla/5.0 (compatible; Googlebot/2.1; +http://www.google.com/bot.html)"
199.15.234.226 - - [04/Aug/2011:03:13:13 -0700] "GET /twitter-weekly-updates-for-2010-09-12/ HTTP/1.0" 200 29959 "http://www.pacificnorthwestcoastbias.com/twitter-weekly-updates-for-2010-09-12/" "Mozilla/4.0 (compatible; MSIE 6.0; Windows NT) ::ELNSB50::000061100320025802a00111000000000507000900000000"
199.15.234.226 - - [04/Aug/2011:03:13:15 -0700] "POST /wp-comments-post.php HTTP/1.0" 302 936 "http://www.pacificnorthwestcoastbias.com/twitter-weekly-updates-for-2010-09-12/" "Mozilla/4.0 (compatible; MSIE 6.0; Windows NT) ::ELNSB50::000061100320025802a00111000000000507000900000000"
199.15.234.226 - - [04/Aug/2011:03:13:17 -0700] "GET /twitter-weekly-updates-for-2010-09-12/comment-page-1/ HTTP/1.0" 200 30109 "http://www.pacificnorthwestcoastbias.com/twitter-weekly-updates-for-2010-09-12/comment-page-1/#comment-2425" "Mozilla/4.0 (compatible; MSIE 6.0; Windows NT) ::ELNSB50::000061100320025802a00111000000000507000900000000"
69.163.231.33 - - [04/Aug/2011:03:15:49 -0700] "POST /wp-cron.php?doing_wp_cron HTTP/1.0" 200 158 "-" "WordPress/3.1.4; http://www.pacificnorthwestcoastbias.com"
66.249.67.216 - - [04/Aug/2011:03:15:49 -0700] "GET /will-the-rate-of-concussions-increase-if-the-nfl-extends-the-season-to-18-games/ HTTP/1.1" 200 10823 "-" "Mozilla/5.0 (compatible; Googlebot/2.1; +http://www.google.com/bot.html)"
94.228.34.207 - - [04/Aug/2011:03:17:03 -0700] "GET /blog-home/feed/ HTTP/1.1" 200 180 "-" "magpie-crawler/1.1 (U; Linux amd64; en-GB; +http://www.brandwatch.net)"
66.249.67.216 - - [04/Aug/2011:03:17:26 -0700] "GET /hipsters-a-venn-diagram/ HTTP/1.1" 200 8973 "-" "Mozilla/5.0 (compatible; Googlebot/2.1; +http://www.google.com/bot.html)"
94.228.34.209 - - [04/Aug/2011:03:17:47 -0700] "GET /another-reason-magazine-advertising-is-dying/feed/ HTTP/1.1" 200 180 "-" "magpie-crawler/1.1 (U; Linux amd64; en-GB; +http://www.brandwatch.net)"
66.249.67.216 - - [04/Aug/2011:03:22:17 -0700] "GET /category/sports/ HTTP/1.1" 200 19777 "-" "Mozilla/5.0 (compatible; Googlebot/2.1; +http://www.google.com/bot.html)"
66.249.67.216 - - [04/Aug/2011:03:25:32 -0700] "GET /where-to-build-an-nba-arena-in-bellevue/ HTTP/1.1" 200 9985 "-" "Mozilla/5.0 (compatible; Googlebot/2.1; +http://www.google.com/bot.html)"
123.125.71.83 - - [04/Aug/2011:03:26:22 -0700] "GET /robots.txt HTTP/1.1" 200 367 "-" "Baiduspider+(+http://www.baidu.com/search/spider.htm)"
128.242.249.9 - - [04/Aug/2011:03:28:59 -0700] "GET /feed/ HTTP/1.1" 200 35946 "-" "TwitterFeed 3"
72.21.217.32 - - [04/Aug/2011:03:31:06 -0700] "GET /feed HTTP/1.0" 200 439 "-" "RPT-HTTPClient/0.3-3"
72.21.217.32 - - [04/Aug/2011:03:31:07 -0700] "GET /feed/ HTTP/1.0" 200 35924 "-" "RPT-HTTPClient/0.3-3"
209.171.42.71 - - [04/Aug/2011:03:35:11 -0700] "GET /feed HTTP/1.1" 200 439 "-" "Mozilla/5.0 (compatible; BlogScope/1.0; +http://www.blogscope.net/; U of Toronto)"
209.171.42.71 - - [04/Aug/2011:03:35:14 -0700] "GET /feed/ HTTP/1.1" 200 9358 "-" "Mozilla/5.0 (compatible; BlogScope/1.0; +http://www.blogscope.net/; U of Toronto)"
69.163.231.33 - - [04/Aug/2011:03:35:12 -0700] "POST /wp-cron.php?doing_wp_cron HTTP/1.0" 200 158 "-" "WordPress/3.1.4; http://www.pacificnorthwestcoastbias.com"
173.192.238.44 - - [04/Aug/2011:03:36:38 -0700] "GET /feed/ HTTP/1.1" 200 9321 "-" "Mozilla/5.0 (X11; U; Linux x86_64; en-US; rv:1.9.0.19; aggregator:Spinn3r (Spinn3r 3.1); http://spinn3r.com/robot) Gecko/2010040121 Firefox/3.0.19"
66.249.67.216 - - [04/Aug/2011:03:37:13 -0700] "GET /sitemap.xml.gz HTTP/1.1" 200 7423 "-" "Mozilla/5.0 (compatible; Googlebot/2.1; +http://www.google.com/bot.html)"
174.37.205.68 - - [04/Aug/2011:03:37:50 -0700] "GET / HTTP/1.1" 200 18060 "-" "Mozilla/5.0 (X11; U; Linux x86_64; en-US; rv:1.9.0.19; aggregator:Spinn3r (Spinn3r 3.1); http://spinn3r.com/robot) Gecko/2010040121 Firefox/3.0.19"
66.249.67.216 - - [04/Aug/2011:03:38:29 -0700] "GET /category/other/ HTTP/1.1" 200 14048 "-" "Mozilla/5.0 (compatible; Googlebot/2.1; +http://www.google.com/bot.html)"
66.249.67.216 - - [04/Aug/2011:03:40:06 -0700] "GET /category/bellevue/ HTTP/1.1" 200 15454 "-" "Mozilla/5.0 (compatible; Googlebot/2.1; +http://www.google.com/bot.html)"
66.249.67.216 - - [04/Aug/2011:03:46:35 -0700] "GET /category/tech/ HTTP/1.1" 200 12867 "-" "Mozilla/5.0 (compatible; Googlebot/2.1; +http://www.google.com/bot.html)"
94.228.34.207 - - [04/Aug/2011:03:49:59 -0700] "GET /in-fantasy-football-its-all-about-the-end-of-the-draft/feed/ HTTP/1.1" 200 180 "-" "magpie-crawler/1.1 (U; Linux amd64; en-GB; +http://www.brandwatch.net)"
94.228.34.207 - - [04/Aug/2011:03:50:01 -0700] "GET /whos-most-under-ratedover-rated-in-college-football/feed/ HTTP/1.1" 200 179 "-" "magpie-crawler/1.1 (U; Linux amd64; en-GB; +http://www.brandwatch.net)"
67.202.17.115 - - [04/Aug/2011:03:51:53 -0700] "GET /feed/ HTTP/1.1" 200 35946 "-" "-"
67.202.17.115 - - [04/Aug/2011:03:51:54 -0700] "GET /feed/ HTTP/1.1" 200 9302 "-" "Mozilla/5.0 (X11; U; Linux i686; en-US; aggregator:Outside.in; http://outside.in)"
124.115.0.162 - - [04/Aug/2011:03:55:22 -0700] "GET / HTTP/1.1" 200 18097 "-" "Sosospider+(+http://help.soso.com/webspider.htm)"
173.53.77.151 - - [04/Aug/2011:04:00:08 -0700] "GET / HTTP/1.1" 200 18172 "-" "Reeder/1.5.0 CFNetwork/485.13.9 Darwin/11.0.0"
173.53.77.151 - - [04/Aug/2011:04:00:10 -0700] "GET /favicon.ico HTTP/1.1" 200 276 "-" "Reeder/1.5.0 CFNetwork/485.13.9 Darwin/11.0.0"
173.53.77.151 - - [04/Aug/2011:04:00:10 -0700] "GET / HTTP/1.1" 200 18203 "-" "Reeder/1.5.0 CFNetwork/485.13.9 Darwin/11.0.0"
173.53.77.151 - - [04/Aug/2011:04:00:10 -0700] "GET /apple-touch-icon.png HTTP/1.1" 200 6580 "-" "Reeder/1.5.0 CFNetwork/485.13.9 Darwin/11.0.0"
173.53.77.151 - - [04/Aug/2011:04:00:12 -0700] "GET /apple-touch-icon-precomposed.png HTTP/1.1" 200 6580 "-" "Reeder/1.5.0 CFNetwork/485.13.9 Darwin/11.0.0"
72.21.217.32 - - [04/Aug/2011:04:01:07 -0700] "GET /feed HTTP/1.0" 200 439 "-" "RPT-HTTPClient/0.3-3"
72.21.217.32 - - [04/Aug/2011:04:01:09 -0700] "GET /feed/ HTTP/1.0" 200 35924 "-" "RPT-HTTPClient/0.3-3"
69.163.231.33 - - [04/Aug/2011:04:01:08 -0700] "POST /wp-cron.php?doing_wp_cron HTTP/1.0" 200 158 "-" "WordPress/3.1.4; http://www.pacificnorthwestcoastbias.com"
38.101.148.126 - - [04/Aug/2011:04:02:22 -0700] "GET /robots.txt HTTP/1.1" 200 367 "-" "Mozilla/5.0 (compatible; discobot/1.1; +http://discoveryengine.com/discobot.html)"
209.171.42.71 - - [04/Aug/2011:04:06:35 -0700] "GET /feed HTTP/1.1" 200 439 "-" "Mozilla/5.0 (compatible; BlogScope/1.0; +http://www.blogscope.net/; U of Toronto)"
209.171.42.71 - - [04/Aug/2011:04:06:36 -0700] "GET /feed/ HTTP/1.1" 200 9362 "-" "Mozilla/5.0 (compatible; BlogScope/1.0; +http://www.blogscope.net/; U of Toronto)"
174.37.205.92 - - [04/Aug/2011:04:06:43 -0700] "GET /feed/ HTTP/1.1" 200 9321 "-" "Mozilla/5.0 (X11; U; Linux x86_64; en-US; rv:1.9.0.19; aggregator:Spinn3r (Spinn3r 3.1); http://spinn3r.com/robot) Gecko/2010040121 Firefox/3.0.19"
174.37.205.92 - - [04/Aug/2011:04:07:57 -0700] "GET / HTTP/1.1" 200 18169 "-" "Mozilla/5.0 (X11; U; Linux x86_64; en-US; rv:1.9.0.19; aggregator:Spinn3r (Spinn3r 3.1); http://spinn3r.com/robot) Gecko/2010040121 Firefox/3.0.19"
173.53.77.151 - - [04/Aug/2011:04:10:03 -0700] "GET / HTTP/1.1" 200 18206 "-" "Reeder/1.5.0 CFNetwork/485.13.9 Darwin/11.0.0"
173.53.77.151 - - [04/Aug/2011:04:10:04 -0700] "GET /favicon.ico HTTP/1.1" 200 276 "-" "Reeder/1.5.0 CFNetwork/485.13.9 Darwin/11.0.0"
173.53.77.151 - - [04/Aug/2011:04:10:04 -0700] "GET / HTTP/1.1" 200 18203 "-" "Reeder/1.5.0 CFNetwork/485.13.9 Darwin/11.0.0"
173.53.77.151 - - [04/Aug/2011:04:10:04 -0700] "GET /apple-touch-icon.png HTTP/1.1" 200 6580 "-" "Reeder/1.5.0 CFNetwork/485.13.9 Darwin/11.0.0"
173.53.77.151 - - [04/Aug/2011:04:10:05 -0700] "GET /apple-touch-icon-precomposed.png HTTP/1.1" 200 6580 "-" "Reeder/1.5.0 CFNetwork/485.13.9 Darwin/11.0.0"
66.249.67.216 - - [04/Aug/2011:04:10:52 -0700] "GET /category/bellevue/page/2/ HTTP/1.1" 200 14767 "-" "Mozilla/5.0 (compatible; Googlebot/2.1; +http://www.google.com/bot.html)"
173.53.77.151 - - [04/Aug/2011:04:10:55 -0700] "GET / HTTP/1.1" 200 18204 "-" "Reeder/1.5.0 CFNetwork/485.13.9 Darwin/11.0.0"
173.53.77.151 - - [04/Aug/2011:04:10:55 -0700] "GET /favicon.ico HTTP/1.1" 200 276 "-" "Reeder/1.5.0 CFNetwork/485.13.9 Darwin/11.0.0"
173.53.77.151 - - [04/Aug/2011:04:10:55 -0700] "GET / HTTP/1.1" 200 18203 "-" "Reeder/1.5.0 CFNetwork/485.13.9 Darwin/11.0.0"
173.53.77.151 - - [04/Aug/2011:04:10:56 -0700] "GET /apple-touch-icon.png HTTP/1.1" 200 6580 "-" "Reeder/1.5.0 CFNetwork/485.13.9 Darwin/11.0.0"
173.53.77.151 - - [04/Aug/2011:04:10:57 -0700] "GET /apple-touch-icon-precomposed.png HTTP/1.1" 200 6580 "-" "Reeder/1.5.0 CFNetwork/485.13.9 Darwin/11.0.0"
66.249.67.216 - - [04/Aug/2011:04:15:44 -0700] "GET /category/world-cup-2010/ HTTP/1.1" 200 15478 "-" "Mozilla/5.0 (compatible; Googlebot/2.1; +http://www.google.com/bot.html)"
69.163.231.33 - - [04/Aug/2011:04:15:45 -0700] "POST /wp-cron.php?doing_wp_cron HTTP/1.0" 200 158 "-" "WordPress/3.1.4; http://www.pacificnorthwestcoastbias.com"
69.163.231.33 - - [04/Aug/2011:04:18:59 -0700] "POST /wp-cron.php?doing_wp_cron HTTP/1.0" 200 158 "-" "WordPress/3.1.4; http://www.pacificnorthwestcoastbias.com"
66.249.67.216 - - [04/Aug/2011:04:18:58 -0700] "GET /category/sports/page/3/ HTTP/1.1" 200 19472 "-" "Mozilla/5.0 (compatible; Googlebot/2.1; +http://www.google.com/bot.html)"
94.23.44.43 - - [04/Aug/2011:04:25:23 -0700] "GET /feed/ HTTP/1.0" 200 16060 "-" "-"
66.249.67.216 - - [04/Aug/2011:04:27:04 -0700] "GET /category/sports/page/4/ HTTP/1.1" 200 17218 "-" "Mozilla/5.0 (compatible; Googlebot/2.1; +http://www.google.com/bot.html)"
72.21.217.32 - - [04/Aug/2011:04:31:07 -0700] "GET /feed HTTP/1.0" 200 439 "-" "RPT-HTTPClient/0.3-3"
