67.195.115.58 - - [04/Aug/2011:16:20:55 -0700] "GET /wp-content/themes/EmptyCanvas/reset.css HTTP/1.0" 304 137 "http://www.pacificnorthwestcoastbias.com/wp-content/themes/EmptyCanvas/style.css" "Mozilla/5.0 (compatible; Yahoo! Slurp; http://help.yahoo.com/help/us/ysearch/slurp)"
67.195.115.58 - - [04/Aug/2011:16:20:55 -0700] "GET /wp-content/plugins/sociable/sociable.css?ver=3.1.4 HTTP/1.0" 304 137 "http://www.pacificnorthwestcoastbias.com/category/world-cup-2010/" "Mozilla/5.0 (compatible; Yahoo! Slurp; http://help.yahoo.com/help/us/ysearch/slurp)"
67.195.115.58 - - [04/Aug/2011:16:20:56 -0700] "GET /wp-content/plugins/subscribe-here-widget/subscribe-here-widget.css HTTP/1.0" 304 137 "http://www.pacificnorthwestcoastbias.com/category/world-cup-2010/" "Mozilla/5.0 (compatible; Yahoo! Slurp; http://help.yahoo.com/help/us/ysearch/slurp)"
94.23.195.135 - - [04/Aug/2011:16:29:53 -0700] "GET /feed/ HTTP/1.0" 200 16060 "-" "-"
72.21.217.33 - - [04/Aug/2011:16:31:05 -0700] "GET /feed HTTP/1.0" 200 439 "-" "RPT-HTTPClient/0.3-3"
72.21.217.33 - - [04/Aug/2011:16:31:08 -0700] "GET /feed/ HTTP/1.0" 200 35924 "-" "RPT-HTTPClient/0.3-3"
174.129.136.158 - - [04/Aug/2011:16:31:17 -0700] "GET /feed/ HTTP/1.1" 200 35946 "-" "-"
174.129.136.158 - - [04/Aug/2011:16:31:17 -0700] "GET /feed/ HTTP/1.1" 200 9301 "-" "Mozilla/5.0 (X11; U; Linux i686; en-US; aggregator:Outside.in; http://outside.in)"
38.101.148.126 - - [04/Aug/2011:16:37:59 -0700] "GET /wp-content/uploads/2010/03/NIT-Bracket.jpg HTTP/1.1" 200 226483 "-" "Mozilla/5.0 (compatible; discobot/1.1; +http://discoveryengine.com/discobot.html)"
174.37.205.68 - - [04/Aug/2011:16:39:04 -0700] "GET /feed/ HTTP/1.1" 200 9320 "-" "Mozilla/5.0 (X11; U; Linux x86_64; en-US; rv:1.9.0.19; aggregator:Spinn3r (Spinn3r 3.1); http://spinn3r.com/robot) Gecko/2010040121 Firefox/3.0.19"
209.85.238.86 - - [04/Aug/2011:16:40:04 -0700] "GET /feed/ HTTP/1.1" 200 9357 "-" "Feedfetcher-Google; (+http://www.google.com/feedfetcher.html; 12 subscribers; feed-id=11769849069241211122)"
195.43.189.232 - - [04/Aug/2011:16:40:18 -0700] "HEAD /feed/ HTTP/1.1" 200 290 "-" "Mozilla/4.0 (compatible; MSIE 4.0; MSIECrawler; Windows 95)"
173.192.238.48 - - [04/Aug/2011:16:42:08 -0700] "GET / HTTP/1.1" 200 18164 "-" "Mozilla/5.0 (X11; U; Linux x86_64; en-US; rv:1.9.0.19; aggregator:Spinn3r (Spinn3r 3.1); http://spinn3r.com/robot) Gecko/2010040121 Firefox/3.0.19"
74.110.189.40 - - [04/Aug/2011:16:45:11 -0700] "GET / HTTP/1.1" 200 18201 "-" "Reeder/1.4.1 CFNetwork/485.13.9 Darwin/11.0.0"
74.110.189.40 - - [04/Aug/2011:16:45:11 -0700] "GET /favicon.ico HTTP/1.1" 200 276 "-" "Reeder/1.4.1 CFNetwork/485.13.9 Darwin/11.0.0"
74.110.189.40 - - [04/Aug/2011:16:45:11 -0700] "GET / HTTP/1.1" 200 18203 "-" "Reeder/1.4.1 CFNetwork/485.13.9 Darwin/11.0.0"
69.163.231.33 - - [04/Aug/2011:16:45:12 -0700] "POST /wp-cron.php?doing_wp_cron HTTP/1.0" 200 158 "-" "WordPress/3.1.4; http://www.pacificnorthwestcoastbias.com"
74.110.189.40 - - [04/Aug/2011:16:45:11 -0700] "GET /apple-touch-icon.png HTTP/1.1" 200 6650 "-" "Reeder/1.4.1 CFNetwork/485.13.9 Darwin/11.0.0"
74.110.189.40 - - [04/Aug/2011:16:45:14 -0700] "GET /apple-touch-icon-precomposed.png HTTP/1.1" 200 6650 "-" "Reeder/1.4.1 CFNetwork/485.13.9 Darwin/11.0.0"
119.63.196.88 - - [04/Aug/2011:16:51:26 -0700] "GET /?p=95 HTTP/1.1" 301 385 "-" "Mozilla/5.0 (compatible; Baiduspider/2.0; +http://www.baidu.com/search/spider.html)"
119.63.196.90 - - [04/Aug/2011:16:51:27 -0700] "GET /a-sam-fetchero-economic-indicator/ HTTP/1.1" 200 8783 "-" "Mozilla/5.0 (compatible; Baiduspider/2.0; +http://www.baidu.com/search/spider.html)"
94.228.34.229 - - [04/Aug/2011:16:52:28 -0700] "GET /hot-tub-time-machine-64-copies-now-available-at-king-county-libraries/feed/ HTTP/1.1" 200 180 "-" "magpie-crawler/1.1 (U; Linux amd64; en-GB; +http://www.brandwatch.net)"
188.65.96.106 - - [04/Aug/2011:16:57:02 -0700] "GET /feed/ HTTP/1.1" 200 36002 "-" "-"
72.21.217.32 - - [04/Aug/2011:17:01:07 -0700] "GET /feed HTTP/1.0" 200 439 "-" "RPT-HTTPClient/0.3-3"
72.21.217.32 - - [04/Aug/2011:17:01:09 -0700] "GET /feed/ HTTP/1.0" 200 35924 "-" "RPT-HTTPClient/0.3-3"
87.250.255.242 - - [04/Aug/2011:17:01:53 -0700] "GET /about/feed/ HTTP/1.1" 200 851 "-" "Mozilla/5.0 (compatible; YandexBot/3.0; +http://yandex.com/bots)"
69.163.231.33 - - [04/Aug/2011:17:01:54 -0700] "POST /wp-cron.php?doing_wp_cron HTTP/1.0" 200 158 "-" "WordPress/3.1.4; http://www.pacificnorthwestcoastbias.com"
209.171.42.71 - - [04/Aug/2011:17:05:06 -0700] "GET /feed HTTP/1.1" 200 439 "-" "Mozilla/5.0 (compatible; BlogScope/1.0; +http://www.blogscope.net/; U of Toronto)"
209.171.42.71 - - [04/Aug/2011:17:05:08 -0700] "GET /feed/ HTTP/1.1" 200 9362 "-" "Mozilla/5.0 (compatible; BlogScope/1.0; +http://www.blogscope.net/; U of Toronto)"
66.219.58.38 - - [04/Aug/2011:17:06:10 -0700] "GET /robots.txt HTTP/1.1" 200 367 "-" "MLBot (www.metadatalabs.com/mlbot)"
66.219.58.38 - - [04/Aug/2011:17:06:11 -0700] "GET / HTTP/1.1" 301 351 "-" "MLBot (www.metadatalabs.com/mlbot)"
174.37.205.92 - - [04/Aug/2011:17:09:08 -0700] "GET /feed/ HTTP/1.1" 200 9321 "-" "Mozilla/5.0 (X11; U; Linux x86_64; en-US; rv:1.9.0.19; aggregator:Spinn3r (Spinn3r 3.1); http://spinn3r.com/robot) Gecko/2010040121 Firefox/3.0.19"
128.242.249.9 - - [04/Aug/2011:17:10:19 -0700] "GET /feed/ HTTP/1.1" 200 35946 "-" "TwitterFeed 3"
209.171.42.71 - - [04/Aug/2011:17:10:47 -0700] "GET /feed HTTP/1.1" 200 439 "-" "Mozilla/5.0 (compatible; BlogScope/1.0; +http://www.blogscope.net/; U of Toronto)"
209.171.42.71 - - [04/Aug/2011:17:10:48 -0700] "GET /feed/ HTTP/1.1" 200 9358 "-" "Mozilla/5.0 (compatible; BlogScope/1.0; +http://www.blogscope.net/; U of Toronto)"
173.192.238.44 - - [04/Aug/2011:17:12:14 -0700] "GET / HTTP/1.1" 200 18164 "-" "Mozilla/5.0 (X11; U; Linux x86_64; en-US; rv:1.9.0.19; aggregator:Spinn3r (Spinn3r 3.1); http://spinn3r.com/robot) Gecko/2010040121 Firefox/3.0.19"
208.115.111.244 - - [04/Aug/2011:17:25:02 -0700] "GET /robots.txt HTTP/1.1" 200 348 "-" "Mozilla/5.0 (compatible; DotBot/1.1; http://www.dotnetdotcom.org/, crawler@dotnetdotcom.org)"
184.72.185.131 - - [04/Aug/2011:17:28:44 -0700] "GET /feed/ HTTP/1.1" 200 9302 "-" "PostRank/2.0 (postrank.com; 1 subscribers)"
174.129.136.158 - - [04/Aug/2011:17:29:06 -0700] "GET /feed/ HTTP/1.1" 200 35946 "-" "-"
174.129.136.158 - - [04/Aug/2011:17:29:06 -0700] "GET /feed/ HTTP/1.1" 200 9302 "-" "Mozilla/5.0 (X11; U; Linux i686; en-US; aggregator:Outside.in; http://outside.in)"
67.195.115.58 - - [04/Aug/2011:17:29:41 -0700] "GET /what-a-bill-simmons-tweet-will-do-to-your-website/feed/ HTTP/1.0" 200 941 "-" "Mozilla/5.0 (compatible; Yahoo! Slurp; http://help.yahoo.com/help/us/ysearch/slurp)"
72.21.217.32 - - [04/Aug/2011:17:31:06 -0700] "GET /feed HTTP/1.0" 200 439 "-" "RPT-HTTPClient/0.3-3"
72.21.217.32 - - [04/Aug/2011:17:31:07 -0700] "GET /feed/ HTTP/1.0" 200 35924 "-" "RPT-HTTPClient/0.3-3"
72.21.217.65 - - [04/Aug/2011:17:31:22 -0700] "GET /feed HTTP/1.1" 200 383 "-" "RPT-HTTPClient/0.3-3"
72.21.217.65 - - [04/Aug/2011:17:31:24 -0700] "GET /feed/ HTTP/1.1" 200 35946 "-" "RPT-HTTPClient/0.3-3"
69.163.231.33 - - [04/Aug/2011:17:31:22 -0700] "POST /wp-cron.php?doing_wp_cron HTTP/1.0" 200 158 "-" "WordPress/3.1.4; http://www.pacificnorthwestcoastbias.com"
72.21.217.64 - - [04/Aug/2011:17:31:28 -0700] "GET /wp-content/uploads/2011/07/Community-Minded-1024x575.jpg HTTP/1.1" 200 127529 "-" "RPT-HTTPClient/0.3-3"
72.21.217.64 - - [04/Aug/2011:17:31:28 -0700] "GET /wp-content/uploads/2011/07/Innings-Pitched-All-Star-Game.jpg HTTP/1.1" 200 34923 "-" "RPT-HTTPClient/0.3-3"
72.21.217.64 - - [04/Aug/2011:17:31:28 -0700] "GET /wp-content/uploads/2011/07/Amway-Center-Orlando-Florida.jpg HTTP/1.1" 200 50147 "-" "RPT-HTTPClient/0.3-3"
72.21.217.64 - - [04/Aug/2011:17:31:29 -0700] "GET /wp-content/uploads/2011/07/Size-of-Amway-Center-with-Some-Parking.jpg HTTP/1.1" 200 625 "-" "RPT-HTTPClient/0.3-3"
72.21.217.64 - - [04/Aug/2011:17:31:29 -0700] "GET /wp-content/uploads/2011/07/downtown-bellevue-park.jpg HTTP/1.1" 200 136949 "-" "RPT-HTTPClient/0.3-3"
72.21.217.64 - - [04/Aug/2011:17:31:29 -0700] "GET /wp-content/uploads/2011/07/Dodge-Dealership.jpg HTTP/1.1" 200 163525 "-" "RPT-HTTPClient/0.3-3"
72.21.217.64 - - [04/Aug/2011:17:31:29 -0700] "GET /wp-content/uploads/2011/07/Safeway.jpg HTTP/1.1" 200 113322 "-" "RPT-HTTPClient/0.3-3"
72.21.217.64 - - [04/Aug/2011:17:31:29 -0700] "GET /wp-content/uploads/2011/07/NCAA-Win-Percentage.jpg HTTP/1.1" 200 27439 "-" "RPT-HTTPClient/0.3-3"
72.21.217.64 - - [04/Aug/2011:17:31:30 -0700] "GET /wp-content/uploads/2011/07/NCAA-Close-Game-Win-Percentage.jpg HTTP/1.1" 200 30700 "-" "RPT-HTTPClient/0.3-3"
72.21.217.64 - - [04/Aug/2011:17:31:30 -0700] "GET /wp-content/uploads/2011/07/Win-percentage-correlation.jpg HTTP/1.1" 200 28564 "-" "RPT-HTTPClient/0.3-3"
72.21.217.64 - - [04/Aug/2011:17:31:30 -0700] "GET /wp-content/uploads/2011/07/Close-Game-extra-wins.jpg HTTP/1.1" 200 23896 "-" "RPT-HTTPClient/0.3-3"
72.21.217.64 - - [04/Aug/2011:17:31:30 -0700] "GET /wp-content/uploads/2011/07/Close-Game-wins.jpg HTTP/1.1" 200 22396 "-" "RPT-HTTPClient/0.3-3"
72.21.217.64 - - [04/Aug/2011:17:31:30 -0700] "GET /wp-content/uploads/2011/07/Combined-win-percentage.jpg HTTP/1.1" 200 20671 "-" "RPT-HTTPClient/0.3-3"
72.21.217.64 - - [04/Aug/2011:17:31:30 -0700] "GET /wp-content/uploads/2011/07/Marymoor-Park-Sign.jpg HTTP/1.1" 200 353951 "-" "RPT-HTTPClient/0.3-3"
72.21.217.64 - - [04/Aug/2011:17:31:31 -0700] "GET /wp-content/uploads/2011/06/win-percentage.jpg HTTP/1.1" 200 25585 "-" "RPT-HTTPClient/0.3-3"
72.21.217.64 - - [04/Aug/2011:17:31:31 -0700] "GET /wp-content/uploads/2011/06/Adjusted-wins.jpg HTTP/1.1" 200 30873 "-" "RPT-HTTPClient/0.3-3"
72.21.217.64 - - [04/Aug/2011:17:31:31 -0700] "GET /wp-content/uploads/2011/06/mlb-leader-table.jpg HTTP/1.1" 200 26990 "-" "RPT-HTTPClient/0.3-3"
209.85.238.86 - - [04/Aug/2011:17:34:04 -0700] "GET /feed/ HTTP/1.1" 200 9358 "-" "Feedfetcher-Google; (+http://www.google.com/feedfetcher.html; 12 subscribers; feed-id=11769849069241211122)"
95.108.158.245 - - [04/Aug/2011:17:38:36 -0700] "GET /wp-content/uploads/2011/07/NCAA-Win-Percentage.jpg HTTP/1.1" 304 174 "-" "Mozilla/5.0 (compatible; YandexImages/3.0; +http://yandex.com/bots)"
173.192.238.44 - - [04/Aug/2011:17:39:15 -0700] "GET /feed/ HTTP/1.1" 200 9321 "-" "Mozilla/5.0 (X11; U; Linux x86_64; en-US; rv:1.9.0.19; aggregator:Spinn3r (Spinn3r 3.1); http://spinn3r.com/robot) Gecko/2010040121 Firefox/3.0.19"
208.66.67.15 - - [04/Aug/2011:17:41:21 -0700] "GET /robots.txt HTTP/1.1" 200 356 "-" "Python-urllib/2.5"
208.66.67.15 - - [04/Aug/2011:17:41:22 -0700] "HEAD /feed HTTP/1.1" 200 409 "-" "Technoratibot/8.1"
208.66.67.15 - - [04/Aug/2011:17:41:22 -0700] "HEAD /feed/ HTTP/1.1" 200 353 "-" "Technoratibot/8.1"
208.66.67.15 - - [04/Aug/2011:17:41:22 -0700] "GET /feed HTTP/1.1" 200 429 "-" "Technoratibot/8.1"
208.66.67.15 - - [04/Aug/2011:17:41:23 -0700] "GET /feed/ HTTP/1.1" 200 9321 "-" "Technoratibot/8.1"
69.163.231.33 - - [04/Aug/2011:17:42:21 -0700] "POST /wp-cron.php?doing_wp_cron HTTP/1.0" 200 158 "-" "WordPress/3.1.4; http://www.pacificnorthwestcoastbias.com"
174.37.205.68 - - [04/Aug/2011:17:42:21 -0700] "GET / HTTP/1.1" 200 18130 "-" "Mozilla/5.0 (X11; U; Linux x86_64; en-US; rv:1.9.0.19; aggregator:Spinn3r (Spinn3r 3.1); http://spinn3r.com/robot) Gecko/2010040121 Firefox/3.0.19"
94.23.44.43 - - [04/Aug/2011:17:43:59 -0700] "GET /comments/feed/ HTTP/1.0" 200 12242 "-" "-"
208.115.111.244 - - [04/Aug/2011:17:48:51 -0700] "GET /bobby-bonilla-to-rejoin-the-mets-next-season/ HTTP/1.1" 200 8627 "-" "Mozilla/5.0 (compatible; DotBot/1.1; http://www.dotnetdotcom.org/, crawler@dotnetdotcom.org)"
208.115.111.244 - - [04/Aug/2011:17:48:55 -0700] "GET /category/sports/category/category/world-cup-2010/page/category/world-cup-2010/page/2/ HTTP/1.1" 200 7974 "-" "Mozilla/5.0 (compatible; DotBot/1.1; http://www.dotnetdotcom.org/, crawler@dotnetdotcom.org)"
208.115.111.244 - - [04/Aug/2011:17:49:00 -0700] "GET /category/sports/page/7/ HTTP/1.1" 200 12919 "-" "Mozilla/5.0 (compatible; DotBot/1.1; http://www.dotnetdotcom.org/, crawler@dotnetdotcom.org)"
208.115.111.244 - - [04/Aug/2011:17:49:05 -0700] "GET /category/sports/page/category/category/world-cup-2010/page/2/ HTTP/1.1" 200 7971 "-" "Mozilla/5.0 (compatible; DotBot/1.1; http://www.dotnetdotcom.org/, crawler@dotnetdotcom.org)"
208.115.111.244 - - [04/Aug/2011:17:49:10 -0700] "GET /category/world-cup-2010/page/category/world-cup-2010/page/2/ HTTP/1.1" 200 7969 "-" "Mozilla/5.0 (compatible; DotBot/1.1; http://www.dotnetdotcom.org/, crawler@dotnetdotcom.org)"
208.115.111.244 - - [04/Aug/2011:17:49:15 -0700] "GET /cbs-analysts-display-east-coast-bias-at-its-worst-during-ncaa-coverage/ HTTP/1.1" 200 8219 "-" "Mozilla/5.0 (compatible; DotBot/1.1; http://www.dotnetdotcom.org/, crawler@dotnetdotcom.org)"
208.115.111.244 - - [04/Aug/2011:17:49:20 -0700] "GET /draft-texas-for-the-pac-10/ HTTP/1.1" 200 8943 "-" "Mozilla/5.0 (compatible; DotBot/1.1; http://www.dotnetdotcom.org/, crawler@dotnetdotcom.org)"
208.115.111.244 - - [04/Aug/2011:17:49:25 -0700] "GET /have-you-filled-in-your-nit-bracket/ HTTP/1.1" 200 9055 "-" "Mozilla/5.0 (compatible; DotBot/1.1; http://www.dotnetdotcom.org/, crawler@dotnetdotcom.org)"
208.115.111.244 - - [04/Aug/2011:17:49:30 -0700] "GET /impact-of-super-bowl-on-web-traffic/ HTTP/1.1" 200 8285 "-" "Mozilla/5.0 (compatible; DotBot/1.1; http://www.dotnetdotcom.org/, crawler@dotnetdotcom.org)"
208.115.111.244 - - [04/Aug/2011:17:49:35 -0700] "GET /new-ncaa-basketball-rules/ HTTP/1.1" 200 8866 "-" "Mozilla/5.0 (compatible; DotBot/1.1; http://www.dotnetdotcom.org/, crawler@dotnetdotcom.org)"
94.228.34.229 - - [04/Aug/2011:17:51:27 -0700] "GET /economic-indicator-cargo-ship-containers-and-frequency/feed/ HTTP/1.1" 200 180 "-" "magpie-crawler/1.1 (U; Linux amd64; en-GB; +http://www.brandwatch.net)"
218.213.130.151 - - [04/Aug/2011:17:51:55 -0700] "GET /what-to-make-of-last-minute-additions-subtractions-from-world-cup-rosters/ HTTP/1.1" 200 32799 "-" "DoCoMo/2.0 P900i(c100;TB;W24H11) (compatible; ichiro/mobile goo; +http://help.goo.ne.jp/help/article/1142/)"
69.163.231.33 - - [04/Aug/2011:17:53:07 -0700] "POST /wp-cron.php?doing_wp_cron HTTP/1.0" 200 158 "-" "WordPress/3.1.4; http://www.pacificnorthwestcoastbias.com"
218.213.130.151 - - [04/Aug/2011:17:53:06 -0700] "GET /join-my-world-cup-fantasy-league/ HTTP/1.1" 200 32184 "-" "DoCoMo/2.0 P900i(c100;TB;W24H11) (compatible; ichiro/mobile goo; +http://help.goo.ne.jp/help/article/1142/)"
218.213.130.151 - - [04/Aug/2011:17:54:38 -0700] "GET /goldman-sachs-publishes-world-cup-economics-report/ HTTP/1.1" 200 30250 "-" "DoCoMo/2.0 P900i(c100;TB;W24H11) (compatible; ichiro/mobile goo; +http://help.goo.ne.jp/help/article/1142/)"
218.213.130.151 - - [04/Aug/2011:17:56:06 -0700] "GET /who-will-be-awarded-the-2018-and-2022-world-cups/ HTTP/1.1" 200 32785 "-" "DoCoMo/2.0 P900i(c100;TB;W24H11) (compatible; ichiro/mobile goo; +http://help.goo.ne.jp/help/article/1142/)"
218.213.130.151 - - [04/Aug/2011:17:57:44 -0700] "GET /the-world-cup-now-more-popular-than-the-nhl/ HTTP/1.1" 200 31313 "-" "DoCoMo/2.0 P900i(c100;TB;W24H11) (compatible; ichiro/mobile goo; +http://help.goo.ne.jp/help/article/1142/)"
123.125.71.41 - - [04/Aug/2011:17:59:11 -0700] "GET / HTTP/1.1" 301 351 "-" "Mozilla/5.0 (compatible; Baiduspider/2.0; +http://www.baidu.com/search/spider.html)"
123.125.71.39 - - [04/Aug/2011:17:59:12 -0700] "GET / HTTP/1.1" 200 18130 "-" "Mozilla/5.0 (compatible; Baiduspider/2.0; +http://www.baidu.com/search/spider.html)"
72.21.217.32 - - [04/Aug/2011:18:01:07 -0700] "GET /feed HTTP/1.0" 200 439 "-" "RPT-HTTPClient/0.3-3"
72.21.217.32 - - [04/Aug/2011:18:01:08 -0700] "GET /feed/ HTTP/1.0" 200 35924 "-" "RPT-HTTPClient/0.3-3"
119.235.237.17 - - [04/Aug/2011:18:01:47 -0700] "GET /robots.txt HTTP/1.1" 200 349 "-" "Yeti/1.0 (NHN Corp.; http://help.naver.com/robots/)"
119.235.237.17 - - [04/Aug/2011:18:01:48 -0700] "GET /nfl-draft-prediction-rankings/ HTTP/1.1" 200 46640 "-" "Yeti/1.0 (NHN Corp.; http://help.naver.com/robots/)"
119.235.237.75 - - [04/Aug/2011:18:02:08 -0700] "GET /wp-content/plugins/subscribe-here-widget/subscribe-here-widget.css HTTP/1.1" 200 1420 "-" "Yeti/1.0 (NHN Corp.; http://help.naver.com/robots/)"
119.235.237.78 - - [04/Aug/2011:18:02:28 -0700] "GET /wp-content/plugins/sociable/sociable.css?ver=3.1.4 HTTP/1.1" 200 1092 "-" "Yeti/1.0 (NHN Corp.; http://help.naver.com/robots/)"
119.235.237.76 - - [04/Aug/2011:18:02:48 -0700] "GET /wp-content/themes/EmptyCanvas/style.css HTTP/1.1" 200 5899 "-" "Yeti/1.0 (NHN Corp.; http://help.naver.com/robots/)"
119.235.237.76 - - [04/Aug/2011:18:03:08 -0700] "GET /wp-content/themes/EmptyCanvas/reset.css HTTP/1.1" 200 1214 "-" "Yeti/1.0 (NHN Corp.; http://help.naver.com/robots/)"
119.235.237.76 - - [04/Aug/2011:18:03:29 -0700] "GET /twitter-weekly-updates-for-2010-04-25/ HTTP/1.1" 200 30978 "-" "Yeti/1.0 (NHN Corp.; http://help.naver.com/robots/)"
67.195.115.58 - - [04/Aug/2011:18:04:05 -0700] "GET /twitter-weekly-updates-for-2010-07-11/comment-page-1/ HTTP/1.0" 200 8540 "-" "Mozilla/5.0 (compatible; Yahoo! Slurp; http://help.yahoo.com/help/us/ysearch/slurp)"
173.192.238.48 - - [04/Aug/2011:18:09:21 -0700] "GET /feed/ HTTP/1.1" 200 9321 "-" "Mozilla/5.0 (X11; U; Linux x86_64; en-US; rv:1.9.0.19; aggregator:Spinn3r (Spinn3r 3.1); http://spinn3r.com/robot) Gecko/2010040121 Firefox/3.0.19"
94.228.34.209 - - [04/Aug/2011:18:11:32 -0700] "GET /its-el-nino-not-global-warming-driving-warm-weather-in-the-pacific-northwest/feed/ HTTP/1.1" 200 180 "-" "magpie-crawler/1.1 (U; Linux amd64; en-GB; +http://www.brandwatch.net)"
94.228.34.209 - - [04/Aug/2011:18:11:33 -0700] "GET /nfl-draft-prediction-rankings/feed/ HTTP/1.1" 200 179 "-" "magpie-crawler/1.1 (U; Linux amd64; en-GB; +http://www.brandwatch.net)"
173.192.238.34 - - [04/Aug/2011:18:12:29 -0700] "GET / HTTP/1.1" 200 18130 "-" "Mozilla/5.0 (X11; U; Linux x86_64; en-US; rv:1.9.0.19; aggregator:Spinn3r (Spinn3r 3.1); http://spinn3r.com/robot) Gecko/2010040121 Firefox/3.0.19"
119.63.196.46 - - [04/Aug/2011:18:12:32 -0700] "GET /twitter-weekly-updates-for-2010-07-25/ HTTP/1.1" 200 8506 "-" "Mozilla/5.0 (compatible; Baiduspider/2.0; +http://www.baidu.com/search/spider.html)"
128.242.249.9 - - [04/Aug/2011:18:13:10 -0700] "GET /feed/ HTTP/1.1" 200 35946 "-" "TwitterFeed 3"
124.115.10.76 - - [04/Aug/2011:18:14:36 -0700] "GET /wp-content/uploads/2011/03/Win-probability-graph.jpg HTTP/1.0" 200 26432 "-" "Mozilla/5.0 (Windows; U; Windows NT 6.0; zh-CN; rv:1.9.1.8) Gecko/20100202 Firefox/3.5.8 (.NET CLR 3.5.30729)"
94.228.34.209 - - [04/Aug/2011:18:27:29 -0700] "GET /another-reason-magazine-advertising-is-dying/feed/ HTTP/1.1" 200 180 "-" "magpie-crawler/1.1 (U; Linux amd64; en-GB; +http://www.brandwatch.net)"
209.171.42.71 - - [04/Aug/2011:18:29:12 -0700] "GET /feed HTTP/1.1" 200 439 "-" "Mozilla/5.0 (compatible; BlogScope/1.0; +http://www.blogscope.net/; U of Toronto)"
209.171.42.71 - - [04/Aug/2011:18:29:14 -0700] "GET /feed/ HTTP/1.1" 200 9358 "-" "Mozilla/5.0 (compatible; BlogScope/1.0; +http://www.blogscope.net/; U of Toronto)"
72.21.217.32 - - [04/Aug/2011:18:31:07 -0700] "GET /feed HTTP/1.0" 200 439 "-" "RPT-HTTPClient/0.3-3"
72.21.217.32 - - [04/Aug/2011:18:31:09 -0700] "GET /feed/ HTTP/1.0" 200 35924 "-" "RPT-HTTPClient/0.3-3"
69.163.231.33 - - [04/Aug/2011:18:31:08 -0700] "POST /wp-cron.php?doing_wp_cron HTTP/1.0" 200 158 "-" "WordPress/3.1.4; http://www.pacificnorthwestcoastbias.com"
209.85.238.86 - - [04/Aug/2011:18:34:45 -0700] "GET /feed/ HTTP/1.1" 200 194 "-" "Feedfetcher-Google; (+http://www.google.com/feedfetcher.html; 12 subscribers; feed-id=11769849069241211122)"
38.101.148.126 - - [04/Aug/2011:18:36:12 -0700] "GET /wp-content/uploads/2010/05/zeeks.jpg HTTP/1.1" 200 472289 "-" "Mozilla/5.0 (compatible; discobot/1.1; +http://discoveryengine.com/discobot.html)"
174.129.136.158 - - [04/Aug/2011:18:38:07 -0700] "GET /feed/ HTTP/1.1" 200 35950 "-" "-"
174.129.136.158 - - [04/Aug/2011:18:38:08 -0700] "GET /feed/ HTTP/1.1" 200 9302 "-" "Mozilla/5.0 (X11; U; Linux i686; en-US; aggregator:Outside.in; http://outside.in)"
1.202.218.5 - - [04/Aug/2011:18:38:45 -0700] "GET /robots.txt HTTP/1.0" 200 317 "-" "Mozilla/5.0 ()"
1.202.218.5 - - [04/Aug/2011:18:38:48 -0700] "GET /wp-content/uploads/2010/12/IMG_0872.jpg HTTP/1.0" 200 880670 "-" "gosospider Mozilla/5.0 (compatible; JIKESpider; +http://www.jike.com/spider.html)"
174.37.205.92 - - [04/Aug/2011:18:39:22 -0700] "GET /feed/ HTTP/1.1" 200 9321 "-" "Mozilla/5.0 (X11; U; Linux x86_64; en-US; rv:1.9.0.19; aggregator:Spinn3r (Spinn3r 3.1); http://spinn3r.com/robot) Gecko/2010040121 Firefox/3.0.19"
195.43.189.232 - - [04/Aug/2011:18:39:39 -0700] "HEAD /feed/ HTTP/1.1" 200 290 "-" "Mozilla/4.0 (compatible; MSIE 4.0; MSIECrawler; Windows 95)"
66.75.32.132 - - [04/Aug/2011:18:41:03 -0700] "GET /will-the-rate-of-concussions-increase-if-the-nfl-extends-the-season-to-18-games/ HTTP/1.1" 200 10954 "http://www.google.com/imgres?q=NFL+concussions+by+position&um=1&hl=en&biw=864&bih=578&tbm=isch&tbnid=86jLzmlLAKlQhM:&imgrefurl=http://www.pacificnorthwestcoastbias.com/will-the-rate-of-concussions-increase-if-the-nfl-extends-the-season-to-18-games/&docid=JCQvagnXen555M&w=414&h=444&ei=gic7TveyPIbliAKW8N3XCw&zoom=1&iact=hc&vpx=145&vpy=78&dur=602&hovh=131&hovw=122&tx=144&ty=97&page=1&tbnh=131&tbnw=122&start=0&ndsp=12&ved=1t:429,r:0,s:0" "Mozilla/5.0 (Macintosh; U; Intel Mac OS X 10.6; en-US; rv:1.9.2.19) Gecko/20110707 Firefox/3.6.19"
66.75.32.132 - - [04/Aug/2011:18:41:06 -0700] "GET /wp-content/themes/EmptyCanvas/style.css HTTP/1.1" 200 5936 "http://www.pacificnorthwestcoastbias.com/will-the-rate-of-concussions-increase-if-the-nfl-extends-the-season-to-18-games/" "Mozilla/5.0 (Macintosh; U; Intel Mac OS X 10.6; en-US; rv:1.9.2.19) Gecko/20110707 Firefox/3.6.19"
66.75.32.132 - - [04/Aug/2011:18:41:06 -0700] "GET /wp-content/plugins/sociable/sociable.css?ver=3.1.4 HTTP/1.1" 200 1129 "http://www.pacificnorthwestcoastbias.com/will-the-rate-of-concussions-increase-if-the-nfl-extends-the-season-to-18-games/" "Mozilla/5.0 (Macintosh; U; Intel Mac OS X 10.6; en-US; rv:1.9.2.19) Gecko/20110707 Firefox/3.6.19"
66.75.32.132 - - [04/Aug/2011:18:41:06 -0700] "GET /wp-includes/js/l10n.js?ver=20101110 HTTP/1.1" 200 599 "http://www.pacificnorthwestcoastbias.com/will-the-rate-of-concussions-increase-if-the-nfl-extends-the-season-to-18-games/" "Mozilla/5.0 (Macintosh; U; Intel Mac OS X 10.6; en-US; rv:1.9.2.19) Gecko/20110707 Firefox/3.6.19"
66.75.32.132 - - [04/Aug/2011:18:41:10 -0700] "GET /wp-content/plugins/subscribe-here-widget/subscribe-here-widget.css HTTP/1.1" 200 1457 "http://www.pacificnorthwestcoastbias.com/will-the-rate-of-concussions-increase-if-the-nfl-extends-the-season-to-18-games/" "Mozilla/5.0 (Macintosh; U; Intel Mac OS X 10.6; en-US; rv:1.9.2.19) Gecko/20110707 Firefox/3.6.19"
66.75.32.132 - - [04/Aug/2011:18:41:10 -0700] "GET /wp-content/plugins/google-analyticator/external-tracking.min.js?ver=6.1.3 HTTP/1.1" 200 1217 "http://www.pacificnorthwestcoastbias.com/will-the-rate-of-concussions-increase-if-the-nfl-extends-the-season-to-18-games/" "Mozilla/5.0 (Macintosh; U; Intel Mac OS X 10.6; en-US; rv:1.9.2.19) Gecko/20110707 Firefox/3.6.19"
66.75.32.132 - - [04/Aug/2011:18:41:10 -0700] "GET /wp-includes/js/tw-sack.js?ver=1.6.1 HTTP/1.1" 200 3911 "http://www.pacificnorthwestcoastbias.com/will-the-rate-of-concussions-increase-if-the-nfl-extends-the-season-to-18-games/" "Mozilla/5.0 (Macintosh; U; Intel Mac OS X 10.6; en-US; rv:1.9.2.19) Gecko/20110707 Firefox/3.6.19"
66.75.32.132 - - [04/Aug/2011:18:41:10 -0700] "GET /wp-content/uploads/2011/02/Concussions-by-year.jpg HTTP/1.1" 200 10401 "http://www.pacificnorthwestcoastbias.com/will-the-rate-of-concussions-increase-if-the-nfl-extends-the-season-to-18-games/" "Mozilla/5.0 (Macintosh; U; Intel Mac OS X 10.6; en-US; rv:1.9.2.19) Gecko/20110707 Firefox/3.6.19"
66.75.32.132 - - [04/Aug/2011:18:41:10 -0700] "GET /wp-content/uploads/2011/02/NFL-Concussions-by-Position.jpg HTTP/1.1" 200 23626 "http://www.pacificnorthwestcoastbias.com/will-the-rate-of-concussions-increase-if-the-nfl-extends-the-season-to-18-games/" "Mozilla/5.0 (Macintosh; U; Intel Mac OS X 10.6; en-US; rv:1.9.2.19) Gecko/20110707 Firefox/3.6.19"
66.75.32.132 - - [04/Aug/2011:18:41:10 -0700] "GET /wp-content/uploads/2011/02/NFL-injuries-by-type-2.jpg HTTP/1.1" 200 29281 "http://www.pacificnorthwestcoastbias.com/will-the-rate-of-concussions-increase-if-the-nfl-extends-the-season-to-18-games/" "Mozilla/5.0 (Macintosh; U; Intel Mac OS X 10.6; en-US; rv:1.9.2.19) Gecko/20110707 Firefox/3.6.19"
66.75.32.132 - - [04/Aug/2011:18:41:10 -0700] "GET /wp-content/uploads/2011/02/Neck-back-and-concussions.jpg HTTP/1.1" 200 15162 "http://www.pacificnorthwestcoastbias.com/will-the-rate-of-concussions-increase-if-the-nfl-extends-the-season-to-18-games/" "Mozilla/5.0 (Macintosh; U; Intel Mac OS X 10.6; en-US; rv:1.9.2.19) Gecko/20110707 Firefox/3.6.19"
66.75.32.132 - - [04/Aug/2011:18:41:10 -0700] "GET /wp-content/uploads/2011/02/Concussions-by-week.jpg HTTP/1.1" 200 22312 "http://www.pacificnorthwestcoastbias.com/will-the-rate-of-concussions-increase-if-the-nfl-extends-the-season-to-18-games/" "Mozilla/5.0 (Macintosh; U; Intel Mac OS X 10.6; en-US; rv:1.9.2.19) Gecko/20110707 Firefox/3.6.19"
66.75.32.132 - - [04/Aug/2011:18:41:11 -0700] "GET /wp-content/themes/EmptyCanvas/reset.css HTTP/1.1" 200 1250 "http://www.pacificnorthwestcoastbias.com/wp-content/themes/EmptyCanvas/style.css" "Mozilla/5.0 (Macintosh; U; Intel Mac OS X 10.6; en-US; rv:1.9.2.19) Gecko/20110707 Firefox/3.6.19"
66.75.32.132 - - [04/Aug/2011:18:41:11 -0700] "GET /wp-content/uploads/2011/02/Concussions-by-week-2.jpg HTTP/1.1" 200 24345 "http://www.pacificnorthwestcoastbias.com/will-the-rate-of-concussions-increase-if-the-nfl-extends-the-season-to-18-games/" "Mozilla/5.0 (Macintosh; U; Intel Mac OS X 10.6; en-US; rv:1.9.2.19) Gecko/20110707 Firefox/3.6.19"
66.75.32.132 - - [04/Aug/2011:18:41:11 -0700] "GET /wp-content/plugins/sociable/images/services-sprite.gif HTTP/1.1" 200 330 "http://www.pacificnorthwestcoastbias.com/will-the-rate-of-concussions-increase-if-the-nfl-extends-the-season-to-18-games/" "Mozilla/5.0 (Macintosh; U; Intel Mac OS X 10.6; en-US; rv:1.9.2.19) Gecko/20110707 Firefox/3.6.19"
66.75.32.132 - - [04/Aug/2011:18:41:11 -0700] "GET /wp-content/plugins/subscription-options/images/feed_icon_12.png HTTP/1.1" 200 6459 "http://www.pacificnorthwestcoastbias.com/will-the-rate-of-concussions-increase-if-the-nfl-extends-the-season-to-18-games/" "Mozilla/5.0 (Macintosh; U; Intel Mac OS X 10.6; en-US; rv:1.9.2.19) Gecko/20110707 Firefox/3.6.19"
66.75.32.132 - - [04/Aug/2011:18:41:10 -0700] "GET /wp-includes/js/jquery/jquery.js?ver=1.4.4 HTTP/1.1" 200 78915 "http://www.pacificnorthwestcoastbias.com/will-the-rate-of-concussions-increase-if-the-nfl-extends-the-season-to-18-games/" "Mozilla/5.0 (Macintosh; U; Intel Mac OS X 10.6; en-US; rv:1.9.2.19) Gecko/20110707 Firefox/3.6.19"
66.75.32.132 - - [04/Aug/2011:18:41:15 -0700] "GET /wp-includes/js/wp-ajax-response.js?ver=20091119 HTTP/1.1" 200 2444 "http://www.pacificnorthwestcoastbias.com/will-the-rate-of-concussions-increase-if-the-nfl-extends-the-season-to-18-games/" "Mozilla/5.0 (Macintosh; U; Intel Mac OS X 10.6; en-US; rv:1.9.2.19) Gecko/20110707 Firefox/3.6.19"
66.75.32.132 - - [04/Aug/2011:18:41:15 -0700] "GET /wp-includes/js/wp-lists.js?ver=20101222 HTTP/1.1" 200 8212 "http://www.pacificnorthwestcoastbias.com/will-the-rate-of-concussions-increase-if-the-nfl-extends-the-season-to-18-games/" "Mozilla/5.0 (Macintosh; U; Intel Mac OS X 10.6; en-US; rv:1.9.2.19) Gecko/20110707 Firefox/3.6.19"
69.163.231.33 - - [04/Aug/2011:18:41:15 -0700] "POST /wp-cron.php?doing_wp_cron HTTP/1.0" 200 158 "-" "WordPress/3.1.4; http://www.pacificnorthwestcoastbias.com"
66.75.32.132 - - [04/Aug/2011:18:41:14 -0700] "GET /ncaa-basketball-when-is-a-lead-safe/ HTTP/1.1" 200 9636 "http://www.pacificnorthwestcoastbias.com/will-the-rate-of-concussions-increase-if-the-nfl-extends-the-season-to-18-games/" "Mozilla/5.0 (Macintosh; U; Intel Mac OS X 10.6; en-US; rv:1.9.2.19) Gecko/20110707 Firefox/3.6.19"
66.75.32.132 - - [04/Aug/2011:18:41:37 -0700] "GET /wp-content/plugins/wp-followme/flash/wp_followme.swf HTTP/1.1" 200 28639 "http://www.pacificnorthwestcoastbias.com/will-the-rate-of-concussions-increase-if-the-nfl-extends-the-season-to-18-games/" "Mozilla/5.0 (Macintosh; U; Intel Mac OS X 10.6; en-US; rv:1.9.2.19) Gecko/20110707 Firefox/3.6.19"
66.75.32.132 - - [04/Aug/2011:18:41:37 -0700] "GET /wp-content/plugins/sociable/images/services-sprite.png HTTP/1.1" 200 50932 "http://www.pacificnorthwestcoastbias.com/will-the-rate-of-concussions-increase-if-the-nfl-extends-the-season-to-18-games/" "Mozilla/5.0 (Macintosh; U; Intel Mac OS X 10.6; en-US; rv:1.9.2.19) Gecko/20110707 Firefox/3.6.19"
66.75.32.132 - - [04/Aug/2011:18:41:38 -0700] "GET /wp-content/plugins/wp-followme/icons/3.png HTTP/1.1" 200 1517 "-" "Mozilla/5.0 (Macintosh; U; Intel Mac OS X 10.6; en-US; rv:1.9.2.19) Gecko/20110707 Firefox/3.6.19"
66.75.32.132 - - [04/Aug/2011:18:41:46 -0700] "GET /favicon.ico HTTP/1.1" 200 277 "-" "Mozilla/5.0 (Macintosh; U; Intel Mac OS X 10.6; en-US; rv:1.9.2.19) Gecko/20110707 Firefox/3.6.19"
174.37.205.68 - - [04/Aug/2011:18:42:38 -0700] "GET / HTTP/1.1" 200 18127 "-" "Mozilla/5.0 (X11; U; Linux x86_64; en-US; rv:1.9.0.19; aggregator:Spinn3r (Spinn3r 3.1); http://spinn3r.com/robot) Gecko/2010040121 Firefox/3.0.19"
207.244.223.77 - - [04/Aug/2011:18:55:01 -0700] "GET /feed/ HTTP/1.1" 200 9321 "-" "BlogSearch/2 +http://www.icerocket.com/"
72.21.217.32 - - [04/Aug/2011:19:01:07 -0700] "GET /feed HTTP/1.0" 200 439 "-" "RPT-HTTPClient/0.3-3"
72.21.217.32 - - [04/Aug/2011:19:01:09 -0700] "GET /feed/ HTTP/1.0" 200 35924 "-" "RPT-HTTPClient/0.3-3"
72.21.217.96 - - [04/Aug/2011:19:01:29 -0700] "GET /feed HTTP/1.1" 200 383 "-" "RPT-HTTPClient/0.3-3"
72.21.217.96 - - [04/Aug/2011:19:01:31 -0700] "GET /feed/ HTTP/1.1" 200 35946 "-" "RPT-HTTPClient/0.3-3"
69.163.231.33 - - [04/Aug/2011:19:01:30 -0700] "POST /wp-cron.php?doing_wp_cron HTTP/1.0" 200 158 "-" "WordPress/3.1.4; http://www.pacificnorthwestcoastbias.com"
72.21.217.96 - - [04/Aug/2011:19:01:36 -0700] "GET /wp-content/uploads/2011/07/Community-Minded-1024x575.jpg HTTP/1.1" 200 127529 "-" "RPT-HTTPClient/0.3-3"
72.21.217.96 - - [04/Aug/2011:19:01:36 -0700] "GET /wp-content/uploads/2011/07/Innings-Pitched-All-Star-Game.jpg HTTP/1.1" 200 34923 "-" "RPT-HTTPClient/0.3-3"
72.21.217.96 - - [04/Aug/2011:19:01:36 -0700] "GET /wp-content/uploads/2011/07/Amway-Center-Orlando-Florida.jpg HTTP/1.1" 200 50147 "-" "RPT-HTTPClient/0.3-3"
72.21.217.96 - - [04/Aug/2011:19:01:36 -0700] "GET /wp-content/uploads/2011/07/Size-of-Amway-Center-with-Some-Parking.jpg HTTP/1.1" 200 625 "-" "RPT-HTTPClient/0.3-3"
72.21.217.96 - - [04/Aug/2011:19:01:37 -0700] "GET /wp-content/uploads/2011/07/downtown-bellevue-park.jpg HTTP/1.1" 200 136949 "-" "RPT-HTTPClient/0.3-3"
72.21.217.96 - - [04/Aug/2011:19:01:37 -0700] "GET /wp-content/uploads/2011/07/Dodge-Dealership.jpg HTTP/1.1" 200 163525 "-" "RPT-HTTPClient/0.3-3"
72.21.217.96 - - [04/Aug/2011:19:01:38 -0700] "GET /wp-content/uploads/2011/07/Safeway.jpg HTTP/1.1" 200 113322 "-" "RPT-HTTPClient/0.3-3"
72.21.217.96 - - [04/Aug/2011:19:01:38 -0700] "GET /wp-content/uploads/2011/07/NCAA-Win-Percentage.jpg HTTP/1.1" 200 27439 "-" "RPT-HTTPClient/0.3-3"
72.21.217.96 - - [04/Aug/2011:19:01:38 -0700] "GET /wp-content/uploads/2011/07/NCAA-Close-Game-Win-Percentage.jpg HTTP/1.1" 200 30700 "-" "RPT-HTTPClient/0.3-3"
72.21.217.96 - - [04/Aug/2011:19:01:38 -0700] "GET /wp-content/uploads/2011/07/Win-percentage-correlation.jpg HTTP/1.1" 200 28564 "-" "RPT-HTTPClient/0.3-3"
72.21.217.96 - - [04/Aug/2011:19:01:38 -0700] "GET /wp-content/uploads/2011/07/Close-Game-extra-wins.jpg HTTP/1.1" 200 23896 "-" "RPT-HTTPClient/0.3-3"
72.21.217.96 - - [04/Aug/2011:19:01:38 -0700] "GET /wp-content/uploads/2011/07/Close-Game-wins.jpg HTTP/1.1" 200 22396 "-" "RPT-HTTPClient/0.3-3"
72.21.217.96 - - [04/Aug/2011:19:01:38 -0700] "GET /wp-content/uploads/2011/07/Combined-win-percentage.jpg HTTP/1.1" 200 20671 "-" "RPT-HTTPClient/0.3-3"
72.21.217.96 - - [04/Aug/2011:19:01:39 -0700] "GET /wp-content/uploads/2011/07/Marymoor-Park-Sign.jpg HTTP/1.1" 200 353951 "-" "RPT-HTTPClient/0.3-3"
72.21.217.96 - - [04/Aug/2011:19:01:39 -0700] "GET /wp-content/uploads/2011/06/win-percentage.jpg HTTP/1.1" 200 25585 "-" "RPT-HTTPClient/0.3-3"
72.21.217.96 - - [04/Aug/2011:19:01:39 -0700] "GET /wp-content/uploads/2011/06/Adjusted-wins.jpg HTTP/1.1" 200 30873 "-" "RPT-HTTPClient/0.3-3"
72.21.217.96 - - [04/Aug/2011:19:01:39 -0700] "GET /wp-content/uploads/2011/06/mlb-leader-table.jpg HTTP/1.1" 200 26990 "-" "RPT-HTTPClient/0.3-3"
117.21.224.227 - - [04/Aug/2011:19:05:21 -0700] "GET /nfl-draft-prediction-rankings/comment-page-1/ HTTP/1.0" 200 46730 "http://www.pacificnorthwestcoastbias.com/nfl-draft-prediction-rankings/comment-page-1/#comment-2084" "Mozilla/4.0 (compatible; MSIE 6.0; Windows NT 5.2; Win64; AMD64)"
117.21.224.227 - - [04/Aug/2011:19:05:25 -0700] "POST /wp-comments-post.php HTTP/1.0" 302 809 "http://www.pacificnorthwestcoastbias.com/nfl-draft-prediction-rankings/comment-page-1/#comment-2084" "Mozilla/4.0 (compatible; MSIE 6.0; Windows NT 5.2; Win64; AMD64)"
117.21.224.227 - - [04/Aug/2011:19:05:28 -0700] "GET /nfl-draft-prediction-rankings/comment-page-1/ HTTP/1.0" 200 46764 "http://www.pacificnorthwestcoastbias.com/nfl-draft-prediction-rankings/comment-page-1/#comment-2434" "Mozilla/4.0 (compatible; MSIE 6.0; Windows NT 5.2; Win64; AMD64)"
88.131.106.5 - - [04/Aug/2011:19:08:15 -0700] "GET /robots.txt HTTP/1.0" 200 367 "-" "Mozilla/5.0 (Windows; U; Windows NT 5.1; en-US) Speedy Spider (http://www.entireweb.com/about/search_tech/speedy_spider/)"
88.131.106.5 - - [04/Aug/2011:19:08:21 -0700] "GET /category/tech/ HTTP/1.0" 200 12845 "-" "Mozilla/5.0 (Windows; U; Windows NT 5.1; en-US) Speedy Spider (http://www.entireweb.com/about/search_tech/speedy_spider/)"
174.37.205.92 - - [04/Aug/2011:19:09:26 -0700] "GET /feed/ HTTP/1.1" 200 9321 "-" "Mozilla/5.0 (X11; U; Linux x86_64; en-US; rv:1.9.0.19; aggregator:Spinn3r (Spinn3r 3.1); http://spinn3r.com/robot) Gecko/2010040121 Firefox/3.0.19"
173.192.238.34 - - [04/Aug/2011:19:12:46 -0700] "GET / HTTP/1.1" 200 18127 "-" "Mozilla/5.0 (X11; U; Linux x86_64; en-US; rv:1.9.0.19; aggregator:Spinn3r (Spinn3r 3.1); http://spinn3r.com/robot) Gecko/2010040121 Firefox/3.0.19"
209.171.42.71 - - [04/Aug/2011:19:13:21 -0700] "GET /feed HTTP/1.1" 200 439 "-" "Mozilla/5.0 (compatible; BlogScope/1.0; +http://www.blogscope.net/; U of Toronto)"
209.171.42.71 - - [04/Aug/2011:19:13:26 -0700] "GET /feed/ HTTP/1.1" 200 9358 "-" "Mozilla/5.0 (compatible; BlogScope/1.0; +http://www.blogscope.net/; U of Toronto)"
94.142.131.233 - - [04/Aug/2011:19:15:00 -0700] "GET /twitter-weekly-updates-for-2011-06-05/ HTTP/1.0" 200 32411 "http://www.pacificnorthwestcoastbias.com/twitter-weekly-updates-for-2011-06-05/" "Mozilla/4.0 (compatible; MSIE 6.0; Windows NT 5.0; .NET CLR 1.0.3705; .NET CLR 1.1.4322)"
69.163.231.33 - - [04/Aug/2011:19:15:01 -0700] "POST /wp-cron.php?doing_wp_cron HTTP/1.0" 200 158 "-" "WordPress/3.1.4; http://www.pacificnorthwestcoastbias.com"
94.142.131.233 - - [04/Aug/2011:19:15:05 -0700] "POST /wp-comments-post.php HTTP/1.0" 302 836 "http://www.pacificnorthwestcoastbias.com/twitter-weekly-updates-for-2011-06-05/" "Mozilla/4.0 (compatible; MSIE 6.0; Windows NT 5.0; .NET CLR 1.0.3705; .NET CLR 1.1.4322)"
94.142.131.233 - - [04/Aug/2011:19:15:07 -0700] "GET /twitter-weekly-updates-for-2011-06-05/comment-page-1/ HTTP/1.0" 200 32463 "http://www.pacificnorthwestcoastbias.com/twitter-weekly-updates-for-2011-06-05/comment-page-1/#comment-2435" "Mozilla/4.0 (compatible; MSIE 6.0; Windows NT 5.0; .NET CLR 1.0.3705; .NET CLR 1.1.4322)"
94.142.131.233 - - [04/Aug/2011:19:15:10 -0700] "GET /twitter-weekly-updates-for-2011-06-05/comment-page-1/ HTTP/1.0" 200 32433 "http://www.pacificnorthwestcoastbias.com/twitter-weekly-updates-for-2011-06-05/comment-page-1/#comment-2435" "Mozilla/4.0 (compatible; MSIE 6.0; Windows NT 5.0; .NET CLR 1.0.3705; .NET CLR 1.1.4322)"
128.242.249.14 - - [04/Aug/2011:19:16:19 -0700] "GET /feed/ HTTP/1.1" 200 35946 "-" "TwitterFeed 3"
94.228.34.207 - - [04/Aug/2011:19:16:26 -0700] "GET /blog-home/feed/ HTTP/1.1" 200 180 "-" "magpie-crawler/1.1 (U; Linux amd64; en-GB; +http://www.brandwatch.net)"
38.101.148.126 - - [04/Aug/2011:19:20:31 -0700] "GET /robots.txt HTTP/1.1" 200 367 "-" "Mozilla/5.0 (compatible; discobot/1.1; +http://discoveryengine.com/discobot.html)"
67.195.115.58 - - [04/Aug/2011:19:24:09 -0700] "GET /robots.txt HTTP/1.0" 200 367 "-" "Mozilla/5.0 (compatible; Yahoo! Slurp; http://help.yahoo.com/help/us/ysearch/slurp)"
67.195.115.58 - - [04/Aug/2011:19:24:10 -0700] "GET /twitter-weekly-updates-for-2010-08-29/ HTTP/1.0" 200 8112 "-" "Mozilla/5.0 (compatible; Yahoo! Slurp; http://help.yahoo.com/help/us/ysearch/slurp)"
67.195.115.58 - - [04/Aug/2011:19:24:13 -0700] "GET /wp-content/themes/EmptyCanvas/style.css HTTP/1.0" 304 138 "http://www.pacificnorthwestcoastbias.com/twitter-weekly-updates-for-2010-08-29/" "Mozilla/5.0 (compatible; Yahoo! Slurp; http://help.yahoo.com/help/us/ysearch/slurp)"
67.195.115.58 - - [04/Aug/2011:19:24:13 -0700] "GET /wp-content/themes/EmptyCanvas/reset.css HTTP/1.0" 304 137 "http://www.pacificnorthwestcoastbias.com/wp-content/themes/EmptyCanvas/style.css" "Mozilla/5.0 (compatible; Yahoo! Slurp; http://help.yahoo.com/help/us/ysearch/slurp)"
67.195.115.58 - - [04/Aug/2011:19:24:13 -0700] "GET /wp-content/plugins/sociable/sociable.css?ver=3.1.4 HTTP/1.0" 304 137 "http://www.pacificnorthwestcoastbias.com/twitter-weekly-updates-for-2010-08-29/" "Mozilla/5.0 (compatible; Yahoo! Slurp; http://help.yahoo.com/help/us/ysearch/slurp)"
67.195.115.58 - - [04/Aug/2011:19:24:14 -0700] "GET /wp-content/plugins/subscribe-here-widget/subscribe-here-widget.css HTTP/1.0" 304 137 "http://www.pacificnorthwestcoastbias.com/twitter-weekly-updates-for-2010-08-29/" "Mozilla/5.0 (compatible; Yahoo! Slurp; http://help.yahoo.com/help/us/ysearch/slurp)"
94.23.44.43 - - [04/Aug/2011:19:30:45 -0700] "GET /feed/ HTTP/1.0" 200 16060 "-" "-"
72.21.217.32 - - [04/Aug/2011:19:31:06 -0700] "GET /feed HTTP/1.0" 200 439 "-" "RPT-HTTPClient/0.3-3"
72.21.217.32 - - [04/Aug/2011:19:31:06 -0700] "GET /feed/ HTTP/1.0" 200 35924 "-" "RPT-HTTPClient/0.3-3"
69.163.231.33 - - [04/Aug/2011:19:32:18 -0700] "POST /wp-cron.php?doing_wp_cron HTTP/1.0" 200 158 "-" "WordPress/3.1.4; http://www.pacificnorthwestcoastbias.com"
88.131.106.8 - - [04/Aug/2011:19:32:16 -0700] "GET /about/ HTTP/1.0" 200 7357 "-" "Mozilla/5.0 (Windows; U; Windows NT 5.1; en-US) Speedy Spider (http://www.entireweb.com/about/search_tech/speedy_spider/)"
94.228.34.207 - - [04/Aug/2011:19:35:03 -0700] "GET /in-fantasy-football-its-all-about-the-end-of-the-draft/feed/ HTTP/1.1" 200 180 "-" "magpie-crawler/1.1 (U; Linux amd64; en-GB; +http://www.brandwatch.net)"
67.202.17.115 - - [04/Aug/2011:19:35:04 -0700] "GET /feed/ HTTP/1.1" 200 35946 "-" "-"
67.202.17.115 - - [04/Aug/2011:19:35:04 -0700] "GET /feed/ HTTP/1.1" 200 9302 "-" "Mozilla/5.0 (X11; U; Linux i686; en-US; aggregator:Outside.in; http://outside.in)"
94.228.34.207 - - [04/Aug/2011:19:35:04 -0700] "GET /whos-most-under-ratedover-rated-in-college-football/feed/ HTTP/1.1" 200 179 "-" "magpie-crawler/1.1 (U; Linux amd64; en-GB; +http://www.brandwatch.net)"
209.85.238.86 - - [04/Aug/2011:19:35:44 -0700] "GET /feed/ HTTP/1.1" 200 9358 "-" "Feedfetcher-Google; (+http://www.google.com/feedfetcher.html; 12 subscribers; feed-id=11769849069241211122)"
174.37.205.68 - - [04/Aug/2011:19:39:34 -0700] "GET /feed/ HTTP/1.1" 200 9321 "-" "Mozilla/5.0 (X11; U; Linux x86_64; en-US; rv:1.9.0.19; aggregator:Spinn3r (Spinn3r 3.1); http://spinn3r.com/robot) Gecko/2010040121 Firefox/3.0.19"
174.37.205.92 - - [04/Aug/2011:19:42:54 -0700] "GET / HTTP/1.1" 200 18129 "-" "Mozilla/5.0 (X11; U; Linux x86_64; en-US; rv:1.9.0.19; aggregator:Spinn3r (Spinn3r 3.1); http://spinn3r.com/robot) Gecko/2010040121 Firefox/3.0.19"
207.34.25.76 - - [04/Aug/2011:19:47:26 -0700] "GET /robots.txt HTTP/1.1" 200 348 "-" "R6_CommentReader(www.radian6.com/crawler)"
207.34.25.76 - - [04/Aug/2011:19:47:28 -0700] "GET /community-minded/ HTTP/1.1" 200 7646 "-" "R6_CommentReader(www.radian6.com/crawler)"
64.94.66.97 - - [04/Aug/2011:19:48:46 -0700] "GET /comments/feed/ HTTP/1.0" 200 3365 "-" "Moreoverbot/5.1 (+http://w.moreover.com; webmaster@moreover.com) Mozilla/5.0"
85.88.36.4 - - [04/Aug/2011:19:51:32 -0700] "GET /robots.txt HTTP/1.0" 200 367 "-" "Attentio/Nutch-0.9-dev (Attentio's beta blog crawler; www.attentio.com; info@attentio.com)"
85.88.36.4 - - [04/Aug/2011:19:51:33 -0700] "GET /feed HTTP/1.0" 200 429 "-" "Attentio/Nutch-0.9-dev (Attentio's beta blog crawler; www.attentio.com; info@attentio.com)"
38.101.148.126 - - [04/Aug/2011:19:54:39 -0700] "GET /wp-content/uploads/2011/04/Top-Bellevue-Restaurant.jpg HTTP/1.1" 200 28907 "-" "Mozilla/5.0 (compatible; discobot/1.1; +http://discoveryengine.com/discobot.html)"
87.250.255.242 - - [04/Aug/2011:19:54:42 -0700] "GET /best-of/feed/ HTTP/1.1" 200 862 "-" "Mozilla/5.0 (compatible; YandexBot/3.0; +http://yandex.com/bots)"
95.108.158.245 - - [04/Aug/2011:19:55:41 -0700] "GET /wp-content/uploads/2010/06/Play-by-position.jpg HTTP/1.1" 304 175 "-" "Mozilla/5.0 (compatible; YandexImages/3.0; +http://yandex.com/bots)"
94.228.34.229 - - [04/Aug/2011:19:59:10 -0700] "GET /who-is-going-to-make-the-baseball-hall-of-fame-based-on-current-trajectories/feed/ HTTP/1.1" 200 180 "-" "magpie-crawler/1.1 (U; Linux amd64; en-GB; +http://www.brandwatch.net)"
209.171.42.71 - - [04/Aug/2011:19:59:25 -0700] "GET /feed HTTP/1.1" 200 439 "-" "Mozilla/5.0 (compatible; BlogScope/1.0; +http://www.blogscope.net/; U of Toronto)"
209.171.42.71 - - [04/Aug/2011:19:59:27 -0700] "GET /feed/ HTTP/1.1" 200 9358 "-" "Mozilla/5.0 (compatible; BlogScope/1.0; +http://www.blogscope.net/; U of Toronto)"
72.21.217.32 - - [04/Aug/2011:20:01:07 -0700] "GET /feed HTTP/1.0" 200 439 "-" "RPT-HTTPClient/0.3-3"
72.21.217.32 - - [04/Aug/2011:20:01:09 -0700] "GET /feed/ HTTP/1.0" 200 35924 "-" "RPT-HTTPClient/0.3-3"
69.163.231.33 - - [04/Aug/2011:20:01:07 -0700] "POST /wp-cron.php?doing_wp_cron HTTP/1.0" 200 158 "-" "WordPress/3.1.4; http://www.pacificnorthwestcoastbias.com"
66.249.67.216 - - [04/Aug/2011:20:06:56 -0700] "GET /robots.txt HTTP/1.1" 200 404 "-" "Googlebot-Image/1.0"
66.249.67.216 - - [04/Aug/2011:20:06:57 -0700] "GET /wp-content/uploads/2010/06/Seattle-weather.jpg HTTP/1.1" 200 41369 "-" "Googlebot-Image/1.0"
173.192.238.48 - - [04/Aug/2011:20:09:41 -0700] "GET /feed/ HTTP/1.1" 200 143 "-" "Mozilla/5.0 (X11; U; Linux x86_64; en-US; rv:1.9.0.19; aggregator:Spinn3r (Spinn3r 3.1); http://spinn3r.com/robot) Gecko/2010040121 Firefox/3.0.19"
173.192.238.44 - - [04/Aug/2011:20:12:59 -0700] "GET / HTTP/1.1" 200 18129 "-" "Mozilla/5.0 (X11; U; Linux x86_64; en-US; rv:1.9.0.19; aggregator:Spinn3r (Spinn3r 3.1); http://spinn3r.com/robot) Gecko/2010040121 Firefox/3.0.19"
98.145.88.246 - - [04/Aug/2011:20:19:11 -0700] "GET /category/sports/page/4/ HTTP/1.1" 200 17362 "http://www.google.com/imgres?q=seahawks+training+camp&um=1&hl=en&sa=N&tbm=isch&tbnid=cDq15OnXvxmSEM:&imgrefurl=http://www.pacificnorthwestcoastbias.com/category/sports/page/4/&docid=6MRcsd5ScXAaVM&w=2996&h=1354&ei=SF47TseHHYaFtgei7Z3pAg&zoom=1&iact=hc&vpx=736&vpy=270&dur=434&hovh=93&hovw=207&tx=180&ty=87&page=3&tbnh=85&tbnw=189&start=48&ndsp=25&ved=1t:429,r:3,s:48&biw=1440&bih=809" "Mozilla/5.0 (Windows NT 6.1) AppleWebKit/534.30 (KHTML, like Gecko) Chrome/12.0.742.122 Safari/534.30"
98.145.88.246 - - [04/Aug/2011:20:19:12 -0700] "GET /wp-content/themes/EmptyCanvas/style.css HTTP/1.1" 200 5936 "http://www.pacificnorthwestcoastbias.com/category/sports/page/4/" "Mozilla/5.0 (Windows NT 6.1) AppleWebKit/534.30 (KHTML, like Gecko) Chrome/12.0.742.122 Safari/534.30"
98.145.88.246 - - [04/Aug/2011:20:19:12 -0700] "GET /wp-content/plugins/sociable/sociable.css?ver=3.1.4 HTTP/1.1" 200 1129 "http://www.pacificnorthwestcoastbias.com/category/sports/page/4/" "Mozilla/5.0 (Windows NT 6.1) AppleWebKit/534.30 (KHTML, like Gecko) Chrome/12.0.742.122 Safari/534.30"
98.145.88.246 - - [04/Aug/2011:20:19:12 -0700] "GET /wp-includes/js/l10n.js?ver=20101110 HTTP/1.1" 200 599 "http://www.pacificnorthwestcoastbias.com/category/sports/page/4/" "Mozilla/5.0 (Windows NT 6.1) AppleWebKit/534.30 (KHTML, like Gecko) Chrome/12.0.742.122 Safari/534.30"
98.145.88.246 - - [04/Aug/2011:20:19:12 -0700] "GET /wp-content/plugins/google-analyticator/external-tracking.min.js?ver=6.1.3 HTTP/1.1" 200 1216 "http://www.pacificnorthwestcoastbias.com/category/sports/page/4/" "Mozilla/5.0 (Windows NT 6.1) AppleWebKit/534.30 (KHTML, like Gecko) Chrome/12.0.742.122 Safari/534.30"
98.145.88.246 - - [04/Aug/2011:20:19:13 -0700] "GET /wp-content/plugins/subscribe-here-widget/subscribe-here-widget.css HTTP/1.1" 200 1456 "http://www.pacificnorthwestcoastbias.com/category/sports/page/4/" "Mozilla/5.0 (Windows NT 6.1) AppleWebKit/534.30 (KHTML, like Gecko) Chrome/12.0.742.122 Safari/534.30"
98.145.88.246 - - [04/Aug/2011:20:19:13 -0700] "GET /wp-includes/js/wp-lists.js?ver=20101222 HTTP/1.1" 200 8211 "http://www.pacificnorthwestcoastbias.com/category/sports/page/4/" "Mozilla/5.0 (Windows NT 6.1) AppleWebKit/534.30 (KHTML, like Gecko) Chrome/12.0.742.122 Safari/534.30"
98.145.88.246 - - [04/Aug/2011:20:19:13 -0700] "GET /wp-includes/js/tw-sack.js?ver=1.6.1 HTTP/1.1" 200 3910 "http://www.pacificnorthwestcoastbias.com/category/sports/page/4/" "Mozilla/5.0 (Windows NT 6.1) AppleWebKit/534.30 (KHTML, like Gecko) Chrome/12.0.742.122 Safari/534.30"
98.145.88.246 - - [04/Aug/2011:20:19:13 -0700] "GET /wp-includes/js/wp-ajax-response.js?ver=20091119 HTTP/1.1" 200 2443 "http://www.pacificnorthwestcoastbias.com/category/sports/page/4/" "Mozilla/5.0 (Windows NT 6.1) AppleWebKit/534.30 (KHTML, like Gecko) Chrome/12.0.742.122 Safari/534.30"
98.145.88.246 - - [04/Aug/2011:20:19:13 -0700] "GET /wp-content/themes/EmptyCanvas/reset.css HTTP/1.1" 200 1250 "http://www.pacificnorthwestcoastbias.com/category/sports/page/4/" "Mozilla/5.0 (Windows NT 6.1) AppleWebKit/534.30 (KHTML, like Gecko) Chrome/12.0.742.122 Safari/534.30"
98.145.88.246 - - [04/Aug/2011:20:19:12 -0700] "GET /wp-includes/js/jquery/jquery.js?ver=1.4.4 HTTP/1.1" 200 78915 "http://www.pacificnorthwestcoastbias.com/category/sports/page/4/" "Mozilla/5.0 (Windows NT 6.1) AppleWebKit/534.30 (KHTML, like Gecko) Chrome/12.0.742.122 Safari/534.30"
98.145.88.246 - - [04/Aug/2011:20:19:11 -0700] "GET /wp-content/uploads/2010/08/Seahawks-Training-Camp.jpg HTTP/1.1" 200 999711 "http://www.google.com/imgres?q=seahawks+training+camp&um=1&hl=en&sa=N&tbm=isch&tbnid=cDq15OnXvxmSEM:&imgrefurl=http://www.pacificnorthwestcoastbias.com/category/sports/page/4/&docid=6MRcsd5ScXAaVM&w=2996&h=1354&ei=SF47TseHHYaFtgei7Z3pAg&zoom=1&iact=hc&vpx=736&vpy=270&dur=434&hovh=93&hovw=207&tx=180&ty=87&page=3&tbnh=85&tbnw=189&start=48&ndsp=25&ved=1t:429,r:3,s:48&biw=1440&bih=809" "Mozilla/5.0 (Windows NT 6.1) AppleWebKit/534.30 (KHTML, like Gecko) Chrome/12.0.742.122 Safari/534.30"
98.145.88.246 - - [04/Aug/2011:20:19:14 -0700] "GET /wp-content/uploads/2010/08/Seahawks-preseason-300x97.jpg HTTP/1.1" 200 18315 "http://www.pacificnorthwestcoastbias.com/category/sports/page/4/" "Mozilla/5.0 (Windows NT 6.1) AppleWebKit/534.30 (KHTML, like Gecko) Chrome/12.0.742.122 Safari/534.30"
98.145.88.246 - - [04/Aug/2011:20:19:14 -0700] "GET /wp-content/uploads/2010/08/NFL-Head-coaching-rotation.jpg HTTP/1.1" 200 12382 "http://www.pacificnorthwestcoastbias.com/category/sports/page/4/" "Mozilla/5.0 (Windows NT 6.1) AppleWebKit/534.30 (KHTML, like Gecko) Chrome/12.0.742.122 Safari/534.30"
98.145.88.246 - - [04/Aug/2011:20:19:14 -0700] "GET /wp-content/uploads/2010/08/Seahawks-coach-pete-carroll-300x201.jpg HTTP/1.1" 200 28898 "http://www.pacificnorthwestcoastbias.com/category/sports/page/4/" "Mozilla/5.0 (Windows NT 6.1) AppleWebKit/534.30 (KHTML, like Gecko) Chrome/12.0.742.122 Safari/534.30"
98.145.88.246 - - [04/Aug/2011:20:19:14 -0700] "GET /wp-content/uploads/2010/08/IMG_0439-300x199.jpg HTTP/1.1" 200 16801 "http://www.pacificnorthwestcoastbias.com/category/sports/page/4/" "Mozilla/5.0 (Windows NT 6.1) AppleWebKit/534.30 (KHTML, like Gecko) Chrome/12.0.742.122 Safari/534.30"
98.145.88.246 - - [04/Aug/2011:20:19:14 -0700] "GET /wp-content/plugins/wp-followme/flash/wp_followme.swf HTTP/1.1" 200 28638 "http://www.pacificnorthwestcoastbias.com/category/sports/page/4/" "Mozilla/5.0 (Windows NT 6.1) AppleWebKit/534.30 (KHTML, like Gecko) Chrome/12.0.742.122 Safari/534.30"
98.145.88.246 - - [04/Aug/2011:20:19:14 -0700] "GET /wp-content/uploads/2010/08/Seahawks-Carroll-300x97.jpg HTTP/1.1" 200 16936 "http://www.pacificnorthwestcoastbias.com/category/sports/page/4/" "Mozilla/5.0 (Windows NT 6.1) AppleWebKit/534.30 (KHTML, like Gecko) Chrome/12.0.742.122 Safari/534.30"
98.145.88.246 - - [04/Aug/2011:20:19:14 -0700] "GET /wp-content/uploads/2010/08/NFL-head-coaching-experience-1.jpg HTTP/1.1" 200 16735 "http://www.pacificnorthwestcoastbias.com/category/sports/page/4/" "Mozilla/5.0 (Windows NT 6.1) AppleWebKit/534.30 (KHTML, like Gecko) Chrome/12.0.742.122 Safari/534.30"
98.145.88.246 - - [04/Aug/2011:20:19:14 -0700] "GET /wp-content/uploads/2010/08/Seahawks-Training-Camp-300x135.jpg HTTP/1.1" 200 22276 "http://www.pacificnorthwestcoastbias.com/category/sports/page/4/" "Mozilla/5.0 (Windows NT 6.1) AppleWebKit/534.30 (KHTML, like Gecko) Chrome/12.0.742.122 Safari/534.30"
